171.133.45.213 - - [07/Feb/2026:12:49:44 +0000] "GET /about.html HTTP/1.1" 200 65934 "-" "ClaudeBot/1.0 (+https://www.anthropic.com/claudebot)"
188.194.31.5 - - [07/Feb/2026:12:50:36 +0000] "GET /data.json HTTP/1.1" 403 41 "-" "Mozilla/5.0 AppleWebKit/537.36 (compatible; GPTBot/1.3; +https://openai.com/gptbot)"
71.138.7.233 - - [07/Feb/2026:12:50:39 +0000] "GET /sitemap.xml HTTP/1.1" 200 118609 "-" "Mozilla/5.0 AppleWebKit/537.36 (compatible; GPTBot/1.3; +https://openai.com/gptbot)"
99.170.62.78 - - [07/Feb/2026:12:54:22 +0000] "GET /data.json HTTP/1.1" 200 93170 "-" "Mozilla/5.0 (compatible; Amazonbot/0.1; +https://developer.amazon.com/support/amazonbot)"
60.241.196.176 - - [07/Feb/2026:12:56:00 +0000] "GET /feed.xml HTTP/1.1" 200 120054 "-" "Mozilla/5.0 AppleWebKit/537.36 (compatible; GPTBot/1.3; +https://openai.com/gptbot)"
99.150.211.250 - - [07/Feb/2026:13:01:02 +0000] "GET / HTTP/1.1" 200 9342 "-" "Mozilla/5.0 (compatible; bingbot/2.0; +http://www.bing.com/bingbot.htm)"
171.133.45.213 - - [07/Feb/2026:13:04:07 +0000] "GET /config HTTP/1.1" 404 232 "-" "Mozilla/5.0 (compatible; Amazonbot/0.1; +https://developer.amazon.com/support/amazonbot)"
60.241.196.176 - - [07/Feb/2026:13:04:47 +0000] "GET /config HTTP/1.1" 200 31864 "-" "Mozilla/5.0 (compatible; bingbot/2.0; +http://www.bing.com/bingbot.htm)"
82.35.167.49 - - [07/Feb/2026:13:07:49 +0000] "GET /readme.txt HTTP/1.1" 200 92994 "-" "Mozilla/5.0 (compatible; bingbot/2.0; +http://www.bing.com/bingbot.htm)"
203.225.0.215 - - [07/Feb/2026:13:15:12 +0000] "GET /data.json HTTP/1.1" 200 136901 "-" "Mozilla/5.0 (compatible; bingbot/2.0; +http://www.bing.com/bingbot.htm)"
149.37.222.138 - - [07/Feb/2026:13:20:44 +0000] "GET /readme.txt HTTP/1.1" 200 73127 "-" "Mozilla/5.0 (compatible; Amazonbot/0.1; +https://developer.amazon.com/support/amazonbot)"
171.133.45.213 - - [07/Feb/2026:13:27:59 +0000] "GET /about.html HTTP/1.1" 302 283 "-" "Mozilla/5.0 (compatible; Googlebot/2.1; +http://www.google.com/bot.html)"
82.35.167.49 - - [07/Feb/2026:13:28:07 +0000] "GET /about.html HTTP/1.1" 200 65925 "-" "Mozilla/5.0 (compatible; Amazonbot/0.1; +https://developer.amazon.com/support/amazonbot)"
149.37.222.138 - - [07/Feb/2026:13:29:53 +0000] "GET /style.css HTTP/1.1" 200 75004 "-" "Mozilla/5.0 AppleWebKit/537.36 (compatible; GPTBot/1.3; +https://openai.com/gptbot)"
82.35.167.49 - - [07/Feb/2026:13:37:57 +0000] "GET /style.css HTTP/1.1" 200 1182 "-" "ClaudeBot/1.0 (+https://www.anthropic.com/claudebot)"
203.225.0.215 - - [07/Feb/2026:13:39:29 +0000] "GET /config HTTP/1.1" 302 266 "-" "Mozilla/5.0 (compatible; bingbot/2.0; +http://www.bing.com/bingbot.htm)"
60.241.196.176 - - [07/Feb/2026:13:41:23 +0000] "GET /config HTTP/1.1" 304 341 "-" "Mozilla/5.0 AppleWebKit/537.36 (compatible; GPTBot/1.3; +https://openai.com/gptbot)"
99.150.211.250 - - [07/Feb/2026:13:48:12 +0000] "GET /readme.txt HTTP/1.1" 200 127878 "-" "Mozilla/5.0 (compatible; bingbot/2.0; +http://www.bing.com/bingbot.htm)"
71.138.7.233 - - [07/Feb/2026:13:48:17 +0000] "GET /config HTTP/1.1" 200 31791 "-" "Mozilla/5.0 (compatible; bingbot/2.0; +http://www.bing.com/bingbot.htm)"
203.225.0.215 - - [07/Feb/2026:13:48:21 +0000] "GET /logo.png HTTP/1.1" 200 84478 "-" "Mozilla/5.0 (compatible; bingbot/2.0; +http://www.bing.com/bingbot.htm)"
99.170.62.78 - - [07/Feb/2026:13:55:27 +0000] "GET /data.json HTTP/1.1" 200 72794 "-" "Mozilla/5.0 (compatible; Googlebot/2.1; +http://www.google.com/bot.html)"
60.241.196.176 - - [07/Feb/2026:13:57:24 +0000] "GET /app.js HTTP/1.1" 200 36314 "-" "Mozilla/5.0 AppleWebKit/537.36 (compatible; GPTBot/1.3; +https://openai.com/gptbot)"
99.150.211.250 - - [07/Feb/2026:13:57:37 +0000] "GET /banner.jpg HTTP/1.1" 200 134225 "-" "Mozilla/5.0 (compatible; Amazonbot/0.1; +https://developer.amazon.com/support/amazonbot)"
188.194.31.5 - - [07/Feb/2026:13:58:38 +0000] "GET /readme.txt HTTP/1.1" 200 49420 "-" "Mozilla/5.0 (compatible; bingbot/2.0; +http://www.bing.com/bingbot.htm)"
99.150.211.250 - - [07/Feb/2026:14:08:48 +0000] "GET /config HTTP/1.1" 200 32968 "-" "ClaudeBot/1.0 (+https://www.anthropic.com/claudebot)"
122.96.81.102 - - [07/Feb/2026:14:10:51 +0000] "GET / HTTP/1.1" 200 8456 "-" "Mozilla/5.0 (compatible; Amazonbot/0.1; +https://developer.amazon.com/support/amazonbot)"
99.150.211.250 - - [07/Feb/2026:14:11:00 +0000] "GET /about.html HTTP/1.1" 200 11293 "-" "Mozilla/5.0 (compatible; Amazonbot/0.1; +https://developer.amazon.com/support/amazonbot)"
188.194.31.5 - - [07/Feb/2026:14:11:59 +0000] "GET /about.html HTTP/1.1" 200 108450 "-" "Mozilla/5.0 (compatible; Googlebot/2.1; +http://www.google.com/bot.html)"
82.35.167.49 - - [07/Feb/2026:14:16:17 +0000] "GET /feed.xml HTTP/1.1" 200 107224 "-" "Mozilla/5.0 (compatible; bingbot/2.0; +http://www.bing.com/bingbot.htm)"
203.225.0.215 - - [07/Feb/2026:14:16:37 +0000] "GET /style.css HTTP/1.1" 301 79 "-" "Mozilla/5.0 (compatible; Googlebot/2.1; +http://www.google.com/bot.html)"
171.133.45.213 - - [07/Feb/2026:14:22:03 +0000] "GET /config HTTP/1.1" 200 86448 "-" "ClaudeBot/1.0 (+https://www.anthropic.com/claudebot)"
99.132.12.102 - - [07/Feb/2026:14:25:14 +0000] "GET / HTTP/1.1" 200 107918 "-" "Mozilla/5.0 AppleWebKit/537.36 (compatible; GPTBot/1.3; +https://openai.com/gptbot)"
60.241.196.176 - - [07/Feb/2026:14:28:10 +0000] "GET /data.json HTTP/1.1" 301 385 "-" "Mozilla/5.0 (compatible; bingbot/2.0; +http://www.bing.com/bingbot.htm)"
203.225.0.215 - - [07/Feb/2026:14:29:55 +0000] "GET /app.js HTTP/1.1" 404 440 "-" "Mozilla/5.0 (compatible; Amazonbot/0.1; +https://developer.amazon.com/support/amazonbot)"
149.37.222.138 - - [07/Feb/2026:14:34:58 +0000] "GET / HTTP/1.1" 200 62748 "-" "Mozilla/5.0 AppleWebKit/537.36 (compatible; GPTBot/1.3; +https://openai.com/gptbot)"
171.133.45.213 - - [07/Feb/2026:14:35:29 +0000] "GET /banner.jpg HTTP/1.1" 304 104 "-" "Mozilla/5.0 (compatible; Amazonbot/0.1; +https://developer.amazon.com/support/amazonbot)"
99.132.12.102 - - [07/Feb/2026:14:36:45 +0000] "GET /style.css HTTP/1.1" 404 348 "-" "Mozilla/5.0 (compatible; Googlebot/2.1; +http://www.google.com/bot.html)"
82.35.167.49 - - [07/Feb/2026:14:40:08 +0000] "GET /banner.jpg HTTP/1.1" 200 126579 "-" "Mozilla/5.0 (compatible; bingbot/2.0; +http://www.bing.com/bingbot.htm)"
99.150.211.250 - - [07/Feb/2026:14:42:29 +0000] "GET /app.js HTTP/1.1" 200 124590 "-" "Mozilla/5.0 (compatible; Googlebot/2.1; +http://www.google.com/bot.html)"
203.225.0.215 - - [07/Feb/2026:14:44:15 +0000] "GET /config HTTP/1.1" 200 54982 "-" "Mozilla/5.0 (compatible; Amazonbot/0.1; +https://developer.amazon.com/support/amazonbot)"
122.96.81.102 - - [07/Feb/2026:14:47:22 +0000] "GET /style.css HTTP/1.1" 304 226 "-" "Mozilla/5.0 (compatible; Amazonbot/0.1; +https://developer.amazon.com/support/amazonbot)"
122.96.81.102 - - [07/Feb/2026:14:51:50 +0000] "GET / HTTP/1.1" 200 114683 "-" "ClaudeBot/1.0 (+https://www.anthropic.com/claudebot)"
149.37.222.138 - - [07/Feb/2026:14:56:23 +0000] "GET /logo.png HTTP/1.1" 200 104394 "-" "Mozilla/5.0 AppleWebKit/537.36 (compatible; GPTBot/1.3; +https://openai.com/gptbot)"
171.133.45.213 - - [07/Feb/2026:15:03:13 +0000] "GET /config HTTP/1.1" 200 77116 "-" "Mozilla/5.0 (compatible; bingbot/2.0; +http://www.bing.com/bingbot.htm)"
82.35.167.49 - - [07/Feb/2026:15:06:14 +0000] "GET /banner.jpg HTTP/1.1" 200 23050 "-" "Mozilla/5.0 (compatible; Googlebot/2.1; +http://www.google.com/bot.html)"
149.37.222.138 - - [07/Feb/2026:15:13:15 +0000] "GET /logo.png HTTP/1.1" 404 344 "-" "ClaudeBot/1.0 (+https://www.anthropic.com/claudebot)"
60.241.196.176 - - [07/Feb/2026:15:18:31 +0000] "GET /banner.jpg HTTP/1.1" 200 45470 "-" "Mozilla/5.0 AppleWebKit/537.36 (compatible; GPTBot/1.3; +https://openai.com/gptbot)"
99.150.211.250 - - [07/Feb/2026:15:32:05 +0000] "GET /readme.txt HTTP/1.1" 200 33773 "-" "Mozilla/5.0 AppleWebKit/537.36 (compatible; GPTBot/1.3; +https://openai.com/gptbot)"
171.133.45.213 - - [07/Feb/2026:15:33:47 +0000] "GET /feed.xml HTTP/1.1" 200 82101 "-" "ClaudeBot/1.0 (+https://www.anthropic.com/claudebot)"
99.132.12.102 - - [07/Feb/2026:15:37:27 +0000] "GET /data.json HTTP/1.1" 200 111192 "-" "ClaudeBot/1.0 (+https://www.anthropic.com/claudebot)"
99.170.62.78 - - [07/Feb/2026:15:41:05 +0000] "GET /index.html HTTP/1.1" 301 307 "-" "Mozilla/5.0 AppleWebKit/537.36 (compatible; GPTBot/1.3; +https://openai.com/gptbot)"
203.225.0.215 - - [07/Feb/2026:15:55:13 +0000] "GET /index.html HTTP/1.1" 200 37236 "-" "Mozilla/5.0 (compatible; Amazonbot/0.1; +https://developer.amazon.com/support/amazonbot)"
99.150.211.250 - - [07/Feb/2026:15:55:57 +0000] "GET /feed.xml HTTP/1.1" 200 52481 "-" "Mozilla/5.0 (compatible; Googlebot/2.1; +http://www.google.com/bot.html)"
99.150.211.250 - - [07/Feb/2026:15:59:07 +0000] "GET / HTTP/1.1" 200 48009 "-" "Mozilla/5.0 (compatible; Googlebot/2.1; +http://www.google.com/bot.html)"
71.138.7.233 - - [07/Feb/2026:15:59:19 +0000] "GET /banner.jpg HTTP/1.1" 200 7066 "-" "Mozilla/5.0 (compatible; bingbot/2.0; +http://www.bing.com/bingbot.htm)"
99.150.211.250 - - [07/Feb/2026:16:02:36 +0000] "GET /app.js HTTP/1.1" 304 296 "-" "Mozilla/5.0 (compatible; Googlebot/2.1; +http://www.google.com/bot.html)"
82.35.167.49 - - [07/Feb/2026:16:03:18 +0000] "GET /banner.jpg HTTP/1.1" 200 127383 "-" "Mozilla/5.0 (compatible; Googlebot/2.1; +http://www.google.com/bot.html)"
149.37.222.138 - - [07/Feb/2026:16:06:23 +0000] "GET /config HTTP/1.1" 200 143853 "-" "Mozilla/5.0 (compatible; Amazonbot/0.1; +https://developer.amazon.com/support/amazonbot)"
141.57.250.8 - - [07/Feb/2026:16:07:45 +0000] "GET /logo.png HTTP/1.1" 200 127301 "-" "Mozilla/5.0 AppleWebKit/537.36 (compatible; GPTBot/1.3; +https://openai.com/gptbot)"
99.132.12.102 - - [07/Feb/2026:16:08:43 +0000] "GET /about.html HTTP/1.1" 200 52046 "-" "Mozilla/5.0 AppleWebKit/537.36 (compatible; GPTBot/1.3; +https://openai.com/gptbot)"
60.241.196.176 - - [07/Feb/2026:16:10:52 +0000] "GET /logo.png HTTP/1.1" 200 34167 "-" "Mozilla/5.0 (compatible; Googlebot/2.1; +http://www.google.com/bot.html)"
171.133.45.213 - - [07/Feb/2026:16:12:14 +0000] "GET /style.css HTTP/1.1" 404 145 "-" "Mozilla/5.0 (compatible; bingbot/2.0; +http://www.bing.com/bingbot.htm)"
141.57.250.8 - - [07/Feb/2026:16:13:04 +0000] "GET /feed.xml HTTP/1.1" 404 158 "-" "Mozilla/5.0 (compatible; Googlebot/2.1; +http://www.google.com/bot.html)"
99.132.12.102 - - [07/Feb/2026:16:23:19 +0000] "GET /logo.png HTTP/1.1" 304 112 "-" "Mozilla/5.0 (compatible; bingbot/2.0; +http://www.bing.com/bingbot.htm)"
122.96.81.102 - - [07/Feb/2026:16:26:34 +0000] "GET /banner.jpg HTTP/1.1" 200 5639 "-" "Mozilla/5.0 (compatible; Amazonbot/0.1; +https://developer.amazon.com/support/amazonbot)"
71.138.7.233 - - [07/Feb/2026:16:30:21 +0000] "GET /about.html HTTP/1.1" 302 451 "-" "Mozilla/5.0 (compatible; Googlebot/2.1; +http://www.google.com/bot.html)"
203.225.0.215 - - [07/Feb/2026:16:31:49 +0000] "GET /banner.jpg HTTP/1.1" 200 60368 "-" "Mozilla/5.0 (compatible; Amazonbot/0.1; +https://developer.amazon.com/support/amazonbot)"
71.138.7.233 - - [07/Feb/2026:16:31:50 +0000] "GET /about.html HTTP/1.1" 404 184 "-" "Mozilla/5.0 (compatible; bingbot/2.0; +http://www.bing.com/bingbot.htm)"
122.96.81.102 - - [07/Feb/2026:16:37:41 +0000] "GET /logo.png HTTP/1.1" 200 22042 "-" "Mozilla/5.0 AppleWebKit/537.36 (compatible; GPTBot/1.3; +https://openai.com/gptbot)"
99.170.62.78 - - [07/Feb/2026:16:45:54 +0000] "GET /feed.xml HTTP/1.1" 200 124361 "-" "Mozilla/5.0 (compatible; Amazonbot/0.1; +https://developer.amazon.com/support/amazonbot)"
171.133.45.213 - - [07/Feb/2026:16:46:20 +0000] "GET /app.js HTTP/1.1" 304 63 "-" "Mozilla/5.0 AppleWebKit/537.36 (compatible; GPTBot/1.3; +https://openai.com/gptbot)"
71.138.7.233 - - [07/Feb/2026:16:52:43 +0000] "GET /config HTTP/1.1" 200 42574 "-" "Mozilla/5.0 AppleWebKit/537.36 (compatible; GPTBot/1.3; +https://openai.com/gptbot)"
99.150.211.250 - - [07/Feb/2026:16:52:52 +0000] "GET /readme.txt HTTP/1.1" 200 47313 "-" "Mozilla/5.0 (compatible; bingbot/2.0; +http://www.bing.com/bingbot.htm)"
99.170.62.78 - - [07/Feb/2026:16:53:43 +0000] "GET /readme.txt HTTP/1.1" 404 72 "-" "Mozilla/5.0 (compatible; Googlebot/2.1; +http://www.google.com/bot.html)"
188.194.31.5 - - [07/Feb/2026:16:55:48 +0000] "GET /app.js HTTP/1.1" 200 95322 "-" "Mozilla/5.0 AppleWebKit/537.36 (compatible; GPTBot/1.3; +https://openai.com/gptbot)"
60.241.196.176 - - [07/Feb/2026:16:58:27 +0000] "GET /feed.xml HTTP/1.1" 200 78959 "-" "ClaudeBot/1.0 (+https://www.anthropic.com/claudebot)"
149.37.222.138 - - [07/Feb/2026:17:02:21 +0000] "GET /about.html HTTP/1.1" 404 35 "-" "Mozilla/5.0 (compatible; Googlebot/2.1; +http://www.google.com/bot.html)"
99.132.12.102 - - [07/Feb/2026:17:06:19 +0000] "GET /feed.xml HTTP/1.1" 304 337 "-" "Mozilla/5.0 AppleWebKit/537.36 (compatible; GPTBot/1.3; +https://openai.com/gptbot)"
60.241.196.176 - - [07/Feb/2026:17:12:29 +0000] "GET /logo.png HTTP/1.1" 200 37786 "-" "ClaudeBot/1.0 (+https://www.anthropic.com/claudebot)"
203.225.0.215 - - [07/Feb/2026:17:15:29 +0000] "GET /feed.xml HTTP/1.1" 200 136042 "-" "Mozilla/5.0 (compatible; bingbot/2.0; +http://www.bing.com/bingbot.htm)"
82.35.167.49 - - [07/Feb/2026:17:18:30 +0000] "GET /config HTTP/1.1" 404 151 "-" "Mozilla/5.0 (compatible; Amazonbot/0.1; +https://developer.amazon.com/support/amazonbot)"
203.225.0.215 - - [07/Feb/2026:17:20:11 +0000] "GET /index.html HTTP/1.1" 200 81561 "-" "Mozilla/5.0 AppleWebKit/537.36 (compatible; GPTBot/1.3; +https://openai.com/gptbot)"
99.170.62.78 - - [07/Feb/2026:17:23:44 +0000] "GET / HTTP/1.1" 200 143865 "-" "Mozilla/5.0 (compatible; Googlebot/2.1; +http://www.google.com/bot.html)"
99.132.12.102 - - [07/Feb/2026:17:26:45 +0000] "GET / HTTP/1.1" 200 111838 "-" "Mozilla/5.0 (compatible; Amazonbot/0.1; +https://developer.amazon.com/support/amazonbot)"
82.35.167.49 - - [07/Feb/2026:17:33:56 +0000] "GET /about.html HTTP/1.1" 404 179 "-" "ClaudeBot/1.0 (+https://www.anthropic.com/claudebot)"
149.37.222.138 - - [07/Feb/2026:17:38:47 +0000] "GET /readme.txt HTTP/1.1" 200 108808 "-" "Mozilla/5.0 (compatible; bingbot/2.0; +http://www.bing.com/bingbot.htm)"
171.133.45.213 - - [07/Feb/2026:17:45:37 +0000] "GET /index.html HTTP/1.1" 200 52649 "-" "Mozilla/5.0 (compatible; Amazonbot/0.1; +https://developer.amazon.com/support/amazonbot)"
71.138.7.233 - - [07/Feb/2026:17:47:47 +0000] "GET /app.js HTTP/1.1" 200 141378 "-" "ClaudeBot/1.0 (+https://www.anthropic.com/claudebot)"
71.138.7.233 - - [07/Feb/2026:17:50:00 +0000] "GET /index.html HTTP/1.1" 200 124110 "-" "Mozilla/5.0 (compatible; bingbot/2.0; +http://www.bing.com/bingbot.htm)"
60.241.196.176 - - [07/Feb/2026:17:57:30 +0000] "GET /banner.jpg HTTP/1.1" 404 445 "-" "Mozilla/5.0 (compatible; Amazonbot/0.1; +https://developer.amazon.com/support/amazonbot)"
141.57.250.8 - - [07/Feb/2026:18:01:34 +0000] "GET /feed.xml HTTP/1.1" 200 104458 "-" "ClaudeBot/1.0 (+https://www.anthropic.com/claudebot)"
171.133.45.213 - - [07/Feb/2026:18:06:19 +0000] "GET / HTTP/1.1" 200 74065 "-" "ClaudeBot/1.0 (+https://www.anthropic.com/claudebot)"
99.170.62.78 - - [07/Feb/2026:18:07:22 +0000] "GET /config HTTP/1.1" 404 390 "-" "Mozilla/5.0 (compatible; bingbot/2.0; +http://www.bing.com/bingbot.htm)"
171.133.45.213 - - [07/Feb/2026:18:08:09 +0000] "GET /app.js HTTP/1.1" 404 115 "-" "Mozilla/5.0 (compatible; Googlebot/2.1; +http://www.google.com/bot.html)"
71.138.7.233 - - [07/Feb/2026:18:11:13 +0000] "GET /about.html HTTP/1.1" 200 16782 "-" "ClaudeBot/1.0 (+https://www.anthropic.com/claudebot)"
60.241.196.176 - - [07/Feb/2026:18:17:26 +0000] "GET / HTTP/1.1" 200 79902 "-" "Mozilla/5.0 (compatible; Amazonbot/0.1; +https://developer.amazon.com/support/amazonbot)"
149.37.222.138 - - [07/Feb/2026:18:23:22 +0000] "GET /style.css HTTP/1.1" 200 90933 "-" "Mozilla/5.0 (compatible; Googlebot/2.1; +http://www.google.com/bot.html)"
122.96.81.102 - - [07/Feb/2026:18:24:03 +0000] "GET /sitemap.xml HTTP/1.1" 404 296 "-" "Mozilla/5.0 (compatible; Amazonbot/0.1; +https://developer.amazon.com/support/amazonbot)"
60.241.196.176 - - [07/Feb/2026:18:29:30 +0000] "GET /readme.txt HTTP/1.1" 200 33206 "-" "Mozilla/5.0 (compatible; bingbot/2.0; +http://www.bing.com/bingbot.htm)"
188.194.31.5 - - [07/Feb/2026:18:29:31 +0000] "GET /config HTTP/1.1" 200 135648 "-" "ClaudeBot/1.0 (+https://www.anthropic.com/claudebot)"
122.96.81.102 - - [07/Feb/2026:18:34:55 +0000] "GET /about.html HTTP/1.1" 200 92464 "-" "ClaudeBot/1.0 (+https://www.anthropic.com/claudebot)"
99.132.12.102 - - [07/Feb/2026:18:44:29 +0000] "GET /config HTTP/1.1" 304 22 "-" "Mozilla/5.0 (compatible; Amazonbot/0.1; +https://developer.amazon.com/support/amazonbot)"
71.138.7.233 - - [07/Feb/2026:18:46:47 +0000] "GET /config HTTP/1.1" 302 290 "-" "Mozilla/5.0 (compatible; Googlebot/2.1; +http://www.google.com/bot.html)"
99.150.211.250 - - [07/Feb/2026:18:51:24 +0000] "GET /readme.txt HTTP/1.1" 200 6674 "-" "Mozilla/5.0 (compatible; Googlebot/2.1; +http://www.google.com/bot.html)"
99.150.211.250 - - [07/Feb/2026:19:02:24 +0000] "GET /logo.png HTTP/1.1" 200 37172 "-" "Mozilla/5.0 (compatible; Googlebot/2.1; +http://www.google.com/bot.html)"
82.35.167.49 - - [07/Feb/2026:19:02:27 +0000] "GET /index.html HTTP/1.1" 200 127030 "-" "Mozilla/5.0 (compatible; bingbot/2.0; +http://www.bing.com/bingbot.htm)"
149.37.222.138 - - [07/Feb/2026:19:07:27 +0000] "GET /sitemap.xml HTTP/1.1" 403 62 "-" "Mozilla/5.0 (compatible; Googlebot/2.1; +http://www.google.com/bot.html)"
99.150.211.250 - - [07/Feb/2026:19:08:00 +0000] "GET /config HTTP/1.1" 200 116610 "-" "ClaudeBot/1.0 (+https://www.anthropic.com/claudebot)"
99.132.12.102 - - [07/Feb/2026:19:18:51 +0000] "GET /about.html HTTP/1.1" 200 605 "-" "Mozilla/5.0 AppleWebKit/537.36 (compatible; GPTBot/1.3; +https://openai.com/gptbot)"
99.132.12.102 - - [07/Feb/2026:19:22:40 +0000] "GET / HTTP/1.1" 302 477 "-" "ClaudeBot/1.0 (+https://www.anthropic.com/claudebot)"
71.138.7.233 - - [07/Feb/2026:19:25:59 +0000] "GET /readme.txt HTTP/1.1" 304 138 "-" "Mozilla/5.0 (compatible; Amazonbot/0.1; +https://developer.amazon.com/support/amazonbot)"
188.194.31.5 - - [07/Feb/2026:19:26:58 +0000] "GET /index.html HTTP/1.1" 200 41649 "-" "Mozilla/5.0 (compatible; bingbot/2.0; +http://www.bing.com/bingbot.htm)"
82.35.167.49 - - [07/Feb/2026:19:29:16 +0000] "GET /index.html HTTP/1.1" 304 214 "-" "Mozilla/5.0 AppleWebKit/537.36 (compatible; GPTBot/1.3; +https://openai.com/gptbot)"
188.194.31.5 - - [07/Feb/2026:19:31:10 +0000] "GET /index.html HTTP/1.1" 302 478 "-" "ClaudeBot/1.0 (+https://www.anthropic.com/claudebot)"
60.241.196.176 - - [07/Feb/2026:19:31:40 +0000] "GET /app.js HTTP/1.1" 200 141946 "-" "Mozilla/5.0 (compatible; bingbot/2.0; +http://www.bing.com/bingbot.htm)"
171.133.45.213 - - [07/Feb/2026:19:32:24 +0000] "GET /config HTTP/1.1" 200 146023 "-" "ClaudeBot/1.0 (+https://www.anthropic.com/claudebot)"
99.132.12.102 - - [07/Feb/2026:19:34:32 +0000] "GET /config HTTP/1.1" 403 441 "-" "Mozilla/5.0 (compatible; Amazonbot/0.1; +https://developer.amazon.com/support/amazonbot)"
203.225.0.215 - - [07/Feb/2026:19:38:46 +0000] "GET /sitemap.xml HTTP/1.1" 200 8025 "-" "Mozilla/5.0 (compatible; bingbot/2.0; +http://www.bing.com/bingbot.htm)"
203.225.0.215 - - [07/Feb/2026:19:40:10 +0000] "GET /app.js HTTP/1.1" 200 112016 "-" "ClaudeBot/1.0 (+https://www.anthropic.com/claudebot)"
99.170.62.78 - - [07/Feb/2026:19:58:35 +0000] "GET /style.css HTTP/1.1" 304 75 "-" "ClaudeBot/1.0 (+https://www.anthropic.com/claudebot)"
71.138.7.233 - - [07/Feb/2026:20:01:44 +0000] "GET /banner.jpg HTTP/1.1" 200 38255 "-" "Mozilla/5.0 (compatible; Googlebot/2.1; +http://www.google.com/bot.html)"
82.35.167.49 - - [07/Feb/2026:20:02:06 +0000] "GET /sitemap.xml HTTP/1.1" 304 304 "-" "Mozilla/5.0 (compatible; Amazonbot/0.1; +https://developer.amazon.com/support/amazonbot)"
188.194.31.5 - - [07/Feb/2026:20:02:32 +0000] "GET /index.html HTTP/1.1" 200 50850 "-" "ClaudeBot/1.0 (+https://www.anthropic.com/claudebot)"
60.241.196.176 - - [07/Feb/2026:20:03:46 +0000] "GET /data.json HTTP/1.1" 200 147328 "-" "Mozilla/5.0 (compatible; Googlebot/2.1; +http://www.google.com/bot.html)"
149.37.222.138 - - [07/Feb/2026:20:07:56 +0000] "GET /sitemap.xml HTTP/1.1" 200 87850 "-" "Mozilla/5.0 AppleWebKit/537.36 (compatible; GPTBot/1.3; +https://openai.com/gptbot)"
60.241.196.176 - - [07/Feb/2026:20:13:30 +0000] "GET /feed.xml HTTP/1.1" 200 28821 "-" "Mozilla/5.0 (compatible; Googlebot/2.1; +http://www.google.com/bot.html)"
149.37.222.138 - - [07/Feb/2026:20:14:45 +0000] "GET /config HTTP/1.1" 200 108862 "-" "Mozilla/5.0 AppleWebKit/537.36 (compatible; GPTBot/1.3; +https://openai.com/gptbot)"
60.241.196.176 - - [07/Feb/2026:20:31:12 +0000] "GET /app.js HTTP/1.1" 200 52578 "-" "ClaudeBot/1.0 (+https://www.anthropic.com/claudebot)"
149.37.222.138 - - [07/Feb/2026:20:32:35 +0000] "GET /feed.xml HTTP/1.1" 200 106141 "-" "Mozilla/5.0 AppleWebKit/537.36 (compatible; GPTBot/1.3; +https://openai.com/gptbot)"
171.133.45.213 - - [07/Feb/2026:20:37:39 +0000] "GET /index.html HTTP/1.1" 200 40106 "-" "ClaudeBot/1.0 (+https://www.anthropic.com/claudebot)"
203.225.0.215 - - [07/Feb/2026:20:41:17 +0000] "GET /config HTTP/1.1" 200 135885 "-" "Mozilla/5.0 (compatible; Amazonbot/0.1; +https://developer.amazon.com/support/amazonbot)"
99.132.12.102 - - [07/Feb/2026:20:46:33 +0000] "GET /style.css HTTP/1.1" 404 236 "-" "Mozilla/5.0 AppleWebKit/537.36 (compatible; GPTBot/1.3; +https://openai.com/gptbot)"
99.132.12.102 - - [07/Feb/2026:20:56:30 +0000] "GET /index.html HTTP/1.1" 200 7579 "-" "Mozilla/5.0 (compatible; Googlebot/2.1; +http://www.google.com/bot.html)"
188.194.31.5 - - [07/Feb/2026:20:58:30 +0000] "GET /config HTTP/1.1" 404 48 "-" "Mozilla/5.0 AppleWebKit/537.36 (compatible; GPTBot/1.3; +https://openai.com/gptbot)"
122.96.81.102 - - [07/Feb/2026:21:05:46 +0000] "GET /feed.xml HTTP/1.1" 200 120086 "-" "ClaudeBot/1.0 (+https://www.anthropic.com/claudebot)"
82.35.167.49 - - [07/Feb/2026:21:10:39 +0000] "GET /feed.xml HTTP/1.1" 200 137277 "-" "Mozilla/5.0 (compatible; Amazonbot/0.1; +https://developer.amazon.com/support/amazonbot)"
99.150.211.250 - - [07/Feb/2026:21:11:49 +0000] "GET /sitemap.xml HTTP/1.1" 304 451 "-" "ClaudeBot/1.0 (+https://www.anthropic.com/claudebot)"
60.241.196.176 - - [07/Feb/2026:21:17:30 +0000] "GET /readme.txt HTTP/1.1" 302 88 "-" "Mozilla/5.0 (compatible; Googlebot/2.1; +http://www.google.com/bot.html)"
99.150.211.250 - - [07/Feb/2026:21:19:41 +0000] "GET /about.html HTTP/1.1" 404 474 "-" "ClaudeBot/1.0 (+https://www.anthropic.com/claudebot)"
82.35.167.49 - - [07/Feb/2026:21:22:04 +0000] "GET / HTTP/1.1" 200 75771 "-" "Mozilla/5.0 (compatible; bingbot/2.0; +http://www.bing.com/bingbot.htm)"
99.150.211.250 - - [07/Feb/2026:21:23:50 +0000] "GET /banner.jpg HTTP/1.1" 200 92833 "-" "Mozilla/5.0 (compatible; bingbot/2.0; +http://www.bing.com/bingbot.htm)"
141.57.250.8 - - [07/Feb/2026:21:27:48 +0000] "GET / HTTP/1.1" 200 111070 "-" "ClaudeBot/1.0 (+https://www.anthropic.com/claudebot)"
82.35.167.49 - - [07/Feb/2026:21:28:27 +0000] "GET /logo.png HTTP/1.1" 304 303 "-" "Mozilla/5.0 (compatible; bingbot/2.0; +http://www.bing.com/bingbot.htm)"
141.57.250.8 - - [07/Feb/2026:21:30:47 +0000] "GET /style.css HTTP/1.1" 301 316 "-" "Mozilla/5.0 (compatible; Amazonbot/0.1; +https://developer.amazon.com/support/amazonbot)"
188.194.31.5 - - [07/Feb/2026:21:31:50 +0000] "GET /sitemap.xml HTTP/1.1" 200 18244 "-" "Mozilla/5.0 AppleWebKit/537.36 (compatible; GPTBot/1.3; +https://openai.com/gptbot)"
141.57.250.8 - - [07/Feb/2026:21:32:08 +0000] "GET /config HTTP/1.1" 302 382 "-" "Mozilla/5.0 (compatible; Googlebot/2.1; +http://www.google.com/bot.html)"
188.194.31.5 - - [07/Feb/2026:21:34:48 +0000] "GET /logo.png HTTP/1.1" 200 125361 "-" "Mozilla/5.0 (compatible; bingbot/2.0; +http://www.bing.com/bingbot.htm)"
188.194.31.5 - - [07/Feb/2026:21:37:21 +0000] "GET /readme.txt HTTP/1.1" 200 139094 "-" "ClaudeBot/1.0 (+https://www.anthropic.com/claudebot)"
188.194.31.5 - - [07/Feb/2026:21:39:41 +0000] "GET /index.html HTTP/1.1" 403 172 "-" "ClaudeBot/1.0 (+https://www.anthropic.com/claudebot)"
141.57.250.8 - - [07/Feb/2026:21:40:47 +0000] "GET /banner.jpg HTTP/1.1" 200 49439 "-" "ClaudeBot/1.0 (+https://www.anthropic.com/claudebot)"
71.138.7.233 - - [07/Feb/2026:21:41:28 +0000] "GET /app.js HTTP/1.1" 302 19 "-" "Mozilla/5.0 (compatible; Amazonbot/0.1; +https://developer.amazon.com/support/amazonbot)"
149.37.222.138 - - [07/Feb/2026:21:44:24 +0000] "GET /banner.jpg HTTP/1.1" 403 284 "-" "Mozilla/5.0 (compatible; bingbot/2.0; +http://www.bing.com/bingbot.htm)"
99.150.211.250 - - [07/Feb/2026:21:47:32 +0000] "GET /readme.txt HTTP/1.1" 200 22171 "-" "ClaudeBot/1.0 (+https://www.anthropic.com/claudebot)"
82.35.167.49 - - [07/Feb/2026:21:48:03 +0000] "GET /index.html HTTP/1.1" 200 56518 "-" "Mozilla/5.0 (compatible; Googlebot/2.1; +http://www.google.com/bot.html)"
99.170.62.78 - - [07/Feb/2026:21:52:17 +0000] "GET /style.css HTTP/1.1" 404 240 "-" "Mozilla/5.0 (compatible; Googlebot/2.1; +http://www.google.com/bot.html)"
71.138.7.233 - - [07/Feb/2026:21:53:18 +0000] "GET /config HTTP/1.1" 200 4133 "-" "ClaudeBot/1.0 (+https://www.anthropic.com/claudebot)"
99.150.211.250 - - [07/Feb/2026:21:55:56 +0000] "GET /data.json HTTP/1.1" 304 499 "-" "Mozilla/5.0 (compatible; Amazonbot/0.1; +https://developer.amazon.com/support/amazonbot)"
122.96.81.102 - - [07/Feb/2026:21:55:57 +0000] "GET /style.css HTTP/1.1" 404 315 "-" "Mozilla/5.0 AppleWebKit/537.36 (compatible; GPTBot/1.3; +https://openai.com/gptbot)"
188.194.31.5 - - [07/Feb/2026:21:56:26 +0000] "GET /app.js HTTP/1.1" 200 14868 "-" "Mozilla/5.0 (compatible; Googlebot/2.1; +http://www.google.com/bot.html)"
60.241.196.176 - - [07/Feb/2026:22:08:35 +0000] "GET /app.js HTTP/1.1" 200 131323 "-" "Mozilla/5.0 AppleWebKit/537.36 (compatible; GPTBot/1.3; +https://openai.com/gptbot)"
203.225.0.215 - - [07/Feb/2026:22:10:50 +0000] "GET /app.js HTTP/1.1" 200 129684 "-" "ClaudeBot/1.0 (+https://www.anthropic.com/claudebot)"
71.138.7.233 - - [07/Feb/2026:22:12:40 +0000] "GET /about.html HTTP/1.1" 200 43718 "-" "Mozilla/5.0 (compatible; Googlebot/2.1; +http://www.google.com/bot.html)"
71.138.7.233 - - [07/Feb/2026:22:17:14 +0000] "GET /config HTTP/1.1" 304 159 "-" "ClaudeBot/1.0 (+https://www.anthropic.com/claudebot)"
203.225.0.215 - - [07/Feb/2026:22:23:30 +0000] "GET /feed.xml HTTP/1.1" 200 126863 "-" "Mozilla/5.0 (compatible; Amazonbot/0.1; +https://developer.amazon.com/support/amazonbot)"
203.225.0.215 - - [07/Feb/2026:22:23:38 +0000] "GET /config HTTP/1.1" 304 275 "-" "Mozilla/5.0 (compatible; bingbot/2.0; +http://www.bing.com/bingbot.htm)"
99.150.211.250 - - [07/Feb/2026:22:23:45 +0000] "GET /index.html HTTP/1.1" 200 99915 "-" "Mozilla/5.0 (compatible; bingbot/2.0; +http://www.bing.com/bingbot.htm)"
203.225.0.215 - - [07/Feb/2026:22:25:04 +0000] "GET /logo.png HTTP/1.1" 304 61 "-" "Mozilla/5.0 (compatible; bingbot/2.0; +http://www.bing.com/bingbot.htm)"
71.138.7.233 - - [07/Feb/2026:22:31:18 +0000] "GET /index.html HTTP/1.1" 200 116754 "-" "Mozilla/5.0 (compatible; bingbot/2.0; +http://www.bing.com/bingbot.htm)"
99.170.62.78 - - [07/Feb/2026:22:40:51 +0000] "GET /style.css HTTP/1.1" 200 21304 "-" "Mozilla/5.0 AppleWebKit/537.36 (compatible; GPTBot/1.3; +https://openai.com/gptbot)"
149.37.222.138 - - [07/Feb/2026:22:42:03 +0000] "GET /logo.png HTTP/1.1" 301 408 "-" "ClaudeBot/1.0 (+https://www.anthropic.com/claudebot)"
188.194.31.5 - - [07/Feb/2026:22:42:37 +0000] "GET /logo.png HTTP/1.1" 200 130740 "-" "Mozilla/5.0 (compatible; bingbot/2.0; +http://www.bing.com/bingbot.htm)"
149.37.222.138 - - [07/Feb/2026:22:50:14 +0000] "GET /feed.xml HTTP/1.1" 200 62455 "-" "Mozilla/5.0 AppleWebKit/537.36 (compatible; GPTBot/1.3; +https://openai.com/gptbot)"
203.225.0.215 - - [07/Feb/2026:22:53:33 +0000] "GET /config HTTP/1.1" 200 85888 "-" "Mozilla/5.0 AppleWebKit/537.36 (compatible; GPTBot/1.3; +https://openai.com/gptbot)"
171.133.45.213 - - [07/Feb/2026:22:53:42 +0000] "GET /logo.png HTTP/1.1" 200 111655 "-" "Mozilla/5.0 AppleWebKit/537.36 (compatible; GPTBot/1.3; +https://openai.com/gptbot)"
82.35.167.49 - - [07/Feb/2026:22:59:06 +0000] "GET /about.html HTTP/1.1" 200 102674 "-" "Mozilla/5.0 (compatible; Googlebot/2.1; +http://www.google.com/bot.html)"
188.194.31.5 - - [07/Feb/2026:23:00:09 +0000] "GET /config HTTP/1.1" 200 76286 "-" "ClaudeBot/1.0 (+https://www.anthropic.com/claudebot)"
141.57.250.8 - - [07/Feb/2026:23:08:26 +0000] "GET /sitemap.xml HTTP/1.1" 200 94039 "-" "Mozilla/5.0 AppleWebKit/537.36 (compatible; GPTBot/1.3; +https://openai.com/gptbot)"
171.133.45.213 - - [07/Feb/2026:23:08:51 +0000] "GET /app.js HTTP/1.1" 404 15 "-" "Mozilla/5.0 (compatible; bingbot/2.0; +http://www.bing.com/bingbot.htm)"
171.133.45.213 - - [07/Feb/2026:23:17:11 +0000] "GET /style.css HTTP/1.1" 200 99365 "-" "Mozilla/5.0 (compatible; Amazonbot/0.1; +https://developer.amazon.com/support/amazonbot)"
171.133.45.213 - - [07/Feb/2026:23:18:22 +0000] "GET /feed.xml HTTP/1.1" 403 331 "-" "Mozilla/5.0 (compatible; Googlebot/2.1; +http://www.google.com/bot.html)"
141.57.250.8 - - [07/Feb/2026:23:40:55 +0000] "GET /sitemap.xml HTTP/1.1" 200 77277 "-" "Mozilla/5.0 AppleWebKit/537.36 (compatible; GPTBot/1.3; +https://openai.com/gptbot)"
60.241.196.176 - - [07/Feb/2026:23:42:00 +0000] "GET /feed.xml HTTP/1.1" 200 69623 "-" "Mozilla/5.0 (compatible; bingbot/2.0; +http://www.bing.com/bingbot.htm)"
99.132.12.102 - - [07/Feb/2026:23:42:51 +0000] "GET /sitemap.xml HTTP/1.1" 200 97396 "-" "ClaudeBot/1.0 (+https://www.anthropic.com/claudebot)"
203.225.0.215 - - [07/Feb/2026:23:50:11 +0000] "GET /banner.jpg HTTP/1.1" 200 96360 "-" "Mozilla/5.0 (compatible; bingbot/2.0; +http://www.bing.com/bingbot.htm)"
188.194.31.5 - - [07/Feb/2026:23:50:46 +0000] "GET /readme.txt HTTP/1.1" 200 64629 "-" "Mozilla/5.0 (compatible; Googlebot/2.1; +http://www.google.com/bot.html)"
188.194.31.5 - - [07/Feb/2026:23:51:23 +0000] "GET /readme.txt HTTP/1.1" 200 116204 "-" "Mozilla/5.0 AppleWebKit/537.36 (compatible; GPTBot/1.3; +https://openai.com/gptbot)"
203.225.0.215 - - [07/Feb/2026:23:57:10 +0000] "GET /logo.png HTTP/1.1" 200 666 "-" "ClaudeBot/1.0 (+https://www.anthropic.com/claudebot)"
141.57.250.8 - - [07/Feb/2026:23:59:45 +0000] "GET /app.js HTTP/1.1" 200 37209 "-" "Mozilla/5.0 (compatible; bingbot/2.0; +http://www.bing.com/bingbot.htm)"
71.138.7.233 - - [08/Feb/2026:00:00:18 +0000] "GET /about.html HTTP/1.1" 200 87437 "-" "Mozilla/5.0 (compatible; Amazonbot/0.1; +https://developer.amazon.com/support/amazonbot)"
82.35.167.49 - - [08/Feb/2026:00:05:43 +0000] "GET /config HTTP/1.1" 200 133951 "-" "Mozilla/5.0 (compatible; Googlebot/2.1; +http://www.google.com/bot.html)"
71.138.7.233 - - [08/Feb/2026:00:11:19 +0000] "GET / HTTP/1.1" 304 232 "-" "Mozilla/5.0 (compatible; Amazonbot/0.1; +https://developer.amazon.com/support/amazonbot)"
149.37.222.138 - - [08/Feb/2026:00:15:36 +0000] "GET / HTTP/1.1" 200 37148 "-" "Mozilla/5.0 (compatible; Googlebot/2.1; +http://www.google.com/bot.html)"
188.194.31.5 - - [08/Feb/2026:00:16:18 +0000] "GET /logo.png HTTP/1.1" 200 134401 "-" "Mozilla/5.0 (compatible; Amazonbot/0.1; +https://developer.amazon.com/support/amazonbot)"
141.57.250.8 - - [08/Feb/2026:00:22:14 +0000] "GET /config HTTP/1.1" 200 94483 "-" "Mozilla/5.0 AppleWebKit/537.36 (compatible; GPTBot/1.3; +https://openai.com/gptbot)"
99.170.62.78 - - [08/Feb/2026:00:23:11 +0000] "GET /style.css HTTP/1.1" 200 124273 "-" "Mozilla/5.0 (compatible; Googlebot/2.1; +http://www.google.com/bot.html)"
99.132.12.102 - - [08/Feb/2026:00:23:19 +0000] "GET /banner.jpg HTTP/1.1" 200 14387 "-" "Mozilla/5.0 (compatible; Amazonbot/0.1; +https://developer.amazon.com/support/amazonbot)"
171.133.45.213 - - [08/Feb/2026:00:27:02 +0000] "GET /config HTTP/1.1" 304 229 "-" "Mozilla/5.0 AppleWebKit/537.36 (compatible; GPTBot/1.3; +https://openai.com/gptbot)"
149.37.222.138 - - [08/Feb/2026:00:29:18 +0000] "GET /about.html HTTP/1.1" 200 68899 "-" "Mozilla/5.0 (compatible; Googlebot/2.1; +http://www.google.com/bot.html)"
203.225.0.215 - - [08/Feb/2026:00:33:50 +0000] "GET /readme.txt HTTP/1.1" 200 43281 "-" "Mozilla/5.0 AppleWebKit/537.36 (compatible; GPTBot/1.3; +https://openai.com/gptbot)"
171.133.45.213 - - [08/Feb/2026:00:35:41 +0000] "GET /data.json HTTP/1.1" 404 44 "-" "Mozilla/5.0 (compatible; Googlebot/2.1; +http://www.google.com/bot.html)"
82.35.167.49 - - [08/Feb/2026:00:36:17 +0000] "GET /sitemap.xml HTTP/1.1" 200 133084 "-" "ClaudeBot/1.0 (+https://www.anthropic.com/claudebot)"
171.133.45.213 - - [08/Feb/2026:00:36:48 +0000] "GET /index.html HTTP/1.1" 404 467 "-" "Mozilla/5.0 (compatible; Amazonbot/0.1; +https://developer.amazon.com/support/amazonbot)"
141.57.250.8 - - [08/Feb/2026:00:38:21 +0000] "GET /feed.xml HTTP/1.1" 304 109 "-" "Mozilla/5.0 AppleWebKit/537.36 (compatible; GPTBot/1.3; +https://openai.com/gptbot)"
99.132.12.102 - - [08/Feb/2026:00:41:08 +0000] "GET /style.css HTTP/1.1" 200 149275 "-" "Mozilla/5.0 AppleWebKit/537.36 (compatible; GPTBot/1.3; +https://openai.com/gptbot)"
188.194.31.5 - - [08/Feb/2026:00:43:09 +0000] "GET /data.json HTTP/1.1" 200 93510 "-" "Mozilla/5.0 (compatible; Amazonbot/0.1; +https://developer.amazon.com/support/amazonbot)"
99.170.62.78 - - [08/Feb/2026:00:43:53 +0000] "GET / HTTP/1.1" 200 124589 "-" "Mozilla/5.0 (compatible; bingbot/2.0; +http://www.bing.com/bingbot.htm)"
99.170.62.78 - - [08/Feb/2026:00:49:00 +0000] "GET /style.css HTTP/1.1" 200 81973 "-" "ClaudeBot/1.0 (+https://www.anthropic.com/claudebot)"
99.150.211.250 - - [08/Feb/2026:00:49:07 +0000] "GET /banner.jpg HTTP/1.1" 200 140746 "-" "Mozilla/5.0 (compatible; Googlebot/2.1; +http://www.google.com/bot.html)"
149.37.222.138 - - [08/Feb/2026:00:50:33 +0000] "GET /about.html HTTP/1.1" 301 336 "-" "Mozilla/5.0 (compatible; Googlebot/2.1; +http://www.google.com/bot.html)"
149.37.222.138 - - [08/Feb/2026:00:53:17 +0000] "GET /logo.png HTTP/1.1" 200 95220 "-" "Mozilla/5.0 (compatible; Amazonbot/0.1; +https://developer.amazon.com/support/amazonbot)"
171.133.45.213 - - [08/Feb/2026:00:55:05 +0000] "GET /about.html HTTP/1.1" 404 140 "-" "Mozilla/5.0 (compatible; Amazonbot/0.1; +https://developer.amazon.com/support/amazonbot)"
149.37.222.138 - - [08/Feb/2026:00:55:28 +0000] "GET /style.css HTTP/1.1" 200 42732 "-" "Mozilla/5.0 (compatible; Amazonbot/0.1; +https://developer.amazon.com/support/amazonbot)"
82.35.167.49 - - [08/Feb/2026:01:02:43 +0000] "GET /data.json HTTP/1.1" 404 313 "-" "Mozilla/5.0 (compatible; bingbot/2.0; +http://www.bing.com/bingbot.htm)"
99.170.62.78 - - [08/Feb/2026:01:03:53 +0000] "GET /config HTTP/1.1" 404 231 "-" "ClaudeBot/1.0 (+https://www.anthropic.com/claudebot)"
171.133.45.213 - - [08/Feb/2026:01:05:18 +0000] "GET /style.css HTTP/1.1" 200 144142 "-" "Mozilla/5.0 AppleWebKit/537.36 (compatible; GPTBot/1.3; +https://openai.com/gptbot)"
99.132.12.102 - - [08/Feb/2026:01:06:36 +0000] "GET /banner.jpg HTTP/1.1" 404 244 "-" "Mozilla/5.0 (compatible; bingbot/2.0; +http://www.bing.com/bingbot.htm)"
99.132.12.102 - - [08/Feb/2026:01:10:25 +0000] "GET /data.json HTTP/1.1" 200 36830 "-" "ClaudeBot/1.0 (+https://www.anthropic.com/claudebot)"
82.35.167.49 - - [08/Feb/2026:01:12:43 +0000] "GET /data.json HTTP/1.1" 200 110314 "-" "Mozilla/5.0 (compatible; bingbot/2.0; +http://www.bing.com/bingbot.htm)"
99.150.211.250 - - [08/Feb/2026:01:15:01 +0000] "GET /data.json HTTP/1.1" 200 17179 "-" "ClaudeBot/1.0 (+https://www.anthropic.com/claudebot)"
188.194.31.5 - - [08/Feb/2026:01:16:27 +0000] "GET /feed.xml HTTP/1.1" 200 77976 "-" "Mozilla/5.0 (compatible; bingbot/2.0; +http://www.bing.com/bingbot.htm)"
60.241.196.176 - - [08/Feb/2026:01:18:00 +0000] "GET /banner.jpg HTTP/1.1" 200 38419 "-" "ClaudeBot/1.0 (+https://www.anthropic.com/claudebot)"
171.133.45.213 - - [08/Feb/2026:01:19:12 +0000] "GET /readme.txt HTTP/1.1" 200 68330 "-" "Mozilla/5.0 (compatible; Googlebot/2.1; +http://www.google.com/bot.html)"
99.170.62.78 - - [08/Feb/2026:01:22:15 +0000] "GET /readme.txt HTTP/1.1" 200 143046 "-" "ClaudeBot/1.0 (+https://www.anthropic.com/claudebot)"
82.35.167.49 - - [08/Feb/2026:01:24:05 +0000] "GET /banner.jpg HTTP/1.1" 200 115173 "-" "Mozilla/5.0 (compatible; Googlebot/2.1; +http://www.google.com/bot.html)"
149.37.222.138 - - [08/Feb/2026:01:24:44 +0000] "GET /app.js HTTP/1.1" 200 7089 "-" "ClaudeBot/1.0 (+https://www.anthropic.com/claudebot)"
188.194.31.5 - - [08/Feb/2026:01:26:02 +0000] "GET / HTTP/1.1" 200 56005 "-" "Mozilla/5.0 (compatible; Googlebot/2.1; +http://www.google.com/bot.html)"
99.170.62.78 - - [08/Feb/2026:01:26:24 +0000] "GET /sitemap.xml HTTP/1.1" 200 35687 "-" "ClaudeBot/1.0 (+https://www.anthropic.com/claudebot)"
141.57.250.8 - - [08/Feb/2026:01:28:25 +0000] "GET /app.js HTTP/1.1" 304 388 "-" "Mozilla/5.0 (compatible; Googlebot/2.1; +http://www.google.com/bot.html)"
99.150.211.250 - - [08/Feb/2026:01:40:26 +0000] "GET /style.css HTTP/1.1" 200 27169 "-" "Mozilla/5.0 (compatible; Googlebot/2.1; +http://www.google.com/bot.html)"
122.96.81.102 - - [08/Feb/2026:01:40:36 +0000] "GET /banner.jpg HTTP/1.1" 404 476 "-" "Mozilla/5.0 AppleWebKit/537.36 (compatible; GPTBot/1.3; +https://openai.com/gptbot)"
82.35.167.49 - - [08/Feb/2026:01:41:36 +0000] "GET /config HTTP/1.1" 200 113640 "-" "Mozilla/5.0 AppleWebKit/537.36 (compatible; GPTBot/1.3; +https://openai.com/gptbot)"
149.37.222.138 - - [08/Feb/2026:01:41:58 +0000] "GET /app.js HTTP/1.1" 200 27091 "-" "Mozilla/5.0 (compatible; Amazonbot/0.1; +https://developer.amazon.com/support/amazonbot)"
149.37.222.138 - - [08/Feb/2026:01:42:29 +0000] "GET /config HTTP/1.1" 200 75727 "-" "Mozilla/5.0 (compatible; Googlebot/2.1; +http://www.google.com/bot.html)"
149.37.222.138 - - [08/Feb/2026:01:48:33 +0000] "GET /logo.png HTTP/1.1" 200 113782 "-" "ClaudeBot/1.0 (+https://www.anthropic.com/claudebot)"
99.170.62.78 - - [08/Feb/2026:01:49:27 +0000] "GET /feed.xml HTTP/1.1" 304 46 "-" "Mozilla/5.0 (compatible; bingbot/2.0; +http://www.bing.com/bingbot.htm)"
171.133.45.213 - - [08/Feb/2026:01:49:27 +0000] "GET /data.json HTTP/1.1" 304 459 "-" "Mozilla/5.0 (compatible; Googlebot/2.1; +http://www.google.com/bot.html)"
60.241.196.176 - - [08/Feb/2026:01:53:24 +0000] "GET / HTTP/1.1" 200 76227 "-" "ClaudeBot/1.0 (+https://www.anthropic.com/claudebot)"
99.150.211.250 - - [08/Feb/2026:01:56:29 +0000] "GET /banner.jpg HTTP/1.1" 200 125305 "-" "Mozilla/5.0 AppleWebKit/537.36 (compatible; GPTBot/1.3; +https://openai.com/gptbot)"
71.138.7.233 - - [08/Feb/2026:01:57:07 +0000] "GET /about.html HTTP/1.1" 200 28394 "-" "Mozilla/5.0 (compatible; Googlebot/2.1; +http://www.google.com/bot.html)"
99.150.211.250 - - [08/Feb/2026:02:06:42 +0000] "GET /logo.png HTTP/1.1" 200 62449 "-" "Mozilla/5.0 (compatible; Amazonbot/0.1; +https://developer.amazon.com/support/amazonbot)"
60.241.196.176 - - [08/Feb/2026:02:06:55 +0000] "GET / HTTP/1.1" 200 12369 "-" "Mozilla/5.0 (compatible; Googlebot/2.1; +http://www.google.com/bot.html)"
122.96.81.102 - - [08/Feb/2026:02:11:00 +0000] "GET /banner.jpg HTTP/1.1" 200 120041 "-" "ClaudeBot/1.0 (+https://www.anthropic.com/claudebot)"
71.138.7.233 - - [08/Feb/2026:02:11:41 +0000] "GET /style.css HTTP/1.1" 200 57635 "-" "Mozilla/5.0 (compatible; Googlebot/2.1; +http://www.google.com/bot.html)"
60.241.196.176 - - [08/Feb/2026:02:12:19 +0000] "GET /feed.xml HTTP/1.1" 404 16 "-" "Mozilla/5.0 AppleWebKit/537.36 (compatible; GPTBot/1.3; +https://openai.com/gptbot)"
99.150.211.250 - - [08/Feb/2026:02:17:24 +0000] "GET /banner.jpg HTTP/1.1" 404 40 "-" "Mozilla/5.0 (compatible; Amazonbot/0.1; +https://developer.amazon.com/support/amazonbot)"
99.132.12.102 - - [08/Feb/2026:02:21:04 +0000] "GET /index.html HTTP/1.1" 200 34538 "-" "ClaudeBot/1.0 (+https://www.anthropic.com/claudebot)"
71.138.7.233 - - [08/Feb/2026:02:22:49 +0000] "GET /logo.png HTTP/1.1" 404 411 "-" "Mozilla/5.0 (compatible; bingbot/2.0; +http://www.bing.com/bingbot.htm)"
188.194.31.5 - - [08/Feb/2026:02:25:21 +0000] "GET /logo.png HTTP/1.1" 200 33339 "-" "Mozilla/5.0 AppleWebKit/537.36 (compatible; GPTBot/1.3; +https://openai.com/gptbot)"
141.57.250.8 - - [08/Feb/2026:02:27:25 +0000] "GET /feed.xml HTTP/1.1" 404 414 "-" "Mozilla/5.0 (compatible; bingbot/2.0; +http://www.bing.com/bingbot.htm)"
203.225.0.215 - - [08/Feb/2026:02:29:13 +0000] "GET /feed.xml HTTP/1.1" 404 367 "-" "Mozilla/5.0 (compatible; bingbot/2.0; +http://www.bing.com/bingbot.htm)"
99.132.12.102 - - [08/Feb/2026:02:30:20 +0000] "GET /banner.jpg HTTP/1.1" 404 72 "-" "ClaudeBot/1.0 (+https://www.anthropic.com/claudebot)"
122.96.81.102 - - [08/Feb/2026:02:31:18 +0000] "GET /index.html HTTP/1.1" 404 237 "-" "ClaudeBot/1.0 (+https://www.anthropic.com/claudebot)"
149.37.222.138 - - [08/Feb/2026:02:35:18 +0000] "GET /logo.png HTTP/1.1" 200 70231 "-" "Mozilla/5.0 (compatible; bingbot/2.0; +http://www.bing.com/bingbot.htm)"
99.170.62.78 - - [08/Feb/2026:02:35:31 +0000] "GET /logo.png HTTP/1.1" 200 4287 "-" "Mozilla/5.0 (compatible; bingbot/2.0; +http://www.bing.com/bingbot.htm)"
60.241.196.176 - - [08/Feb/2026:02:41:23 +0000] "GET /data.json HTTP/1.1" 200 81912 "-" "Mozilla/5.0 (compatible; Googlebot/2.1; +http://www.google.com/bot.html)"
71.138.7.233 - - [08/Feb/2026:02:44:10 +0000] "GET /logo.png HTTP/1.1" 200 138359 "-" "Mozilla/5.0 (compatible; bingbot/2.0; +http://www.bing.com/bingbot.htm)"
99.132.12.102 - - [08/Feb/2026:02:48:10 +0000] "GET /data.json HTTP/1.1" 200 99323 "-" "Mozilla/5.0 AppleWebKit/537.36 (compatible; GPTBot/1.3; +https://openai.com/gptbot)"
82.35.167.49 - - [08/Feb/2026:02:53:39 +0000] "GET /logo.png HTTP/1.1" 200 14499 "-" "ClaudeBot/1.0 (+https://www.anthropic.com/claudebot)"
99.170.62.78 - - [08/Feb/2026:02:59:00 +0000] "GET /readme.txt HTTP/1.1" 200 110798 "-" "Mozilla/5.0 (compatible; Googlebot/2.1; +http://www.google.com/bot.html)"
171.133.45.213 - - [08/Feb/2026:02:59:43 +0000] "GET /data.json HTTP/1.1" 200 358 "-" "Mozilla/5.0 (compatible; bingbot/2.0; +http://www.bing.com/bingbot.htm)"
203.225.0.215 - - [08/Feb/2026:03:02:26 +0000] "GET /sitemap.xml HTTP/1.1" 200 84593 "-" "ClaudeBot/1.0 (+https://www.anthropic.com/claudebot)"
82.35.167.49 - - [08/Feb/2026:03:02:32 +0000] "GET /index.html HTTP/1.1" 200 117515 "-" "Mozilla/5.0 (compatible; Googlebot/2.1; +http://www.google.com/bot.html)"
149.37.222.138 - - [08/Feb/2026:03:03:11 +0000] "GET /config HTTP/1.1" 404 194 "-" "Mozilla/5.0 AppleWebKit/537.36 (compatible; GPTBot/1.3; +https://openai.com/gptbot)"
99.150.211.250 - - [08/Feb/2026:03:03:51 +0000] "GET /style.css HTTP/1.1" 200 74628 "-" "Mozilla/5.0 AppleWebKit/537.36 (compatible; GPTBot/1.3; +https://openai.com/gptbot)"
171.133.45.213 - - [08/Feb/2026:03:04:32 +0000] "GET /data.json HTTP/1.1" 200 129751 "-" "Mozilla/5.0 (compatible; Googlebot/2.1; +http://www.google.com/bot.html)"
99.170.62.78 - - [08/Feb/2026:03:05:26 +0000] "GET /config HTTP/1.1" 200 35338 "-" "Mozilla/5.0 (compatible; Googlebot/2.1; +http://www.google.com/bot.html)"
82.35.167.49 - - [08/Feb/2026:03:05:53 +0000] "GET /feed.xml HTTP/1.1" 200 125037 "-" "Mozilla/5.0 (compatible; bingbot/2.0; +http://www.bing.com/bingbot.htm)"
149.37.222.138 - - [08/Feb/2026:03:14:26 +0000] "GET /sitemap.xml HTTP/1.1" 304 191 "-" "Mozilla/5.0 AppleWebKit/537.36 (compatible; GPTBot/1.3; +https://openai.com/gptbot)"
149.37.222.138 - - [08/Feb/2026:03:15:04 +0000] "GET /feed.xml HTTP/1.1" 200 22058 "-" "Mozilla/5.0 AppleWebKit/537.36 (compatible; GPTBot/1.3; +https://openai.com/gptbot)"
60.241.196.176 - - [08/Feb/2026:03:16:13 +0000] "GET /feed.xml HTTP/1.1" 200 81453 "-" "Mozilla/5.0 (compatible; Amazonbot/0.1; +https://developer.amazon.com/support/amazonbot)"
99.170.62.78 - - [08/Feb/2026:03:17:22 +0000] "GET /style.css HTTP/1.1" 200 52934 "-" "ClaudeBot/1.0 (+https://www.anthropic.com/claudebot)"
188.194.31.5 - - [08/Feb/2026:03:25:05 +0000] "GET /app.js HTTP/1.1" 200 67577 "-" "Mozilla/5.0 (compatible; bingbot/2.0; +http://www.bing.com/bingbot.htm)"
82.35.167.49 - - [08/Feb/2026:03:27:01 +0000] "GET /about.html HTTP/1.1" 200 14360 "-" "Mozilla/5.0 (compatible; bingbot/2.0; +http://www.bing.com/bingbot.htm)"
82.35.167.49 - - [08/Feb/2026:03:27:39 +0000] "GET /banner.jpg HTTP/1.1" 200 67237 "-" "ClaudeBot/1.0 (+https://www.anthropic.com/claudebot)"
99.132.12.102 - - [08/Feb/2026:03:29:30 +0000] "GET /data.json HTTP/1.1" 304 163 "-" "Mozilla/5.0 (compatible; Googlebot/2.1; +http://www.google.com/bot.html)"
82.35.167.49 - - [08/Feb/2026:03:32:54 +0000] "GET /feed.xml HTTP/1.1" 304 185 "-" "Mozilla/5.0 (compatible; Amazonbot/0.1; +https://developer.amazon.com/support/amazonbot)"
99.170.62.78 - - [08/Feb/2026:03:36:58 +0000] "GET / HTTP/1.1" 200 17543 "-" "Mozilla/5.0 (compatible; Googlebot/2.1; +http://www.google.com/bot.html)"
122.96.81.102 - - [08/Feb/2026:03:37:29 +0000] "GET /banner.jpg HTTP/1.1" 200 16494 "-" "Mozilla/5.0 (compatible; Amazonbot/0.1; +https://developer.amazon.com/support/amazonbot)"
99.150.211.250 - - [08/Feb/2026:03:42:49 +0000] "GET /logo.png HTTP/1.1" 200 115589 "-" "Mozilla/5.0 (compatible; Googlebot/2.1; +http://www.google.com/bot.html)"
99.150.211.250 - - [08/Feb/2026:03:42:53 +0000] "GET /style.css HTTP/1.1" 200 115337 "-" "Mozilla/5.0 AppleWebKit/537.36 (compatible; GPTBot/1.3; +https://openai.com/gptbot)"
71.138.7.233 - - [08/Feb/2026:03:51:26 +0000] "GET /data.json HTTP/1.1" 200 103000 "-" "ClaudeBot/1.0 (+https://www.anthropic.com/claudebot)"
60.241.196.176 - - [08/Feb/2026:03:54:46 +0000] "GET /app.js HTTP/1.1" 200 90931 "-" "Mozilla/5.0 (compatible; bingbot/2.0; +http://www.bing.com/bingbot.htm)"
141.57.250.8 - - [08/Feb/2026:03:58:12 +0000] "GET /config HTTP/1.1" 302 265 "-" "Mozilla/5.0 (compatible; Googlebot/2.1; +http://www.google.com/bot.html)"
60.241.196.176 - - [08/Feb/2026:03:58:50 +0000] "GET /style.css HTTP/1.1" 404 207 "-" "Mozilla/5.0 AppleWebKit/537.36 (compatible; GPTBot/1.3; +https://openai.com/gptbot)"
188.194.31.5 - - [08/Feb/2026:03:59:41 +0000] "GET /app.js HTTP/1.1" 404 360 "-" "Mozilla/5.0 AppleWebKit/537.36 (compatible; GPTBot/1.3; +https://openai.com/gptbot)"
99.170.62.78 - - [08/Feb/2026:04:07:13 +0000] "GET /logo.png HTTP/1.1" 200 55289 "-" "Mozilla/5.0 AppleWebKit/537.36 (compatible; GPTBot/1.3; +https://openai.com/gptbot)"
99.170.62.78 - - [08/Feb/2026:04:07:27 +0000] "GET /logo.png HTTP/1.1" 200 148379 "-" "Mozilla/5.0 (compatible; bingbot/2.0; +http://www.bing.com/bingbot.htm)"
188.194.31.5 - - [08/Feb/2026:04:11:46 +0000] "GET /logo.png HTTP/1.1" 200 49896 "-" "Mozilla/5.0 AppleWebKit/537.36 (compatible; GPTBot/1.3; +https://openai.com/gptbot)"
82.35.167.49 - - [08/Feb/2026:04:14:24 +0000] "GET /config HTTP/1.1" 200 137065 "-" "Mozilla/5.0 AppleWebKit/537.36 (compatible; GPTBot/1.3; +https://openai.com/gptbot)"
188.194.31.5 - - [08/Feb/2026:04:15:06 +0000] "GET /index.html HTTP/1.1" 200 44622 "-" "Mozilla/5.0 (compatible; Amazonbot/0.1; +https://developer.amazon.com/support/amazonbot)"
122.96.81.102 - - [08/Feb/2026:04:16:05 +0000] "GET /sitemap.xml HTTP/1.1" 200 50278 "-" "Mozilla/5.0 (compatible; Googlebot/2.1; +http://www.google.com/bot.html)"
99.170.62.78 - - [08/Feb/2026:04:19:34 +0000] "GET /data.json HTTP/1.1" 403 86 "-" "Mozilla/5.0 (compatible; bingbot/2.0; +http://www.bing.com/bingbot.htm)"
188.194.31.5 - - [08/Feb/2026:04:26:13 +0000] "GET /feed.xml HTTP/1.1" 302 37 "-" "Mozilla/5.0 (compatible; Googlebot/2.1; +http://www.google.com/bot.html)"
171.133.45.213 - - [08/Feb/2026:04:26:16 +0000] "GET /style.css HTTP/1.1" 404 166 "-" "ClaudeBot/1.0 (+https://www.anthropic.com/claudebot)"
99.170.62.78 - - [08/Feb/2026:04:31:44 +0000] "GET /style.css HTTP/1.1" 200 146827 "-" "Mozilla/5.0 (compatible; Amazonbot/0.1; +https://developer.amazon.com/support/amazonbot)"
188.194.31.5 - - [08/Feb/2026:04:39:15 +0000] "GET /banner.jpg HTTP/1.1" 200 12330 "-" "Mozilla/5.0 (compatible; Googlebot/2.1; +http://www.google.com/bot.html)"
188.194.31.5 - - [08/Feb/2026:04:43:36 +0000] "GET /data.json HTTP/1.1" 200 21168 "-" "Mozilla/5.0 (compatible; Amazonbot/0.1; +https://developer.amazon.com/support/amazonbot)"
171.133.45.213 - - [08/Feb/2026:04:46:35 +0000] "GET /feed.xml HTTP/1.1" 403 266 "-" "Mozilla/5.0 (compatible; bingbot/2.0; +http://www.bing.com/bingbot.htm)"
203.225.0.215 - - [08/Feb/2026:04:53:36 +0000] "GET /style.css HTTP/1.1" 200 25019 "-" "Mozilla/5.0 AppleWebKit/537.36 (compatible; GPTBot/1.3; +https://openai.com/gptbot)"
149.37.222.138 - - [08/Feb/2026:04:56:58 +0000] "GET /logo.png HTTP/1.1" 200 24200 "-" "ClaudeBot/1.0 (+https://www.anthropic.com/claudebot)"
149.37.222.138 - - [08/Feb/2026:04:59:02 +0000] "GET /index.html HTTP/1.1" 200 117405 "-" "Mozilla/5.0 (compatible; Amazonbot/0.1; +https://developer.amazon.com/support/amazonbot)"
82.35.167.49 - - [08/Feb/2026:05:01:18 +0000] "GET /logo.png HTTP/1.1" 404 139 "-" "Mozilla/5.0 AppleWebKit/537.36 (compatible; GPTBot/1.3; +https://openai.com/gptbot)"
71.138.7.233 - - [08/Feb/2026:05:02:54 +0000] "GET /app.js HTTP/1.1" 404 394 "-" "Mozilla/5.0 (compatible; Googlebot/2.1; +http://www.google.com/bot.html)"
122.96.81.102 - - [08/Feb/2026:05:03:36 +0000] "GET /readme.txt HTTP/1.1" 200 63969 "-" "Mozilla/5.0 (compatible; bingbot/2.0; +http://www.bing.com/bingbot.htm)"
141.57.250.8 - - [08/Feb/2026:05:07:35 +0000] "GET /index.html HTTP/1.1" 200 102648 "-" "Mozilla/5.0 (compatible; bingbot/2.0; +http://www.bing.com/bingbot.htm)"
203.225.0.215 - - [08/Feb/2026:05:07:51 +0000] "GET / HTTP/1.1" 200 134415 "-" "Mozilla/5.0 (compatible; Amazonbot/0.1; +https://developer.amazon.com/support/amazonbot)"
122.96.81.102 - - [08/Feb/2026:05:16:17 +0000] "GET /about.html HTTP/1.1" 200 64590 "-" "Mozilla/5.0 AppleWebKit/537.36 (compatible; GPTBot/1.3; +https://openai.com/gptbot)"
71.138.7.233 - - [08/Feb/2026:05:19:48 +0000] "GET / HTTP/1.1" 301 114 "-" "Mozilla/5.0 AppleWebKit/537.36 (compatible; GPTBot/1.3; +https://openai.com/gptbot)"
188.194.31.5 - - [08/Feb/2026:05:22:24 +0000] "GET /logo.png HTTP/1.1" 200 89751 "-" "Mozilla/5.0 (compatible; Googlebot/2.1; +http://www.google.com/bot.html)"
71.138.7.233 - - [08/Feb/2026:05:25:40 +0000] "GET /sitemap.xml HTTP/1.1" 200 23710 "-" "Mozilla/5.0 (compatible; Googlebot/2.1; +http://www.google.com/bot.html)"
