99.170.62.78 - - [11/Feb/2026:03:28:13 +0000] "GET /banner.jpg HTTP/1.1" 404 42 "-" "Mozilla/5.0 (compatible; Amazonbot/0.1; +https://developer.amazon.com/support/amazonbot)"
149.37.222.138 - - [11/Feb/2026:03:29:04 +0000] "GET /sitemap.xml HTTP/1.1" 200 124931 "-" "Mozilla/5.0 AppleWebKit/537.36 (compatible; GPTBot/1.3; +https://openai.com/gptbot)"
122.96.81.102 - - [11/Feb/2026:03:32:44 +0000] "GET /style.css HTTP/1.1" 200 88926 "-" "ClaudeBot/1.0 (+https://www.anthropic.com/claudebot)"
60.241.196.176 - - [11/Feb/2026:03:38:33 +0000] "GET /data.json HTTP/1.1" 200 122668 "-" "Mozilla/5.0 AppleWebKit/537.36 (compatible; GPTBot/1.3; +https://openai.com/gptbot)"
188.194.31.5 - - [11/Feb/2026:03:39:36 +0000] "GET /feed.xml HTTP/1.1" 404 363 "-" "Mozilla/5.0 (compatible; bingbot/2.0; +http://www.bing.com/bingbot.htm)"
188.194.31.5 - - [11/Feb/2026:03:39:45 +0000] "GET /app.js HTTP/1.1" 404 14 "-" "ClaudeBot/1.0 (+https://www.anthropic.com/claudebot)"
203.225.0.215 - - [11/Feb/2026:03:46:35 +0000] "GET / HTTP/1.1" 200 44072 "-" "ClaudeBot/1.0 (+https://www.anthropic.com/claudebot)"
82.35.167.49 - - [11/Feb/2026:03:52:37 +0000] "GET /data.json HTTP/1.1" 200 123032 "-" "Mozilla/5.0 AppleWebKit/537.36 (compatible; GPTBot/1.3; +https://openai.com/gptbot)"
71.138.7.233 - - [11/Feb/2026:03:56:24 +0000] "GET /config HTTP/1.1" 404 260 "-" "Mozilla/5.0 AppleWebKit/537.36 (compatible; GPTBot/1.3; +https://openai.com/gptbot)"
122.96.81.102 - - [11/Feb/2026:03:57:18 +0000] "GET /about.html HTTP/1.1" 200 99243 "-" "Mozilla/5.0 (compatible; Googlebot/2.1; +http://www.google.com/bot.html)"
149.37.222.138 - - [11/Feb/2026:04:04:40 +0000] "GET /style.css HTTP/1.1" 200 73749 "-" "Mozilla/5.0 AppleWebKit/537.36 (compatible; GPTBot/1.3; +https://openai.com/gptbot)"
188.194.31.5 - - [11/Feb/2026:04:05:21 +0000] "GET /feed.xml HTTP/1.1" 200 128120 "-" "Mozilla/5.0 (compatible; Amazonbot/0.1; +https://developer.amazon.com/support/amazonbot)"
60.241.196.176 - - [11/Feb/2026:04:05:35 +0000] "GET / HTTP/1.1" 200 76525 "-" "Mozilla/5.0 (compatible; bingbot/2.0; +http://www.bing.com/bingbot.htm)"
149.37.222.138 - - [11/Feb/2026:04:06:47 +0000] "GET /index.html HTTP/1.1" 200 38650 "-" "Mozilla/5.0 (compatible; Amazonbot/0.1; +https://developer.amazon.com/support/amazonbot)"
82.35.167.49 - - [11/Feb/2026:04:13:17 +0000] "GET /logo.png HTTP/1.1" 200 146695 "-" "Mozilla/5.0 (compatible; bingbot/2.0; +http://www.bing.com/bingbot.htm)"
141.57.250.8 - - [11/Feb/2026:04:15:17 +0000] "GET /config HTTP/1.1" 404 275 "-" "Mozilla/5.0 (compatible; bingbot/2.0; +http://www.bing.com/bingbot.htm)"
203.225.0.215 - - [11/Feb/2026:04:15:20 +0000] "GET /data.json HTTP/1.1" 304 495 "-" "Mozilla/5.0 (compatible; Amazonbot/0.1; +https://developer.amazon.com/support/amazonbot)"
122.96.81.102 - - [11/Feb/2026:04:16:07 +0000] "GET /sitemap.xml HTTP/1.1" 304 438 "-" "Mozilla/5.0 (compatible; Amazonbot/0.1; +https://developer.amazon.com/support/amazonbot)"
99.132.12.102 - - [11/Feb/2026:04:17:30 +0000] "GET /logo.png HTTP/1.1" 200 67093 "-" "Mozilla/5.0 (compatible; Amazonbot/0.1; +https://developer.amazon.com/support/amazonbot)"
122.96.81.102 - - [11/Feb/2026:04:19:08 +0000] "GET /data.json HTTP/1.1" 200 15354 "-" "Mozilla/5.0 (compatible; bingbot/2.0; +http://www.bing.com/bingbot.htm)"
60.241.196.176 - - [11/Feb/2026:04:19:20 +0000] "GET / HTTP/1.1" 304 218 "-" "ClaudeBot/1.0 (+https://www.anthropic.com/claudebot)"
203.225.0.215 - - [11/Feb/2026:04:19:24 +0000] "GET /about.html HTTP/1.1" 200 141959 "-" "Mozilla/5.0 (compatible; bingbot/2.0; +http://www.bing.com/bingbot.htm)"
141.57.250.8 - - [11/Feb/2026:04:24:33 +0000] "GET /style.css HTTP/1.1" 200 9178 "-" "Mozilla/5.0 (compatible; Amazonbot/0.1; +https://developer.amazon.com/support/amazonbot)"
99.170.62.78 - - [11/Feb/2026:04:25:10 +0000] "GET /readme.txt HTTP/1.1" 200 36897 "-" "Mozilla/5.0 AppleWebKit/537.36 (compatible; GPTBot/1.3; +https://openai.com/gptbot)"
99.170.62.78 - - [11/Feb/2026:04:26:43 +0000] "GET /logo.png HTTP/1.1" 304 382 "-" "Mozilla/5.0 (compatible; Googlebot/2.1; +http://www.google.com/bot.html)"
99.170.62.78 - - [11/Feb/2026:04:29:11 +0000] "GET /readme.txt HTTP/1.1" 404 456 "-" "Mozilla/5.0 (compatible; bingbot/2.0; +http://www.bing.com/bingbot.htm)"
99.132.12.102 - - [11/Feb/2026:04:31:43 +0000] "GET /logo.png HTTP/1.1" 404 468 "-" "Mozilla/5.0 AppleWebKit/537.36 (compatible; GPTBot/1.3; +https://openai.com/gptbot)"
141.57.250.8 - - [11/Feb/2026:04:32:49 +0000] "GET /sitemap.xml HTTP/1.1" 200 41432 "-" "Mozilla/5.0 (compatible; Amazonbot/0.1; +https://developer.amazon.com/support/amazonbot)"
141.57.250.8 - - [11/Feb/2026:04:32:54 +0000] "GET /feed.xml HTTP/1.1" 200 70770 "-" "Mozilla/5.0 (compatible; bingbot/2.0; +http://www.bing.com/bingbot.htm)"
149.37.222.138 - - [11/Feb/2026:04:39:22 +0000] "GET /data.json HTTP/1.1" 200 86009 "-" "Mozilla/5.0 AppleWebKit/537.36 (compatible; GPTBot/1.3; +https://openai.com/gptbot)"
141.57.250.8 - - [11/Feb/2026:04:40:08 +0000] "GET /index.html HTTP/1.1" 403 38 "-" "ClaudeBot/1.0 (+https://www.anthropic.com/claudebot)"
82.35.167.49 - - [11/Feb/2026:04:43:07 +0000] "GET /app.js HTTP/1.1" 200 677 "-" "Mozilla/5.0 AppleWebKit/537.36 (compatible; GPTBot/1.3; +https://openai.com/gptbot)"
99.170.62.78 - - [11/Feb/2026:04:45:56 +0000] "GET /banner.jpg HTTP/1.1" 200 46303 "-" "ClaudeBot/1.0 (+https://www.anthropic.com/claudebot)"
71.138.7.233 - - [11/Feb/2026:04:56:10 +0000] "GET /style.css HTTP/1.1" 200 107048 "-" "Mozilla/5.0 (compatible; Amazonbot/0.1; +https://developer.amazon.com/support/amazonbot)"
82.35.167.49 - - [11/Feb/2026:04:56:48 +0000] "GET /readme.txt HTTP/1.1" 200 2070 "-" "Mozilla/5.0 (compatible; Googlebot/2.1; +http://www.google.com/bot.html)"
122.96.81.102 - - [11/Feb/2026:05:01:56 +0000] "GET /about.html HTTP/1.1" 200 63938 "-" "Mozilla/5.0 (compatible; Googlebot/2.1; +http://www.google.com/bot.html)"
71.138.7.233 - - [11/Feb/2026:05:02:28 +0000] "GET /index.html HTTP/1.1" 200 87540 "-" "Mozilla/5.0 AppleWebKit/537.36 (compatible; GPTBot/1.3; +https://openai.com/gptbot)"
99.132.12.102 - - [11/Feb/2026:05:05:59 +0000] "GET /about.html HTTP/1.1" 200 75606 "-" "ClaudeBot/1.0 (+https://www.anthropic.com/claudebot)"
60.241.196.176 - - [11/Feb/2026:05:09:32 +0000] "GET /logo.png HTTP/1.1" 304 163 "-" "Mozilla/5.0 AppleWebKit/537.36 (compatible; GPTBot/1.3; +https://openai.com/gptbot)"
99.170.62.78 - - [11/Feb/2026:05:16:36 +0000] "GET /index.html HTTP/1.1" 200 125656 "-" "Mozilla/5.0 (compatible; Amazonbot/0.1; +https://developer.amazon.com/support/amazonbot)"
82.35.167.49 - - [11/Feb/2026:05:17:56 +0000] "GET /index.html HTTP/1.1" 200 114724 "-" "Mozilla/5.0 (compatible; Amazonbot/0.1; +https://developer.amazon.com/support/amazonbot)"
188.194.31.5 - - [11/Feb/2026:05:22:54 +0000] "GET /about.html HTTP/1.1" 200 133123 "-" "ClaudeBot/1.0 (+https://www.anthropic.com/claudebot)"
82.35.167.49 - - [11/Feb/2026:05:27:22 +0000] "GET /logo.png HTTP/1.1" 304 242 "-" "Mozilla/5.0 (compatible; Googlebot/2.1; +http://www.google.com/bot.html)"
203.225.0.215 - - [11/Feb/2026:05:27:26 +0000] "GET /app.js HTTP/1.1" 200 63728 "-" "Mozilla/5.0 AppleWebKit/537.36 (compatible; GPTBot/1.3; +https://openai.com/gptbot)"
82.35.167.49 - - [11/Feb/2026:05:33:23 +0000] "GET /style.css HTTP/1.1" 304 61 "-" "Mozilla/5.0 (compatible; Amazonbot/0.1; +https://developer.amazon.com/support/amazonbot)"
141.57.250.8 - - [11/Feb/2026:05:38:33 +0000] "GET / HTTP/1.1" 200 94733 "-" "Mozilla/5.0 (compatible; Amazonbot/0.1; +https://developer.amazon.com/support/amazonbot)"
99.170.62.78 - - [11/Feb/2026:05:44:13 +0000] "GET /feed.xml HTTP/1.1" 304 483 "-" "Mozilla/5.0 (compatible; Amazonbot/0.1; +https://developer.amazon.com/support/amazonbot)"
149.37.222.138 - - [11/Feb/2026:05:46:04 +0000] "GET /style.css HTTP/1.1" 200 76886 "-" "Mozilla/5.0 AppleWebKit/537.36 (compatible; GPTBot/1.3; +https://openai.com/gptbot)"
149.37.222.138 - - [11/Feb/2026:05:48:44 +0000] "GET /readme.txt HTTP/1.1" 200 87578 "-" "Mozilla/5.0 (compatible; Amazonbot/0.1; +https://developer.amazon.com/support/amazonbot)"
60.241.196.176 - - [11/Feb/2026:05:55:58 +0000] "GET /sitemap.xml HTTP/1.1" 200 49664 "-" "Mozilla/5.0 (compatible; Googlebot/2.1; +http://www.google.com/bot.html)"
99.150.211.250 - - [11/Feb/2026:05:58:46 +0000] "GET /logo.png HTTP/1.1" 200 143463 "-" "Mozilla/5.0 (compatible; Googlebot/2.1; +http://www.google.com/bot.html)"
188.194.31.5 - - [11/Feb/2026:06:00:29 +0000] "GET /style.css HTTP/1.1" 200 77805 "-" "Mozilla/5.0 AppleWebKit/537.36 (compatible; GPTBot/1.3; +https://openai.com/gptbot)"
99.170.62.78 - - [11/Feb/2026:06:06:29 +0000] "GET /style.css HTTP/1.1" 200 149866 "-" "Mozilla/5.0 (compatible; bingbot/2.0; +http://www.bing.com/bingbot.htm)"
188.194.31.5 - - [11/Feb/2026:06:07:39 +0000] "GET /about.html HTTP/1.1" 200 102424 "-" "Mozilla/5.0 (compatible; Amazonbot/0.1; +https://developer.amazon.com/support/amazonbot)"
99.132.12.102 - - [11/Feb/2026:06:08:38 +0000] "GET /config HTTP/1.1" 404 4 "-" "ClaudeBot/1.0 (+https://www.anthropic.com/claudebot)"
149.37.222.138 - - [11/Feb/2026:06:10:55 +0000] "GET /style.css HTTP/1.1" 200 89171 "-" "Mozilla/5.0 AppleWebKit/537.36 (compatible; GPTBot/1.3; +https://openai.com/gptbot)"
71.138.7.233 - - [11/Feb/2026:06:10:58 +0000] "GET /feed.xml HTTP/1.1" 200 50412 "-" "ClaudeBot/1.0 (+https://www.anthropic.com/claudebot)"
149.37.222.138 - - [11/Feb/2026:06:14:36 +0000] "GET /banner.jpg HTTP/1.1" 200 130938 "-" "ClaudeBot/1.0 (+https://www.anthropic.com/claudebot)"
203.225.0.215 - - [11/Feb/2026:06:24:54 +0000] "GET /index.html HTTP/1.1" 404 164 "-" "Mozilla/5.0 (compatible; bingbot/2.0; +http://www.bing.com/bingbot.htm)"
60.241.196.176 - - [11/Feb/2026:06:26:53 +0000] "GET /app.js HTTP/1.1" 200 120204 "-" "Mozilla/5.0 (compatible; Googlebot/2.1; +http://www.google.com/bot.html)"
141.57.250.8 - - [11/Feb/2026:06:28:08 +0000] "GET /sitemap.xml HTTP/1.1" 200 65382 "-" "Mozilla/5.0 (compatible; bingbot/2.0; +http://www.bing.com/bingbot.htm)"
82.35.167.49 - - [11/Feb/2026:06:29:11 +0000] "GET /app.js HTTP/1.1" 403 14 "-" "Mozilla/5.0 AppleWebKit/537.36 (compatible; GPTBot/1.3; +https://openai.com/gptbot)"
99.132.12.102 - - [11/Feb/2026:06:33:30 +0000] "GET /logo.png HTTP/1.1" 304 223 "-" "Mozilla/5.0 AppleWebKit/537.36 (compatible; GPTBot/1.3; +https://openai.com/gptbot)"
203.225.0.215 - - [11/Feb/2026:06:35:20 +0000] "GET /app.js HTTP/1.1" 200 149864 "-" "Mozilla/5.0 (compatible; Amazonbot/0.1; +https://developer.amazon.com/support/amazonbot)"
99.170.62.78 - - [11/Feb/2026:06:40:29 +0000] "GET /config HTTP/1.1" 200 120874 "-" "Mozilla/5.0 AppleWebKit/537.36 (compatible; GPTBot/1.3; +https://openai.com/gptbot)"
60.241.196.176 - - [11/Feb/2026:06:42:12 +0000] "GET / HTTP/1.1" 200 32238 "-" "Mozilla/5.0 (compatible; bingbot/2.0; +http://www.bing.com/bingbot.htm)"
141.57.250.8 - - [11/Feb/2026:06:48:42 +0000] "GET /config HTTP/1.1" 200 48777 "-" "Mozilla/5.0 AppleWebKit/537.36 (compatible; GPTBot/1.3; +https://openai.com/gptbot)"
203.225.0.215 - - [11/Feb/2026:06:49:57 +0000] "GET /banner.jpg HTTP/1.1" 404 180 "-" "Mozilla/5.0 AppleWebKit/537.36 (compatible; GPTBot/1.3; +https://openai.com/gptbot)"
60.241.196.176 - - [11/Feb/2026:06:50:42 +0000] "GET /about.html HTTP/1.1" 200 23600 "-" "Mozilla/5.0 (compatible; bingbot/2.0; +http://www.bing.com/bingbot.htm)"
99.132.12.102 - - [11/Feb/2026:06:55:11 +0000] "GET /style.css HTTP/1.1" 200 75776 "-" "Mozilla/5.0 (compatible; Amazonbot/0.1; +https://developer.amazon.com/support/amazonbot)"
82.35.167.49 - - [11/Feb/2026:06:56:15 +0000] "GET / HTTP/1.1" 404 417 "-" "Mozilla/5.0 AppleWebKit/537.36 (compatible; GPTBot/1.3; +https://openai.com/gptbot)"
99.132.12.102 - - [11/Feb/2026:06:57:50 +0000] "GET / HTTP/1.1" 200 115360 "-" "Mozilla/5.0 AppleWebKit/537.36 (compatible; GPTBot/1.3; +https://openai.com/gptbot)"
188.194.31.5 - - [11/Feb/2026:07:06:56 +0000] "GET /data.json HTTP/1.1" 200 25498 "-" "Mozilla/5.0 (compatible; Amazonbot/0.1; +https://developer.amazon.com/support/amazonbot)"
99.170.62.78 - - [11/Feb/2026:07:08:14 +0000] "GET /data.json HTTP/1.1" 200 21707 "-" "ClaudeBot/1.0 (+https://www.anthropic.com/claudebot)"
82.35.167.49 - - [11/Feb/2026:07:17:06 +0000] "GET /logo.png HTTP/1.1" 200 80928 "-" "Mozilla/5.0 (compatible; Amazonbot/0.1; +https://developer.amazon.com/support/amazonbot)"
188.194.31.5 - - [11/Feb/2026:07:18:03 +0000] "GET /app.js HTTP/1.1" 403 71 "-" "Mozilla/5.0 (compatible; Amazonbot/0.1; +https://developer.amazon.com/support/amazonbot)"
82.35.167.49 - - [11/Feb/2026:07:20:38 +0000] "GET /banner.jpg HTTP/1.1" 200 136630 "-" "Mozilla/5.0 (compatible; Amazonbot/0.1; +https://developer.amazon.com/support/amazonbot)"
82.35.167.49 - - [11/Feb/2026:07:26:56 +0000] "GET /about.html HTTP/1.1" 200 49790 "-" "Mozilla/5.0 (compatible; Amazonbot/0.1; +https://developer.amazon.com/support/amazonbot)"
203.225.0.215 - - [11/Feb/2026:07:29:15 +0000] "GET /config HTTP/1.1" 200 22685 "-" "Mozilla/5.0 AppleWebKit/537.36 (compatible; GPTBot/1.3; +https://openai.com/gptbot)"
71.138.7.233 - - [11/Feb/2026:07:30:19 +0000] "GET /feed.xml HTTP/1.1" 200 32138 "-" "Mozilla/5.0 (compatible; Googlebot/2.1; +http://www.google.com/bot.html)"
82.35.167.49 - - [11/Feb/2026:07:35:42 +0000] "GET /logo.png HTTP/1.1" 302 5 "-" "Mozilla/5.0 (compatible; Amazonbot/0.1; +https://developer.amazon.com/support/amazonbot)"
99.170.62.78 - - [11/Feb/2026:07:36:08 +0000] "GET /sitemap.xml HTTP/1.1" 404 112 "-" "ClaudeBot/1.0 (+https://www.anthropic.com/claudebot)"
141.57.250.8 - - [11/Feb/2026:07:38:53 +0000] "GET /data.json HTTP/1.1" 304 113 "-" "Mozilla/5.0 (compatible; Googlebot/2.1; +http://www.google.com/bot.html)"
82.35.167.49 - - [11/Feb/2026:07:41:43 +0000] "GET /about.html HTTP/1.1" 404 468 "-" "ClaudeBot/1.0 (+https://www.anthropic.com/claudebot)"
99.150.211.250 - - [11/Feb/2026:07:41:45 +0000] "GET /banner.jpg HTTP/1.1" 200 86286 "-" "Mozilla/5.0 (compatible; bingbot/2.0; +http://www.bing.com/bingbot.htm)"
99.150.211.250 - - [11/Feb/2026:07:43:14 +0000] "GET /logo.png HTTP/1.1" 200 137098 "-" "ClaudeBot/1.0 (+https://www.anthropic.com/claudebot)"
149.37.222.138 - - [11/Feb/2026:07:43:27 +0000] "GET /style.css HTTP/1.1" 200 27001 "-" "ClaudeBot/1.0 (+https://www.anthropic.com/claudebot)"
99.170.62.78 - - [11/Feb/2026:07:47:14 +0000] "GET /banner.jpg HTTP/1.1" 200 12306 "-" "Mozilla/5.0 (compatible; Amazonbot/0.1; +https://developer.amazon.com/support/amazonbot)"
99.170.62.78 - - [11/Feb/2026:07:50:26 +0000] "GET /app.js HTTP/1.1" 404 13 "-" "Mozilla/5.0 (compatible; Amazonbot/0.1; +https://developer.amazon.com/support/amazonbot)"
99.150.211.250 - - [11/Feb/2026:07:57:02 +0000] "GET /style.css HTTP/1.1" 200 115669 "-" "ClaudeBot/1.0 (+https://www.anthropic.com/claudebot)"
99.150.211.250 - - [11/Feb/2026:07:58:34 +0000] "GET /app.js HTTP/1.1" 200 8936 "-" "Mozilla/5.0 (compatible; Amazonbot/0.1; +https://developer.amazon.com/support/amazonbot)"
99.150.211.250 - - [11/Feb/2026:08:02:09 +0000] "GET /banner.jpg HTTP/1.1" 304 211 "-" "Mozilla/5.0 AppleWebKit/537.36 (compatible; GPTBot/1.3; +https://openai.com/gptbot)"
71.138.7.233 - - [11/Feb/2026:08:04:59 +0000] "GET /config HTTP/1.1" 200 132817 "-" "Mozilla/5.0 (compatible; Amazonbot/0.1; +https://developer.amazon.com/support/amazonbot)"
71.138.7.233 - - [11/Feb/2026:08:07:49 +0000] "GET / HTTP/1.1" 404 453 "-" "Mozilla/5.0 (compatible; Googlebot/2.1; +http://www.google.com/bot.html)"
99.150.211.250 - - [11/Feb/2026:08:08:26 +0000] "GET /data.json HTTP/1.1" 200 60776 "-" "Mozilla/5.0 (compatible; bingbot/2.0; +http://www.bing.com/bingbot.htm)"
171.133.45.213 - - [11/Feb/2026:08:08:40 +0000] "GET /config HTTP/1.1" 304 460 "-" "Mozilla/5.0 (compatible; Googlebot/2.1; +http://www.google.com/bot.html)"
203.225.0.215 - - [11/Feb/2026:08:09:42 +0000] "GET /style.css HTTP/1.1" 200 79552 "-" "ClaudeBot/1.0 (+https://www.anthropic.com/claudebot)"
99.170.62.78 - - [11/Feb/2026:08:10:15 +0000] "GET /index.html HTTP/1.1" 304 292 "-" "Mozilla/5.0 (compatible; Amazonbot/0.1; +https://developer.amazon.com/support/amazonbot)"
99.170.62.78 - - [11/Feb/2026:08:14:39 +0000] "GET /about.html HTTP/1.1" 200 55532 "-" "Mozilla/5.0 (compatible; bingbot/2.0; +http://www.bing.com/bingbot.htm)"
141.57.250.8 - - [11/Feb/2026:08:17:56 +0000] "GET /feed.xml HTTP/1.1" 200 70649 "-" "Mozilla/5.0 AppleWebKit/537.36 (compatible; GPTBot/1.3; +https://openai.com/gptbot)"
99.170.62.78 - - [11/Feb/2026:08:19:30 +0000] "GET /style.css HTTP/1.1" 200 30804 "-" "ClaudeBot/1.0 (+https://www.anthropic.com/claudebot)"
122.96.81.102 - - [11/Feb/2026:08:27:42 +0000] "GET /feed.xml HTTP/1.1" 200 114491 "-" "Mozilla/5.0 (compatible; Googlebot/2.1; +http://www.google.com/bot.html)"
82.35.167.49 - - [11/Feb/2026:08:28:23 +0000] "GET /about.html HTTP/1.1" 200 95555 "-" "ClaudeBot/1.0 (+https://www.anthropic.com/claudebot)"
171.133.45.213 - - [11/Feb/2026:08:30:15 +0000] "GET /app.js HTTP/1.1" 200 32810 "-" "Mozilla/5.0 AppleWebKit/537.36 (compatible; GPTBot/1.3; +https://openai.com/gptbot)"
82.35.167.49 - - [11/Feb/2026:08:32:22 +0000] "GET /data.json HTTP/1.1" 200 114765 "-" "ClaudeBot/1.0 (+https://www.anthropic.com/claudebot)"
188.194.31.5 - - [11/Feb/2026:08:32:26 +0000] "GET /index.html HTTP/1.1" 200 111360 "-" "Mozilla/5.0 AppleWebKit/537.36 (compatible; GPTBot/1.3; +https://openai.com/gptbot)"
99.150.211.250 - - [11/Feb/2026:08:32:28 +0000] "GET /app.js HTTP/1.1" 200 99844 "-" "ClaudeBot/1.0 (+https://www.anthropic.com/claudebot)"
188.194.31.5 - - [11/Feb/2026:08:36:58 +0000] "GET /sitemap.xml HTTP/1.1" 200 31481 "-" "ClaudeBot/1.0 (+https://www.anthropic.com/claudebot)"
149.37.222.138 - - [11/Feb/2026:08:38:45 +0000] "GET / HTTP/1.1" 200 25784 "-" "Mozilla/5.0 (compatible; Googlebot/2.1; +http://www.google.com/bot.html)"
82.35.167.49 - - [11/Feb/2026:08:40:31 +0000] "GET /about.html HTTP/1.1" 403 78 "-" "Mozilla/5.0 (compatible; bingbot/2.0; +http://www.bing.com/bingbot.htm)"
149.37.222.138 - - [11/Feb/2026:08:40:57 +0000] "GET / HTTP/1.1" 200 2166 "-" "Mozilla/5.0 (compatible; Amazonbot/0.1; +https://developer.amazon.com/support/amazonbot)"
149.37.222.138 - - [11/Feb/2026:08:41:19 +0000] "GET /sitemap.xml HTTP/1.1" 302 395 "-" "Mozilla/5.0 (compatible; Amazonbot/0.1; +https://developer.amazon.com/support/amazonbot)"
171.133.45.213 - - [11/Feb/2026:08:41:53 +0000] "GET /readme.txt HTTP/1.1" 200 19849 "-" "Mozilla/5.0 (compatible; Amazonbot/0.1; +https://developer.amazon.com/support/amazonbot)"
122.96.81.102 - - [11/Feb/2026:08:42:20 +0000] "GET /style.css HTTP/1.1" 200 147410 "-" "Mozilla/5.0 (compatible; Amazonbot/0.1; +https://developer.amazon.com/support/amazonbot)"
99.150.211.250 - - [11/Feb/2026:08:42:59 +0000] "GET /feed.xml HTTP/1.1" 200 27543 "-" "Mozilla/5.0 (compatible; bingbot/2.0; +http://www.bing.com/bingbot.htm)"
149.37.222.138 - - [11/Feb/2026:08:46:55 +0000] "GET /readme.txt HTTP/1.1" 200 74172 "-" "Mozilla/5.0 (compatible; Amazonbot/0.1; +https://developer.amazon.com/support/amazonbot)"
99.132.12.102 - - [11/Feb/2026:08:47:49 +0000] "GET /index.html HTTP/1.1" 404 243 "-" "Mozilla/5.0 (compatible; Amazonbot/0.1; +https://developer.amazon.com/support/amazonbot)"
171.133.45.213 - - [11/Feb/2026:08:53:44 +0000] "GET /logo.png HTTP/1.1" 200 140553 "-" "Mozilla/5.0 (compatible; Googlebot/2.1; +http://www.google.com/bot.html)"
82.35.167.49 - - [11/Feb/2026:08:57:40 +0000] "GET /feed.xml HTTP/1.1" 200 56451 "-" "Mozilla/5.0 (compatible; Amazonbot/0.1; +https://developer.amazon.com/support/amazonbot)"
203.225.0.215 - - [11/Feb/2026:08:59:14 +0000] "GET /about.html HTTP/1.1" 200 67016 "-" "Mozilla/5.0 (compatible; Amazonbot/0.1; +https://developer.amazon.com/support/amazonbot)"
71.138.7.233 - - [11/Feb/2026:09:10:36 +0000] "GET /readme.txt HTTP/1.1" 301 67 "-" "Mozilla/5.0 (compatible; bingbot/2.0; +http://www.bing.com/bingbot.htm)"
60.241.196.176 - - [11/Feb/2026:09:13:16 +0000] "GET /data.json HTTP/1.1" 200 104038 "-" "Mozilla/5.0 AppleWebKit/537.36 (compatible; GPTBot/1.3; +https://openai.com/gptbot)"
203.225.0.215 - - [11/Feb/2026:09:14:22 +0000] "GET /feed.xml HTTP/1.1" 200 33894 "-" "Mozilla/5.0 (compatible; bingbot/2.0; +http://www.bing.com/bingbot.htm)"
171.133.45.213 - - [11/Feb/2026:09:15:00 +0000] "GET / HTTP/1.1" 200 59255 "-" "Mozilla/5.0 (compatible; Amazonbot/0.1; +https://developer.amazon.com/support/amazonbot)"
171.133.45.213 - - [11/Feb/2026:09:17:22 +0000] "GET /about.html HTTP/1.1" 200 28869 "-" "Mozilla/5.0 AppleWebKit/537.36 (compatible; GPTBot/1.3; +https://openai.com/gptbot)"
99.150.211.250 - - [11/Feb/2026:09:29:37 +0000] "GET /app.js HTTP/1.1" 301 364 "-" "Mozilla/5.0 (compatible; bingbot/2.0; +http://www.bing.com/bingbot.htm)"
82.35.167.49 - - [11/Feb/2026:09:32:33 +0000] "GET /banner.jpg HTTP/1.1" 200 29282 "-" "ClaudeBot/1.0 (+https://www.anthropic.com/claudebot)"
149.37.222.138 - - [11/Feb/2026:09:34:21 +0000] "GET /about.html HTTP/1.1" 200 44799 "-" "ClaudeBot/1.0 (+https://www.anthropic.com/claudebot)"
171.133.45.213 - - [11/Feb/2026:09:46:08 +0000] "GET /banner.jpg HTTP/1.1" 200 148176 "-" "Mozilla/5.0 (compatible; Googlebot/2.1; +http://www.google.com/bot.html)"
203.225.0.215 - - [11/Feb/2026:09:46:35 +0000] "GET /style.css HTTP/1.1" 404 294 "-" "Mozilla/5.0 (compatible; bingbot/2.0; +http://www.bing.com/bingbot.htm)"
82.35.167.49 - - [11/Feb/2026:09:46:46 +0000] "GET /style.css HTTP/1.1" 200 47992 "-" "Mozilla/5.0 (compatible; bingbot/2.0; +http://www.bing.com/bingbot.htm)"
171.133.45.213 - - [11/Feb/2026:09:51:28 +0000] "GET /readme.txt HTTP/1.1" 200 92736 "-" "ClaudeBot/1.0 (+https://www.anthropic.com/claudebot)"
99.150.211.250 - - [11/Feb/2026:09:53:35 +0000] "GET /about.html HTTP/1.1" 200 83349 "-" "Mozilla/5.0 (compatible; Googlebot/2.1; +http://www.google.com/bot.html)"
203.225.0.215 - - [11/Feb/2026:09:54:15 +0000] "GET /config HTTP/1.1" 200 25934 "-" "Mozilla/5.0 (compatible; bingbot/2.0; +http://www.bing.com/bingbot.htm)"
122.96.81.102 - - [11/Feb/2026:10:12:16 +0000] "GET /readme.txt HTTP/1.1" 304 311 "-" "Mozilla/5.0 AppleWebKit/537.36 (compatible; GPTBot/1.3; +https://openai.com/gptbot)"
122.96.81.102 - - [11/Feb/2026:10:13:53 +0000] "GET /app.js HTTP/1.1" 200 4501 "-" "Mozilla/5.0 (compatible; Amazonbot/0.1; +https://developer.amazon.com/support/amazonbot)"
188.194.31.5 - - [11/Feb/2026:10:15:31 +0000] "GET /readme.txt HTTP/1.1" 200 69065 "-" "ClaudeBot/1.0 (+https://www.anthropic.com/claudebot)"
188.194.31.5 - - [11/Feb/2026:10:18:49 +0000] "GET /style.css HTTP/1.1" 200 131272 "-" "Mozilla/5.0 (compatible; Googlebot/2.1; +http://www.google.com/bot.html)"
71.138.7.233 - - [11/Feb/2026:10:19:28 +0000] "GET /app.js HTTP/1.1" 200 73023 "-" "Mozilla/5.0 (compatible; bingbot/2.0; +http://www.bing.com/bingbot.htm)"
141.57.250.8 - - [11/Feb/2026:10:21:19 +0000] "GET /style.css HTTP/1.1" 200 116788 "-" "Mozilla/5.0 AppleWebKit/537.36 (compatible; GPTBot/1.3; +https://openai.com/gptbot)"
60.241.196.176 - - [11/Feb/2026:10:23:11 +0000] "GET /banner.jpg HTTP/1.1" 404 190 "-" "Mozilla/5.0 (compatible; bingbot/2.0; +http://www.bing.com/bingbot.htm)"
149.37.222.138 - - [11/Feb/2026:10:23:15 +0000] "GET /data.json HTTP/1.1" 200 39403 "-" "Mozilla/5.0 AppleWebKit/537.36 (compatible; GPTBot/1.3; +https://openai.com/gptbot)"
149.37.222.138 - - [11/Feb/2026:10:27:01 +0000] "GET /logo.png HTTP/1.1" 304 405 "-" "Mozilla/5.0 AppleWebKit/537.36 (compatible; GPTBot/1.3; +https://openai.com/gptbot)"
82.35.167.49 - - [11/Feb/2026:10:27:37 +0000] "GET / HTTP/1.1" 302 205 "-" "Mozilla/5.0 (compatible; Googlebot/2.1; +http://www.google.com/bot.html)"
82.35.167.49 - - [11/Feb/2026:10:33:16 +0000] "GET / HTTP/1.1" 200 17426 "-" "Mozilla/5.0 AppleWebKit/537.36 (compatible; GPTBot/1.3; +https://openai.com/gptbot)"
188.194.31.5 - - [11/Feb/2026:10:37:45 +0000] "GET /readme.txt HTTP/1.1" 200 53591 "-" "Mozilla/5.0 (compatible; bingbot/2.0; +http://www.bing.com/bingbot.htm)"
141.57.250.8 - - [11/Feb/2026:10:38:26 +0000] "GET /index.html HTTP/1.1" 200 40195 "-" "Mozilla/5.0 AppleWebKit/537.36 (compatible; GPTBot/1.3; +https://openai.com/gptbot)"
122.96.81.102 - - [11/Feb/2026:10:42:20 +0000] "GET /config HTTP/1.1" 200 28687 "-" "Mozilla/5.0 AppleWebKit/537.36 (compatible; GPTBot/1.3; +https://openai.com/gptbot)"
71.138.7.233 - - [11/Feb/2026:10:47:47 +0000] "GET /index.html HTTP/1.1" 200 122791 "-" "Mozilla/5.0 (compatible; Googlebot/2.1; +http://www.google.com/bot.html)"
60.241.196.176 - - [11/Feb/2026:10:48:00 +0000] "GET /logo.png HTTP/1.1" 200 75790 "-" "Mozilla/5.0 AppleWebKit/537.36 (compatible; GPTBot/1.3; +https://openai.com/gptbot)"
71.138.7.233 - - [11/Feb/2026:10:50:17 +0000] "GET /readme.txt HTTP/1.1" 200 3388 "-" "Mozilla/5.0 (compatible; Googlebot/2.1; +http://www.google.com/bot.html)"
99.150.211.250 - - [11/Feb/2026:11:07:58 +0000] "GET /data.json HTTP/1.1" 200 92373 "-" "Mozilla/5.0 (compatible; bingbot/2.0; +http://www.bing.com/bingbot.htm)"
149.37.222.138 - - [11/Feb/2026:11:15:48 +0000] "GET /config HTTP/1.1" 404 170 "-" "Mozilla/5.0 AppleWebKit/537.36 (compatible; GPTBot/1.3; +https://openai.com/gptbot)"
171.133.45.213 - - [11/Feb/2026:11:18:22 +0000] "GET /style.css HTTP/1.1" 200 113785 "-" "Mozilla/5.0 (compatible; bingbot/2.0; +http://www.bing.com/bingbot.htm)"
82.35.167.49 - - [11/Feb/2026:11:18:33 +0000] "GET /about.html HTTP/1.1" 200 74509 "-" "Mozilla/5.0 (compatible; Googlebot/2.1; +http://www.google.com/bot.html)"
203.225.0.215 - - [11/Feb/2026:11:23:37 +0000] "GET /feed.xml HTTP/1.1" 200 143583 "-" "Mozilla/5.0 (compatible; Amazonbot/0.1; +https://developer.amazon.com/support/amazonbot)"
122.96.81.102 - - [11/Feb/2026:11:25:35 +0000] "GET /index.html HTTP/1.1" 200 21075 "-" "Mozilla/5.0 (compatible; Amazonbot/0.1; +https://developer.amazon.com/support/amazonbot)"
99.132.12.102 - - [11/Feb/2026:11:28:08 +0000] "GET /feed.xml HTTP/1.1" 200 137317 "-" "Mozilla/5.0 (compatible; bingbot/2.0; +http://www.bing.com/bingbot.htm)"
99.132.12.102 - - [11/Feb/2026:11:31:29 +0000] "GET /app.js HTTP/1.1" 200 13542 "-" "ClaudeBot/1.0 (+https://www.anthropic.com/claudebot)"
99.150.211.250 - - [11/Feb/2026:11:33:13 +0000] "GET /sitemap.xml HTTP/1.1" 200 20516 "-" "Mozilla/5.0 (compatible; Googlebot/2.1; +http://www.google.com/bot.html)"
141.57.250.8 - - [11/Feb/2026:11:33:25 +0000] "GET /banner.jpg HTTP/1.1" 200 60782 "-" "Mozilla/5.0 (compatible; Amazonbot/0.1; +https://developer.amazon.com/support/amazonbot)"
203.225.0.215 - - [11/Feb/2026:11:34:05 +0000] "GET /logo.png HTTP/1.1" 304 406 "-" "Mozilla/5.0 (compatible; Amazonbot/0.1; +https://developer.amazon.com/support/amazonbot)"
203.225.0.215 - - [11/Feb/2026:11:39:33 +0000] "GET /app.js HTTP/1.1" 200 26992 "-" "Mozilla/5.0 (compatible; Amazonbot/0.1; +https://developer.amazon.com/support/amazonbot)"
203.225.0.215 - - [11/Feb/2026:11:41:16 +0000] "GET /banner.jpg HTTP/1.1" 200 70856 "-" "Mozilla/5.0 AppleWebKit/537.36 (compatible; GPTBot/1.3; +https://openai.com/gptbot)"
203.225.0.215 - - [11/Feb/2026:11:44:47 +0000] "GET /logo.png HTTP/1.1" 200 144479 "-" "Mozilla/5.0 (compatible; Amazonbot/0.1; +https://developer.amazon.com/support/amazonbot)"
188.194.31.5 - - [11/Feb/2026:11:47:59 +0000] "GET /sitemap.xml HTTP/1.1" 304 325 "-" "ClaudeBot/1.0 (+https://www.anthropic.com/claudebot)"
60.241.196.176 - - [11/Feb/2026:11:49:13 +0000] "GET /data.json HTTP/1.1" 200 36943 "-" "Mozilla/5.0 (compatible; bingbot/2.0; +http://www.bing.com/bingbot.htm)"
99.150.211.250 - - [11/Feb/2026:11:51:41 +0000] "GET /banner.jpg HTTP/1.1" 200 141160 "-" "Mozilla/5.0 (compatible; Googlebot/2.1; +http://www.google.com/bot.html)"
203.225.0.215 - - [11/Feb/2026:11:51:54 +0000] "GET /banner.jpg HTTP/1.1" 200 74733 "-" "Mozilla/5.0 (compatible; Amazonbot/0.1; +https://developer.amazon.com/support/amazonbot)"
203.225.0.215 - - [11/Feb/2026:11:52:54 +0000] "GET /banner.jpg HTTP/1.1" 304 22 "-" "Mozilla/5.0 (compatible; Googlebot/2.1; +http://www.google.com/bot.html)"
171.133.45.213 - - [11/Feb/2026:11:56:09 +0000] "GET /style.css HTTP/1.1" 200 116900 "-" "ClaudeBot/1.0 (+https://www.anthropic.com/claudebot)"
71.138.7.233 - - [11/Feb/2026:11:57:57 +0000] "GET /config HTTP/1.1" 404 231 "-" "Mozilla/5.0 (compatible; bingbot/2.0; +http://www.bing.com/bingbot.htm)"
149.37.222.138 - - [11/Feb/2026:11:58:30 +0000] "GET /style.css HTTP/1.1" 302 258 "-" "Mozilla/5.0 AppleWebKit/537.36 (compatible; GPTBot/1.3; +https://openai.com/gptbot)"
99.150.211.250 - - [11/Feb/2026:12:03:03 +0000] "GET /data.json HTTP/1.1" 200 16434 "-" "ClaudeBot/1.0 (+https://www.anthropic.com/claudebot)"
141.57.250.8 - - [11/Feb/2026:12:03:09 +0000] "GET /sitemap.xml HTTP/1.1" 404 290 "-" "Mozilla/5.0 (compatible; bingbot/2.0; +http://www.bing.com/bingbot.htm)"
99.150.211.250 - - [11/Feb/2026:12:06:04 +0000] "GET /style.css HTTP/1.1" 200 39742 "-" "Mozilla/5.0 (compatible; Googlebot/2.1; +http://www.google.com/bot.html)"
99.150.211.250 - - [11/Feb/2026:12:06:30 +0000] "GET /index.html HTTP/1.1" 200 46687 "-" "Mozilla/5.0 (compatible; Googlebot/2.1; +http://www.google.com/bot.html)"
203.225.0.215 - - [11/Feb/2026:12:08:56 +0000] "GET /about.html HTTP/1.1" 200 102414 "-" "Mozilla/5.0 (compatible; Amazonbot/0.1; +https://developer.amazon.com/support/amazonbot)"
149.37.222.138 - - [11/Feb/2026:12:11:54 +0000] "GET /banner.jpg HTTP/1.1" 404 246 "-" "Mozilla/5.0 (compatible; Amazonbot/0.1; +https://developer.amazon.com/support/amazonbot)"
99.150.211.250 - - [11/Feb/2026:12:13:09 +0000] "GET /banner.jpg HTTP/1.1" 302 439 "-" "ClaudeBot/1.0 (+https://www.anthropic.com/claudebot)"
99.170.62.78 - - [11/Feb/2026:12:13:15 +0000] "GET / HTTP/1.1" 200 128186 "-" "Mozilla/5.0 (compatible; Amazonbot/0.1; +https://developer.amazon.com/support/amazonbot)"
188.194.31.5 - - [11/Feb/2026:12:17:24 +0000] "GET /banner.jpg HTTP/1.1" 200 10248 "-" "Mozilla/5.0 (compatible; bingbot/2.0; +http://www.bing.com/bingbot.htm)"
82.35.167.49 - - [11/Feb/2026:12:19:55 +0000] "GET /logo.png HTTP/1.1" 200 141743 "-" "Mozilla/5.0 (compatible; Googlebot/2.1; +http://www.google.com/bot.html)"
203.225.0.215 - - [11/Feb/2026:12:20:08 +0000] "GET /sitemap.xml HTTP/1.1" 200 102686 "-" "Mozilla/5.0 (compatible; Googlebot/2.1; +http://www.google.com/bot.html)"
141.57.250.8 - - [11/Feb/2026:12:23:02 +0000] "GET /app.js HTTP/1.1" 302 314 "-" "Mozilla/5.0 AppleWebKit/537.36 (compatible; GPTBot/1.3; +https://openai.com/gptbot)"
99.170.62.78 - - [11/Feb/2026:12:26:58 +0000] "GET /config HTTP/1.1" 200 17313 "-" "Mozilla/5.0 (compatible; Amazonbot/0.1; +https://developer.amazon.com/support/amazonbot)"
99.132.12.102 - - [11/Feb/2026:12:27:13 +0000] "GET /sitemap.xml HTTP/1.1" 200 39293 "-" "Mozilla/5.0 AppleWebKit/537.36 (compatible; GPTBot/1.3; +https://openai.com/gptbot)"
122.96.81.102 - - [11/Feb/2026:12:37:20 +0000] "GET /banner.jpg HTTP/1.1" 404 447 "-" "Mozilla/5.0 (compatible; Googlebot/2.1; +http://www.google.com/bot.html)"
60.241.196.176 - - [11/Feb/2026:12:41:10 +0000] "GET /readme.txt HTTP/1.1" 200 59783 "-" "ClaudeBot/1.0 (+https://www.anthropic.com/claudebot)"
149.37.222.138 - - [11/Feb/2026:12:42:01 +0000] "GET /config HTTP/1.1" 200 81312 "-" "Mozilla/5.0 (compatible; Googlebot/2.1; +http://www.google.com/bot.html)"
141.57.250.8 - - [11/Feb/2026:12:46:33 +0000] "GET /feed.xml HTTP/1.1" 403 235 "-" "Mozilla/5.0 AppleWebKit/537.36 (compatible; GPTBot/1.3; +https://openai.com/gptbot)"
122.96.81.102 - - [11/Feb/2026:12:54:35 +0000] "GET /readme.txt HTTP/1.1" 200 13364 "-" "Mozilla/5.0 (compatible; bingbot/2.0; +http://www.bing.com/bingbot.htm)"
203.225.0.215 - - [11/Feb/2026:12:58:10 +0000] "GET /index.html HTTP/1.1" 200 136660 "-" "Mozilla/5.0 (compatible; Amazonbot/0.1; +https://developer.amazon.com/support/amazonbot)"
99.132.12.102 - - [11/Feb/2026:13:00:49 +0000] "GET /data.json HTTP/1.1" 200 110269 "-" "Mozilla/5.0 (compatible; bingbot/2.0; +http://www.bing.com/bingbot.htm)"
188.194.31.5 - - [11/Feb/2026:13:05:00 +0000] "GET /about.html HTTP/1.1" 200 133617 "-" "Mozilla/5.0 (compatible; Amazonbot/0.1; +https://developer.amazon.com/support/amazonbot)"
171.133.45.213 - - [11/Feb/2026:13:06:43 +0000] "GET /feed.xml HTTP/1.1" 200 102611 "-" "Mozilla/5.0 (compatible; Googlebot/2.1; +http://www.google.com/bot.html)"
122.96.81.102 - - [11/Feb/2026:13:11:18 +0000] "GET /logo.png HTTP/1.1" 200 17612 "-" "ClaudeBot/1.0 (+https://www.anthropic.com/claudebot)"
99.150.211.250 - - [11/Feb/2026:13:12:57 +0000] "GET / HTTP/1.1" 200 36153 "-" "Mozilla/5.0 (compatible; bingbot/2.0; +http://www.bing.com/bingbot.htm)"
171.133.45.213 - - [11/Feb/2026:13:13:02 +0000] "GET /config HTTP/1.1" 200 4307 "-" "ClaudeBot/1.0 (+https://www.anthropic.com/claudebot)"
99.170.62.78 - - [11/Feb/2026:13:16:58 +0000] "GET /config HTTP/1.1" 200 141249 "-" "Mozilla/5.0 AppleWebKit/537.36 (compatible; GPTBot/1.3; +https://openai.com/gptbot)"
188.194.31.5 - - [11/Feb/2026:13:17:38 +0000] "GET /banner.jpg HTTP/1.1" 304 153 "-" "Mozilla/5.0 (compatible; Amazonbot/0.1; +https://developer.amazon.com/support/amazonbot)"
99.150.211.250 - - [11/Feb/2026:13:17:48 +0000] "GET /style.css HTTP/1.1" 200 71569 "-" "ClaudeBot/1.0 (+https://www.anthropic.com/claudebot)"
203.225.0.215 - - [11/Feb/2026:13:19:36 +0000] "GET /data.json HTTP/1.1" 200 63766 "-" "Mozilla/5.0 (compatible; bingbot/2.0; +http://www.bing.com/bingbot.htm)"
99.150.211.250 - - [11/Feb/2026:13:20:11 +0000] "GET /config HTTP/1.1" 200 107090 "-" "Mozilla/5.0 (compatible; bingbot/2.0; +http://www.bing.com/bingbot.htm)"
141.57.250.8 - - [11/Feb/2026:13:20:35 +0000] "GET /config HTTP/1.1" 404 496 "-" "Mozilla/5.0 (compatible; bingbot/2.0; +http://www.bing.com/bingbot.htm)"
141.57.250.8 - - [11/Feb/2026:13:23:44 +0000] "GET /banner.jpg HTTP/1.1" 200 54610 "-" "ClaudeBot/1.0 (+https://www.anthropic.com/claudebot)"
82.35.167.49 - - [11/Feb/2026:13:27:14 +0000] "GET / HTTP/1.1" 200 92810 "-" "Mozilla/5.0 AppleWebKit/537.36 (compatible; GPTBot/1.3; +https://openai.com/gptbot)"
99.170.62.78 - - [11/Feb/2026:13:27:19 +0000] "GET /style.css HTTP/1.1" 200 69031 "-" "Mozilla/5.0 AppleWebKit/537.36 (compatible; GPTBot/1.3; +https://openai.com/gptbot)"
99.150.211.250 - - [11/Feb/2026:13:27:54 +0000] "GET /app.js HTTP/1.1" 200 97367 "-" "Mozilla/5.0 (compatible; bingbot/2.0; +http://www.bing.com/bingbot.htm)"
99.132.12.102 - - [11/Feb/2026:13:29:42 +0000] "GET /app.js HTTP/1.1" 200 6982 "-" "ClaudeBot/1.0 (+https://www.anthropic.com/claudebot)"
149.37.222.138 - - [11/Feb/2026:13:38:36 +0000] "GET /readme.txt HTTP/1.1" 200 113530 "-" "Mozilla/5.0 (compatible; Amazonbot/0.1; +https://developer.amazon.com/support/amazonbot)"
99.150.211.250 - - [11/Feb/2026:13:39:32 +0000] "GET / HTTP/1.1" 200 84520 "-" "Mozilla/5.0 (compatible; Amazonbot/0.1; +https://developer.amazon.com/support/amazonbot)"
99.150.211.250 - - [11/Feb/2026:13:40:38 +0000] "GET /index.html HTTP/1.1" 200 136862 "-" "Mozilla/5.0 (compatible; bingbot/2.0; +http://www.bing.com/bingbot.htm)"
82.35.167.49 - - [11/Feb/2026:13:45:16 +0000] "GET /style.css HTTP/1.1" 200 139250 "-" "Mozilla/5.0 (compatible; Googlebot/2.1; +http://www.google.com/bot.html)"
203.225.0.215 - - [11/Feb/2026:13:46:10 +0000] "GET /index.html HTTP/1.1" 301 426 "-" "Mozilla/5.0 AppleWebKit/537.36 (compatible; GPTBot/1.3; +https://openai.com/gptbot)"
99.132.12.102 - - [11/Feb/2026:13:53:28 +0000] "GET /about.html HTTP/1.1" 200 141216 "-" "ClaudeBot/1.0 (+https://www.anthropic.com/claudebot)"
141.57.250.8 - - [11/Feb/2026:13:54:16 +0000] "GET /sitemap.xml HTTP/1.1" 200 139142 "-" "Mozilla/5.0 (compatible; Amazonbot/0.1; +https://developer.amazon.com/support/amazonbot)"
122.96.81.102 - - [11/Feb/2026:14:02:10 +0000] "GET /app.js HTTP/1.1" 200 51417 "-" "ClaudeBot/1.0 (+https://www.anthropic.com/claudebot)"
203.225.0.215 - - [11/Feb/2026:14:02:22 +0000] "GET /style.css HTTP/1.1" 200 100832 "-" "Mozilla/5.0 (compatible; Amazonbot/0.1; +https://developer.amazon.com/support/amazonbot)"
99.132.12.102 - - [11/Feb/2026:14:06:08 +0000] "GET /config HTTP/1.1" 200 17095 "-" "Mozilla/5.0 (compatible; Googlebot/2.1; +http://www.google.com/bot.html)"
203.225.0.215 - - [11/Feb/2026:14:07:56 +0000] "GET /feed.xml HTTP/1.1" 200 69418 "-" "ClaudeBot/1.0 (+https://www.anthropic.com/claudebot)"
122.96.81.102 - - [11/Feb/2026:14:11:10 +0000] "GET /data.json HTTP/1.1" 200 105184 "-" "Mozilla/5.0 (compatible; Amazonbot/0.1; +https://developer.amazon.com/support/amazonbot)"
141.57.250.8 - - [11/Feb/2026:14:11:40 +0000] "GET /config HTTP/1.1" 200 48237 "-" "Mozilla/5.0 (compatible; Amazonbot/0.1; +https://developer.amazon.com/support/amazonbot)"
149.37.222.138 - - [11/Feb/2026:14:12:14 +0000] "GET /about.html HTTP/1.1" 200 62515 "-" "Mozilla/5.0 AppleWebKit/537.36 (compatible; GPTBot/1.3; +https://openai.com/gptbot)"
99.170.62.78 - - [11/Feb/2026:14:13:25 +0000] "GET /feed.xml HTTP/1.1" 304 242 "-" "ClaudeBot/1.0 (+https://www.anthropic.com/claudebot)"
122.96.81.102 - - [11/Feb/2026:14:15:19 +0000] "GET /sitemap.xml HTTP/1.1" 200 24208 "-" "Mozilla/5.0 (compatible; Googlebot/2.1; +http://www.google.com/bot.html)"
99.170.62.78 - - [11/Feb/2026:14:31:06 +0000] "GET / HTTP/1.1" 404 475 "-" "Mozilla/5.0 (compatible; Amazonbot/0.1; +https://developer.amazon.com/support/amazonbot)"
99.132.12.102 - - [11/Feb/2026:14:32:46 +0000] "GET /app.js HTTP/1.1" 200 27903 "-" "Mozilla/5.0 (compatible; Amazonbot/0.1; +https://developer.amazon.com/support/amazonbot)"
99.170.62.78 - - [11/Feb/2026:14:33:15 +0000] "GET /readme.txt HTTP/1.1" 301 128 "-" "Mozilla/5.0 (compatible; Amazonbot/0.1; +https://developer.amazon.com/support/amazonbot)"
122.96.81.102 - - [11/Feb/2026:14:35:56 +0000] "GET /config HTTP/1.1" 301 30 "-" "Mozilla/5.0 AppleWebKit/537.36 (compatible; GPTBot/1.3; +https://openai.com/gptbot)"
203.225.0.215 - - [11/Feb/2026:14:36:36 +0000] "GET /about.html HTTP/1.1" 200 113675 "-" "Mozilla/5.0 (compatible; Googlebot/2.1; +http://www.google.com/bot.html)"
171.133.45.213 - - [11/Feb/2026:14:43:51 +0000] "GET /sitemap.xml HTTP/1.1" 301 78 "-" "Mozilla/5.0 AppleWebKit/537.36 (compatible; GPTBot/1.3; +https://openai.com/gptbot)"
171.133.45.213 - - [11/Feb/2026:14:46:46 +0000] "GET /app.js HTTP/1.1" 200 114570 "-" "Mozilla/5.0 (compatible; Googlebot/2.1; +http://www.google.com/bot.html)"
60.241.196.176 - - [11/Feb/2026:14:46:48 +0000] "GET / HTTP/1.1" 200 23794 "-" "Mozilla/5.0 AppleWebKit/537.36 (compatible; GPTBot/1.3; +https://openai.com/gptbot)"
99.132.12.102 - - [11/Feb/2026:14:48:47 +0000] "GET /logo.png HTTP/1.1" 200 23662 "-" "Mozilla/5.0 (compatible; bingbot/2.0; +http://www.bing.com/bingbot.htm)"
171.133.45.213 - - [11/Feb/2026:14:54:08 +0000] "GET /style.css HTTP/1.1" 200 65544 "-" "Mozilla/5.0 (compatible; Amazonbot/0.1; +https://developer.amazon.com/support/amazonbot)"
122.96.81.102 - - [11/Feb/2026:14:59:09 +0000] "GET / HTTP/1.1" 304 29 "-" "Mozilla/5.0 AppleWebKit/537.36 (compatible; GPTBot/1.3; +https://openai.com/gptbot)"
71.138.7.233 - - [11/Feb/2026:15:00:13 +0000] "GET /data.json HTTP/1.1" 200 127867 "-" "Mozilla/5.0 AppleWebKit/537.36 (compatible; GPTBot/1.3; +https://openai.com/gptbot)"
203.225.0.215 - - [11/Feb/2026:15:04:05 +0000] "GET /logo.png HTTP/1.1" 200 72509 "-" "Mozilla/5.0 (compatible; Amazonbot/0.1; +https://developer.amazon.com/support/amazonbot)"
60.241.196.176 - - [11/Feb/2026:15:07:01 +0000] "GET /feed.xml HTTP/1.1" 200 91388 "-" "ClaudeBot/1.0 (+https://www.anthropic.com/claudebot)"
99.150.211.250 - - [11/Feb/2026:15:07:16 +0000] "GET / HTTP/1.1" 302 83 "-" "Mozilla/5.0 (compatible; Googlebot/2.1; +http://www.google.com/bot.html)"
99.132.12.102 - - [11/Feb/2026:15:14:06 +0000] "GET /app.js HTTP/1.1" 200 82154 "-" "Mozilla/5.0 AppleWebKit/537.36 (compatible; GPTBot/1.3; +https://openai.com/gptbot)"
99.150.211.250 - - [11/Feb/2026:15:19:29 +0000] "GET /about.html HTTP/1.1" 200 65323 "-" "Mozilla/5.0 (compatible; bingbot/2.0; +http://www.bing.com/bingbot.htm)"
99.132.12.102 - - [11/Feb/2026:15:26:03 +0000] "GET /about.html HTTP/1.1" 200 59546 "-" "Mozilla/5.0 (compatible; Amazonbot/0.1; +https://developer.amazon.com/support/amazonbot)"
171.133.45.213 - - [11/Feb/2026:15:26:46 +0000] "GET /sitemap.xml HTTP/1.1" 200 5969 "-" "Mozilla/5.0 (compatible; Googlebot/2.1; +http://www.google.com/bot.html)"
203.225.0.215 - - [11/Feb/2026:15:27:06 +0000] "GET /app.js HTTP/1.1" 404 134 "-" "Mozilla/5.0 (compatible; Googlebot/2.1; +http://www.google.com/bot.html)"
171.133.45.213 - - [11/Feb/2026:15:27:19 +0000] "GET /feed.xml HTTP/1.1" 200 88299 "-" "Mozilla/5.0 (compatible; Amazonbot/0.1; +https://developer.amazon.com/support/amazonbot)"
99.170.62.78 - - [11/Feb/2026:15:31:18 +0000] "GET /config HTTP/1.1" 200 81161 "-" "Mozilla/5.0 (compatible; bingbot/2.0; +http://www.bing.com/bingbot.htm)"
60.241.196.176 - - [11/Feb/2026:15:31:45 +0000] "GET /logo.png HTTP/1.1" 404 35 "-" "ClaudeBot/1.0 (+https://www.anthropic.com/claudebot)"
203.225.0.215 - - [11/Feb/2026:15:35:27 +0000] "GET /config HTTP/1.1" 200 39089 "-" "Mozilla/5.0 AppleWebKit/537.36 (compatible; GPTBot/1.3; +https://openai.com/gptbot)"
99.150.211.250 - - [11/Feb/2026:15:40:28 +0000] "GET / HTTP/1.1" 200 122327 "-" "Mozilla/5.0 (compatible; Googlebot/2.1; +http://www.google.com/bot.html)"
171.133.45.213 - - [11/Feb/2026:15:41:27 +0000] "GET /data.json HTTP/1.1" 200 144039 "-" "Mozilla/5.0 (compatible; bingbot/2.0; +http://www.bing.com/bingbot.htm)"
99.132.12.102 - - [11/Feb/2026:15:41:30 +0000] "GET /app.js HTTP/1.1" 200 51018 "-" "ClaudeBot/1.0 (+https://www.anthropic.com/claudebot)"
122.96.81.102 - - [11/Feb/2026:15:45:03 +0000] "GET /sitemap.xml HTTP/1.1" 200 56890 "-" "ClaudeBot/1.0 (+https://www.anthropic.com/claudebot)"
99.170.62.78 - - [11/Feb/2026:15:53:08 +0000] "GET /feed.xml HTTP/1.1" 200 91698 "-" "Mozilla/5.0 (compatible; bingbot/2.0; +http://www.bing.com/bingbot.htm)"
141.57.250.8 - - [11/Feb/2026:15:53:44 +0000] "GET /about.html HTTP/1.1" 200 47094 "-" "Mozilla/5.0 (compatible; Amazonbot/0.1; +https://developer.amazon.com/support/amazonbot)"
60.241.196.176 - - [11/Feb/2026:15:59:09 +0000] "GET /app.js HTTP/1.1" 404 240 "-" "Mozilla/5.0 AppleWebKit/537.36 (compatible; GPTBot/1.3; +https://openai.com/gptbot)"
99.132.12.102 - - [11/Feb/2026:16:03:59 +0000] "GET /logo.png HTTP/1.1" 200 117207 "-" "ClaudeBot/1.0 (+https://www.anthropic.com/claudebot)"
171.133.45.213 - - [11/Feb/2026:16:05:02 +0000] "GET / HTTP/1.1" 200 140377 "-" "Mozilla/5.0 AppleWebKit/537.36 (compatible; GPTBot/1.3; +https://openai.com/gptbot)"
60.241.196.176 - - [11/Feb/2026:16:05:30 +0000] "GET /about.html HTTP/1.1" 200 73417 "-" "Mozilla/5.0 (compatible; bingbot/2.0; +http://www.bing.com/bingbot.htm)"
203.225.0.215 - - [11/Feb/2026:16:05:51 +0000] "GET / HTTP/1.1" 200 21135 "-" "ClaudeBot/1.0 (+https://www.anthropic.com/claudebot)"
171.133.45.213 - - [11/Feb/2026:16:14:27 +0000] "GET /feed.xml HTTP/1.1" 200 106565 "-" "Mozilla/5.0 AppleWebKit/537.36 (compatible; GPTBot/1.3; +https://openai.com/gptbot)"
60.241.196.176 - - [11/Feb/2026:16:16:36 +0000] "GET /feed.xml HTTP/1.1" 301 177 "-" "ClaudeBot/1.0 (+https://www.anthropic.com/claudebot)"
203.225.0.215 - - [11/Feb/2026:16:17:00 +0000] "GET /sitemap.xml HTTP/1.1" 404 101 "-" "Mozilla/5.0 (compatible; bingbot/2.0; +http://www.bing.com/bingbot.htm)"
82.35.167.49 - - [11/Feb/2026:16:19:25 +0000] "GET /config HTTP/1.1" 301 89 "-" "Mozilla/5.0 (compatible; bingbot/2.0; +http://www.bing.com/bingbot.htm)"
141.57.250.8 - - [11/Feb/2026:16:21:50 +0000] "GET / HTTP/1.1" 301 243 "-" "Mozilla/5.0 (compatible; bingbot/2.0; +http://www.bing.com/bingbot.htm)"
60.241.196.176 - - [11/Feb/2026:16:22:21 +0000] "GET /style.css HTTP/1.1" 200 146155 "-" "Mozilla/5.0 (compatible; Amazonbot/0.1; +https://developer.amazon.com/support/amazonbot)"
171.133.45.213 - - [11/Feb/2026:16:24:08 +0000] "GET /about.html HTTP/1.1" 200 84755 "-" "ClaudeBot/1.0 (+https://www.anthropic.com/claudebot)"
60.241.196.176 - - [11/Feb/2026:16:25:38 +0000] "GET /data.json HTTP/1.1" 200 131753 "-" "Mozilla/5.0 (compatible; bingbot/2.0; +http://www.bing.com/bingbot.htm)"
188.194.31.5 - - [11/Feb/2026:16:25:50 +0000] "GET /banner.jpg HTTP/1.1" 404 124 "-" "Mozilla/5.0 (compatible; Amazonbot/0.1; +https://developer.amazon.com/support/amazonbot)"
149.37.222.138 - - [11/Feb/2026:16:25:55 +0000] "GET /sitemap.xml HTTP/1.1" 200 43989 "-" "Mozilla/5.0 AppleWebKit/537.36 (compatible; GPTBot/1.3; +https://openai.com/gptbot)"
99.132.12.102 - - [11/Feb/2026:16:30:29 +0000] "GET /about.html HTTP/1.1" 200 24414 "-" "Mozilla/5.0 (compatible; Amazonbot/0.1; +https://developer.amazon.com/support/amazonbot)"
82.35.167.49 - - [11/Feb/2026:16:33:55 +0000] "GET /feed.xml HTTP/1.1" 200 29652 "-" "Mozilla/5.0 (compatible; Amazonbot/0.1; +https://developer.amazon.com/support/amazonbot)"
149.37.222.138 - - [11/Feb/2026:16:38:36 +0000] "GET /about.html HTTP/1.1" 200 66685 "-" "Mozilla/5.0 (compatible; Googlebot/2.1; +http://www.google.com/bot.html)"
71.138.7.233 - - [11/Feb/2026:16:39:55 +0000] "GET /data.json HTTP/1.1" 200 97012 "-" "Mozilla/5.0 (compatible; Amazonbot/0.1; +https://developer.amazon.com/support/amazonbot)"
82.35.167.49 - - [11/Feb/2026:16:43:06 +0000] "GET / HTTP/1.1" 200 132258 "-" "Mozilla/5.0 (compatible; bingbot/2.0; +http://www.bing.com/bingbot.htm)"
122.96.81.102 - - [11/Feb/2026:16:47:09 +0000] "GET /readme.txt HTTP/1.1" 200 122287 "-" "Mozilla/5.0 AppleWebKit/537.36 (compatible; GPTBot/1.3; +https://openai.com/gptbot)"
99.132.12.102 - - [11/Feb/2026:16:49:52 +0000] "GET /logo.png HTTP/1.1" 200 84608 "-" "Mozilla/5.0 (compatible; Amazonbot/0.1; +https://developer.amazon.com/support/amazonbot)"
188.194.31.5 - - [11/Feb/2026:16:51:08 +0000] "GET /data.json HTTP/1.1" 404 175 "-" "Mozilla/5.0 (compatible; Amazonbot/0.1; +https://developer.amazon.com/support/amazonbot)"
71.138.7.233 - - [11/Feb/2026:16:51:28 +0000] "GET /about.html HTTP/1.1" 200 114917 "-" "Mozilla/5.0 (compatible; bingbot/2.0; +http://www.bing.com/bingbot.htm)"
99.150.211.250 - - [11/Feb/2026:17:05:14 +0000] "GET /readme.txt HTTP/1.1" 200 139421 "-" "Mozilla/5.0 AppleWebKit/537.36 (compatible; GPTBot/1.3; +https://openai.com/gptbot)"
141.57.250.8 - - [11/Feb/2026:17:09:10 +0000] "GET /sitemap.xml HTTP/1.1" 200 149293 "-" "Mozilla/5.0 (compatible; Amazonbot/0.1; +https://developer.amazon.com/support/amazonbot)"
82.35.167.49 - - [11/Feb/2026:17:11:37 +0000] "GET /about.html HTTP/1.1" 404 99 "-" "ClaudeBot/1.0 (+https://www.anthropic.com/claudebot)"
71.138.7.233 - - [11/Feb/2026:17:19:54 +0000] "GET /app.js HTTP/1.1" 200 94415 "-" "Mozilla/5.0 AppleWebKit/537.36 (compatible; GPTBot/1.3; +https://openai.com/gptbot)"
71.138.7.233 - - [11/Feb/2026:17:28:49 +0000] "GET / HTTP/1.1" 404 142 "-" "Mozilla/5.0 (compatible; Googlebot/2.1; +http://www.google.com/bot.html)"
122.96.81.102 - - [11/Feb/2026:17:35:28 +0000] "GET /banner.jpg HTTP/1.1" 200 51118 "-" "Mozilla/5.0 (compatible; bingbot/2.0; +http://www.bing.com/bingbot.htm)"
99.132.12.102 - - [11/Feb/2026:17:38:18 +0000] "GET /about.html HTTP/1.1" 200 88525 "-" "Mozilla/5.0 (compatible; Googlebot/2.1; +http://www.google.com/bot.html)"
203.225.0.215 - - [11/Feb/2026:17:41:50 +0000] "GET /about.html HTTP/1.1" 200 49989 "-" "Mozilla/5.0 (compatible; Amazonbot/0.1; +https://developer.amazon.com/support/amazonbot)"
60.241.196.176 - - [11/Feb/2026:17:42:25 +0000] "GET /index.html HTTP/1.1" 404 263 "-" "ClaudeBot/1.0 (+https://www.anthropic.com/claudebot)"
99.132.12.102 - - [11/Feb/2026:17:43:04 +0000] "GET /index.html HTTP/1.1" 404 55 "-" "Mozilla/5.0 (compatible; Amazonbot/0.1; +https://developer.amazon.com/support/amazonbot)"
141.57.250.8 - - [11/Feb/2026:17:43:14 +0000] "GET /config HTTP/1.1" 200 96296 "-" "Mozilla/5.0 (compatible; bingbot/2.0; +http://www.bing.com/bingbot.htm)"
122.96.81.102 - - [11/Feb/2026:17:43:53 +0000] "GET / HTTP/1.1" 301 387 "-" "Mozilla/5.0 AppleWebKit/537.36 (compatible; GPTBot/1.3; +https://openai.com/gptbot)"
141.57.250.8 - - [11/Feb/2026:17:44:42 +0000] "GET /app.js HTTP/1.1" 200 84436 "-" "Mozilla/5.0 (compatible; bingbot/2.0; +http://www.bing.com/bingbot.htm)"
99.150.211.250 - - [11/Feb/2026:17:47:06 +0000] "GET /about.html HTTP/1.1" 301 238 "-" "Mozilla/5.0 (compatible; Amazonbot/0.1; +https://developer.amazon.com/support/amazonbot)"
99.170.62.78 - - [11/Feb/2026:17:55:46 +0000] "GET / HTTP/1.1" 200 130523 "-" "Mozilla/5.0 (compatible; bingbot/2.0; +http://www.bing.com/bingbot.htm)"
188.194.31.5 - - [11/Feb/2026:17:57:55 +0000] "GET /index.html HTTP/1.1" 404 20 "-" "ClaudeBot/1.0 (+https://www.anthropic.com/claudebot)"
99.132.12.102 - - [11/Feb/2026:18:01:21 +0000] "GET /index.html HTTP/1.1" 200 65135 "-" "Mozilla/5.0 (compatible; Amazonbot/0.1; +https://developer.amazon.com/support/amazonbot)"
60.241.196.176 - - [11/Feb/2026:18:03:05 +0000] "GET / HTTP/1.1" 200 38943 "-" "Mozilla/5.0 (compatible; Amazonbot/0.1; +https://developer.amazon.com/support/amazonbot)"
122.96.81.102 - - [11/Feb/2026:18:16:51 +0000] "GET / HTTP/1.1" 200 128450 "-" "ClaudeBot/1.0 (+https://www.anthropic.com/claudebot)"
122.96.81.102 - - [11/Feb/2026:18:19:32 +0000] "GET /style.css HTTP/1.1" 200 114875 "-" "Mozilla/5.0 AppleWebKit/537.36 (compatible; GPTBot/1.3; +https://openai.com/gptbot)"
203.225.0.215 - - [11/Feb/2026:18:21:28 +0000] "GET /style.css HTTP/1.1" 200 25431 "-" "Mozilla/5.0 AppleWebKit/537.36 (compatible; GPTBot/1.3; +https://openai.com/gptbot)"
99.150.211.250 - - [11/Feb/2026:18:24:01 +0000] "GET /banner.jpg HTTP/1.1" 404 125 "-" "Mozilla/5.0 AppleWebKit/537.36 (compatible; GPTBot/1.3; +https://openai.com/gptbot)"
99.150.211.250 - - [11/Feb/2026:18:34:38 +0000] "GET /about.html HTTP/1.1" 200 120949 "-" "Mozilla/5.0 AppleWebKit/537.36 (compatible; GPTBot/1.3; +https://openai.com/gptbot)"
203.225.0.215 - - [11/Feb/2026:18:39:14 +0000] "GET /about.html HTTP/1.1" 404 66 "-" "Mozilla/5.0 (compatible; bingbot/2.0; +http://www.bing.com/bingbot.htm)"
99.132.12.102 - - [11/Feb/2026:18:39:30 +0000] "GET /readme.txt HTTP/1.1" 404 78 "-" "Mozilla/5.0 (compatible; Googlebot/2.1; +http://www.google.com/bot.html)"
82.35.167.49 - - [11/Feb/2026:18:48:55 +0000] "GET /index.html HTTP/1.1" 200 63678 "-" "Mozilla/5.0 (compatible; Amazonbot/0.1; +https://developer.amazon.com/support/amazonbot)"
