82.35.167.49 - - [02/Mar/2026:15:08:29 +0000] "GET / HTTP/1.1" 200 7839 "-" "Mozilla/5.0 (compatible; bingbot/2.0; +http://www.bing.com/bingbot.htm)"
71.138.7.233 - - [02/Mar/2026:15:10:53 +0000] "GET /banner.jpg HTTP/1.1" 301 422 "-" "ClaudeBot/1.0 (+https://www.anthropic.com/claudebot)"
99.170.62.78 - - [02/Mar/2026:15:11:33 +0000] "GET /feed.xml HTTP/1.1" 304 352 "-" "Mozilla/5.0 (compatible; Amazonbot/0.1; +https://developer.amazon.com/support/amazonbot)"
60.241.196.176 - - [02/Mar/2026:15:21:37 +0000] "GET /config HTTP/1.1" 301 83 "-" "ClaudeBot/1.0 (+https://www.anthropic.com/claudebot)"
122.96.81.102 - - [02/Mar/2026:15:27:16 +0000] "GET /sitemap.xml HTTP/1.1" 404 279 "-" "Mozilla/5.0 (compatible; Googlebot/2.1; +http://www.google.com/bot.html)"
99.170.62.78 - - [02/Mar/2026:15:27:36 +0000] "GET /logo.png HTTP/1.1" 200 55434 "-" "Mozilla/5.0 AppleWebKit/537.36 (compatible; GPTBot/1.3; +https://openai.com/gptbot)"
99.132.12.102 - - [02/Mar/2026:15:27:38 +0000] "GET /style.css HTTP/1.1" 200 62886 "-" "ClaudeBot/1.0 (+https://www.anthropic.com/claudebot)"
188.194.31.5 - - [02/Mar/2026:15:29:44 +0000] "GET /app.js HTTP/1.1" 301 289 "-" "Mozilla/5.0 (compatible; Googlebot/2.1; +http://www.google.com/bot.html)"
99.132.12.102 - - [02/Mar/2026:15:30:50 +0000] "GET /feed.xml HTTP/1.1" 200 62323 "-" "Mozilla/5.0 (compatible; bingbot/2.0; +http://www.bing.com/bingbot.htm)"
149.37.222.138 - - [02/Mar/2026:15:35:21 +0000] "GET /config HTTP/1.1" 404 392 "-" "Mozilla/5.0 (compatible; Amazonbot/0.1; +https://developer.amazon.com/support/amazonbot)"
171.133.45.213 - - [02/Mar/2026:15:41:07 +0000] "GET /data.json HTTP/1.1" 200 100403 "-" "Mozilla/5.0 (compatible; Googlebot/2.1; +http://www.google.com/bot.html)"
99.150.211.250 - - [02/Mar/2026:15:48:16 +0000] "GET /app.js HTTP/1.1" 200 62248 "-" "Mozilla/5.0 AppleWebKit/537.36 (compatible; GPTBot/1.3; +https://openai.com/gptbot)"
99.150.211.250 - - [02/Mar/2026:15:51:08 +0000] "GET /index.html HTTP/1.1" 200 76748 "-" "Mozilla/5.0 (compatible; Googlebot/2.1; +http://www.google.com/bot.html)"
99.150.211.250 - - [02/Mar/2026:15:55:51 +0000] "GET /data.json HTTP/1.1" 200 8092 "-" "ClaudeBot/1.0 (+https://www.anthropic.com/claudebot)"
99.150.211.250 - - [02/Mar/2026:15:58:16 +0000] "GET / HTTP/1.1" 200 66436 "-" "ClaudeBot/1.0 (+https://www.anthropic.com/claudebot)"
188.194.31.5 - - [02/Mar/2026:15:58:22 +0000] "GET /data.json HTTP/1.1" 200 109874 "-" "Mozilla/5.0 (compatible; Amazonbot/0.1; +https://developer.amazon.com/support/amazonbot)"
99.150.211.250 - - [02/Mar/2026:16:03:03 +0000] "GET /sitemap.xml HTTP/1.1" 200 80416 "-" "Mozilla/5.0 AppleWebKit/537.36 (compatible; GPTBot/1.3; +https://openai.com/gptbot)"
71.138.7.233 - - [02/Mar/2026:16:10:42 +0000] "GET /feed.xml HTTP/1.1" 200 30952 "-" "Mozilla/5.0 (compatible; Googlebot/2.1; +http://www.google.com/bot.html)"
60.241.196.176 - - [02/Mar/2026:16:11:55 +0000] "GET /logo.png HTTP/1.1" 200 134173 "-" "Mozilla/5.0 (compatible; Amazonbot/0.1; +https://developer.amazon.com/support/amazonbot)"
71.138.7.233 - - [02/Mar/2026:16:16:27 +0000] "GET /data.json HTTP/1.1" 404 291 "-" "Mozilla/5.0 AppleWebKit/537.36 (compatible; GPTBot/1.3; +https://openai.com/gptbot)"
122.96.81.102 - - [02/Mar/2026:16:17:34 +0000] "GET /about.html HTTP/1.1" 200 118273 "-" "Mozilla/5.0 (compatible; Googlebot/2.1; +http://www.google.com/bot.html)"
99.132.12.102 - - [02/Mar/2026:16:19:21 +0000] "GET /data.json HTTP/1.1" 200 71501 "-" "Mozilla/5.0 (compatible; bingbot/2.0; +http://www.bing.com/bingbot.htm)"
203.225.0.215 - - [02/Mar/2026:16:20:05 +0000] "GET /style.css HTTP/1.1" 200 110403 "-" "Mozilla/5.0 (compatible; Amazonbot/0.1; +https://developer.amazon.com/support/amazonbot)"
171.133.45.213 - - [02/Mar/2026:16:24:19 +0000] "GET /style.css HTTP/1.1" 200 124653 "-" "ClaudeBot/1.0 (+https://www.anthropic.com/claudebot)"
99.132.12.102 - - [02/Mar/2026:16:25:47 +0000] "GET /logo.png HTTP/1.1" 200 82679 "-" "Mozilla/5.0 (compatible; bingbot/2.0; +http://www.bing.com/bingbot.htm)"
122.96.81.102 - - [02/Mar/2026:16:26:45 +0000] "GET /banner.jpg HTTP/1.1" 304 2 "-" "Mozilla/5.0 (compatible; bingbot/2.0; +http://www.bing.com/bingbot.htm)"
188.194.31.5 - - [02/Mar/2026:16:27:44 +0000] "GET /config HTTP/1.1" 200 43399 "-" "Mozilla/5.0 (compatible; Amazonbot/0.1; +https://developer.amazon.com/support/amazonbot)"
141.57.250.8 - - [02/Mar/2026:16:27:49 +0000] "GET /data.json HTTP/1.1" 200 145036 "-" "ClaudeBot/1.0 (+https://www.anthropic.com/claudebot)"
99.150.211.250 - - [02/Mar/2026:16:36:04 +0000] "GET /app.js HTTP/1.1" 200 123587 "-" "Mozilla/5.0 (compatible; bingbot/2.0; +http://www.bing.com/bingbot.htm)"
188.194.31.5 - - [02/Mar/2026:16:39:11 +0000] "GET /config HTTP/1.1" 302 195 "-" "Mozilla/5.0 (compatible; Googlebot/2.1; +http://www.google.com/bot.html)"
99.150.211.250 - - [02/Mar/2026:16:44:53 +0000] "GET /data.json HTTP/1.1" 200 120629 "-" "ClaudeBot/1.0 (+https://www.anthropic.com/claudebot)"
188.194.31.5 - - [02/Mar/2026:16:46:36 +0000] "GET /readme.txt HTTP/1.1" 404 356 "-" "Mozilla/5.0 (compatible; Googlebot/2.1; +http://www.google.com/bot.html)"
60.241.196.176 - - [02/Mar/2026:16:47:00 +0000] "GET /app.js HTTP/1.1" 404 441 "-" "Mozilla/5.0 (compatible; bingbot/2.0; +http://www.bing.com/bingbot.htm)"
149.37.222.138 - - [02/Mar/2026:16:49:03 +0000] "GET /data.json HTTP/1.1" 200 6022 "-" "Mozilla/5.0 (compatible; Amazonbot/0.1; +https://developer.amazon.com/support/amazonbot)"
203.225.0.215 - - [02/Mar/2026:16:49:28 +0000] "GET /banner.jpg HTTP/1.1" 200 25595 "-" "ClaudeBot/1.0 (+https://www.anthropic.com/claudebot)"
141.57.250.8 - - [02/Mar/2026:16:50:43 +0000] "GET /about.html HTTP/1.1" 200 142593 "-" "Mozilla/5.0 AppleWebKit/537.36 (compatible; GPTBot/1.3; +https://openai.com/gptbot)"
141.57.250.8 - - [02/Mar/2026:16:50:46 +0000] "GET /about.html HTTP/1.1" 200 102124 "-" "Mozilla/5.0 (compatible; Amazonbot/0.1; +https://developer.amazon.com/support/amazonbot)"
141.57.250.8 - - [02/Mar/2026:16:51:46 +0000] "GET /feed.xml HTTP/1.1" 200 26588 "-" "Mozilla/5.0 AppleWebKit/537.36 (compatible; GPTBot/1.3; +https://openai.com/gptbot)"
122.96.81.102 - - [02/Mar/2026:16:57:25 +0000] "GET / HTTP/1.1" 404 361 "-" "Mozilla/5.0 (compatible; bingbot/2.0; +http://www.bing.com/bingbot.htm)"
203.225.0.215 - - [02/Mar/2026:17:00:37 +0000] "GET /config HTTP/1.1" 200 53227 "-" "Mozilla/5.0 (compatible; bingbot/2.0; +http://www.bing.com/bingbot.htm)"
99.132.12.102 - - [02/Mar/2026:17:01:40 +0000] "GET /config HTTP/1.1" 200 99827 "-" "Mozilla/5.0 AppleWebKit/537.36 (compatible; GPTBot/1.3; +https://openai.com/gptbot)"
99.150.211.250 - - [02/Mar/2026:17:04:26 +0000] "GET / HTTP/1.1" 302 36 "-" "ClaudeBot/1.0 (+https://www.anthropic.com/claudebot)"
99.170.62.78 - - [02/Mar/2026:17:04:43 +0000] "GET /index.html HTTP/1.1" 200 110252 "-" "Mozilla/5.0 AppleWebKit/537.36 (compatible; GPTBot/1.3; +https://openai.com/gptbot)"
141.57.250.8 - - [02/Mar/2026:17:05:42 +0000] "GET /config HTTP/1.1" 200 111627 "-" "Mozilla/5.0 (compatible; bingbot/2.0; +http://www.bing.com/bingbot.htm)"
99.170.62.78 - - [02/Mar/2026:17:06:04 +0000] "GET /style.css HTTP/1.1" 200 42815 "-" "ClaudeBot/1.0 (+https://www.anthropic.com/claudebot)"
122.96.81.102 - - [02/Mar/2026:17:08:17 +0000] "GET /feed.xml HTTP/1.1" 304 146 "-" "ClaudeBot/1.0 (+https://www.anthropic.com/claudebot)"
99.150.211.250 - - [02/Mar/2026:17:13:42 +0000] "GET / HTTP/1.1" 200 140567 "-" "Mozilla/5.0 (compatible; bingbot/2.0; +http://www.bing.com/bingbot.htm)"
149.37.222.138 - - [02/Mar/2026:17:18:59 +0000] "GET /app.js HTTP/1.1" 200 47966 "-" "Mozilla/5.0 (compatible; bingbot/2.0; +http://www.bing.com/bingbot.htm)"
71.138.7.233 - - [02/Mar/2026:17:19:54 +0000] "GET /config HTTP/1.1" 200 10678 "-" "Mozilla/5.0 AppleWebKit/537.36 (compatible; GPTBot/1.3; +https://openai.com/gptbot)"
99.150.211.250 - - [02/Mar/2026:17:20:55 +0000] "GET /sitemap.xml HTTP/1.1" 200 146524 "-" "ClaudeBot/1.0 (+https://www.anthropic.com/claudebot)"
203.225.0.215 - - [02/Mar/2026:17:23:33 +0000] "GET / HTTP/1.1" 200 109277 "-" "Mozilla/5.0 (compatible; Googlebot/2.1; +http://www.google.com/bot.html)"
99.150.211.250 - - [02/Mar/2026:17:24:02 +0000] "GET /sitemap.xml HTTP/1.1" 200 136123 "-" "Mozilla/5.0 (compatible; bingbot/2.0; +http://www.bing.com/bingbot.htm)"
99.132.12.102 - - [02/Mar/2026:17:24:46 +0000] "GET /config HTTP/1.1" 200 73717 "-" "ClaudeBot/1.0 (+https://www.anthropic.com/claudebot)"
188.194.31.5 - - [02/Mar/2026:17:25:42 +0000] "GET /sitemap.xml HTTP/1.1" 200 107620 "-" "Mozilla/5.0 AppleWebKit/537.36 (compatible; GPTBot/1.3; +https://openai.com/gptbot)"
99.132.12.102 - - [02/Mar/2026:17:29:56 +0000] "GET /index.html HTTP/1.1" 200 79094 "-" "ClaudeBot/1.0 (+https://www.anthropic.com/claudebot)"
60.241.196.176 - - [02/Mar/2026:17:31:24 +0000] "GET /style.css HTTP/1.1" 200 65781 "-" "Mozilla/5.0 (compatible; bingbot/2.0; +http://www.bing.com/bingbot.htm)"
99.132.12.102 - - [02/Mar/2026:17:33:05 +0000] "GET /about.html HTTP/1.1" 404 28 "-" "Mozilla/5.0 (compatible; Googlebot/2.1; +http://www.google.com/bot.html)"
203.225.0.215 - - [02/Mar/2026:17:33:12 +0000] "GET /app.js HTTP/1.1" 200 144754 "-" "Mozilla/5.0 AppleWebKit/537.36 (compatible; GPTBot/1.3; +https://openai.com/gptbot)"
149.37.222.138 - - [02/Mar/2026:17:36:58 +0000] "GET /data.json HTTP/1.1" 200 61911 "-" "Mozilla/5.0 AppleWebKit/537.36 (compatible; GPTBot/1.3; +https://openai.com/gptbot)"
60.241.196.176 - - [02/Mar/2026:17:40:30 +0000] "GET /about.html HTTP/1.1" 200 53476 "-" "ClaudeBot/1.0 (+https://www.anthropic.com/claudebot)"
99.132.12.102 - - [02/Mar/2026:17:43:09 +0000] "GET /sitemap.xml HTTP/1.1" 200 91438 "-" "ClaudeBot/1.0 (+https://www.anthropic.com/claudebot)"
203.225.0.215 - - [02/Mar/2026:17:49:06 +0000] "GET /logo.png HTTP/1.1" 304 175 "-" "ClaudeBot/1.0 (+https://www.anthropic.com/claudebot)"
122.96.81.102 - - [02/Mar/2026:17:52:09 +0000] "GET /readme.txt HTTP/1.1" 200 48765 "-" "Mozilla/5.0 (compatible; Googlebot/2.1; +http://www.google.com/bot.html)"
149.37.222.138 - - [02/Mar/2026:17:54:48 +0000] "GET /feed.xml HTTP/1.1" 200 79949 "-" "Mozilla/5.0 (compatible; bingbot/2.0; +http://www.bing.com/bingbot.htm)"
122.96.81.102 - - [02/Mar/2026:18:00:18 +0000] "GET /app.js HTTP/1.1" 200 106683 "-" "Mozilla/5.0 (compatible; Googlebot/2.1; +http://www.google.com/bot.html)"
71.138.7.233 - - [02/Mar/2026:18:07:01 +0000] "GET / HTTP/1.1" 200 122345 "-" "ClaudeBot/1.0 (+https://www.anthropic.com/claudebot)"
141.57.250.8 - - [02/Mar/2026:18:09:31 +0000] "GET /config HTTP/1.1" 404 199 "-" "Mozilla/5.0 AppleWebKit/537.36 (compatible; GPTBot/1.3; +https://openai.com/gptbot)"
60.241.196.176 - - [02/Mar/2026:18:11:41 +0000] "GET / HTTP/1.1" 200 81466 "-" "Mozilla/5.0 (compatible; bingbot/2.0; +http://www.bing.com/bingbot.htm)"
188.194.31.5 - - [02/Mar/2026:18:13:08 +0000] "GET /style.css HTTP/1.1" 304 372 "-" "ClaudeBot/1.0 (+https://www.anthropic.com/claudebot)"
60.241.196.176 - - [02/Mar/2026:18:13:40 +0000] "GET /config HTTP/1.1" 302 227 "-" "Mozilla/5.0 (compatible; Googlebot/2.1; +http://www.google.com/bot.html)"
122.96.81.102 - - [02/Mar/2026:18:16:17 +0000] "GET /app.js HTTP/1.1" 200 94200 "-" "Mozilla/5.0 (compatible; Googlebot/2.1; +http://www.google.com/bot.html)"
122.96.81.102 - - [02/Mar/2026:18:16:52 +0000] "GET /logo.png HTTP/1.1" 200 117816 "-" "Mozilla/5.0 AppleWebKit/537.36 (compatible; GPTBot/1.3; +https://openai.com/gptbot)"
149.37.222.138 - - [02/Mar/2026:18:17:27 +0000] "GET /readme.txt HTTP/1.1" 404 145 "-" "Mozilla/5.0 (compatible; Googlebot/2.1; +http://www.google.com/bot.html)"
171.133.45.213 - - [02/Mar/2026:18:18:55 +0000] "GET /banner.jpg HTTP/1.1" 404 197 "-" "Mozilla/5.0 (compatible; Amazonbot/0.1; +https://developer.amazon.com/support/amazonbot)"
71.138.7.233 - - [02/Mar/2026:18:20:59 +0000] "GET /index.html HTTP/1.1" 200 57662 "-" "ClaudeBot/1.0 (+https://www.anthropic.com/claudebot)"
203.225.0.215 - - [02/Mar/2026:18:22:43 +0000] "GET /sitemap.xml HTTP/1.1" 304 326 "-" "ClaudeBot/1.0 (+https://www.anthropic.com/claudebot)"
171.133.45.213 - - [02/Mar/2026:18:23:22 +0000] "GET /about.html HTTP/1.1" 301 52 "-" "Mozilla/5.0 (compatible; bingbot/2.0; +http://www.bing.com/bingbot.htm)"
99.150.211.250 - - [02/Mar/2026:18:25:54 +0000] "GET /style.css HTTP/1.1" 200 125534 "-" "Mozilla/5.0 (compatible; bingbot/2.0; +http://www.bing.com/bingbot.htm)"
141.57.250.8 - - [02/Mar/2026:18:27:50 +0000] "GET /about.html HTTP/1.1" 302 394 "-" "Mozilla/5.0 (compatible; Amazonbot/0.1; +https://developer.amazon.com/support/amazonbot)"
122.96.81.102 - - [02/Mar/2026:18:32:55 +0000] "GET /about.html HTTP/1.1" 200 10700 "-" "Mozilla/5.0 (compatible; Amazonbot/0.1; +https://developer.amazon.com/support/amazonbot)"
171.133.45.213 - - [02/Mar/2026:18:35:24 +0000] "GET /config HTTP/1.1" 200 148632 "-" "Mozilla/5.0 (compatible; Amazonbot/0.1; +https://developer.amazon.com/support/amazonbot)"
71.138.7.233 - - [02/Mar/2026:18:39:50 +0000] "GET /style.css HTTP/1.1" 200 142162 "-" "Mozilla/5.0 AppleWebKit/537.36 (compatible; GPTBot/1.3; +https://openai.com/gptbot)"
99.150.211.250 - - [02/Mar/2026:18:39:58 +0000] "GET /data.json HTTP/1.1" 302 417 "-" "Mozilla/5.0 (compatible; bingbot/2.0; +http://www.bing.com/bingbot.htm)"
99.170.62.78 - - [02/Mar/2026:18:45:37 +0000] "GET /readme.txt HTTP/1.1" 200 124556 "-" "ClaudeBot/1.0 (+https://www.anthropic.com/claudebot)"
60.241.196.176 - - [02/Mar/2026:18:46:13 +0000] "GET /logo.png HTTP/1.1" 200 20738 "-" "Mozilla/5.0 (compatible; bingbot/2.0; +http://www.bing.com/bingbot.htm)"
71.138.7.233 - - [02/Mar/2026:18:54:45 +0000] "GET /app.js HTTP/1.1" 200 31089 "-" "Mozilla/5.0 (compatible; Googlebot/2.1; +http://www.google.com/bot.html)"
71.138.7.233 - - [02/Mar/2026:18:56:16 +0000] "GET /logo.png HTTP/1.1" 200 63593 "-" "Mozilla/5.0 AppleWebKit/537.36 (compatible; GPTBot/1.3; +https://openai.com/gptbot)"
99.150.211.250 - - [02/Mar/2026:19:16:08 +0000] "GET /feed.xml HTTP/1.1" 200 58480 "-" "Mozilla/5.0 (compatible; Googlebot/2.1; +http://www.google.com/bot.html)"
171.133.45.213 - - [02/Mar/2026:19:17:57 +0000] "GET /config HTTP/1.1" 304 194 "-" "Mozilla/5.0 (compatible; bingbot/2.0; +http://www.bing.com/bingbot.htm)"
149.37.222.138 - - [02/Mar/2026:19:21:36 +0000] "GET /data.json HTTP/1.1" 200 21109 "-" "Mozilla/5.0 (compatible; Amazonbot/0.1; +https://developer.amazon.com/support/amazonbot)"
82.35.167.49 - - [02/Mar/2026:19:27:55 +0000] "GET /about.html HTTP/1.1" 200 102752 "-" "Mozilla/5.0 (compatible; Amazonbot/0.1; +https://developer.amazon.com/support/amazonbot)"
203.225.0.215 - - [02/Mar/2026:19:27:58 +0000] "GET /sitemap.xml HTTP/1.1" 404 119 "-" "Mozilla/5.0 (compatible; Amazonbot/0.1; +https://developer.amazon.com/support/amazonbot)"
99.132.12.102 - - [02/Mar/2026:19:28:09 +0000] "GET /data.json HTTP/1.1" 404 177 "-" "Mozilla/5.0 (compatible; Amazonbot/0.1; +https://developer.amazon.com/support/amazonbot)"
60.241.196.176 - - [02/Mar/2026:19:32:33 +0000] "GET /config HTTP/1.1" 200 73969 "-" "Mozilla/5.0 (compatible; bingbot/2.0; +http://www.bing.com/bingbot.htm)"
203.225.0.215 - - [02/Mar/2026:19:32:44 +0000] "GET /about.html HTTP/1.1" 200 149775 "-" "Mozilla/5.0 (compatible; bingbot/2.0; +http://www.bing.com/bingbot.htm)"
171.133.45.213 - - [02/Mar/2026:19:33:19 +0000] "GET /app.js HTTP/1.1" 200 149360 "-" "Mozilla/5.0 (compatible; bingbot/2.0; +http://www.bing.com/bingbot.htm)"
60.241.196.176 - - [02/Mar/2026:19:34:22 +0000] "GET /style.css HTTP/1.1" 200 73378 "-" "Mozilla/5.0 (compatible; Googlebot/2.1; +http://www.google.com/bot.html)"
203.225.0.215 - - [02/Mar/2026:19:36:55 +0000] "GET /app.js HTTP/1.1" 200 85938 "-" "ClaudeBot/1.0 (+https://www.anthropic.com/claudebot)"
122.96.81.102 - - [02/Mar/2026:19:38:30 +0000] "GET /app.js HTTP/1.1" 200 23690 "-" "Mozilla/5.0 (compatible; Amazonbot/0.1; +https://developer.amazon.com/support/amazonbot)"
71.138.7.233 - - [02/Mar/2026:19:38:53 +0000] "GET /about.html HTTP/1.1" 200 72866 "-" "Mozilla/5.0 AppleWebKit/537.36 (compatible; GPTBot/1.3; +https://openai.com/gptbot)"
171.133.45.213 - - [02/Mar/2026:19:44:11 +0000] "GET /config HTTP/1.1" 200 94914 "-" "Mozilla/5.0 (compatible; bingbot/2.0; +http://www.bing.com/bingbot.htm)"
82.35.167.49 - - [02/Mar/2026:19:56:40 +0000] "GET /feed.xml HTTP/1.1" 304 106 "-" "Mozilla/5.0 (compatible; Amazonbot/0.1; +https://developer.amazon.com/support/amazonbot)"
60.241.196.176 - - [02/Mar/2026:20:08:32 +0000] "GET /app.js HTTP/1.1" 200 149455 "-" "Mozilla/5.0 (compatible; Googlebot/2.1; +http://www.google.com/bot.html)"
60.241.196.176 - - [02/Mar/2026:20:13:46 +0000] "GET /feed.xml HTTP/1.1" 200 84748 "-" "Mozilla/5.0 (compatible; Amazonbot/0.1; +https://developer.amazon.com/support/amazonbot)"
99.170.62.78 - - [02/Mar/2026:20:23:00 +0000] "GET /style.css HTTP/1.1" 200 100733 "-" "Mozilla/5.0 (compatible; bingbot/2.0; +http://www.bing.com/bingbot.htm)"
188.194.31.5 - - [02/Mar/2026:20:35:14 +0000] "GET / HTTP/1.1" 200 90093 "-" "Mozilla/5.0 (compatible; bingbot/2.0; +http://www.bing.com/bingbot.htm)"
122.96.81.102 - - [02/Mar/2026:20:35:46 +0000] "GET /feed.xml HTTP/1.1" 200 32093 "-" "ClaudeBot/1.0 (+https://www.anthropic.com/claudebot)"
149.37.222.138 - - [02/Mar/2026:20:43:55 +0000] "GET /data.json HTTP/1.1" 200 129348 "-" "Mozilla/5.0 AppleWebKit/537.36 (compatible; GPTBot/1.3; +https://openai.com/gptbot)"
71.138.7.233 - - [02/Mar/2026:20:44:33 +0000] "GET /feed.xml HTTP/1.1" 200 37854 "-" "Mozilla/5.0 (compatible; bingbot/2.0; +http://www.bing.com/bingbot.htm)"
188.194.31.5 - - [02/Mar/2026:20:47:48 +0000] "GET /feed.xml HTTP/1.1" 200 127532 "-" "Mozilla/5.0 (compatible; Amazonbot/0.1; +https://developer.amazon.com/support/amazonbot)"
149.37.222.138 - - [02/Mar/2026:20:48:59 +0000] "GET / HTTP/1.1" 200 76186 "-" "Mozilla/5.0 AppleWebKit/537.36 (compatible; GPTBot/1.3; +https://openai.com/gptbot)"
82.35.167.49 - - [02/Mar/2026:20:49:36 +0000] "GET /feed.xml HTTP/1.1" 200 116522 "-" "Mozilla/5.0 (compatible; Amazonbot/0.1; +https://developer.amazon.com/support/amazonbot)"
149.37.222.138 - - [02/Mar/2026:20:55:27 +0000] "GET /readme.txt HTTP/1.1" 200 50544 "-" "Mozilla/5.0 (compatible; bingbot/2.0; +http://www.bing.com/bingbot.htm)"
171.133.45.213 - - [02/Mar/2026:20:59:23 +0000] "GET / HTTP/1.1" 200 99718 "-" "Mozilla/5.0 AppleWebKit/537.36 (compatible; GPTBot/1.3; +https://openai.com/gptbot)"
71.138.7.233 - - [02/Mar/2026:21:00:36 +0000] "GET /data.json HTTP/1.1" 302 22 "-" "Mozilla/5.0 AppleWebKit/537.36 (compatible; GPTBot/1.3; +https://openai.com/gptbot)"
99.150.211.250 - - [02/Mar/2026:21:05:31 +0000] "GET /logo.png HTTP/1.1" 200 57854 "-" "Mozilla/5.0 (compatible; bingbot/2.0; +http://www.bing.com/bingbot.htm)"
99.170.62.78 - - [02/Mar/2026:21:05:52 +0000] "GET /config HTTP/1.1" 304 53 "-" "Mozilla/5.0 AppleWebKit/537.36 (compatible; GPTBot/1.3; +https://openai.com/gptbot)"
60.241.196.176 - - [02/Mar/2026:21:08:54 +0000] "GET /about.html HTTP/1.1" 200 71761 "-" "Mozilla/5.0 (compatible; bingbot/2.0; +http://www.bing.com/bingbot.htm)"
188.194.31.5 - - [02/Mar/2026:21:10:37 +0000] "GET /config HTTP/1.1" 200 56317 "-" "ClaudeBot/1.0 (+https://www.anthropic.com/claudebot)"
60.241.196.176 - - [02/Mar/2026:21:11:34 +0000] "GET /config HTTP/1.1" 200 39859 "-" "Mozilla/5.0 (compatible; Amazonbot/0.1; +https://developer.amazon.com/support/amazonbot)"
99.170.62.78 - - [02/Mar/2026:21:13:30 +0000] "GET /config HTTP/1.1" 200 42778 "-" "Mozilla/5.0 (compatible; Amazonbot/0.1; +https://developer.amazon.com/support/amazonbot)"
122.96.81.102 - - [02/Mar/2026:21:17:04 +0000] "GET /config HTTP/1.1" 200 143302 "-" "Mozilla/5.0 (compatible; Amazonbot/0.1; +https://developer.amazon.com/support/amazonbot)"
60.241.196.176 - - [02/Mar/2026:21:18:59 +0000] "GET / HTTP/1.1" 200 91515 "-" "Mozilla/5.0 (compatible; Googlebot/2.1; +http://www.google.com/bot.html)"
203.225.0.215 - - [02/Mar/2026:21:26:09 +0000] "GET /feed.xml HTTP/1.1" 404 417 "-" "ClaudeBot/1.0 (+https://www.anthropic.com/claudebot)"
99.150.211.250 - - [02/Mar/2026:21:26:25 +0000] "GET /sitemap.xml HTTP/1.1" 403 388 "-" "Mozilla/5.0 (compatible; Amazonbot/0.1; +https://developer.amazon.com/support/amazonbot)"
71.138.7.233 - - [02/Mar/2026:21:26:25 +0000] "GET /feed.xml HTTP/1.1" 304 170 "-" "Mozilla/5.0 (compatible; Googlebot/2.1; +http://www.google.com/bot.html)"
141.57.250.8 - - [02/Mar/2026:21:26:43 +0000] "GET /index.html HTTP/1.1" 200 70151 "-" "Mozilla/5.0 (compatible; Googlebot/2.1; +http://www.google.com/bot.html)"
122.96.81.102 - - [02/Mar/2026:21:27:55 +0000] "GET /about.html HTTP/1.1" 200 54234 "-" "ClaudeBot/1.0 (+https://www.anthropic.com/claudebot)"
141.57.250.8 - - [02/Mar/2026:21:29:01 +0000] "GET /data.json HTTP/1.1" 404 201 "-" "Mozilla/5.0 AppleWebKit/537.36 (compatible; GPTBot/1.3; +https://openai.com/gptbot)"
60.241.196.176 - - [02/Mar/2026:21:31:34 +0000] "GET /about.html HTTP/1.1" 200 31655 "-" "Mozilla/5.0 (compatible; bingbot/2.0; +http://www.bing.com/bingbot.htm)"
82.35.167.49 - - [02/Mar/2026:21:31:51 +0000] "GET /logo.png HTTP/1.1" 304 224 "-" "Mozilla/5.0 AppleWebKit/537.36 (compatible; GPTBot/1.3; +https://openai.com/gptbot)"
203.225.0.215 - - [02/Mar/2026:21:40:29 +0000] "GET /config HTTP/1.1" 403 211 "-" "Mozilla/5.0 AppleWebKit/537.36 (compatible; GPTBot/1.3; +https://openai.com/gptbot)"
141.57.250.8 - - [02/Mar/2026:21:44:11 +0000] "GET /readme.txt HTTP/1.1" 301 343 "-" "Mozilla/5.0 (compatible; Amazonbot/0.1; +https://developer.amazon.com/support/amazonbot)"
60.241.196.176 - - [02/Mar/2026:21:44:54 +0000] "GET /style.css HTTP/1.1" 304 406 "-" "Mozilla/5.0 (compatible; Amazonbot/0.1; +https://developer.amazon.com/support/amazonbot)"
149.37.222.138 - - [02/Mar/2026:21:50:11 +0000] "GET / HTTP/1.1" 200 26072 "-" "Mozilla/5.0 AppleWebKit/537.36 (compatible; GPTBot/1.3; +https://openai.com/gptbot)"
99.170.62.78 - - [02/Mar/2026:21:51:38 +0000] "GET /logo.png HTTP/1.1" 200 75956 "-" "Mozilla/5.0 (compatible; bingbot/2.0; +http://www.bing.com/bingbot.htm)"
99.170.62.78 - - [02/Mar/2026:21:53:07 +0000] "GET /app.js HTTP/1.1" 200 67351 "-" "Mozilla/5.0 AppleWebKit/537.36 (compatible; GPTBot/1.3; +https://openai.com/gptbot)"
188.194.31.5 - - [02/Mar/2026:21:53:45 +0000] "GET /feed.xml HTTP/1.1" 302 253 "-" "Mozilla/5.0 AppleWebKit/537.36 (compatible; GPTBot/1.3; +https://openai.com/gptbot)"
188.194.31.5 - - [02/Mar/2026:21:54:17 +0000] "GET /index.html HTTP/1.1" 404 482 "-" "Mozilla/5.0 (compatible; Googlebot/2.1; +http://www.google.com/bot.html)"
203.225.0.215 - - [02/Mar/2026:21:58:09 +0000] "GET /config HTTP/1.1" 304 136 "-" "Mozilla/5.0 (compatible; Amazonbot/0.1; +https://developer.amazon.com/support/amazonbot)"
171.133.45.213 - - [02/Mar/2026:21:58:38 +0000] "GET /sitemap.xml HTTP/1.1" 200 108610 "-" "Mozilla/5.0 (compatible; Googlebot/2.1; +http://www.google.com/bot.html)"
82.35.167.49 - - [02/Mar/2026:22:02:53 +0000] "GET /config HTTP/1.1" 404 38 "-" "Mozilla/5.0 (compatible; Amazonbot/0.1; +https://developer.amazon.com/support/amazonbot)"
99.170.62.78 - - [02/Mar/2026:22:07:46 +0000] "GET /readme.txt HTTP/1.1" 200 69789 "-" "Mozilla/5.0 (compatible; bingbot/2.0; +http://www.bing.com/bingbot.htm)"
171.133.45.213 - - [02/Mar/2026:22:07:54 +0000] "GET /sitemap.xml HTTP/1.1" 200 41487 "-" "Mozilla/5.0 (compatible; bingbot/2.0; +http://www.bing.com/bingbot.htm)"
60.241.196.176 - - [02/Mar/2026:22:09:03 +0000] "GET /style.css HTTP/1.1" 200 129763 "-" "Mozilla/5.0 AppleWebKit/537.36 (compatible; GPTBot/1.3; +https://openai.com/gptbot)"
141.57.250.8 - - [02/Mar/2026:22:09:15 +0000] "GET / HTTP/1.1" 200 134935 "-" "Mozilla/5.0 (compatible; Amazonbot/0.1; +https://developer.amazon.com/support/amazonbot)"
99.170.62.78 - - [02/Mar/2026:22:10:04 +0000] "GET /app.js HTTP/1.1" 200 52096 "-" "Mozilla/5.0 (compatible; Googlebot/2.1; +http://www.google.com/bot.html)"
71.138.7.233 - - [02/Mar/2026:22:10:24 +0000] "GET /feed.xml HTTP/1.1" 200 148324 "-" "Mozilla/5.0 (compatible; Amazonbot/0.1; +https://developer.amazon.com/support/amazonbot)"
71.138.7.233 - - [02/Mar/2026:22:14:05 +0000] "GET /app.js HTTP/1.1" 200 54303 "-" "Mozilla/5.0 (compatible; bingbot/2.0; +http://www.bing.com/bingbot.htm)"
149.37.222.138 - - [02/Mar/2026:22:15:47 +0000] "GET /sitemap.xml HTTP/1.1" 404 311 "-" "Mozilla/5.0 (compatible; bingbot/2.0; +http://www.bing.com/bingbot.htm)"
82.35.167.49 - - [02/Mar/2026:22:20:27 +0000] "GET /sitemap.xml HTTP/1.1" 404 188 "-" "Mozilla/5.0 (compatible; Googlebot/2.1; +http://www.google.com/bot.html)"
99.170.62.78 - - [02/Mar/2026:22:21:42 +0000] "GET /sitemap.xml HTTP/1.1" 404 28 "-" "Mozilla/5.0 AppleWebKit/537.36 (compatible; GPTBot/1.3; +https://openai.com/gptbot)"
171.133.45.213 - - [02/Mar/2026:22:25:59 +0000] "GET /sitemap.xml HTTP/1.1" 200 107486 "-" "Mozilla/5.0 (compatible; Googlebot/2.1; +http://www.google.com/bot.html)"
149.37.222.138 - - [02/Mar/2026:22:27:08 +0000] "GET /data.json HTTP/1.1" 200 104191 "-" "Mozilla/5.0 (compatible; Googlebot/2.1; +http://www.google.com/bot.html)"
60.241.196.176 - - [02/Mar/2026:22:27:10 +0000] "GET /data.json HTTP/1.1" 200 22571 "-" "Mozilla/5.0 (compatible; bingbot/2.0; +http://www.bing.com/bingbot.htm)"
60.241.196.176 - - [02/Mar/2026:22:27:52 +0000] "GET /style.css HTTP/1.1" 200 27863 "-" "Mozilla/5.0 AppleWebKit/537.36 (compatible; GPTBot/1.3; +https://openai.com/gptbot)"
82.35.167.49 - - [02/Mar/2026:22:28:32 +0000] "GET /logo.png HTTP/1.1" 304 19 "-" "Mozilla/5.0 (compatible; bingbot/2.0; +http://www.bing.com/bingbot.htm)"
99.150.211.250 - - [02/Mar/2026:22:32:53 +0000] "GET /sitemap.xml HTTP/1.1" 404 73 "-" "Mozilla/5.0 (compatible; Amazonbot/0.1; +https://developer.amazon.com/support/amazonbot)"
188.194.31.5 - - [02/Mar/2026:22:37:32 +0000] "GET /config HTTP/1.1" 200 138856 "-" "Mozilla/5.0 (compatible; Googlebot/2.1; +http://www.google.com/bot.html)"
171.133.45.213 - - [02/Mar/2026:22:44:35 +0000] "GET /banner.jpg HTTP/1.1" 304 474 "-" "Mozilla/5.0 AppleWebKit/537.36 (compatible; GPTBot/1.3; +https://openai.com/gptbot)"
188.194.31.5 - - [02/Mar/2026:22:50:46 +0000] "GET /data.json HTTP/1.1" 200 22508 "-" "ClaudeBot/1.0 (+https://www.anthropic.com/claudebot)"
171.133.45.213 - - [02/Mar/2026:22:53:35 +0000] "GET / HTTP/1.1" 200 24298 "-" "Mozilla/5.0 (compatible; bingbot/2.0; +http://www.bing.com/bingbot.htm)"
141.57.250.8 - - [02/Mar/2026:22:55:35 +0000] "GET /index.html HTTP/1.1" 404 318 "-" "Mozilla/5.0 (compatible; Amazonbot/0.1; +https://developer.amazon.com/support/amazonbot)"
122.96.81.102 - - [02/Mar/2026:22:59:00 +0000] "GET /about.html HTTP/1.1" 404 493 "-" "Mozilla/5.0 AppleWebKit/537.36 (compatible; GPTBot/1.3; +https://openai.com/gptbot)"
122.96.81.102 - - [02/Mar/2026:22:59:47 +0000] "GET /config HTTP/1.1" 200 127405 "-" "Mozilla/5.0 AppleWebKit/537.36 (compatible; GPTBot/1.3; +https://openai.com/gptbot)"
82.35.167.49 - - [02/Mar/2026:23:02:21 +0000] "GET /app.js HTTP/1.1" 200 77230 "-" "ClaudeBot/1.0 (+https://www.anthropic.com/claudebot)"
71.138.7.233 - - [02/Mar/2026:23:20:55 +0000] "GET /config HTTP/1.1" 200 69268 "-" "Mozilla/5.0 (compatible; Googlebot/2.1; +http://www.google.com/bot.html)"
99.150.211.250 - - [02/Mar/2026:23:24:27 +0000] "GET /config HTTP/1.1" 200 28127 "-" "Mozilla/5.0 (compatible; bingbot/2.0; +http://www.bing.com/bingbot.htm)"
82.35.167.49 - - [02/Mar/2026:23:30:34 +0000] "GET /config HTTP/1.1" 200 89369 "-" "Mozilla/5.0 (compatible; bingbot/2.0; +http://www.bing.com/bingbot.htm)"
60.241.196.176 - - [02/Mar/2026:23:34:04 +0000] "GET /app.js HTTP/1.1" 200 144932 "-" "Mozilla/5.0 (compatible; bingbot/2.0; +http://www.bing.com/bingbot.htm)"
122.96.81.102 - - [02/Mar/2026:23:37:35 +0000] "GET /style.css HTTP/1.1" 200 92655 "-" "Mozilla/5.0 (compatible; Googlebot/2.1; +http://www.google.com/bot.html)"
171.133.45.213 - - [02/Mar/2026:23:45:05 +0000] "GET /readme.txt HTTP/1.1" 200 35152 "-" "Mozilla/5.0 (compatible; Amazonbot/0.1; +https://developer.amazon.com/support/amazonbot)"
99.150.211.250 - - [02/Mar/2026:23:46:01 +0000] "GET /index.html HTTP/1.1" 404 105 "-" "Mozilla/5.0 AppleWebKit/537.36 (compatible; GPTBot/1.3; +https://openai.com/gptbot)"
60.241.196.176 - - [02/Mar/2026:23:46:42 +0000] "GET /index.html HTTP/1.1" 200 108745 "-" "Mozilla/5.0 AppleWebKit/537.36 (compatible; GPTBot/1.3; +https://openai.com/gptbot)"
141.57.250.8 - - [02/Mar/2026:23:54:32 +0000] "GET /feed.xml HTTP/1.1" 200 101360 "-" "ClaudeBot/1.0 (+https://www.anthropic.com/claudebot)"
149.37.222.138 - - [02/Mar/2026:23:56:37 +0000] "GET /app.js HTTP/1.1" 200 126354 "-" "Mozilla/5.0 (compatible; Googlebot/2.1; +http://www.google.com/bot.html)"
149.37.222.138 - - [02/Mar/2026:23:57:51 +0000] "GET /style.css HTTP/1.1" 200 111350 "-" "Mozilla/5.0 AppleWebKit/537.36 (compatible; GPTBot/1.3; +https://openai.com/gptbot)"
171.133.45.213 - - [02/Mar/2026:23:59:22 +0000] "GET /style.css HTTP/1.1" 304 14 "-" "Mozilla/5.0 (compatible; Googlebot/2.1; +http://www.google.com/bot.html)"
149.37.222.138 - - [03/Feb/2026:00:04:01 +0000] "GET /config HTTP/1.1" 301 496 "-" "Mozilla/5.0 (compatible; bingbot/2.0; +http://www.bing.com/bingbot.htm)"
99.150.211.250 - - [03/Feb/2026:00:05:48 +0000] "GET /feed.xml HTTP/1.1" 304 203 "-" "Mozilla/5.0 (compatible; bingbot/2.0; +http://www.bing.com/bingbot.htm)"
99.170.62.78 - - [03/Feb/2026:00:07:46 +0000] "GET /config HTTP/1.1" 200 100776 "-" "Mozilla/5.0 (compatible; bingbot/2.0; +http://www.bing.com/bingbot.htm)"
149.37.222.138 - - [03/Feb/2026:00:13:02 +0000] "GET /index.html HTTP/1.1" 200 30799 "-" "ClaudeBot/1.0 (+https://www.anthropic.com/claudebot)"
141.57.250.8 - - [03/Feb/2026:00:13:58 +0000] "GET /banner.jpg HTTP/1.1" 200 118655 "-" "Mozilla/5.0 (compatible; Amazonbot/0.1; +https://developer.amazon.com/support/amazonbot)"
82.35.167.49 - - [03/Feb/2026:00:17:05 +0000] "GET /feed.xml HTTP/1.1" 200 147623 "-" "Mozilla/5.0 (compatible; Amazonbot/0.1; +https://developer.amazon.com/support/amazonbot)"
141.57.250.8 - - [03/Feb/2026:00:17:11 +0000] "GET / HTTP/1.1" 200 140082 "-" "Mozilla/5.0 AppleWebKit/537.36 (compatible; GPTBot/1.3; +https://openai.com/gptbot)"
60.241.196.176 - - [03/Feb/2026:00:19:29 +0000] "GET /feed.xml HTTP/1.1" 200 148219 "-" "Mozilla/5.0 AppleWebKit/537.36 (compatible; GPTBot/1.3; +https://openai.com/gptbot)"
171.133.45.213 - - [03/Feb/2026:00:21:06 +0000] "GET /logo.png HTTP/1.1" 304 488 "-" "Mozilla/5.0 (compatible; Amazonbot/0.1; +https://developer.amazon.com/support/amazonbot)"
203.225.0.215 - - [03/Feb/2026:00:22:35 +0000] "GET /config HTTP/1.1" 200 132287 "-" "Mozilla/5.0 (compatible; bingbot/2.0; +http://www.bing.com/bingbot.htm)"
60.241.196.176 - - [03/Feb/2026:00:25:29 +0000] "GET /data.json HTTP/1.1" 200 29948 "-" "Mozilla/5.0 AppleWebKit/537.36 (compatible; GPTBot/1.3; +https://openai.com/gptbot)"
188.194.31.5 - - [03/Feb/2026:00:35:31 +0000] "GET /readme.txt HTTP/1.1" 200 96571 "-" "Mozilla/5.0 (compatible; bingbot/2.0; +http://www.bing.com/bingbot.htm)"
122.96.81.102 - - [03/Feb/2026:00:35:36 +0000] "GET /sitemap.xml HTTP/1.1" 200 42421 "-" "Mozilla/5.0 (compatible; Googlebot/2.1; +http://www.google.com/bot.html)"
99.170.62.78 - - [03/Feb/2026:00:37:02 +0000] "GET /readme.txt HTTP/1.1" 200 44350 "-" "Mozilla/5.0 (compatible; bingbot/2.0; +http://www.bing.com/bingbot.htm)"
171.133.45.213 - - [03/Feb/2026:00:38:46 +0000] "GET /about.html HTTP/1.1" 200 116935 "-" "Mozilla/5.0 (compatible; bingbot/2.0; +http://www.bing.com/bingbot.htm)"
203.225.0.215 - - [03/Feb/2026:00:39:10 +0000] "GET /data.json HTTP/1.1" 200 90940 "-" "Mozilla/5.0 (compatible; Googlebot/2.1; +http://www.google.com/bot.html)"
141.57.250.8 - - [03/Feb/2026:00:41:27 +0000] "GET /readme.txt HTTP/1.1" 200 99126 "-" "Mozilla/5.0 (compatible; Googlebot/2.1; +http://www.google.com/bot.html)"
99.132.12.102 - - [03/Feb/2026:00:42:54 +0000] "GET /config HTTP/1.1" 200 11997 "-" "Mozilla/5.0 AppleWebKit/537.36 (compatible; GPTBot/1.3; +https://openai.com/gptbot)"
122.96.81.102 - - [03/Feb/2026:00:52:38 +0000] "GET /feed.xml HTTP/1.1" 200 5473 "-" "Mozilla/5.0 (compatible; Googlebot/2.1; +http://www.google.com/bot.html)"
122.96.81.102 - - [03/Feb/2026:00:53:01 +0000] "GET /banner.jpg HTTP/1.1" 200 127714 "-" "ClaudeBot/1.0 (+https://www.anthropic.com/claudebot)"
60.241.196.176 - - [03/Feb/2026:00:54:07 +0000] "GET /sitemap.xml HTTP/1.1" 302 375 "-" "Mozilla/5.0 (compatible; Googlebot/2.1; +http://www.google.com/bot.html)"
99.150.211.250 - - [03/Feb/2026:00:55:20 +0000] "GET /config HTTP/1.1" 200 92583 "-" "Mozilla/5.0 (compatible; Googlebot/2.1; +http://www.google.com/bot.html)"
99.150.211.250 - - [03/Feb/2026:00:55:39 +0000] "GET /config HTTP/1.1" 200 87791 "-" "Mozilla/5.0 (compatible; bingbot/2.0; +http://www.bing.com/bingbot.htm)"
99.132.12.102 - - [03/Feb/2026:00:58:04 +0000] "GET /index.html HTTP/1.1" 404 456 "-" "Mozilla/5.0 (compatible; bingbot/2.0; +http://www.bing.com/bingbot.htm)"
171.133.45.213 - - [03/Feb/2026:00:58:42 +0000] "GET /config HTTP/1.1" 304 175 "-" "ClaudeBot/1.0 (+https://www.anthropic.com/claudebot)"
99.132.12.102 - - [03/Feb/2026:01:00:53 +0000] "GET /logo.png HTTP/1.1" 302 47 "-" "Mozilla/5.0 (compatible; Amazonbot/0.1; +https://developer.amazon.com/support/amazonbot)"
99.150.211.250 - - [03/Feb/2026:01:02:39 +0000] "GET /readme.txt HTTP/1.1" 301 467 "-" "Mozilla/5.0 AppleWebKit/537.36 (compatible; GPTBot/1.3; +https://openai.com/gptbot)"
188.194.31.5 - - [03/Feb/2026:01:06:08 +0000] "GET /data.json HTTP/1.1" 304 153 "-" "Mozilla/5.0 AppleWebKit/537.36 (compatible; GPTBot/1.3; +https://openai.com/gptbot)"
82.35.167.49 - - [03/Feb/2026:01:06:40 +0000] "GET /app.js HTTP/1.1" 200 52185 "-" "Mozilla/5.0 (compatible; Googlebot/2.1; +http://www.google.com/bot.html)"
149.37.222.138 - - [03/Feb/2026:01:07:10 +0000] "GET / HTTP/1.1" 200 69291 "-" "Mozilla/5.0 (compatible; bingbot/2.0; +http://www.bing.com/bingbot.htm)"
149.37.222.138 - - [03/Feb/2026:01:10:08 +0000] "GET /index.html HTTP/1.1" 200 100558 "-" "Mozilla/5.0 AppleWebKit/537.36 (compatible; GPTBot/1.3; +https://openai.com/gptbot)"
99.150.211.250 - - [03/Feb/2026:01:15:29 +0000] "GET /config HTTP/1.1" 404 248 "-" "Mozilla/5.0 (compatible; bingbot/2.0; +http://www.bing.com/bingbot.htm)"
141.57.250.8 - - [03/Feb/2026:01:16:24 +0000] "GET /app.js HTTP/1.1" 200 89547 "-" "Mozilla/5.0 AppleWebKit/537.36 (compatible; GPTBot/1.3; +https://openai.com/gptbot)"
203.225.0.215 - - [03/Feb/2026:01:18:51 +0000] "GET /sitemap.xml HTTP/1.1" 200 116526 "-" "ClaudeBot/1.0 (+https://www.anthropic.com/claudebot)"
99.132.12.102 - - [03/Feb/2026:01:19:58 +0000] "GET /sitemap.xml HTTP/1.1" 200 63273 "-" "Mozilla/5.0 (compatible; Amazonbot/0.1; +https://developer.amazon.com/support/amazonbot)"
99.170.62.78 - - [03/Feb/2026:01:20:10 +0000] "GET / HTTP/1.1" 200 61074 "-" "ClaudeBot/1.0 (+https://www.anthropic.com/claudebot)"
122.96.81.102 - - [03/Feb/2026:01:22:57 +0000] "GET /style.css HTTP/1.1" 404 493 "-" "Mozilla/5.0 (compatible; bingbot/2.0; +http://www.bing.com/bingbot.htm)"
149.37.222.138 - - [03/Feb/2026:01:24:10 +0000] "GET /sitemap.xml HTTP/1.1" 304 234 "-" "Mozilla/5.0 (compatible; Amazonbot/0.1; +https://developer.amazon.com/support/amazonbot)"
99.150.211.250 - - [03/Feb/2026:01:25:17 +0000] "GET /data.json HTTP/1.1" 200 99912 "-" "Mozilla/5.0 (compatible; Amazonbot/0.1; +https://developer.amazon.com/support/amazonbot)"
122.96.81.102 - - [03/Feb/2026:01:25:40 +0000] "GET /config HTTP/1.1" 404 497 "-" "Mozilla/5.0 (compatible; Googlebot/2.1; +http://www.google.com/bot.html)"
188.194.31.5 - - [03/Feb/2026:01:26:06 +0000] "GET /logo.png HTTP/1.1" 200 143237 "-" "Mozilla/5.0 (compatible; Amazonbot/0.1; +https://developer.amazon.com/support/amazonbot)"
171.133.45.213 - - [03/Feb/2026:01:27:23 +0000] "GET /readme.txt HTTP/1.1" 200 98377 "-" "Mozilla/5.0 (compatible; bingbot/2.0; +http://www.bing.com/bingbot.htm)"
71.138.7.233 - - [03/Feb/2026:01:29:41 +0000] "GET / HTTP/1.1" 403 42 "-" "Mozilla/5.0 (compatible; Googlebot/2.1; +http://www.google.com/bot.html)"
188.194.31.5 - - [03/Feb/2026:01:32:16 +0000] "GET / HTTP/1.1" 200 30040 "-" "ClaudeBot/1.0 (+https://www.anthropic.com/claudebot)"
99.150.211.250 - - [03/Feb/2026:01:37:42 +0000] "GET /index.html HTTP/1.1" 200 48195 "-" "Mozilla/5.0 AppleWebKit/537.36 (compatible; GPTBot/1.3; +https://openai.com/gptbot)"
122.96.81.102 - - [03/Feb/2026:01:44:08 +0000] "GET /sitemap.xml HTTP/1.1" 200 96172 "-" "ClaudeBot/1.0 (+https://www.anthropic.com/claudebot)"
60.241.196.176 - - [03/Feb/2026:01:44:35 +0000] "GET /banner.jpg HTTP/1.1" 404 237 "-" "Mozilla/5.0 (compatible; Googlebot/2.1; +http://www.google.com/bot.html)"
141.57.250.8 - - [03/Feb/2026:01:44:59 +0000] "GET /index.html HTTP/1.1" 404 30 "-" "Mozilla/5.0 (compatible; Amazonbot/0.1; +https://developer.amazon.com/support/amazonbot)"
203.225.0.215 - - [03/Feb/2026:01:46:07 +0000] "GET /config HTTP/1.1" 200 132201 "-" "Mozilla/5.0 AppleWebKit/537.36 (compatible; GPTBot/1.3; +https://openai.com/gptbot)"
141.57.250.8 - - [03/Feb/2026:01:48:55 +0000] "GET /app.js HTTP/1.1" 304 210 "-" "Mozilla/5.0 (compatible; Googlebot/2.1; +http://www.google.com/bot.html)"
203.225.0.215 - - [03/Feb/2026:01:49:06 +0000] "GET /sitemap.xml HTTP/1.1" 200 120825 "-" "ClaudeBot/1.0 (+https://www.anthropic.com/claudebot)"
171.133.45.213 - - [03/Feb/2026:01:49:48 +0000] "GET /data.json HTTP/1.1" 200 92060 "-" "Mozilla/5.0 (compatible; Googlebot/2.1; +http://www.google.com/bot.html)"
149.37.222.138 - - [03/Feb/2026:01:53:18 +0000] "GET /banner.jpg HTTP/1.1" 200 98161 "-" "Mozilla/5.0 AppleWebKit/537.36 (compatible; GPTBot/1.3; +https://openai.com/gptbot)"
99.150.211.250 - - [03/Feb/2026:01:57:46 +0000] "GET /index.html HTTP/1.1" 403 485 "-" "Mozilla/5.0 (compatible; Amazonbot/0.1; +https://developer.amazon.com/support/amazonbot)"
99.170.62.78 - - [03/Feb/2026:01:59:15 +0000] "GET /config HTTP/1.1" 200 120310 "-" "ClaudeBot/1.0 (+https://www.anthropic.com/claudebot)"
99.150.211.250 - - [03/Feb/2026:02:00:41 +0000] "GET /sitemap.xml HTTP/1.1" 200 136160 "-" "Mozilla/5.0 (compatible; bingbot/2.0; +http://www.bing.com/bingbot.htm)"
203.225.0.215 - - [03/Feb/2026:02:02:51 +0000] "GET /feed.xml HTTP/1.1" 404 256 "-" "Mozilla/5.0 AppleWebKit/537.36 (compatible; GPTBot/1.3; +https://openai.com/gptbot)"
99.132.12.102 - - [03/Feb/2026:02:04:18 +0000] "GET /feed.xml HTTP/1.1" 200 143545 "-" "ClaudeBot/1.0 (+https://www.anthropic.com/claudebot)"
60.241.196.176 - - [03/Feb/2026:02:07:55 +0000] "GET /sitemap.xml HTTP/1.1" 200 77256 "-" "Mozilla/5.0 AppleWebKit/537.36 (compatible; GPTBot/1.3; +https://openai.com/gptbot)"
203.225.0.215 - - [03/Feb/2026:02:07:58 +0000] "GET /data.json HTTP/1.1" 200 12267 "-" "Mozilla/5.0 (compatible; Amazonbot/0.1; +https://developer.amazon.com/support/amazonbot)"
99.132.12.102 - - [03/Feb/2026:02:10:33 +0000] "GET /style.css HTTP/1.1" 200 4851 "-" "Mozilla/5.0 (compatible; Googlebot/2.1; +http://www.google.com/bot.html)"
99.170.62.78 - - [03/Feb/2026:02:11:22 +0000] "GET /config HTTP/1.1" 304 7 "-" "Mozilla/5.0 AppleWebKit/537.36 (compatible; GPTBot/1.3; +https://openai.com/gptbot)"
149.37.222.138 - - [03/Feb/2026:02:13:19 +0000] "GET /logo.png HTTP/1.1" 200 125350 "-" "ClaudeBot/1.0 (+https://www.anthropic.com/claudebot)"
149.37.222.138 - - [03/Feb/2026:02:14:06 +0000] "GET /logo.png HTTP/1.1" 200 126303 "-" "Mozilla/5.0 (compatible; Amazonbot/0.1; +https://developer.amazon.com/support/amazonbot)"
122.96.81.102 - - [03/Feb/2026:02:23:48 +0000] "GET / HTTP/1.1" 200 135656 "-" "Mozilla/5.0 AppleWebKit/537.36 (compatible; GPTBot/1.3; +https://openai.com/gptbot)"
82.35.167.49 - - [03/Feb/2026:02:25:07 +0000] "GET /config HTTP/1.1" 200 101082 "-" "Mozilla/5.0 AppleWebKit/537.36 (compatible; GPTBot/1.3; +https://openai.com/gptbot)"
99.150.211.250 - - [03/Feb/2026:02:29:18 +0000] "GET /about.html HTTP/1.1" 200 92390 "-" "Mozilla/5.0 (compatible; bingbot/2.0; +http://www.bing.com/bingbot.htm)"
71.138.7.233 - - [03/Feb/2026:02:34:51 +0000] "GET /config HTTP/1.1" 200 62803 "-" "Mozilla/5.0 (compatible; Googlebot/2.1; +http://www.google.com/bot.html)"
203.225.0.215 - - [03/Feb/2026:02:34:53 +0000] "GET /banner.jpg HTTP/1.1" 200 84685 "-" "ClaudeBot/1.0 (+https://www.anthropic.com/claudebot)"
99.170.62.78 - - [03/Feb/2026:02:36:35 +0000] "GET /app.js HTTP/1.1" 301 29 "-" "Mozilla/5.0 (compatible; Googlebot/2.1; +http://www.google.com/bot.html)"
99.150.211.250 - - [03/Feb/2026:02:42:15 +0000] "GET /about.html HTTP/1.1" 403 156 "-" "Mozilla/5.0 (compatible; bingbot/2.0; +http://www.bing.com/bingbot.htm)"
203.225.0.215 - - [03/Feb/2026:02:45:44 +0000] "GET / HTTP/1.1" 301 52 "-" "Mozilla/5.0 AppleWebKit/537.36 (compatible; GPTBot/1.3; +https://openai.com/gptbot)"
188.194.31.5 - - [03/Feb/2026:02:52:37 +0000] "GET /style.css HTTP/1.1" 200 86777 "-" "ClaudeBot/1.0 (+https://www.anthropic.com/claudebot)"
122.96.81.102 - - [03/Feb/2026:02:57:55 +0000] "GET /sitemap.xml HTTP/1.1" 200 27563 "-" "Mozilla/5.0 AppleWebKit/537.36 (compatible; GPTBot/1.3; +https://openai.com/gptbot)"
99.132.12.102 - - [03/Feb/2026:03:03:36 +0000] "GET /banner.jpg HTTP/1.1" 200 133399 "-" "Mozilla/5.0 (compatible; Googlebot/2.1; +http://www.google.com/bot.html)"
141.57.250.8 - - [03/Feb/2026:03:05:38 +0000] "GET /data.json HTTP/1.1" 200 85478 "-" "Mozilla/5.0 (compatible; Googlebot/2.1; +http://www.google.com/bot.html)"
71.138.7.233 - - [03/Feb/2026:03:07:15 +0000] "GET /banner.jpg HTTP/1.1" 304 23 "-" "Mozilla/5.0 (compatible; Amazonbot/0.1; +https://developer.amazon.com/support/amazonbot)"
122.96.81.102 - - [03/Feb/2026:03:09:23 +0000] "GET /style.css HTTP/1.1" 304 297 "-" "Mozilla/5.0 (compatible; bingbot/2.0; +http://www.bing.com/bingbot.htm)"
188.194.31.5 - - [03/Feb/2026:03:12:35 +0000] "GET /sitemap.xml HTTP/1.1" 200 37696 "-" "Mozilla/5.0 (compatible; Amazonbot/0.1; +https://developer.amazon.com/support/amazonbot)"
82.35.167.49 - - [03/Feb/2026:03:12:47 +0000] "GET /style.css HTTP/1.1" 200 116809 "-" "Mozilla/5.0 AppleWebKit/537.36 (compatible; GPTBot/1.3; +https://openai.com/gptbot)"
171.133.45.213 - - [03/Feb/2026:03:14:56 +0000] "GET /banner.jpg HTTP/1.1" 200 65942 "-" "ClaudeBot/1.0 (+https://www.anthropic.com/claudebot)"
82.35.167.49 - - [03/Feb/2026:03:23:39 +0000] "GET /feed.xml HTTP/1.1" 200 81685 "-" "Mozilla/5.0 (compatible; bingbot/2.0; +http://www.bing.com/bingbot.htm)"
203.225.0.215 - - [03/Feb/2026:03:29:58 +0000] "GET /data.json HTTP/1.1" 200 35893 "-" "Mozilla/5.0 (compatible; bingbot/2.0; +http://www.bing.com/bingbot.htm)"
122.96.81.102 - - [03/Feb/2026:03:36:24 +0000] "GET /data.json HTTP/1.1" 200 57097 "-" "Mozilla/5.0 (compatible; bingbot/2.0; +http://www.bing.com/bingbot.htm)"
122.96.81.102 - - [03/Feb/2026:03:44:02 +0000] "GET /config HTTP/1.1" 200 55218 "-" "Mozilla/5.0 (compatible; Googlebot/2.1; +http://www.google.com/bot.html)"
188.194.31.5 - - [03/Feb/2026:03:47:17 +0000] "GET /app.js HTTP/1.1" 200 109063 "-" "Mozilla/5.0 (compatible; bingbot/2.0; +http://www.bing.com/bingbot.htm)"
188.194.31.5 - - [03/Feb/2026:03:48:13 +0000] "GET /banner.jpg HTTP/1.1" 404 396 "-" "Mozilla/5.0 (compatible; bingbot/2.0; +http://www.bing.com/bingbot.htm)"
82.35.167.49 - - [03/Feb/2026:03:51:22 +0000] "GET /sitemap.xml HTTP/1.1" 200 64731 "-" "Mozilla/5.0 (compatible; Amazonbot/0.1; +https://developer.amazon.com/support/amazonbot)"
203.225.0.215 - - [03/Feb/2026:03:51:25 +0000] "GET /logo.png HTTP/1.1" 200 127636 "-" "ClaudeBot/1.0 (+https://www.anthropic.com/claudebot)"
149.37.222.138 - - [03/Feb/2026:03:53:28 +0000] "GET /about.html HTTP/1.1" 200 1971 "-" "Mozilla/5.0 (compatible; Amazonbot/0.1; +https://developer.amazon.com/support/amazonbot)"
203.225.0.215 - - [03/Feb/2026:04:00:12 +0000] "GET /banner.jpg HTTP/1.1" 200 86093 "-" "Mozilla/5.0 (compatible; Googlebot/2.1; +http://www.google.com/bot.html)"
203.225.0.215 - - [03/Feb/2026:04:01:28 +0000] "GET /style.css HTTP/1.1" 200 41860 "-" "Mozilla/5.0 AppleWebKit/537.36 (compatible; GPTBot/1.3; +https://openai.com/gptbot)"
71.138.7.233 - - [03/Feb/2026:04:06:28 +0000] "GET /banner.jpg HTTP/1.1" 200 77759 "-" "Mozilla/5.0 (compatible; Googlebot/2.1; +http://www.google.com/bot.html)"
60.241.196.176 - - [03/Feb/2026:04:14:11 +0000] "GET /style.css HTTP/1.1" 200 87604 "-" "Mozilla/5.0 AppleWebKit/537.36 (compatible; GPTBot/1.3; +https://openai.com/gptbot)"
99.150.211.250 - - [03/Feb/2026:04:14:58 +0000] "GET /logo.png HTTP/1.1" 404 289 "-" "Mozilla/5.0 (compatible; bingbot/2.0; +http://www.bing.com/bingbot.htm)"
188.194.31.5 - - [03/Feb/2026:04:15:55 +0000] "GET /index.html HTTP/1.1" 200 16401 "-" "Mozilla/5.0 (compatible; Googlebot/2.1; +http://www.google.com/bot.html)"
82.35.167.49 - - [03/Feb/2026:04:19:05 +0000] "GET /style.css HTTP/1.1" 200 83705 "-" "Mozilla/5.0 (compatible; bingbot/2.0; +http://www.bing.com/bingbot.htm)"
188.194.31.5 - - [03/Feb/2026:04:19:10 +0000] "GET /app.js HTTP/1.1" 304 168 "-" "ClaudeBot/1.0 (+https://www.anthropic.com/claudebot)"
188.194.31.5 - - [03/Feb/2026:04:25:23 +0000] "GET /app.js HTTP/1.1" 200 135589 "-" "ClaudeBot/1.0 (+https://www.anthropic.com/claudebot)"
188.194.31.5 - - [03/Feb/2026:04:28:39 +0000] "GET / HTTP/1.1" 200 41661 "-" "Mozilla/5.0 (compatible; Amazonbot/0.1; +https://developer.amazon.com/support/amazonbot)"
171.133.45.213 - - [03/Feb/2026:04:32:27 +0000] "GET / HTTP/1.1" 200 112198 "-" "Mozilla/5.0 (compatible; Googlebot/2.1; +http://www.google.com/bot.html)"
82.35.167.49 - - [03/Feb/2026:04:34:01 +0000] "GET /index.html HTTP/1.1" 200 119323 "-" "Mozilla/5.0 (compatible; Googlebot/2.1; +http://www.google.com/bot.html)"
122.96.81.102 - - [03/Feb/2026:04:34:49 +0000] "GET /index.html HTTP/1.1" 403 172 "-" "Mozilla/5.0 AppleWebKit/537.36 (compatible; GPTBot/1.3; +https://openai.com/gptbot)"
99.150.211.250 - - [03/Feb/2026:04:37:16 +0000] "GET /about.html HTTP/1.1" 200 92563 "-" "Mozilla/5.0 (compatible; Googlebot/2.1; +http://www.google.com/bot.html)"
82.35.167.49 - - [03/Feb/2026:04:50:14 +0000] "GET /index.html HTTP/1.1" 200 9032 "-" "Mozilla/5.0 (compatible; Amazonbot/0.1; +https://developer.amazon.com/support/amazonbot)"
188.194.31.5 - - [03/Feb/2026:04:53:21 +0000] "GET /data.json HTTP/1.1" 200 58795 "-" "ClaudeBot/1.0 (+https://www.anthropic.com/claudebot)"
71.138.7.233 - - [03/Feb/2026:04:55:35 +0000] "GET /app.js HTTP/1.1" 200 23853 "-" "Mozilla/5.0 AppleWebKit/537.36 (compatible; GPTBot/1.3; +https://openai.com/gptbot)"
141.57.250.8 - - [03/Feb/2026:04:57:02 +0000] "GET /readme.txt HTTP/1.1" 200 72377 "-" "Mozilla/5.0 (compatible; Googlebot/2.1; +http://www.google.com/bot.html)"
122.96.81.102 - - [03/Feb/2026:04:59:44 +0000] "GET /sitemap.xml HTTP/1.1" 404 456 "-" "Mozilla/5.0 (compatible; Googlebot/2.1; +http://www.google.com/bot.html)"
122.96.81.102 - - [03/Feb/2026:05:01:27 +0000] "GET /index.html HTTP/1.1" 200 84643 "-" "Mozilla/5.0 (compatible; bingbot/2.0; +http://www.bing.com/bingbot.htm)"
99.170.62.78 - - [03/Feb/2026:05:05:20 +0000] "GET /readme.txt HTTP/1.1" 200 94071 "-" "Mozilla/5.0 AppleWebKit/537.36 (compatible; GPTBot/1.3; +https://openai.com/gptbot)"
99.150.211.250 - - [03/Feb/2026:05:05:29 +0000] "GET /readme.txt HTTP/1.1" 200 61698 "-" "Mozilla/5.0 (compatible; bingbot/2.0; +http://www.bing.com/bingbot.htm)"
141.57.250.8 - - [03/Feb/2026:05:07:49 +0000] "GET /banner.jpg HTTP/1.1" 200 133716 "-" "ClaudeBot/1.0 (+https://www.anthropic.com/claudebot)"
203.225.0.215 - - [03/Feb/2026:05:08:59 +0000] "GET /app.js HTTP/1.1" 200 23378 "-" "Mozilla/5.0 AppleWebKit/537.36 (compatible; GPTBot/1.3; +https://openai.com/gptbot)"
99.170.62.78 - - [03/Feb/2026:05:15:44 +0000] "GET /data.json HTTP/1.1" 200 55937 "-" "Mozilla/5.0 (compatible; Amazonbot/0.1; +https://developer.amazon.com/support/amazonbot)"
141.57.250.8 - - [03/Feb/2026:05:16:38 +0000] "GET /config HTTP/1.1" 200 66762 "-" "ClaudeBot/1.0 (+https://www.anthropic.com/claudebot)"
71.138.7.233 - - [03/Feb/2026:05:18:34 +0000] "GET /sitemap.xml HTTP/1.1" 200 50259 "-" "Mozilla/5.0 (compatible; Googlebot/2.1; +http://www.google.com/bot.html)"
149.37.222.138 - - [03/Feb/2026:05:19:51 +0000] "GET /app.js HTTP/1.1" 200 113019 "-" "Mozilla/5.0 (compatible; Googlebot/2.1; +http://www.google.com/bot.html)"
99.170.62.78 - - [03/Feb/2026:05:28:53 +0000] "GET /index.html HTTP/1.1" 200 147950 "-" "Mozilla/5.0 AppleWebKit/537.36 (compatible; GPTBot/1.3; +https://openai.com/gptbot)"
99.150.211.250 - - [03/Feb/2026:05:29:07 +0000] "GET /readme.txt HTTP/1.1" 200 6558 "-" "Mozilla/5.0 (compatible; Amazonbot/0.1; +https://developer.amazon.com/support/amazonbot)"
71.138.7.233 - - [03/Feb/2026:05:32:14 +0000] "GET /logo.png HTTP/1.1" 200 103694 "-" "Mozilla/5.0 (compatible; Googlebot/2.1; +http://www.google.com/bot.html)"
99.150.211.250 - - [03/Feb/2026:05:32:32 +0000] "GET /readme.txt HTTP/1.1" 404 144 "-" "Mozilla/5.0 AppleWebKit/537.36 (compatible; GPTBot/1.3; +https://openai.com/gptbot)"
122.96.81.102 - - [03/Feb/2026:05:36:07 +0000] "GET / HTTP/1.1" 404 13 "-" "ClaudeBot/1.0 (+https://www.anthropic.com/claudebot)"
203.225.0.215 - - [03/Feb/2026:05:36:32 +0000] "GET /style.css HTTP/1.1" 200 51690 "-" "ClaudeBot/1.0 (+https://www.anthropic.com/claudebot)"
82.35.167.49 - - [03/Feb/2026:05:40:58 +0000] "GET /app.js HTTP/1.1" 200 26674 "-" "Mozilla/5.0 AppleWebKit/537.36 (compatible; GPTBot/1.3; +https://openai.com/gptbot)"
60.241.196.176 - - [03/Feb/2026:05:41:48 +0000] "GET /config HTTP/1.1" 200 96964 "-" "Mozilla/5.0 (compatible; Amazonbot/0.1; +https://developer.amazon.com/support/amazonbot)"
141.57.250.8 - - [03/Feb/2026:05:43:50 +0000] "GET /index.html HTTP/1.1" 200 55740 "-" "Mozilla/5.0 (compatible; Amazonbot/0.1; +https://developer.amazon.com/support/amazonbot)"
60.241.196.176 - - [03/Feb/2026:05:51:43 +0000] "GET /logo.png HTTP/1.1" 302 17 "-" "Mozilla/5.0 (compatible; bingbot/2.0; +http://www.bing.com/bingbot.htm)"
99.132.12.102 - - [03/Feb/2026:06:00:05 +0000] "GET /about.html HTTP/1.1" 302 302 "-" "Mozilla/5.0 (compatible; Googlebot/2.1; +http://www.google.com/bot.html)"
99.170.62.78 - - [03/Feb/2026:06:00:11 +0000] "GET /data.json HTTP/1.1" 200 31222 "-" "Mozilla/5.0 AppleWebKit/537.36 (compatible; GPTBot/1.3; +https://openai.com/gptbot)"
