203.225.0.215 - - [02/Mar/2026:00:36:20 +0000] "GET /app.js HTTP/1.1" 200 89934 "-" "ClaudeBot/1.0 (+https://www.anthropic.com/claudebot)"
149.37.222.138 - - [02/Mar/2026:00:38:03 +0000] "GET /about.html HTTP/1.1" 404 347 "-" "ClaudeBot/1.0 (+https://www.anthropic.com/claudebot)"
99.170.62.78 - - [02/Mar/2026:00:39:20 +0000] "GET /sitemap.xml HTTP/1.1" 200 29738 "-" "Mozilla/5.0 (compatible; Googlebot/2.1; +http://www.google.com/bot.html)"
122.96.81.102 - - [02/Mar/2026:00:42:18 +0000] "GET /config HTTP/1.1" 200 2305 "-" "Mozilla/5.0 (compatible; Googlebot/2.1; +http://www.google.com/bot.html)"
60.241.196.176 - - [02/Mar/2026:00:46:04 +0000] "GET /about.html HTTP/1.1" 200 127738 "-" "Mozilla/5.0 (compatible; bingbot/2.0; +http://www.bing.com/bingbot.htm)"
203.225.0.215 - - [02/Mar/2026:00:48:10 +0000] "GET /readme.txt HTTP/1.1" 200 25107 "-" "ClaudeBot/1.0 (+https://www.anthropic.com/claudebot)"
149.37.222.138 - - [02/Mar/2026:00:56:27 +0000] "GET /config HTTP/1.1" 200 93124 "-" "Mozilla/5.0 (compatible; Amazonbot/0.1; +https://developer.amazon.com/support/amazonbot)"
149.37.222.138 - - [02/Mar/2026:01:01:59 +0000] "GET /about.html HTTP/1.1" 404 17 "-" "Mozilla/5.0 (compatible; Amazonbot/0.1; +https://developer.amazon.com/support/amazonbot)"
203.225.0.215 - - [02/Mar/2026:01:05:52 +0000] "GET /sitemap.xml HTTP/1.1" 200 144176 "-" "Mozilla/5.0 (compatible; bingbot/2.0; +http://www.bing.com/bingbot.htm)"
141.57.250.8 - - [02/Mar/2026:01:07:05 +0000] "GET /about.html HTTP/1.1" 404 322 "-" "Mozilla/5.0 AppleWebKit/537.36 (compatible; GPTBot/1.3; +https://openai.com/gptbot)"
122.96.81.102 - - [02/Mar/2026:01:09:22 +0000] "GET /readme.txt HTTP/1.1" 200 112237 "-" "Mozilla/5.0 (compatible; Amazonbot/0.1; +https://developer.amazon.com/support/amazonbot)"
60.241.196.176 - - [02/Mar/2026:01:11:17 +0000] "GET /index.html HTTP/1.1" 200 125746 "-" "ClaudeBot/1.0 (+https://www.anthropic.com/claudebot)"
141.57.250.8 - - [02/Mar/2026:01:13:06 +0000] "GET /app.js HTTP/1.1" 200 67677 "-" "ClaudeBot/1.0 (+https://www.anthropic.com/claudebot)"
99.132.12.102 - - [02/Mar/2026:01:16:52 +0000] "GET /readme.txt HTTP/1.1" 200 133314 "-" "Mozilla/5.0 (compatible; Amazonbot/0.1; +https://developer.amazon.com/support/amazonbot)"
203.225.0.215 - - [02/Mar/2026:01:17:53 +0000] "GET /readme.txt HTTP/1.1" 200 86210 "-" "Mozilla/5.0 (compatible; Amazonbot/0.1; +https://developer.amazon.com/support/amazonbot)"
60.241.196.176 - - [02/Mar/2026:01:20:18 +0000] "GET /sitemap.xml HTTP/1.1" 304 212 "-" "Mozilla/5.0 (compatible; Googlebot/2.1; +http://www.google.com/bot.html)"
82.35.167.49 - - [02/Mar/2026:01:25:11 +0000] "GET /app.js HTTP/1.1" 200 147177 "-" "ClaudeBot/1.0 (+https://www.anthropic.com/claudebot)"
188.194.31.5 - - [02/Mar/2026:01:27:32 +0000] "GET / HTTP/1.1" 200 58756 "-" "Mozilla/5.0 AppleWebKit/537.36 (compatible; GPTBot/1.3; +https://openai.com/gptbot)"
188.194.31.5 - - [02/Mar/2026:01:29:58 +0000] "GET /style.css HTTP/1.1" 403 439 "-" "Mozilla/5.0 (compatible; bingbot/2.0; +http://www.bing.com/bingbot.htm)"
141.57.250.8 - - [02/Mar/2026:01:31:21 +0000] "GET /config HTTP/1.1" 200 75295 "-" "ClaudeBot/1.0 (+https://www.anthropic.com/claudebot)"
141.57.250.8 - - [02/Mar/2026:01:32:03 +0000] "GET /style.css HTTP/1.1" 304 66 "-" "Mozilla/5.0 (compatible; Amazonbot/0.1; +https://developer.amazon.com/support/amazonbot)"
71.138.7.233 - - [02/Mar/2026:01:34:54 +0000] "GET /feed.xml HTTP/1.1" 200 99675 "-" "Mozilla/5.0 AppleWebKit/537.36 (compatible; GPTBot/1.3; +https://openai.com/gptbot)"
141.57.250.8 - - [02/Mar/2026:01:37:20 +0000] "GET /feed.xml HTTP/1.1" 200 37635 "-" "Mozilla/5.0 AppleWebKit/537.36 (compatible; GPTBot/1.3; +https://openai.com/gptbot)"
188.194.31.5 - - [02/Mar/2026:01:40:51 +0000] "GET /config HTTP/1.1" 200 131563 "-" "Mozilla/5.0 AppleWebKit/537.36 (compatible; GPTBot/1.3; +https://openai.com/gptbot)"
203.225.0.215 - - [02/Mar/2026:01:40:53 +0000] "GET / HTTP/1.1" 404 354 "-" "Mozilla/5.0 (compatible; Googlebot/2.1; +http://www.google.com/bot.html)"
82.35.167.49 - - [02/Mar/2026:01:47:31 +0000] "GET /data.json HTTP/1.1" 403 93 "-" "Mozilla/5.0 (compatible; Amazonbot/0.1; +https://developer.amazon.com/support/amazonbot)"
188.194.31.5 - - [02/Mar/2026:01:47:54 +0000] "GET /feed.xml HTTP/1.1" 200 20078 "-" "Mozilla/5.0 AppleWebKit/537.36 (compatible; GPTBot/1.3; +https://openai.com/gptbot)"
71.138.7.233 - - [02/Mar/2026:01:48:49 +0000] "GET /logo.png HTTP/1.1" 200 67088 "-" "Mozilla/5.0 (compatible; Googlebot/2.1; +http://www.google.com/bot.html)"
99.170.62.78 - - [02/Mar/2026:01:48:55 +0000] "GET /data.json HTTP/1.1" 200 105620 "-" "ClaudeBot/1.0 (+https://www.anthropic.com/claudebot)"
82.35.167.49 - - [02/Mar/2026:01:49:55 +0000] "GET /data.json HTTP/1.1" 200 28697 "-" "Mozilla/5.0 AppleWebKit/537.36 (compatible; GPTBot/1.3; +https://openai.com/gptbot)"
99.170.62.78 - - [02/Mar/2026:01:51:43 +0000] "GET /app.js HTTP/1.1" 200 33273 "-" "Mozilla/5.0 (compatible; bingbot/2.0; +http://www.bing.com/bingbot.htm)"
71.138.7.233 - - [02/Mar/2026:01:53:06 +0000] "GET /style.css HTTP/1.1" 200 84328 "-" "Mozilla/5.0 AppleWebKit/537.36 (compatible; GPTBot/1.3; +https://openai.com/gptbot)"
149.37.222.138 - - [02/Mar/2026:01:53:30 +0000] "GET /config HTTP/1.1" 200 127228 "-" "Mozilla/5.0 (compatible; bingbot/2.0; +http://www.bing.com/bingbot.htm)"
82.35.167.49 - - [02/Mar/2026:01:55:57 +0000] "GET /logo.png HTTP/1.1" 404 183 "-" "ClaudeBot/1.0 (+https://www.anthropic.com/claudebot)"
122.96.81.102 - - [02/Mar/2026:01:55:59 +0000] "GET /logo.png HTTP/1.1" 304 387 "-" "Mozilla/5.0 AppleWebKit/537.36 (compatible; GPTBot/1.3; +https://openai.com/gptbot)"
141.57.250.8 - - [02/Mar/2026:01:58:48 +0000] "GET /index.html HTTP/1.1" 200 144770 "-" "ClaudeBot/1.0 (+https://www.anthropic.com/claudebot)"
99.132.12.102 - - [02/Mar/2026:02:00:00 +0000] "GET /logo.png HTTP/1.1" 200 115012 "-" "Mozilla/5.0 (compatible; Amazonbot/0.1; +https://developer.amazon.com/support/amazonbot)"
71.138.7.233 - - [02/Mar/2026:02:01:48 +0000] "GET /sitemap.xml HTTP/1.1" 404 189 "-" "Mozilla/5.0 (compatible; Amazonbot/0.1; +https://developer.amazon.com/support/amazonbot)"
122.96.81.102 - - [02/Mar/2026:02:05:06 +0000] "GET /data.json HTTP/1.1" 200 45586 "-" "Mozilla/5.0 (compatible; Googlebot/2.1; +http://www.google.com/bot.html)"
82.35.167.49 - - [02/Mar/2026:02:07:49 +0000] "GET /sitemap.xml HTTP/1.1" 200 72365 "-" "Mozilla/5.0 (compatible; Amazonbot/0.1; +https://developer.amazon.com/support/amazonbot)"
141.57.250.8 - - [02/Mar/2026:02:11:13 +0000] "GET /data.json HTTP/1.1" 200 53961 "-" "Mozilla/5.0 AppleWebKit/537.36 (compatible; GPTBot/1.3; +https://openai.com/gptbot)"
149.37.222.138 - - [02/Mar/2026:02:12:25 +0000] "GET /sitemap.xml HTTP/1.1" 200 95697 "-" "ClaudeBot/1.0 (+https://www.anthropic.com/claudebot)"
60.241.196.176 - - [02/Mar/2026:02:13:37 +0000] "GET /index.html HTTP/1.1" 200 78670 "-" "Mozilla/5.0 (compatible; Googlebot/2.1; +http://www.google.com/bot.html)"
122.96.81.102 - - [02/Mar/2026:02:14:45 +0000] "GET /index.html HTTP/1.1" 200 129405 "-" "Mozilla/5.0 (compatible; Googlebot/2.1; +http://www.google.com/bot.html)"
82.35.167.49 - - [02/Mar/2026:02:19:26 +0000] "GET /logo.png HTTP/1.1" 200 67449 "-" "Mozilla/5.0 AppleWebKit/537.36 (compatible; GPTBot/1.3; +https://openai.com/gptbot)"
71.138.7.233 - - [02/Mar/2026:02:19:49 +0000] "GET /app.js HTTP/1.1" 200 5032 "-" "ClaudeBot/1.0 (+https://www.anthropic.com/claudebot)"
171.133.45.213 - - [02/Mar/2026:02:31:22 +0000] "GET /about.html HTTP/1.1" 301 303 "-" "ClaudeBot/1.0 (+https://www.anthropic.com/claudebot)"
122.96.81.102 - - [02/Mar/2026:02:31:22 +0000] "GET /feed.xml HTTP/1.1" 200 113866 "-" "Mozilla/5.0 (compatible; Googlebot/2.1; +http://www.google.com/bot.html)"
122.96.81.102 - - [02/Mar/2026:02:35:16 +0000] "GET /logo.png HTTP/1.1" 200 29116 "-" "ClaudeBot/1.0 (+https://www.anthropic.com/claudebot)"
188.194.31.5 - - [02/Mar/2026:02:41:57 +0000] "GET /readme.txt HTTP/1.1" 200 38737 "-" "ClaudeBot/1.0 (+https://www.anthropic.com/claudebot)"
203.225.0.215 - - [02/Mar/2026:02:50:09 +0000] "GET /data.json HTTP/1.1" 200 93338 "-" "Mozilla/5.0 (compatible; bingbot/2.0; +http://www.bing.com/bingbot.htm)"
99.132.12.102 - - [02/Mar/2026:02:50:58 +0000] "GET /banner.jpg HTTP/1.1" 301 112 "-" "Mozilla/5.0 (compatible; Googlebot/2.1; +http://www.google.com/bot.html)"
82.35.167.49 - - [02/Mar/2026:02:52:09 +0000] "GET /index.html HTTP/1.1" 200 134280 "-" "Mozilla/5.0 (compatible; Googlebot/2.1; +http://www.google.com/bot.html)"
141.57.250.8 - - [02/Mar/2026:02:52:25 +0000] "GET /logo.png HTTP/1.1" 304 89 "-" "Mozilla/5.0 (compatible; bingbot/2.0; +http://www.bing.com/bingbot.htm)"
149.37.222.138 - - [02/Mar/2026:02:52:28 +0000] "GET /logo.png HTTP/1.1" 200 52057 "-" "Mozilla/5.0 (compatible; Amazonbot/0.1; +https://developer.amazon.com/support/amazonbot)"
99.150.211.250 - - [02/Mar/2026:02:56:55 +0000] "GET /banner.jpg HTTP/1.1" 200 4984 "-" "ClaudeBot/1.0 (+https://www.anthropic.com/claudebot)"
82.35.167.49 - - [02/Mar/2026:03:01:06 +0000] "GET /sitemap.xml HTTP/1.1" 200 93747 "-" "Mozilla/5.0 (compatible; Amazonbot/0.1; +https://developer.amazon.com/support/amazonbot)"
122.96.81.102 - - [02/Mar/2026:03:05:20 +0000] "GET /sitemap.xml HTTP/1.1" 200 127930 "-" "ClaudeBot/1.0 (+https://www.anthropic.com/claudebot)"
171.133.45.213 - - [02/Mar/2026:03:05:34 +0000] "GET /index.html HTTP/1.1" 200 37714 "-" "Mozilla/5.0 (compatible; Amazonbot/0.1; +https://developer.amazon.com/support/amazonbot)"
71.138.7.233 - - [02/Mar/2026:03:08:51 +0000] "GET /banner.jpg HTTP/1.1" 200 136700 "-" "ClaudeBot/1.0 (+https://www.anthropic.com/claudebot)"
71.138.7.233 - - [02/Mar/2026:03:10:02 +0000] "GET /index.html HTTP/1.1" 200 140539 "-" "Mozilla/5.0 (compatible; Amazonbot/0.1; +https://developer.amazon.com/support/amazonbot)"
99.150.211.250 - - [02/Mar/2026:03:13:32 +0000] "GET / HTTP/1.1" 301 341 "-" "Mozilla/5.0 (compatible; Googlebot/2.1; +http://www.google.com/bot.html)"
99.170.62.78 - - [02/Mar/2026:03:23:47 +0000] "GET /feed.xml HTTP/1.1" 200 35629 "-" "Mozilla/5.0 (compatible; Googlebot/2.1; +http://www.google.com/bot.html)"
82.35.167.49 - - [02/Mar/2026:03:24:42 +0000] "GET / HTTP/1.1" 404 224 "-" "Mozilla/5.0 (compatible; Googlebot/2.1; +http://www.google.com/bot.html)"
99.170.62.78 - - [02/Mar/2026:03:25:14 +0000] "GET /readme.txt HTTP/1.1" 200 141762 "-" "Mozilla/5.0 (compatible; Googlebot/2.1; +http://www.google.com/bot.html)"
203.225.0.215 - - [02/Mar/2026:03:27:54 +0000] "GET /readme.txt HTTP/1.1" 200 115646 "-" "Mozilla/5.0 (compatible; Amazonbot/0.1; +https://developer.amazon.com/support/amazonbot)"
149.37.222.138 - - [02/Mar/2026:03:30:45 +0000] "GET /style.css HTTP/1.1" 200 35192 "-" "Mozilla/5.0 (compatible; Amazonbot/0.1; +https://developer.amazon.com/support/amazonbot)"
141.57.250.8 - - [02/Mar/2026:03:33:01 +0000] "GET /config HTTP/1.1" 404 298 "-" "Mozilla/5.0 (compatible; Googlebot/2.1; +http://www.google.com/bot.html)"
99.150.211.250 - - [02/Mar/2026:03:34:11 +0000] "GET / HTTP/1.1" 200 84897 "-" "Mozilla/5.0 (compatible; bingbot/2.0; +http://www.bing.com/bingbot.htm)"
99.150.211.250 - - [02/Mar/2026:03:35:43 +0000] "GET /data.json HTTP/1.1" 304 296 "-" "Mozilla/5.0 AppleWebKit/537.36 (compatible; GPTBot/1.3; +https://openai.com/gptbot)"
141.57.250.8 - - [02/Mar/2026:03:39:31 +0000] "GET /data.json HTTP/1.1" 200 68921 "-" "Mozilla/5.0 (compatible; Amazonbot/0.1; +https://developer.amazon.com/support/amazonbot)"
141.57.250.8 - - [02/Mar/2026:03:39:39 +0000] "GET /logo.png HTTP/1.1" 404 85 "-" "Mozilla/5.0 (compatible; Googlebot/2.1; +http://www.google.com/bot.html)"
99.170.62.78 - - [02/Mar/2026:03:39:59 +0000] "GET / HTTP/1.1" 200 124517 "-" "Mozilla/5.0 (compatible; Amazonbot/0.1; +https://developer.amazon.com/support/amazonbot)"
99.132.12.102 - - [02/Mar/2026:03:44:34 +0000] "GET /sitemap.xml HTTP/1.1" 200 143967 "-" "Mozilla/5.0 (compatible; Googlebot/2.1; +http://www.google.com/bot.html)"
188.194.31.5 - - [02/Mar/2026:03:44:51 +0000] "GET /config HTTP/1.1" 302 194 "-" "Mozilla/5.0 AppleWebKit/537.36 (compatible; GPTBot/1.3; +https://openai.com/gptbot)"
122.96.81.102 - - [02/Mar/2026:03:45:57 +0000] "GET /config HTTP/1.1" 200 112667 "-" "ClaudeBot/1.0 (+https://www.anthropic.com/claudebot)"
99.132.12.102 - - [02/Mar/2026:03:50:28 +0000] "GET / HTTP/1.1" 200 48905 "-" "ClaudeBot/1.0 (+https://www.anthropic.com/claudebot)"
141.57.250.8 - - [02/Mar/2026:03:50:31 +0000] "GET /data.json HTTP/1.1" 304 260 "-" "Mozilla/5.0 AppleWebKit/537.36 (compatible; GPTBot/1.3; +https://openai.com/gptbot)"
99.150.211.250 - - [02/Mar/2026:03:50:55 +0000] "GET /about.html HTTP/1.1" 200 112209 "-" "Mozilla/5.0 AppleWebKit/537.36 (compatible; GPTBot/1.3; +https://openai.com/gptbot)"
99.170.62.78 - - [02/Mar/2026:03:54:14 +0000] "GET /index.html HTTP/1.1" 200 1746 "-" "Mozilla/5.0 (compatible; bingbot/2.0; +http://www.bing.com/bingbot.htm)"
122.96.81.102 - - [02/Mar/2026:04:04:05 +0000] "GET /index.html HTTP/1.1" 404 354 "-" "Mozilla/5.0 (compatible; Googlebot/2.1; +http://www.google.com/bot.html)"
141.57.250.8 - - [02/Mar/2026:04:06:46 +0000] "GET /style.css HTTP/1.1" 302 288 "-" "Mozilla/5.0 (compatible; Amazonbot/0.1; +https://developer.amazon.com/support/amazonbot)"
188.194.31.5 - - [02/Mar/2026:04:08:23 +0000] "GET /sitemap.xml HTTP/1.1" 200 40842 "-" "ClaudeBot/1.0 (+https://www.anthropic.com/claudebot)"
99.132.12.102 - - [02/Mar/2026:04:11:24 +0000] "GET /config HTTP/1.1" 200 143643 "-" "Mozilla/5.0 (compatible; Googlebot/2.1; +http://www.google.com/bot.html)"
71.138.7.233 - - [02/Mar/2026:04:11:49 +0000] "GET /logo.png HTTP/1.1" 200 31117 "-" "Mozilla/5.0 AppleWebKit/537.36 (compatible; GPTBot/1.3; +https://openai.com/gptbot)"
141.57.250.8 - - [02/Mar/2026:04:11:54 +0000] "GET /readme.txt HTTP/1.1" 200 148347 "-" "Mozilla/5.0 (compatible; Amazonbot/0.1; +https://developer.amazon.com/support/amazonbot)"
99.132.12.102 - - [02/Mar/2026:04:12:56 +0000] "GET /banner.jpg HTTP/1.1" 200 961 "-" "Mozilla/5.0 (compatible; bingbot/2.0; +http://www.bing.com/bingbot.htm)"
122.96.81.102 - - [02/Mar/2026:04:14:58 +0000] "GET /config HTTP/1.1" 200 53106 "-" "Mozilla/5.0 AppleWebKit/537.36 (compatible; GPTBot/1.3; +https://openai.com/gptbot)"
82.35.167.49 - - [02/Mar/2026:04:18:24 +0000] "GET /readme.txt HTTP/1.1" 200 70272 "-" "Mozilla/5.0 (compatible; Googlebot/2.1; +http://www.google.com/bot.html)"
122.96.81.102 - - [02/Mar/2026:04:22:59 +0000] "GET / HTTP/1.1" 200 6621 "-" "Mozilla/5.0 (compatible; Googlebot/2.1; +http://www.google.com/bot.html)"
141.57.250.8 - - [02/Mar/2026:04:29:44 +0000] "GET /about.html HTTP/1.1" 200 136757 "-" "ClaudeBot/1.0 (+https://www.anthropic.com/claudebot)"
188.194.31.5 - - [02/Mar/2026:04:34:11 +0000] "GET /about.html HTTP/1.1" 200 52476 "-" "Mozilla/5.0 (compatible; Amazonbot/0.1; +https://developer.amazon.com/support/amazonbot)"
82.35.167.49 - - [02/Mar/2026:04:35:35 +0000] "GET /banner.jpg HTTP/1.1" 302 144 "-" "Mozilla/5.0 (compatible; Googlebot/2.1; +http://www.google.com/bot.html)"
99.132.12.102 - - [02/Mar/2026:04:37:19 +0000] "GET / HTTP/1.1" 200 105809 "-" "Mozilla/5.0 (compatible; Googlebot/2.1; +http://www.google.com/bot.html)"
99.170.62.78 - - [02/Mar/2026:04:38:28 +0000] "GET /app.js HTTP/1.1" 304 233 "-" "Mozilla/5.0 (compatible; Amazonbot/0.1; +https://developer.amazon.com/support/amazonbot)"
149.37.222.138 - - [02/Mar/2026:04:42:19 +0000] "GET / HTTP/1.1" 200 90266 "-" "ClaudeBot/1.0 (+https://www.anthropic.com/claudebot)"
60.241.196.176 - - [02/Mar/2026:04:43:06 +0000] "GET /config HTTP/1.1" 200 35542 "-" "Mozilla/5.0 AppleWebKit/537.36 (compatible; GPTBot/1.3; +https://openai.com/gptbot)"
82.35.167.49 - - [02/Mar/2026:04:43:47 +0000] "GET /index.html HTTP/1.1" 404 498 "-" "Mozilla/5.0 (compatible; bingbot/2.0; +http://www.bing.com/bingbot.htm)"
99.170.62.78 - - [02/Mar/2026:04:48:35 +0000] "GET /banner.jpg HTTP/1.1" 200 50319 "-" "Mozilla/5.0 (compatible; Googlebot/2.1; +http://www.google.com/bot.html)"
82.35.167.49 - - [02/Mar/2026:04:53:52 +0000] "GET /readme.txt HTTP/1.1" 302 318 "-" "ClaudeBot/1.0 (+https://www.anthropic.com/claudebot)"
171.133.45.213 - - [02/Mar/2026:04:56:13 +0000] "GET /sitemap.xml HTTP/1.1" 200 148380 "-" "Mozilla/5.0 AppleWebKit/537.36 (compatible; GPTBot/1.3; +https://openai.com/gptbot)"
99.132.12.102 - - [02/Mar/2026:05:04:57 +0000] "GET /about.html HTTP/1.1" 200 34852 "-" "Mozilla/5.0 (compatible; Googlebot/2.1; +http://www.google.com/bot.html)"
99.150.211.250 - - [02/Mar/2026:05:08:05 +0000] "GET /data.json HTTP/1.1" 404 469 "-" "ClaudeBot/1.0 (+https://www.anthropic.com/claudebot)"
122.96.81.102 - - [02/Mar/2026:05:10:03 +0000] "GET /logo.png HTTP/1.1" 200 17268 "-" "Mozilla/5.0 (compatible; Googlebot/2.1; +http://www.google.com/bot.html)"
99.132.12.102 - - [02/Mar/2026:05:13:36 +0000] "GET /readme.txt HTTP/1.1" 200 44687 "-" "ClaudeBot/1.0 (+https://www.anthropic.com/claudebot)"
171.133.45.213 - - [02/Mar/2026:05:14:58 +0000] "GET / HTTP/1.1" 404 294 "-" "Mozilla/5.0 (compatible; bingbot/2.0; +http://www.bing.com/bingbot.htm)"
171.133.45.213 - - [02/Mar/2026:05:18:20 +0000] "GET /banner.jpg HTTP/1.1" 200 74754 "-" "Mozilla/5.0 (compatible; bingbot/2.0; +http://www.bing.com/bingbot.htm)"
99.150.211.250 - - [02/Mar/2026:05:20:42 +0000] "GET /logo.png HTTP/1.1" 200 32246 "-" "Mozilla/5.0 (compatible; Googlebot/2.1; +http://www.google.com/bot.html)"
171.133.45.213 - - [02/Mar/2026:05:28:29 +0000] "GET /config HTTP/1.1" 200 50777 "-" "Mozilla/5.0 AppleWebKit/537.36 (compatible; GPTBot/1.3; +https://openai.com/gptbot)"
149.37.222.138 - - [02/Mar/2026:05:29:45 +0000] "GET /banner.jpg HTTP/1.1" 200 38537 "-" "ClaudeBot/1.0 (+https://www.anthropic.com/claudebot)"
71.138.7.233 - - [02/Mar/2026:05:31:01 +0000] "GET / HTTP/1.1" 200 131928 "-" "Mozilla/5.0 (compatible; Amazonbot/0.1; +https://developer.amazon.com/support/amazonbot)"
188.194.31.5 - - [02/Mar/2026:05:32:37 +0000] "GET /index.html HTTP/1.1" 304 343 "-" "Mozilla/5.0 (compatible; Googlebot/2.1; +http://www.google.com/bot.html)"
99.170.62.78 - - [02/Mar/2026:05:37:24 +0000] "GET /readme.txt HTTP/1.1" 200 130237 "-" "Mozilla/5.0 (compatible; Googlebot/2.1; +http://www.google.com/bot.html)"
203.225.0.215 - - [02/Mar/2026:05:42:47 +0000] "GET /feed.xml HTTP/1.1" 200 13122 "-" "ClaudeBot/1.0 (+https://www.anthropic.com/claudebot)"
171.133.45.213 - - [02/Mar/2026:05:44:43 +0000] "GET /config HTTP/1.1" 200 64414 "-" "ClaudeBot/1.0 (+https://www.anthropic.com/claudebot)"
171.133.45.213 - - [02/Mar/2026:05:48:59 +0000] "GET /sitemap.xml HTTP/1.1" 301 481 "-" "Mozilla/5.0 (compatible; Amazonbot/0.1; +https://developer.amazon.com/support/amazonbot)"
171.133.45.213 - - [02/Mar/2026:05:51:12 +0000] "GET /app.js HTTP/1.1" 200 128701 "-" "Mozilla/5.0 (compatible; bingbot/2.0; +http://www.bing.com/bingbot.htm)"
71.138.7.233 - - [02/Mar/2026:05:59:23 +0000] "GET / HTTP/1.1" 200 47551 "-" "Mozilla/5.0 (compatible; Amazonbot/0.1; +https://developer.amazon.com/support/amazonbot)"
60.241.196.176 - - [02/Mar/2026:06:05:17 +0000] "GET /about.html HTTP/1.1" 200 131997 "-" "Mozilla/5.0 AppleWebKit/537.36 (compatible; GPTBot/1.3; +https://openai.com/gptbot)"
71.138.7.233 - - [02/Mar/2026:06:11:36 +0000] "GET /sitemap.xml HTTP/1.1" 200 20484 "-" "Mozilla/5.0 (compatible; Googlebot/2.1; +http://www.google.com/bot.html)"
60.241.196.176 - - [02/Mar/2026:06:12:18 +0000] "GET /feed.xml HTTP/1.1" 200 145549 "-" "Mozilla/5.0 (compatible; Googlebot/2.1; +http://www.google.com/bot.html)"
188.194.31.5 - - [02/Mar/2026:06:13:17 +0000] "GET /data.json HTTP/1.1" 200 99219 "-" "Mozilla/5.0 (compatible; Googlebot/2.1; +http://www.google.com/bot.html)"
188.194.31.5 - - [02/Mar/2026:06:28:45 +0000] "GET /style.css HTTP/1.1" 304 458 "-" "Mozilla/5.0 AppleWebKit/537.36 (compatible; GPTBot/1.3; +https://openai.com/gptbot)"
99.170.62.78 - - [02/Mar/2026:06:29:19 +0000] "GET /about.html HTTP/1.1" 200 5337 "-" "Mozilla/5.0 (compatible; Googlebot/2.1; +http://www.google.com/bot.html)"
99.150.211.250 - - [02/Mar/2026:06:30:44 +0000] "GET /feed.xml HTTP/1.1" 301 304 "-" "Mozilla/5.0 (compatible; Googlebot/2.1; +http://www.google.com/bot.html)"
149.37.222.138 - - [02/Mar/2026:06:32:47 +0000] "GET /data.json HTTP/1.1" 200 129453 "-" "Mozilla/5.0 AppleWebKit/537.36 (compatible; GPTBot/1.3; +https://openai.com/gptbot)"
99.150.211.250 - - [02/Mar/2026:06:35:40 +0000] "GET /logo.png HTTP/1.1" 200 61705 "-" "Mozilla/5.0 (compatible; Googlebot/2.1; +http://www.google.com/bot.html)"
149.37.222.138 - - [02/Mar/2026:06:38:07 +0000] "GET /feed.xml HTTP/1.1" 200 58057 "-" "Mozilla/5.0 (compatible; Amazonbot/0.1; +https://developer.amazon.com/support/amazonbot)"
171.133.45.213 - - [02/Mar/2026:06:38:14 +0000] "GET /style.css HTTP/1.1" 200 90299 "-" "Mozilla/5.0 (compatible; bingbot/2.0; +http://www.bing.com/bingbot.htm)"
171.133.45.213 - - [02/Mar/2026:06:38:53 +0000] "GET /banner.jpg HTTP/1.1" 200 3970 "-" "ClaudeBot/1.0 (+https://www.anthropic.com/claudebot)"
122.96.81.102 - - [02/Mar/2026:06:40:20 +0000] "GET /app.js HTTP/1.1" 200 26342 "-" "Mozilla/5.0 (compatible; Amazonbot/0.1; +https://developer.amazon.com/support/amazonbot)"
99.170.62.78 - - [02/Mar/2026:06:40:44 +0000] "GET /app.js HTTP/1.1" 200 33474 "-" "Mozilla/5.0 (compatible; Googlebot/2.1; +http://www.google.com/bot.html)"
82.35.167.49 - - [02/Mar/2026:06:41:09 +0000] "GET / HTTP/1.1" 403 355 "-" "Mozilla/5.0 (compatible; Amazonbot/0.1; +https://developer.amazon.com/support/amazonbot)"
141.57.250.8 - - [02/Mar/2026:06:41:42 +0000] "GET /feed.xml HTTP/1.1" 302 112 "-" "Mozilla/5.0 (compatible; Amazonbot/0.1; +https://developer.amazon.com/support/amazonbot)"
99.132.12.102 - - [02/Mar/2026:06:46:14 +0000] "GET /data.json HTTP/1.1" 200 91753 "-" "Mozilla/5.0 (compatible; Googlebot/2.1; +http://www.google.com/bot.html)"
141.57.250.8 - - [02/Mar/2026:06:47:16 +0000] "GET /config HTTP/1.1" 200 69381 "-" "Mozilla/5.0 (compatible; Amazonbot/0.1; +https://developer.amazon.com/support/amazonbot)"
82.35.167.49 - - [02/Mar/2026:06:49:24 +0000] "GET / HTTP/1.1" 200 14469 "-" "Mozilla/5.0 (compatible; Amazonbot/0.1; +https://developer.amazon.com/support/amazonbot)"
99.150.211.250 - - [02/Mar/2026:06:50:43 +0000] "GET /sitemap.xml HTTP/1.1" 200 143696 "-" "Mozilla/5.0 (compatible; Amazonbot/0.1; +https://developer.amazon.com/support/amazonbot)"
171.133.45.213 - - [02/Mar/2026:06:52:48 +0000] "GET / HTTP/1.1" 403 400 "-" "Mozilla/5.0 (compatible; bingbot/2.0; +http://www.bing.com/bingbot.htm)"
141.57.250.8 - - [02/Mar/2026:07:00:00 +0000] "GET /index.html HTTP/1.1" 404 267 "-" "Mozilla/5.0 AppleWebKit/537.36 (compatible; GPTBot/1.3; +https://openai.com/gptbot)"
171.133.45.213 - - [02/Mar/2026:07:00:59 +0000] "GET /index.html HTTP/1.1" 200 148593 "-" "Mozilla/5.0 (compatible; Googlebot/2.1; +http://www.google.com/bot.html)"
71.138.7.233 - - [02/Mar/2026:07:03:47 +0000] "GET /feed.xml HTTP/1.1" 200 4027 "-" "Mozilla/5.0 (compatible; bingbot/2.0; +http://www.bing.com/bingbot.htm)"
99.132.12.102 - - [02/Mar/2026:07:08:54 +0000] "GET /feed.xml HTTP/1.1" 200 113921 "-" "Mozilla/5.0 (compatible; Amazonbot/0.1; +https://developer.amazon.com/support/amazonbot)"
99.150.211.250 - - [02/Mar/2026:07:09:39 +0000] "GET /index.html HTTP/1.1" 304 76 "-" "Mozilla/5.0 (compatible; Googlebot/2.1; +http://www.google.com/bot.html)"
141.57.250.8 - - [02/Mar/2026:07:20:13 +0000] "GET /app.js HTTP/1.1" 200 89298 "-" "Mozilla/5.0 (compatible; Amazonbot/0.1; +https://developer.amazon.com/support/amazonbot)"
99.132.12.102 - - [02/Mar/2026:07:22:02 +0000] "GET /app.js HTTP/1.1" 200 23903 "-" "Mozilla/5.0 (compatible; bingbot/2.0; +http://www.bing.com/bingbot.htm)"
203.225.0.215 - - [02/Mar/2026:07:39:22 +0000] "GET /data.json HTTP/1.1" 200 139361 "-" "ClaudeBot/1.0 (+https://www.anthropic.com/claudebot)"
171.133.45.213 - - [02/Mar/2026:07:40:02 +0000] "GET /readme.txt HTTP/1.1" 200 136103 "-" "Mozilla/5.0 (compatible; bingbot/2.0; +http://www.bing.com/bingbot.htm)"
188.194.31.5 - - [02/Mar/2026:07:47:32 +0000] "GET /banner.jpg HTTP/1.1" 301 155 "-" "Mozilla/5.0 (compatible; Amazonbot/0.1; +https://developer.amazon.com/support/amazonbot)"
141.57.250.8 - - [02/Mar/2026:07:47:41 +0000] "GET / HTTP/1.1" 200 71211 "-" "Mozilla/5.0 (compatible; bingbot/2.0; +http://www.bing.com/bingbot.htm)"
99.170.62.78 - - [02/Mar/2026:07:50:29 +0000] "GET /config HTTP/1.1" 304 259 "-" "Mozilla/5.0 (compatible; bingbot/2.0; +http://www.bing.com/bingbot.htm)"
203.225.0.215 - - [02/Mar/2026:07:50:56 +0000] "GET /feed.xml HTTP/1.1" 403 176 "-" "Mozilla/5.0 (compatible; Amazonbot/0.1; +https://developer.amazon.com/support/amazonbot)"
203.225.0.215 - - [02/Mar/2026:07:58:24 +0000] "GET /readme.txt HTTP/1.1" 200 119536 "-" "ClaudeBot/1.0 (+https://www.anthropic.com/claudebot)"
188.194.31.5 - - [02/Mar/2026:07:59:35 +0000] "GET /config HTTP/1.1" 200 24155 "-" "Mozilla/5.0 (compatible; bingbot/2.0; +http://www.bing.com/bingbot.htm)"
149.37.222.138 - - [02/Mar/2026:08:01:55 +0000] "GET /app.js HTTP/1.1" 304 139 "-" "Mozilla/5.0 (compatible; Amazonbot/0.1; +https://developer.amazon.com/support/amazonbot)"
171.133.45.213 - - [02/Mar/2026:08:03:24 +0000] "GET /sitemap.xml HTTP/1.1" 200 67790 "-" "Mozilla/5.0 (compatible; bingbot/2.0; +http://www.bing.com/bingbot.htm)"
203.225.0.215 - - [02/Mar/2026:08:04:19 +0000] "GET / HTTP/1.1" 404 454 "-" "Mozilla/5.0 AppleWebKit/537.36 (compatible; GPTBot/1.3; +https://openai.com/gptbot)"
71.138.7.233 - - [02/Mar/2026:08:14:45 +0000] "GET /sitemap.xml HTTP/1.1" 200 25180 "-" "Mozilla/5.0 (compatible; Amazonbot/0.1; +https://developer.amazon.com/support/amazonbot)"
188.194.31.5 - - [02/Mar/2026:08:22:09 +0000] "GET /style.css HTTP/1.1" 200 144042 "-" "Mozilla/5.0 (compatible; Amazonbot/0.1; +https://developer.amazon.com/support/amazonbot)"
99.132.12.102 - - [02/Mar/2026:08:22:37 +0000] "GET /config HTTP/1.1" 304 255 "-" "Mozilla/5.0 AppleWebKit/537.36 (compatible; GPTBot/1.3; +https://openai.com/gptbot)"
188.194.31.5 - - [02/Mar/2026:08:22:46 +0000] "GET /sitemap.xml HTTP/1.1" 200 75131 "-" "Mozilla/5.0 (compatible; Amazonbot/0.1; +https://developer.amazon.com/support/amazonbot)"
82.35.167.49 - - [02/Mar/2026:08:28:03 +0000] "GET /sitemap.xml HTTP/1.1" 200 149920 "-" "Mozilla/5.0 (compatible; bingbot/2.0; +http://www.bing.com/bingbot.htm)"
171.133.45.213 - - [02/Mar/2026:08:28:23 +0000] "GET /sitemap.xml HTTP/1.1" 200 64939 "-" "Mozilla/5.0 (compatible; bingbot/2.0; +http://www.bing.com/bingbot.htm)"
122.96.81.102 - - [02/Mar/2026:08:28:36 +0000] "GET /config HTTP/1.1" 404 231 "-" "Mozilla/5.0 (compatible; Amazonbot/0.1; +https://developer.amazon.com/support/amazonbot)"
188.194.31.5 - - [02/Mar/2026:08:30:14 +0000] "GET /sitemap.xml HTTP/1.1" 200 35383 "-" "ClaudeBot/1.0 (+https://www.anthropic.com/claudebot)"
99.150.211.250 - - [02/Mar/2026:08:35:10 +0000] "GET /data.json HTTP/1.1" 200 106899 "-" "Mozilla/5.0 (compatible; Amazonbot/0.1; +https://developer.amazon.com/support/amazonbot)"
82.35.167.49 - - [02/Mar/2026:08:36:56 +0000] "GET /readme.txt HTTP/1.1" 404 231 "-" "Mozilla/5.0 AppleWebKit/537.36 (compatible; GPTBot/1.3; +https://openai.com/gptbot)"
122.96.81.102 - - [02/Mar/2026:08:40:23 +0000] "GET /index.html HTTP/1.1" 200 105013 "-" "Mozilla/5.0 (compatible; bingbot/2.0; +http://www.bing.com/bingbot.htm)"
188.194.31.5 - - [02/Mar/2026:08:44:42 +0000] "GET /app.js HTTP/1.1" 200 138401 "-" "Mozilla/5.0 (compatible; bingbot/2.0; +http://www.bing.com/bingbot.htm)"
99.150.211.250 - - [02/Mar/2026:08:45:08 +0000] "GET / HTTP/1.1" 200 45593 "-" "Mozilla/5.0 (compatible; bingbot/2.0; +http://www.bing.com/bingbot.htm)"
149.37.222.138 - - [02/Mar/2026:08:46:38 +0000] "GET /config HTTP/1.1" 302 46 "-" "Mozilla/5.0 AppleWebKit/537.36 (compatible; GPTBot/1.3; +https://openai.com/gptbot)"
122.96.81.102 - - [02/Mar/2026:08:53:51 +0000] "GET /config HTTP/1.1" 200 16244 "-" "Mozilla/5.0 (compatible; Googlebot/2.1; +http://www.google.com/bot.html)"
99.132.12.102 - - [02/Mar/2026:08:56:22 +0000] "GET /banner.jpg HTTP/1.1" 200 95632 "-" "Mozilla/5.0 (compatible; Googlebot/2.1; +http://www.google.com/bot.html)"
99.132.12.102 - - [02/Mar/2026:08:56:32 +0000] "GET /data.json HTTP/1.1" 200 18056 "-" "ClaudeBot/1.0 (+https://www.anthropic.com/claudebot)"
122.96.81.102 - - [02/Mar/2026:08:57:04 +0000] "GET /sitemap.xml HTTP/1.1" 200 30885 "-" "Mozilla/5.0 (compatible; bingbot/2.0; +http://www.bing.com/bingbot.htm)"
122.96.81.102 - - [02/Mar/2026:08:58:34 +0000] "GET /app.js HTTP/1.1" 304 251 "-" "Mozilla/5.0 (compatible; Googlebot/2.1; +http://www.google.com/bot.html)"
203.225.0.215 - - [02/Mar/2026:08:59:52 +0000] "GET /banner.jpg HTTP/1.1" 404 434 "-" "Mozilla/5.0 (compatible; Amazonbot/0.1; +https://developer.amazon.com/support/amazonbot)"
188.194.31.5 - - [02/Mar/2026:09:01:43 +0000] "GET /banner.jpg HTTP/1.1" 403 194 "-" "Mozilla/5.0 (compatible; Amazonbot/0.1; +https://developer.amazon.com/support/amazonbot)"
203.225.0.215 - - [02/Mar/2026:09:12:54 +0000] "GET /about.html HTTP/1.1" 404 467 "-" "Mozilla/5.0 AppleWebKit/537.36 (compatible; GPTBot/1.3; +https://openai.com/gptbot)"
99.170.62.78 - - [02/Mar/2026:09:22:36 +0000] "GET / HTTP/1.1" 200 140959 "-" "Mozilla/5.0 AppleWebKit/537.36 (compatible; GPTBot/1.3; +https://openai.com/gptbot)"
149.37.222.138 - - [02/Mar/2026:09:23:38 +0000] "GET /data.json HTTP/1.1" 200 88919 "-" "Mozilla/5.0 (compatible; Googlebot/2.1; +http://www.google.com/bot.html)"
149.37.222.138 - - [02/Mar/2026:09:28:38 +0000] "GET /readme.txt HTTP/1.1" 200 78930 "-" "Mozilla/5.0 (compatible; bingbot/2.0; +http://www.bing.com/bingbot.htm)"
188.194.31.5 - - [02/Mar/2026:09:30:43 +0000] "GET /index.html HTTP/1.1" 200 6015 "-" "Mozilla/5.0 (compatible; Amazonbot/0.1; +https://developer.amazon.com/support/amazonbot)"
141.57.250.8 - - [02/Mar/2026:09:30:46 +0000] "GET /index.html HTTP/1.1" 200 33478 "-" "Mozilla/5.0 (compatible; Googlebot/2.1; +http://www.google.com/bot.html)"
82.35.167.49 - - [02/Mar/2026:09:35:45 +0000] "GET /style.css HTTP/1.1" 200 104090 "-" "Mozilla/5.0 (compatible; Googlebot/2.1; +http://www.google.com/bot.html)"
82.35.167.49 - - [02/Mar/2026:09:35:49 +0000] "GET /readme.txt HTTP/1.1" 304 430 "-" "Mozilla/5.0 AppleWebKit/537.36 (compatible; GPTBot/1.3; +https://openai.com/gptbot)"
122.96.81.102 - - [02/Mar/2026:09:36:33 +0000] "GET /logo.png HTTP/1.1" 200 44748 "-" "Mozilla/5.0 (compatible; bingbot/2.0; +http://www.bing.com/bingbot.htm)"
71.138.7.233 - - [02/Mar/2026:09:36:51 +0000] "GET /index.html HTTP/1.1" 200 45160 "-" "Mozilla/5.0 (compatible; Googlebot/2.1; +http://www.google.com/bot.html)"
99.150.211.250 - - [02/Mar/2026:09:39:45 +0000] "GET /index.html HTTP/1.1" 200 37305 "-" "Mozilla/5.0 (compatible; Googlebot/2.1; +http://www.google.com/bot.html)"
99.132.12.102 - - [02/Mar/2026:09:42:50 +0000] "GET /feed.xml HTTP/1.1" 200 44968 "-" "Mozilla/5.0 AppleWebKit/537.36 (compatible; GPTBot/1.3; +https://openai.com/gptbot)"
203.225.0.215 - - [02/Mar/2026:09:46:39 +0000] "GET /readme.txt HTTP/1.1" 200 103435 "-" "Mozilla/5.0 (compatible; bingbot/2.0; +http://www.bing.com/bingbot.htm)"
122.96.81.102 - - [02/Mar/2026:09:47:00 +0000] "GET /style.css HTTP/1.1" 200 34467 "-" "Mozilla/5.0 (compatible; bingbot/2.0; +http://www.bing.com/bingbot.htm)"
203.225.0.215 - - [02/Mar/2026:09:48:42 +0000] "GET /logo.png HTTP/1.1" 200 54837 "-" "Mozilla/5.0 AppleWebKit/537.36 (compatible; GPTBot/1.3; +https://openai.com/gptbot)"
171.133.45.213 - - [02/Mar/2026:09:48:59 +0000] "GET /readme.txt HTTP/1.1" 200 18551 "-" "ClaudeBot/1.0 (+https://www.anthropic.com/claudebot)"
149.37.222.138 - - [02/Mar/2026:09:50:34 +0000] "GET /data.json HTTP/1.1" 200 83686 "-" "Mozilla/5.0 AppleWebKit/537.36 (compatible; GPTBot/1.3; +https://openai.com/gptbot)"
71.138.7.233 - - [02/Mar/2026:09:52:23 +0000] "GET /data.json HTTP/1.1" 200 125609 "-" "Mozilla/5.0 AppleWebKit/537.36 (compatible; GPTBot/1.3; +https://openai.com/gptbot)"
149.37.222.138 - - [02/Mar/2026:09:55:23 +0000] "GET /banner.jpg HTTP/1.1" 200 115588 "-" "Mozilla/5.0 (compatible; Googlebot/2.1; +http://www.google.com/bot.html)"
203.225.0.215 - - [02/Mar/2026:09:56:18 +0000] "GET /config HTTP/1.1" 200 36152 "-" "Mozilla/5.0 AppleWebKit/537.36 (compatible; GPTBot/1.3; +https://openai.com/gptbot)"
99.132.12.102 - - [02/Mar/2026:09:56:37 +0000] "GET /app.js HTTP/1.1" 200 144566 "-" "Mozilla/5.0 (compatible; Googlebot/2.1; +http://www.google.com/bot.html)"
141.57.250.8 - - [02/Mar/2026:09:56:50 +0000] "GET /logo.png HTTP/1.1" 404 96 "-" "Mozilla/5.0 (compatible; Googlebot/2.1; +http://www.google.com/bot.html)"
99.170.62.78 - - [02/Mar/2026:10:00:31 +0000] "GET /banner.jpg HTTP/1.1" 200 142431 "-" "Mozilla/5.0 (compatible; bingbot/2.0; +http://www.bing.com/bingbot.htm)"
99.132.12.102 - - [02/Mar/2026:10:02:20 +0000] "GET /about.html HTTP/1.1" 404 250 "-" "Mozilla/5.0 (compatible; Amazonbot/0.1; +https://developer.amazon.com/support/amazonbot)"
141.57.250.8 - - [02/Mar/2026:10:03:14 +0000] "GET /sitemap.xml HTTP/1.1" 200 54811 "-" "Mozilla/5.0 (compatible; Amazonbot/0.1; +https://developer.amazon.com/support/amazonbot)"
99.170.62.78 - - [02/Mar/2026:10:08:25 +0000] "GET /app.js HTTP/1.1" 200 26270 "-" "ClaudeBot/1.0 (+https://www.anthropic.com/claudebot)"
99.132.12.102 - - [02/Mar/2026:10:09:05 +0000] "GET /logo.png HTTP/1.1" 404 387 "-" "Mozilla/5.0 (compatible; Googlebot/2.1; +http://www.google.com/bot.html)"
188.194.31.5 - - [02/Mar/2026:10:09:29 +0000] "GET /config HTTP/1.1" 200 21119 "-" "Mozilla/5.0 AppleWebKit/537.36 (compatible; GPTBot/1.3; +https://openai.com/gptbot)"
141.57.250.8 - - [02/Mar/2026:10:12:37 +0000] "GET /index.html HTTP/1.1" 404 25 "-" "Mozilla/5.0 (compatible; Googlebot/2.1; +http://www.google.com/bot.html)"
203.225.0.215 - - [02/Mar/2026:10:14:40 +0000] "GET /about.html HTTP/1.1" 200 55635 "-" "Mozilla/5.0 (compatible; bingbot/2.0; +http://www.bing.com/bingbot.htm)"
82.35.167.49 - - [02/Mar/2026:10:18:43 +0000] "GET /app.js HTTP/1.1" 200 28755 "-" "Mozilla/5.0 (compatible; Amazonbot/0.1; +https://developer.amazon.com/support/amazonbot)"
71.138.7.233 - - [02/Mar/2026:10:25:31 +0000] "GET /banner.jpg HTTP/1.1" 200 142007 "-" "ClaudeBot/1.0 (+https://www.anthropic.com/claudebot)"
99.150.211.250 - - [02/Mar/2026:10:26:48 +0000] "GET /logo.png HTTP/1.1" 200 81480 "-" "Mozilla/5.0 (compatible; Amazonbot/0.1; +https://developer.amazon.com/support/amazonbot)"
203.225.0.215 - - [02/Mar/2026:10:28:09 +0000] "GET /style.css HTTP/1.1" 200 98583 "-" "Mozilla/5.0 (compatible; bingbot/2.0; +http://www.bing.com/bingbot.htm)"
141.57.250.8 - - [02/Mar/2026:10:29:20 +0000] "GET /readme.txt HTTP/1.1" 200 58692 "-" "Mozilla/5.0 AppleWebKit/537.36 (compatible; GPTBot/1.3; +https://openai.com/gptbot)"
71.138.7.233 - - [02/Mar/2026:10:30:31 +0000] "GET /config HTTP/1.1" 200 35912 "-" "Mozilla/5.0 (compatible; Googlebot/2.1; +http://www.google.com/bot.html)"
188.194.31.5 - - [02/Mar/2026:10:30:39 +0000] "GET /readme.txt HTTP/1.1" 200 105298 "-" "Mozilla/5.0 (compatible; Amazonbot/0.1; +https://developer.amazon.com/support/amazonbot)"
99.150.211.250 - - [02/Mar/2026:10:30:51 +0000] "GET /readme.txt HTTP/1.1" 304 365 "-" "Mozilla/5.0 (compatible; Googlebot/2.1; +http://www.google.com/bot.html)"
141.57.250.8 - - [02/Mar/2026:10:37:13 +0000] "GET /feed.xml HTTP/1.1" 200 12151 "-" "Mozilla/5.0 AppleWebKit/537.36 (compatible; GPTBot/1.3; +https://openai.com/gptbot)"
149.37.222.138 - - [02/Mar/2026:10:40:12 +0000] "GET /sitemap.xml HTTP/1.1" 200 110625 "-" "Mozilla/5.0 (compatible; Amazonbot/0.1; +https://developer.amazon.com/support/amazonbot)"
149.37.222.138 - - [02/Mar/2026:10:49:24 +0000] "GET /data.json HTTP/1.1" 200 131789 "-" "Mozilla/5.0 (compatible; Googlebot/2.1; +http://www.google.com/bot.html)"
203.225.0.215 - - [02/Mar/2026:10:50:04 +0000] "GET /config HTTP/1.1" 200 93091 "-" "Mozilla/5.0 (compatible; Amazonbot/0.1; +https://developer.amazon.com/support/amazonbot)"
171.133.45.213 - - [02/Mar/2026:10:50:35 +0000] "GET /data.json HTTP/1.1" 200 32583 "-" "Mozilla/5.0 (compatible; Amazonbot/0.1; +https://developer.amazon.com/support/amazonbot)"
141.57.250.8 - - [02/Mar/2026:10:51:31 +0000] "GET /about.html HTTP/1.1" 200 93160 "-" "Mozilla/5.0 AppleWebKit/537.36 (compatible; GPTBot/1.3; +https://openai.com/gptbot)"
122.96.81.102 - - [02/Mar/2026:10:52:45 +0000] "GET /feed.xml HTTP/1.1" 200 2886 "-" "Mozilla/5.0 (compatible; Amazonbot/0.1; +https://developer.amazon.com/support/amazonbot)"
122.96.81.102 - - [02/Mar/2026:10:57:24 +0000] "GET /banner.jpg HTTP/1.1" 200 25173 "-" "Mozilla/5.0 (compatible; bingbot/2.0; +http://www.bing.com/bingbot.htm)"
171.133.45.213 - - [02/Mar/2026:11:03:11 +0000] "GET /config HTTP/1.1" 304 355 "-" "Mozilla/5.0 AppleWebKit/537.36 (compatible; GPTBot/1.3; +https://openai.com/gptbot)"
122.96.81.102 - - [02/Mar/2026:11:08:03 +0000] "GET /data.json HTTP/1.1" 200 112893 "-" "Mozilla/5.0 AppleWebKit/537.36 (compatible; GPTBot/1.3; +https://openai.com/gptbot)"
60.241.196.176 - - [02/Mar/2026:11:09:29 +0000] "GET /feed.xml HTTP/1.1" 200 85412 "-" "ClaudeBot/1.0 (+https://www.anthropic.com/claudebot)"
82.35.167.49 - - [02/Mar/2026:11:10:39 +0000] "GET /config HTTP/1.1" 200 57410 "-" "Mozilla/5.0 (compatible; bingbot/2.0; +http://www.bing.com/bingbot.htm)"
99.132.12.102 - - [02/Mar/2026:11:16:56 +0000] "GET /app.js HTTP/1.1" 200 42133 "-" "Mozilla/5.0 (compatible; bingbot/2.0; +http://www.bing.com/bingbot.htm)"
99.170.62.78 - - [02/Mar/2026:11:18:01 +0000] "GET /sitemap.xml HTTP/1.1" 200 12545 "-" "Mozilla/5.0 (compatible; Googlebot/2.1; +http://www.google.com/bot.html)"
71.138.7.233 - - [02/Mar/2026:11:20:41 +0000] "GET /feed.xml HTTP/1.1" 404 478 "-" "ClaudeBot/1.0 (+https://www.anthropic.com/claudebot)"
60.241.196.176 - - [02/Mar/2026:11:22:46 +0000] "GET /banner.jpg HTTP/1.1" 200 128427 "-" "ClaudeBot/1.0 (+https://www.anthropic.com/claudebot)"
99.150.211.250 - - [02/Mar/2026:11:23:49 +0000] "GET /about.html HTTP/1.1" 200 75842 "-" "Mozilla/5.0 (compatible; bingbot/2.0; +http://www.bing.com/bingbot.htm)"
99.132.12.102 - - [02/Mar/2026:11:25:37 +0000] "GET /style.css HTTP/1.1" 200 118532 "-" "Mozilla/5.0 AppleWebKit/537.36 (compatible; GPTBot/1.3; +https://openai.com/gptbot)"
149.37.222.138 - - [02/Mar/2026:11:29:50 +0000] "GET /style.css HTTP/1.1" 404 254 "-" "ClaudeBot/1.0 (+https://www.anthropic.com/claudebot)"
171.133.45.213 - - [02/Mar/2026:11:31:59 +0000] "GET /feed.xml HTTP/1.1" 200 95492 "-" "Mozilla/5.0 (compatible; bingbot/2.0; +http://www.bing.com/bingbot.htm)"
82.35.167.49 - - [02/Mar/2026:11:33:37 +0000] "GET /readme.txt HTTP/1.1" 304 442 "-" "ClaudeBot/1.0 (+https://www.anthropic.com/claudebot)"
141.57.250.8 - - [02/Mar/2026:11:42:36 +0000] "GET /banner.jpg HTTP/1.1" 200 80580 "-" "Mozilla/5.0 (compatible; bingbot/2.0; +http://www.bing.com/bingbot.htm)"
99.132.12.102 - - [02/Mar/2026:11:45:50 +0000] "GET /sitemap.xml HTTP/1.1" 200 139887 "-" "Mozilla/5.0 AppleWebKit/537.36 (compatible; GPTBot/1.3; +https://openai.com/gptbot)"
99.170.62.78 - - [02/Mar/2026:11:49:13 +0000] "GET /banner.jpg HTTP/1.1" 200 94113 "-" "Mozilla/5.0 (compatible; Googlebot/2.1; +http://www.google.com/bot.html)"
122.96.81.102 - - [02/Mar/2026:11:53:41 +0000] "GET /data.json HTTP/1.1" 302 324 "-" "Mozilla/5.0 (compatible; Googlebot/2.1; +http://www.google.com/bot.html)"
99.132.12.102 - - [02/Mar/2026:11:59:01 +0000] "GET /app.js HTTP/1.1" 403 357 "-" "Mozilla/5.0 (compatible; Googlebot/2.1; +http://www.google.com/bot.html)"
203.225.0.215 - - [02/Mar/2026:11:59:21 +0000] "GET /data.json HTTP/1.1" 404 51 "-" "Mozilla/5.0 (compatible; Amazonbot/0.1; +https://developer.amazon.com/support/amazonbot)"
149.37.222.138 - - [02/Mar/2026:12:00:57 +0000] "GET /app.js HTTP/1.1" 304 223 "-" "Mozilla/5.0 (compatible; bingbot/2.0; +http://www.bing.com/bingbot.htm)"
82.35.167.49 - - [02/Mar/2026:12:01:23 +0000] "GET /logo.png HTTP/1.1" 200 147253 "-" "Mozilla/5.0 (compatible; bingbot/2.0; +http://www.bing.com/bingbot.htm)"
188.194.31.5 - - [02/Mar/2026:12:04:45 +0000] "GET /app.js HTTP/1.1" 200 27802 "-" "Mozilla/5.0 (compatible; bingbot/2.0; +http://www.bing.com/bingbot.htm)"
203.225.0.215 - - [02/Mar/2026:12:09:05 +0000] "GET / HTTP/1.1" 404 90 "-" "Mozilla/5.0 (compatible; bingbot/2.0; +http://www.bing.com/bingbot.htm)"
188.194.31.5 - - [02/Mar/2026:12:15:58 +0000] "GET /data.json HTTP/1.1" 200 91266 "-" "Mozilla/5.0 (compatible; Amazonbot/0.1; +https://developer.amazon.com/support/amazonbot)"
99.132.12.102 - - [02/Mar/2026:12:17:04 +0000] "GET /index.html HTTP/1.1" 200 77895 "-" "Mozilla/5.0 (compatible; bingbot/2.0; +http://www.bing.com/bingbot.htm)"
122.96.81.102 - - [02/Mar/2026:12:21:50 +0000] "GET /config HTTP/1.1" 404 175 "-" "ClaudeBot/1.0 (+https://www.anthropic.com/claudebot)"
60.241.196.176 - - [02/Mar/2026:12:22:09 +0000] "GET /app.js HTTP/1.1" 200 133495 "-" "Mozilla/5.0 (compatible; bingbot/2.0; +http://www.bing.com/bingbot.htm)"
171.133.45.213 - - [02/Mar/2026:12:22:54 +0000] "GET /app.js HTTP/1.1" 200 62483 "-" "Mozilla/5.0 (compatible; Amazonbot/0.1; +https://developer.amazon.com/support/amazonbot)"
99.132.12.102 - - [02/Mar/2026:12:26:23 +0000] "GET /feed.xml HTTP/1.1" 200 83004 "-" "ClaudeBot/1.0 (+https://www.anthropic.com/claudebot)"
141.57.250.8 - - [02/Mar/2026:12:30:06 +0000] "GET /readme.txt HTTP/1.1" 200 71960 "-" "ClaudeBot/1.0 (+https://www.anthropic.com/claudebot)"
171.133.45.213 - - [02/Mar/2026:12:30:11 +0000] "GET /app.js HTTP/1.1" 200 28171 "-" "ClaudeBot/1.0 (+https://www.anthropic.com/claudebot)"
122.96.81.102 - - [02/Mar/2026:12:32:56 +0000] "GET /sitemap.xml HTTP/1.1" 200 137250 "-" "Mozilla/5.0 (compatible; Googlebot/2.1; +http://www.google.com/bot.html)"
203.225.0.215 - - [02/Mar/2026:12:37:07 +0000] "GET /style.css HTTP/1.1" 200 115906 "-" "Mozilla/5.0 (compatible; bingbot/2.0; +http://www.bing.com/bingbot.htm)"
60.241.196.176 - - [02/Mar/2026:12:39:14 +0000] "GET /style.css HTTP/1.1" 404 9 "-" "Mozilla/5.0 (compatible; bingbot/2.0; +http://www.bing.com/bingbot.htm)"
99.170.62.78 - - [02/Mar/2026:12:39:33 +0000] "GET / HTTP/1.1" 200 41317 "-" "Mozilla/5.0 AppleWebKit/537.36 (compatible; GPTBot/1.3; +https://openai.com/gptbot)"
149.37.222.138 - - [02/Mar/2026:12:41:56 +0000] "GET /logo.png HTTP/1.1" 304 181 "-" "ClaudeBot/1.0 (+https://www.anthropic.com/claudebot)"
188.194.31.5 - - [02/Mar/2026:12:44:49 +0000] "GET /about.html HTTP/1.1" 404 269 "-" "Mozilla/5.0 (compatible; Googlebot/2.1; +http://www.google.com/bot.html)"
141.57.250.8 - - [02/Mar/2026:12:47:11 +0000] "GET /readme.txt HTTP/1.1" 304 241 "-" "Mozilla/5.0 (compatible; Googlebot/2.1; +http://www.google.com/bot.html)"
171.133.45.213 - - [02/Mar/2026:12:48:09 +0000] "GET /style.css HTTP/1.1" 200 145535 "-" "Mozilla/5.0 (compatible; Googlebot/2.1; +http://www.google.com/bot.html)"
149.37.222.138 - - [02/Mar/2026:12:49:59 +0000] "GET /feed.xml HTTP/1.1" 200 78783 "-" "Mozilla/5.0 (compatible; Googlebot/2.1; +http://www.google.com/bot.html)"
99.150.211.250 - - [02/Mar/2026:12:57:35 +0000] "GET /readme.txt HTTP/1.1" 200 87342 "-" "Mozilla/5.0 (compatible; Googlebot/2.1; +http://www.google.com/bot.html)"
60.241.196.176 - - [02/Mar/2026:12:57:57 +0000] "GET /about.html HTTP/1.1" 200 77441 "-" "Mozilla/5.0 (compatible; bingbot/2.0; +http://www.bing.com/bingbot.htm)"
203.225.0.215 - - [02/Mar/2026:13:04:56 +0000] "GET /banner.jpg HTTP/1.1" 200 37488 "-" "ClaudeBot/1.0 (+https://www.anthropic.com/claudebot)"
122.96.81.102 - - [02/Mar/2026:13:05:00 +0000] "GET /style.css HTTP/1.1" 304 158 "-" "ClaudeBot/1.0 (+https://www.anthropic.com/claudebot)"
71.138.7.233 - - [02/Mar/2026:13:07:17 +0000] "GET / HTTP/1.1" 200 70020 "-" "ClaudeBot/1.0 (+https://www.anthropic.com/claudebot)"
122.96.81.102 - - [02/Mar/2026:13:19:21 +0000] "GET /config HTTP/1.1" 200 85793 "-" "ClaudeBot/1.0 (+https://www.anthropic.com/claudebot)"
99.150.211.250 - - [02/Mar/2026:13:22:37 +0000] "GET /feed.xml HTTP/1.1" 200 143954 "-" "Mozilla/5.0 (compatible; Googlebot/2.1; +http://www.google.com/bot.html)"
71.138.7.233 - - [02/Mar/2026:13:23:00 +0000] "GET /config HTTP/1.1" 200 53559 "-" "Mozilla/5.0 AppleWebKit/537.36 (compatible; GPTBot/1.3; +https://openai.com/gptbot)"
99.150.211.250 - - [02/Mar/2026:13:25:51 +0000] "GET /logo.png HTTP/1.1" 200 129569 "-" "Mozilla/5.0 (compatible; Googlebot/2.1; +http://www.google.com/bot.html)"
171.133.45.213 - - [02/Mar/2026:13:29:46 +0000] "GET /sitemap.xml HTTP/1.1" 200 28582 "-" "Mozilla/5.0 AppleWebKit/537.36 (compatible; GPTBot/1.3; +https://openai.com/gptbot)"
188.194.31.5 - - [02/Mar/2026:13:32:30 +0000] "GET /app.js HTTP/1.1" 200 109592 "-" "Mozilla/5.0 (compatible; bingbot/2.0; +http://www.bing.com/bingbot.htm)"
99.170.62.78 - - [02/Mar/2026:13:35:44 +0000] "GET /readme.txt HTTP/1.1" 200 55933 "-" "Mozilla/5.0 (compatible; Googlebot/2.1; +http://www.google.com/bot.html)"
82.35.167.49 - - [02/Mar/2026:13:37:33 +0000] "GET /style.css HTTP/1.1" 200 8323 "-" "Mozilla/5.0 (compatible; Googlebot/2.1; +http://www.google.com/bot.html)"
71.138.7.233 - - [02/Mar/2026:13:40:40 +0000] "GET /app.js HTTP/1.1" 200 105659 "-" "Mozilla/5.0 (compatible; bingbot/2.0; +http://www.bing.com/bingbot.htm)"
99.150.211.250 - - [02/Mar/2026:13:47:10 +0000] "GET /app.js HTTP/1.1" 200 124799 "-" "ClaudeBot/1.0 (+https://www.anthropic.com/claudebot)"
99.132.12.102 - - [02/Mar/2026:13:47:28 +0000] "GET /config HTTP/1.1" 200 60259 "-" "Mozilla/5.0 (compatible; bingbot/2.0; +http://www.bing.com/bingbot.htm)"
149.37.222.138 - - [02/Mar/2026:13:47:58 +0000] "GET /sitemap.xml HTTP/1.1" 200 44325 "-" "Mozilla/5.0 AppleWebKit/537.36 (compatible; GPTBot/1.3; +https://openai.com/gptbot)"
99.132.12.102 - - [02/Mar/2026:13:50:11 +0000] "GET /about.html HTTP/1.1" 200 8474 "-" "Mozilla/5.0 (compatible; Googlebot/2.1; +http://www.google.com/bot.html)"
99.132.12.102 - - [02/Mar/2026:13:53:46 +0000] "GET /feed.xml HTTP/1.1" 200 139448 "-" "Mozilla/5.0 (compatible; Amazonbot/0.1; +https://developer.amazon.com/support/amazonbot)"
60.241.196.176 - - [02/Mar/2026:13:55:15 +0000] "GET / HTTP/1.1" 200 55782 "-" "Mozilla/5.0 (compatible; Amazonbot/0.1; +https://developer.amazon.com/support/amazonbot)"
99.132.12.102 - - [02/Mar/2026:13:58:30 +0000] "GET /about.html HTTP/1.1" 200 106497 "-" "Mozilla/5.0 (compatible; Googlebot/2.1; +http://www.google.com/bot.html)"
60.241.196.176 - - [02/Mar/2026:14:04:18 +0000] "GET /app.js HTTP/1.1" 200 15773 "-" "Mozilla/5.0 (compatible; bingbot/2.0; +http://www.bing.com/bingbot.htm)"
99.170.62.78 - - [02/Mar/2026:14:09:07 +0000] "GET /config HTTP/1.1" 304 114 "-" "Mozilla/5.0 (compatible; Googlebot/2.1; +http://www.google.com/bot.html)"
149.37.222.138 - - [02/Mar/2026:14:16:15 +0000] "GET /style.css HTTP/1.1" 200 77576 "-" "Mozilla/5.0 (compatible; Amazonbot/0.1; +https://developer.amazon.com/support/amazonbot)"
60.241.196.176 - - [02/Mar/2026:14:21:24 +0000] "GET /feed.xml HTTP/1.1" 200 143354 "-" "Mozilla/5.0 (compatible; bingbot/2.0; +http://www.bing.com/bingbot.htm)"
99.132.12.102 - - [02/Mar/2026:14:22:30 +0000] "GET /feed.xml HTTP/1.1" 304 189 "-" "Mozilla/5.0 (compatible; Googlebot/2.1; +http://www.google.com/bot.html)"
99.150.211.250 - - [02/Mar/2026:14:26:43 +0000] "GET /feed.xml HTTP/1.1" 404 69 "-" "Mozilla/5.0 (compatible; Amazonbot/0.1; +https://developer.amazon.com/support/amazonbot)"
188.194.31.5 - - [02/Mar/2026:14:29:15 +0000] "GET /app.js HTTP/1.1" 200 134088 "-" "Mozilla/5.0 AppleWebKit/537.36 (compatible; GPTBot/1.3; +https://openai.com/gptbot)"
188.194.31.5 - - [02/Mar/2026:14:34:46 +0000] "GET /readme.txt HTTP/1.1" 304 405 "-" "Mozilla/5.0 (compatible; Googlebot/2.1; +http://www.google.com/bot.html)"
99.132.12.102 - - [02/Mar/2026:14:35:28 +0000] "GET /app.js HTTP/1.1" 200 18970 "-" "ClaudeBot/1.0 (+https://www.anthropic.com/claudebot)"
71.138.7.233 - - [02/Mar/2026:14:38:01 +0000] "GET /style.css HTTP/1.1" 200 48508 "-" "Mozilla/5.0 AppleWebKit/537.36 (compatible; GPTBot/1.3; +https://openai.com/gptbot)"
99.170.62.78 - - [02/Mar/2026:14:39:51 +0000] "GET /about.html HTTP/1.1" 200 60461 "-" "Mozilla/5.0 (compatible; Amazonbot/0.1; +https://developer.amazon.com/support/amazonbot)"
82.35.167.49 - - [02/Mar/2026:14:40:17 +0000] "GET /sitemap.xml HTTP/1.1" 200 68300 "-" "Mozilla/5.0 (compatible; Googlebot/2.1; +http://www.google.com/bot.html)"
99.150.211.250 - - [02/Mar/2026:14:40:17 +0000] "GET /banner.jpg HTTP/1.1" 200 148051 "-" "Mozilla/5.0 AppleWebKit/537.36 (compatible; GPTBot/1.3; +https://openai.com/gptbot)"
99.132.12.102 - - [02/Mar/2026:14:44:17 +0000] "GET /banner.jpg HTTP/1.1" 200 140489 "-" "Mozilla/5.0 (compatible; Googlebot/2.1; +http://www.google.com/bot.html)"
99.170.62.78 - - [02/Mar/2026:14:46:12 +0000] "GET /about.html HTTP/1.1" 304 13 "-" "Mozilla/5.0 (compatible; bingbot/2.0; +http://www.bing.com/bingbot.htm)"
203.225.0.215 - - [02/Mar/2026:14:47:27 +0000] "GET /index.html HTTP/1.1" 200 7519 "-" "Mozilla/5.0 (compatible; bingbot/2.0; +http://www.bing.com/bingbot.htm)"
203.225.0.215 - - [02/Mar/2026:14:49:02 +0000] "GET /banner.jpg HTTP/1.1" 200 145070 "-" "Mozilla/5.0 (compatible; bingbot/2.0; +http://www.bing.com/bingbot.htm)"
188.194.31.5 - - [02/Mar/2026:14:51:26 +0000] "GET /about.html HTTP/1.1" 200 149037 "-" "Mozilla/5.0 (compatible; Googlebot/2.1; +http://www.google.com/bot.html)"
203.225.0.215 - - [02/Mar/2026:14:54:24 +0000] "GET / HTTP/1.1" 200 115324 "-" "ClaudeBot/1.0 (+https://www.anthropic.com/claudebot)"
141.57.250.8 - - [02/Mar/2026:14:59:15 +0000] "GET /logo.png HTTP/1.1" 302 351 "-" "Mozilla/5.0 AppleWebKit/537.36 (compatible; GPTBot/1.3; +https://openai.com/gptbot)"
188.194.31.5 - - [02/Mar/2026:14:59:41 +0000] "GET /index.html HTTP/1.1" 200 53707 "-" "Mozilla/5.0 (compatible; bingbot/2.0; +http://www.bing.com/bingbot.htm)"
203.225.0.215 - - [02/Mar/2026:15:02:42 +0000] "GET /config HTTP/1.1" 403 186 "-" "Mozilla/5.0 AppleWebKit/537.36 (compatible; GPTBot/1.3; +https://openai.com/gptbot)"
99.132.12.102 - - [02/Mar/2026:15:06:56 +0000] "GET /data.json HTTP/1.1" 304 193 "-" "Mozilla/5.0 (compatible; bingbot/2.0; +http://www.bing.com/bingbot.htm)"
