99.132.12.102 - - [06/Feb/2026:09:26:51 +0000] "GET /index.html HTTP/1.1" 200 43543 "-" "Mozilla/5.0 (compatible; Amazonbot/0.1; +https://developer.amazon.com/support/amazonbot)"
171.133.45.213 - - [06/Feb/2026:09:28:11 +0000] "GET /style.css HTTP/1.1" 200 20355 "-" "Mozilla/5.0 (compatible; bingbot/2.0; +http://www.bing.com/bingbot.htm)"
171.133.45.213 - - [06/Feb/2026:09:33:03 +0000] "GET /banner.jpg HTTP/1.1" 200 139470 "-" "Mozilla/5.0 (compatible; bingbot/2.0; +http://www.bing.com/bingbot.htm)"
71.138.7.233 - - [06/Feb/2026:09:36:05 +0000] "GET /feed.xml HTTP/1.1" 404 175 "-" "Mozilla/5.0 (compatible; Amazonbot/0.1; +https://developer.amazon.com/support/amazonbot)"
82.35.167.49 - - [06/Feb/2026:09:37:10 +0000] "GET /index.html HTTP/1.1" 200 11925 "-" "Mozilla/5.0 (compatible; Amazonbot/0.1; +https://developer.amazon.com/support/amazonbot)"
71.138.7.233 - - [06/Feb/2026:09:39:01 +0000] "GET /config HTTP/1.1" 200 91880 "-" "Mozilla/5.0 (compatible; Amazonbot/0.1; +https://developer.amazon.com/support/amazonbot)"
203.225.0.215 - - [06/Feb/2026:09:40:29 +0000] "GET /readme.txt HTTP/1.1" 200 69697 "-" "Mozilla/5.0 (compatible; Amazonbot/0.1; +https://developer.amazon.com/support/amazonbot)"
99.132.12.102 - - [06/Feb/2026:09:47:48 +0000] "GET /app.js HTTP/1.1" 200 99829 "-" "Mozilla/5.0 AppleWebKit/537.36 (compatible; GPTBot/1.3; +https://openai.com/gptbot)"
141.57.250.8 - - [06/Feb/2026:09:49:21 +0000] "GET /config HTTP/1.1" 200 38527 "-" "Mozilla/5.0 AppleWebKit/537.36 (compatible; GPTBot/1.3; +https://openai.com/gptbot)"
99.170.62.78 - - [06/Feb/2026:09:53:16 +0000] "GET /feed.xml HTTP/1.1" 200 93367 "-" "ClaudeBot/1.0 (+https://www.anthropic.com/claudebot)"
171.133.45.213 - - [06/Feb/2026:09:54:06 +0000] "GET / HTTP/1.1" 404 173 "-" "Mozilla/5.0 (compatible; bingbot/2.0; +http://www.bing.com/bingbot.htm)"
141.57.250.8 - - [06/Feb/2026:09:54:18 +0000] "GET /banner.jpg HTTP/1.1" 200 7269 "-" "Mozilla/5.0 (compatible; Googlebot/2.1; +http://www.google.com/bot.html)"
171.133.45.213 - - [06/Feb/2026:09:56:20 +0000] "GET /banner.jpg HTTP/1.1" 200 59179 "-" "Mozilla/5.0 (compatible; Googlebot/2.1; +http://www.google.com/bot.html)"
99.132.12.102 - - [06/Feb/2026:10:02:37 +0000] "GET /feed.xml HTTP/1.1" 200 87746 "-" "ClaudeBot/1.0 (+https://www.anthropic.com/claudebot)"
99.150.211.250 - - [06/Feb/2026:10:04:29 +0000] "GET /feed.xml HTTP/1.1" 404 453 "-" "Mozilla/5.0 AppleWebKit/537.36 (compatible; GPTBot/1.3; +https://openai.com/gptbot)"
71.138.7.233 - - [06/Feb/2026:10:04:31 +0000] "GET /banner.jpg HTTP/1.1" 404 0 "-" "Mozilla/5.0 (compatible; Googlebot/2.1; +http://www.google.com/bot.html)"
171.133.45.213 - - [06/Feb/2026:10:17:07 +0000] "GET /feed.xml HTTP/1.1" 200 111649 "-" "ClaudeBot/1.0 (+https://www.anthropic.com/claudebot)"
99.170.62.78 - - [06/Feb/2026:10:26:20 +0000] "GET / HTTP/1.1" 200 118157 "-" "Mozilla/5.0 (compatible; Amazonbot/0.1; +https://developer.amazon.com/support/amazonbot)"
141.57.250.8 - - [06/Feb/2026:10:28:17 +0000] "GET /sitemap.xml HTTP/1.1" 200 40478 "-" "Mozilla/5.0 (compatible; Amazonbot/0.1; +https://developer.amazon.com/support/amazonbot)"
99.132.12.102 - - [06/Feb/2026:10:29:04 +0000] "GET /banner.jpg HTTP/1.1" 200 3544 "-" "Mozilla/5.0 (compatible; bingbot/2.0; +http://www.bing.com/bingbot.htm)"
71.138.7.233 - - [06/Feb/2026:10:30:41 +0000] "GET /logo.png HTTP/1.1" 301 56 "-" "Mozilla/5.0 AppleWebKit/537.36 (compatible; GPTBot/1.3; +https://openai.com/gptbot)"
149.37.222.138 - - [06/Feb/2026:10:31:49 +0000] "GET /logo.png HTTP/1.1" 200 110084 "-" "Mozilla/5.0 (compatible; bingbot/2.0; +http://www.bing.com/bingbot.htm)"
99.150.211.250 - - [06/Feb/2026:10:31:52 +0000] "GET /config HTTP/1.1" 200 9757 "-" "Mozilla/5.0 (compatible; Amazonbot/0.1; +https://developer.amazon.com/support/amazonbot)"
171.133.45.213 - - [06/Feb/2026:10:35:01 +0000] "GET /about.html HTTP/1.1" 200 13744 "-" "Mozilla/5.0 (compatible; Googlebot/2.1; +http://www.google.com/bot.html)"
82.35.167.49 - - [06/Feb/2026:10:39:53 +0000] "GET /readme.txt HTTP/1.1" 404 326 "-" "Mozilla/5.0 AppleWebKit/537.36 (compatible; GPTBot/1.3; +https://openai.com/gptbot)"
149.37.222.138 - - [06/Feb/2026:10:42:23 +0000] "GET /banner.jpg HTTP/1.1" 304 180 "-" "Mozilla/5.0 (compatible; bingbot/2.0; +http://www.bing.com/bingbot.htm)"
99.150.211.250 - - [06/Feb/2026:10:44:15 +0000] "GET /feed.xml HTTP/1.1" 200 97526 "-" "ClaudeBot/1.0 (+https://www.anthropic.com/claudebot)"
99.150.211.250 - - [06/Feb/2026:10:45:26 +0000] "GET /banner.jpg HTTP/1.1" 200 110902 "-" "Mozilla/5.0 (compatible; bingbot/2.0; +http://www.bing.com/bingbot.htm)"
99.150.211.250 - - [06/Feb/2026:10:51:08 +0000] "GET / HTTP/1.1" 200 69750 "-" "Mozilla/5.0 (compatible; bingbot/2.0; +http://www.bing.com/bingbot.htm)"
149.37.222.138 - - [06/Feb/2026:10:54:02 +0000] "GET /sitemap.xml HTTP/1.1" 304 91 "-" "Mozilla/5.0 (compatible; Googlebot/2.1; +http://www.google.com/bot.html)"
60.241.196.176 - - [06/Feb/2026:10:54:30 +0000] "GET /sitemap.xml HTTP/1.1" 200 81784 "-" "ClaudeBot/1.0 (+https://www.anthropic.com/claudebot)"
149.37.222.138 - - [06/Feb/2026:10:54:56 +0000] "GET /banner.jpg HTTP/1.1" 200 38819 "-" "Mozilla/5.0 (compatible; Amazonbot/0.1; +https://developer.amazon.com/support/amazonbot)"
99.150.211.250 - - [06/Feb/2026:11:01:47 +0000] "GET /config HTTP/1.1" 200 11994 "-" "Mozilla/5.0 AppleWebKit/537.36 (compatible; GPTBot/1.3; +https://openai.com/gptbot)"
99.170.62.78 - - [06/Feb/2026:11:05:07 +0000] "GET /logo.png HTTP/1.1" 200 134567 "-" "Mozilla/5.0 AppleWebKit/537.36 (compatible; GPTBot/1.3; +https://openai.com/gptbot)"
122.96.81.102 - - [06/Feb/2026:11:06:33 +0000] "GET /readme.txt HTTP/1.1" 200 7033 "-" "Mozilla/5.0 AppleWebKit/537.36 (compatible; GPTBot/1.3; +https://openai.com/gptbot)"
171.133.45.213 - - [06/Feb/2026:11:08:54 +0000] "GET /banner.jpg HTTP/1.1" 200 64001 "-" "ClaudeBot/1.0 (+https://www.anthropic.com/claudebot)"
171.133.45.213 - - [06/Feb/2026:11:09:20 +0000] "GET / HTTP/1.1" 200 123700 "-" "Mozilla/5.0 (compatible; Amazonbot/0.1; +https://developer.amazon.com/support/amazonbot)"
141.57.250.8 - - [06/Feb/2026:11:10:38 +0000] "GET /app.js HTTP/1.1" 200 561 "-" "Mozilla/5.0 (compatible; bingbot/2.0; +http://www.bing.com/bingbot.htm)"
141.57.250.8 - - [06/Feb/2026:11:17:23 +0000] "GET /logo.png HTTP/1.1" 200 126031 "-" "Mozilla/5.0 (compatible; Googlebot/2.1; +http://www.google.com/bot.html)"
203.225.0.215 - - [06/Feb/2026:11:19:14 +0000] "GET /feed.xml HTTP/1.1" 200 75743 "-" "ClaudeBot/1.0 (+https://www.anthropic.com/claudebot)"
149.37.222.138 - - [06/Feb/2026:11:19:32 +0000] "GET /banner.jpg HTTP/1.1" 200 50126 "-" "Mozilla/5.0 (compatible; Googlebot/2.1; +http://www.google.com/bot.html)"
188.194.31.5 - - [06/Feb/2026:11:19:39 +0000] "GET / HTTP/1.1" 301 269 "-" "ClaudeBot/1.0 (+https://www.anthropic.com/claudebot)"
71.138.7.233 - - [06/Feb/2026:11:20:04 +0000] "GET /index.html HTTP/1.1" 200 107544 "-" "Mozilla/5.0 AppleWebKit/537.36 (compatible; GPTBot/1.3; +https://openai.com/gptbot)"
188.194.31.5 - - [06/Feb/2026:11:23:41 +0000] "GET /banner.jpg HTTP/1.1" 200 137007 "-" "Mozilla/5.0 (compatible; Googlebot/2.1; +http://www.google.com/bot.html)"
203.225.0.215 - - [06/Feb/2026:11:23:43 +0000] "GET /data.json HTTP/1.1" 200 149975 "-" "Mozilla/5.0 (compatible; Googlebot/2.1; +http://www.google.com/bot.html)"
122.96.81.102 - - [06/Feb/2026:11:27:00 +0000] "GET /index.html HTTP/1.1" 200 113438 "-" "Mozilla/5.0 (compatible; Amazonbot/0.1; +https://developer.amazon.com/support/amazonbot)"
171.133.45.213 - - [06/Feb/2026:11:27:30 +0000] "GET / HTTP/1.1" 304 149 "-" "Mozilla/5.0 (compatible; Googlebot/2.1; +http://www.google.com/bot.html)"
99.170.62.78 - - [06/Feb/2026:11:30:08 +0000] "GET /app.js HTTP/1.1" 200 125985 "-" "ClaudeBot/1.0 (+https://www.anthropic.com/claudebot)"
99.132.12.102 - - [06/Feb/2026:11:31:04 +0000] "GET /sitemap.xml HTTP/1.1" 200 132974 "-" "Mozilla/5.0 (compatible; bingbot/2.0; +http://www.bing.com/bingbot.htm)"
122.96.81.102 - - [06/Feb/2026:11:31:45 +0000] "GET / HTTP/1.1" 200 138638 "-" "Mozilla/5.0 (compatible; bingbot/2.0; +http://www.bing.com/bingbot.htm)"
203.225.0.215 - - [06/Feb/2026:11:32:19 +0000] "GET /logo.png HTTP/1.1" 404 254 "-" "Mozilla/5.0 (compatible; Googlebot/2.1; +http://www.google.com/bot.html)"
141.57.250.8 - - [06/Feb/2026:11:36:00 +0000] "GET /banner.jpg HTTP/1.1" 404 281 "-" "Mozilla/5.0 AppleWebKit/537.36 (compatible; GPTBot/1.3; +https://openai.com/gptbot)"
171.133.45.213 - - [06/Feb/2026:11:37:17 +0000] "GET /readme.txt HTTP/1.1" 200 113731 "-" "Mozilla/5.0 AppleWebKit/537.36 (compatible; GPTBot/1.3; +https://openai.com/gptbot)"
99.132.12.102 - - [06/Feb/2026:11:41:54 +0000] "GET /index.html HTTP/1.1" 200 30309 "-" "Mozilla/5.0 AppleWebKit/537.36 (compatible; GPTBot/1.3; +https://openai.com/gptbot)"
203.225.0.215 - - [06/Feb/2026:11:42:27 +0000] "GET /logo.png HTTP/1.1" 200 44616 "-" "Mozilla/5.0 (compatible; Googlebot/2.1; +http://www.google.com/bot.html)"
188.194.31.5 - - [06/Feb/2026:11:49:45 +0000] "GET /banner.jpg HTTP/1.1" 200 81296 "-" "Mozilla/5.0 AppleWebKit/537.36 (compatible; GPTBot/1.3; +https://openai.com/gptbot)"
71.138.7.233 - - [06/Feb/2026:11:49:56 +0000] "GET /config HTTP/1.1" 200 29370 "-" "Mozilla/5.0 (compatible; bingbot/2.0; +http://www.bing.com/bingbot.htm)"
149.37.222.138 - - [06/Feb/2026:11:50:07 +0000] "GET /banner.jpg HTTP/1.1" 200 143921 "-" "Mozilla/5.0 (compatible; bingbot/2.0; +http://www.bing.com/bingbot.htm)"
122.96.81.102 - - [06/Feb/2026:11:50:08 +0000] "GET /about.html HTTP/1.1" 200 149113 "-" "ClaudeBot/1.0 (+https://www.anthropic.com/claudebot)"
71.138.7.233 - - [06/Feb/2026:11:51:26 +0000] "GET /logo.png HTTP/1.1" 301 230 "-" "Mozilla/5.0 (compatible; Amazonbot/0.1; +https://developer.amazon.com/support/amazonbot)"
99.132.12.102 - - [06/Feb/2026:11:51:58 +0000] "GET / HTTP/1.1" 200 98265 "-" "Mozilla/5.0 (compatible; Googlebot/2.1; +http://www.google.com/bot.html)"
122.96.81.102 - - [06/Feb/2026:11:52:15 +0000] "GET /logo.png HTTP/1.1" 200 116293 "-" "ClaudeBot/1.0 (+https://www.anthropic.com/claudebot)"
122.96.81.102 - - [06/Feb/2026:11:53:01 +0000] "GET /sitemap.xml HTTP/1.1" 304 373 "-" "Mozilla/5.0 (compatible; Googlebot/2.1; +http://www.google.com/bot.html)"
82.35.167.49 - - [06/Feb/2026:11:54:25 +0000] "GET /data.json HTTP/1.1" 301 474 "-" "Mozilla/5.0 AppleWebKit/537.36 (compatible; GPTBot/1.3; +https://openai.com/gptbot)"
141.57.250.8 - - [06/Feb/2026:11:55:59 +0000] "GET / HTTP/1.1" 200 114660 "-" "ClaudeBot/1.0 (+https://www.anthropic.com/claudebot)"
188.194.31.5 - - [06/Feb/2026:11:56:05 +0000] "GET /index.html HTTP/1.1" 200 105006 "-" "Mozilla/5.0 (compatible; Googlebot/2.1; +http://www.google.com/bot.html)"
82.35.167.49 - - [06/Feb/2026:11:56:49 +0000] "GET /app.js HTTP/1.1" 302 134 "-" "Mozilla/5.0 (compatible; bingbot/2.0; +http://www.bing.com/bingbot.htm)"
141.57.250.8 - - [06/Feb/2026:12:01:58 +0000] "GET /index.html HTTP/1.1" 200 12737 "-" "Mozilla/5.0 (compatible; Googlebot/2.1; +http://www.google.com/bot.html)"
122.96.81.102 - - [06/Feb/2026:12:07:36 +0000] "GET /style.css HTTP/1.1" 304 5 "-" "Mozilla/5.0 (compatible; bingbot/2.0; +http://www.bing.com/bingbot.htm)"
122.96.81.102 - - [06/Feb/2026:12:08:26 +0000] "GET /sitemap.xml HTTP/1.1" 200 48842 "-" "Mozilla/5.0 (compatible; Googlebot/2.1; +http://www.google.com/bot.html)"
149.37.222.138 - - [06/Feb/2026:12:11:16 +0000] "GET /feed.xml HTTP/1.1" 200 5752 "-" "Mozilla/5.0 (compatible; bingbot/2.0; +http://www.bing.com/bingbot.htm)"
99.132.12.102 - - [06/Feb/2026:12:11:35 +0000] "GET / HTTP/1.1" 200 135037 "-" "Mozilla/5.0 (compatible; bingbot/2.0; +http://www.bing.com/bingbot.htm)"
60.241.196.176 - - [06/Feb/2026:12:11:41 +0000] "GET /about.html HTTP/1.1" 200 18242 "-" "Mozilla/5.0 (compatible; Googlebot/2.1; +http://www.google.com/bot.html)"
171.133.45.213 - - [06/Feb/2026:12:16:34 +0000] "GET /config HTTP/1.1" 200 122194 "-" "ClaudeBot/1.0 (+https://www.anthropic.com/claudebot)"
141.57.250.8 - - [06/Feb/2026:12:20:16 +0000] "GET /readme.txt HTTP/1.1" 200 22688 "-" "Mozilla/5.0 (compatible; Googlebot/2.1; +http://www.google.com/bot.html)"
188.194.31.5 - - [06/Feb/2026:12:22:26 +0000] "GET /feed.xml HTTP/1.1" 404 124 "-" "Mozilla/5.0 (compatible; Googlebot/2.1; +http://www.google.com/bot.html)"
99.132.12.102 - - [06/Feb/2026:12:23:27 +0000] "GET /style.css HTTP/1.1" 200 124885 "-" "Mozilla/5.0 (compatible; Amazonbot/0.1; +https://developer.amazon.com/support/amazonbot)"
99.150.211.250 - - [06/Feb/2026:12:26:34 +0000] "GET /app.js HTTP/1.1" 301 119 "-" "Mozilla/5.0 (compatible; Amazonbot/0.1; +https://developer.amazon.com/support/amazonbot)"
60.241.196.176 - - [06/Feb/2026:12:28:52 +0000] "GET / HTTP/1.1" 200 44163 "-" "Mozilla/5.0 (compatible; Googlebot/2.1; +http://www.google.com/bot.html)"
203.225.0.215 - - [06/Feb/2026:12:34:34 +0000] "GET /feed.xml HTTP/1.1" 200 42993 "-" "Mozilla/5.0 (compatible; bingbot/2.0; +http://www.bing.com/bingbot.htm)"
171.133.45.213 - - [06/Feb/2026:12:34:37 +0000] "GET /feed.xml HTTP/1.1" 200 128408 "-" "ClaudeBot/1.0 (+https://www.anthropic.com/claudebot)"
99.150.211.250 - - [06/Feb/2026:12:38:55 +0000] "GET /readme.txt HTTP/1.1" 200 41955 "-" "Mozilla/5.0 (compatible; bingbot/2.0; +http://www.bing.com/bingbot.htm)"
60.241.196.176 - - [06/Feb/2026:12:44:59 +0000] "GET /config HTTP/1.1" 304 116 "-" "Mozilla/5.0 (compatible; Googlebot/2.1; +http://www.google.com/bot.html)"
99.150.211.250 - - [06/Feb/2026:12:46:44 +0000] "GET /logo.png HTTP/1.1" 200 115470 "-" "Mozilla/5.0 (compatible; Amazonbot/0.1; +https://developer.amazon.com/support/amazonbot)"
141.57.250.8 - - [06/Feb/2026:12:48:33 +0000] "GET /app.js HTTP/1.1" 200 149243 "-" "Mozilla/5.0 AppleWebKit/537.36 (compatible; GPTBot/1.3; +https://openai.com/gptbot)"
171.133.45.213 - - [06/Feb/2026:12:50:47 +0000] "GET /style.css HTTP/1.1" 200 106386 "-" "Mozilla/5.0 (compatible; Amazonbot/0.1; +https://developer.amazon.com/support/amazonbot)"
171.133.45.213 - - [06/Feb/2026:12:55:20 +0000] "GET /logo.png HTTP/1.1" 301 396 "-" "ClaudeBot/1.0 (+https://www.anthropic.com/claudebot)"
71.138.7.233 - - [06/Feb/2026:13:03:37 +0000] "GET /feed.xml HTTP/1.1" 404 452 "-" "Mozilla/5.0 (compatible; bingbot/2.0; +http://www.bing.com/bingbot.htm)"
141.57.250.8 - - [06/Feb/2026:13:07:37 +0000] "GET /config HTTP/1.1" 200 79341 "-" "Mozilla/5.0 (compatible; bingbot/2.0; +http://www.bing.com/bingbot.htm)"
122.96.81.102 - - [06/Feb/2026:13:08:13 +0000] "GET /logo.png HTTP/1.1" 200 65533 "-" "Mozilla/5.0 (compatible; Amazonbot/0.1; +https://developer.amazon.com/support/amazonbot)"
60.241.196.176 - - [06/Feb/2026:13:11:58 +0000] "GET /banner.jpg HTTP/1.1" 200 144702 "-" "Mozilla/5.0 (compatible; bingbot/2.0; +http://www.bing.com/bingbot.htm)"
188.194.31.5 - - [06/Feb/2026:13:12:05 +0000] "GET /sitemap.xml HTTP/1.1" 200 136273 "-" "Mozilla/5.0 AppleWebKit/537.36 (compatible; GPTBot/1.3; +https://openai.com/gptbot)"
71.138.7.233 - - [06/Feb/2026:13:14:56 +0000] "GET /sitemap.xml HTTP/1.1" 200 1524 "-" "Mozilla/5.0 (compatible; Amazonbot/0.1; +https://developer.amazon.com/support/amazonbot)"
99.170.62.78 - - [06/Feb/2026:13:15:37 +0000] "GET /readme.txt HTTP/1.1" 200 60105 "-" "Mozilla/5.0 AppleWebKit/537.36 (compatible; GPTBot/1.3; +https://openai.com/gptbot)"
149.37.222.138 - - [06/Feb/2026:13:16:19 +0000] "GET /readme.txt HTTP/1.1" 302 227 "-" "Mozilla/5.0 (compatible; Googlebot/2.1; +http://www.google.com/bot.html)"
149.37.222.138 - - [06/Feb/2026:13:16:32 +0000] "GET /readme.txt HTTP/1.1" 200 53610 "-" "Mozilla/5.0 (compatible; Amazonbot/0.1; +https://developer.amazon.com/support/amazonbot)"
99.132.12.102 - - [06/Feb/2026:13:19:44 +0000] "GET /logo.png HTTP/1.1" 200 57883 "-" "Mozilla/5.0 (compatible; Amazonbot/0.1; +https://developer.amazon.com/support/amazonbot)"
82.35.167.49 - - [06/Feb/2026:13:25:20 +0000] "GET /config HTTP/1.1" 200 124919 "-" "Mozilla/5.0 (compatible; Googlebot/2.1; +http://www.google.com/bot.html)"
203.225.0.215 - - [06/Feb/2026:13:30:01 +0000] "GET /readme.txt HTTP/1.1" 200 51033 "-" "Mozilla/5.0 (compatible; bingbot/2.0; +http://www.bing.com/bingbot.htm)"
122.96.81.102 - - [06/Feb/2026:13:34:02 +0000] "GET / HTTP/1.1" 200 89329 "-" "Mozilla/5.0 (compatible; bingbot/2.0; +http://www.bing.com/bingbot.htm)"
60.241.196.176 - - [06/Feb/2026:13:40:49 +0000] "GET /feed.xml HTTP/1.1" 200 147181 "-" "Mozilla/5.0 AppleWebKit/537.36 (compatible; GPTBot/1.3; +https://openai.com/gptbot)"
188.194.31.5 - - [06/Feb/2026:13:42:47 +0000] "GET /readme.txt HTTP/1.1" 200 33540 "-" "ClaudeBot/1.0 (+https://www.anthropic.com/claudebot)"
188.194.31.5 - - [06/Feb/2026:13:42:49 +0000] "GET /readme.txt HTTP/1.1" 404 251 "-" "Mozilla/5.0 AppleWebKit/537.36 (compatible; GPTBot/1.3; +https://openai.com/gptbot)"
141.57.250.8 - - [06/Feb/2026:13:45:01 +0000] "GET /index.html HTTP/1.1" 200 43219 "-" "Mozilla/5.0 AppleWebKit/537.36 (compatible; GPTBot/1.3; +https://openai.com/gptbot)"
71.138.7.233 - - [06/Feb/2026:13:47:38 +0000] "GET /about.html HTTP/1.1" 200 5091 "-" "Mozilla/5.0 (compatible; bingbot/2.0; +http://www.bing.com/bingbot.htm)"
141.57.250.8 - - [06/Feb/2026:13:47:59 +0000] "GET /banner.jpg HTTP/1.1" 404 335 "-" "ClaudeBot/1.0 (+https://www.anthropic.com/claudebot)"
188.194.31.5 - - [06/Feb/2026:13:49:06 +0000] "GET /index.html HTTP/1.1" 200 142939 "-" "Mozilla/5.0 (compatible; bingbot/2.0; +http://www.bing.com/bingbot.htm)"
171.133.45.213 - - [06/Feb/2026:13:49:51 +0000] "GET /banner.jpg HTTP/1.1" 200 125770 "-" "Mozilla/5.0 (compatible; Googlebot/2.1; +http://www.google.com/bot.html)"
99.150.211.250 - - [06/Feb/2026:13:51:05 +0000] "GET /logo.png HTTP/1.1" 200 116538 "-" "Mozilla/5.0 AppleWebKit/537.36 (compatible; GPTBot/1.3; +https://openai.com/gptbot)"
203.225.0.215 - - [06/Feb/2026:13:52:15 +0000] "GET /banner.jpg HTTP/1.1" 200 18259 "-" "Mozilla/5.0 AppleWebKit/537.36 (compatible; GPTBot/1.3; +https://openai.com/gptbot)"
203.225.0.215 - - [06/Feb/2026:13:52:28 +0000] "GET /config HTTP/1.1" 200 34624 "-" "ClaudeBot/1.0 (+https://www.anthropic.com/claudebot)"
203.225.0.215 - - [06/Feb/2026:13:54:27 +0000] "GET /logo.png HTTP/1.1" 200 41584 "-" "ClaudeBot/1.0 (+https://www.anthropic.com/claudebot)"
82.35.167.49 - - [06/Feb/2026:14:08:05 +0000] "GET /app.js HTTP/1.1" 200 127856 "-" "Mozilla/5.0 (compatible; Googlebot/2.1; +http://www.google.com/bot.html)"
99.132.12.102 - - [06/Feb/2026:14:09:38 +0000] "GET /banner.jpg HTTP/1.1" 302 479 "-" "Mozilla/5.0 (compatible; Amazonbot/0.1; +https://developer.amazon.com/support/amazonbot)"
99.170.62.78 - - [06/Feb/2026:14:12:26 +0000] "GET /style.css HTTP/1.1" 404 369 "-" "Mozilla/5.0 (compatible; Googlebot/2.1; +http://www.google.com/bot.html)"
99.132.12.102 - - [06/Feb/2026:14:13:27 +0000] "GET /config HTTP/1.1" 404 424 "-" "ClaudeBot/1.0 (+https://www.anthropic.com/claudebot)"
141.57.250.8 - - [06/Feb/2026:14:13:37 +0000] "GET /logo.png HTTP/1.1" 200 62500 "-" "Mozilla/5.0 (compatible; Googlebot/2.1; +http://www.google.com/bot.html)"
82.35.167.49 - - [06/Feb/2026:14:14:47 +0000] "GET /app.js HTTP/1.1" 304 294 "-" "Mozilla/5.0 (compatible; Amazonbot/0.1; +https://developer.amazon.com/support/amazonbot)"
141.57.250.8 - - [06/Feb/2026:14:15:08 +0000] "GET /banner.jpg HTTP/1.1" 404 496 "-" "Mozilla/5.0 (compatible; Googlebot/2.1; +http://www.google.com/bot.html)"
71.138.7.233 - - [06/Feb/2026:14:15:39 +0000] "GET /index.html HTTP/1.1" 200 125315 "-" "Mozilla/5.0 (compatible; Amazonbot/0.1; +https://developer.amazon.com/support/amazonbot)"
203.225.0.215 - - [06/Feb/2026:14:17:26 +0000] "GET / HTTP/1.1" 200 136714 "-" "Mozilla/5.0 (compatible; bingbot/2.0; +http://www.bing.com/bingbot.htm)"
149.37.222.138 - - [06/Feb/2026:14:20:37 +0000] "GET /data.json HTTP/1.1" 200 2074 "-" "Mozilla/5.0 AppleWebKit/537.36 (compatible; GPTBot/1.3; +https://openai.com/gptbot)"
188.194.31.5 - - [06/Feb/2026:14:22:22 +0000] "GET /banner.jpg HTTP/1.1" 200 136764 "-" "Mozilla/5.0 AppleWebKit/537.36 (compatible; GPTBot/1.3; +https://openai.com/gptbot)"
149.37.222.138 - - [06/Feb/2026:14:22:57 +0000] "GET /sitemap.xml HTTP/1.1" 200 146568 "-" "ClaudeBot/1.0 (+https://www.anthropic.com/claudebot)"
71.138.7.233 - - [06/Feb/2026:14:26:41 +0000] "GET / HTTP/1.1" 200 109865 "-" "Mozilla/5.0 (compatible; Googlebot/2.1; +http://www.google.com/bot.html)"
122.96.81.102 - - [06/Feb/2026:14:26:57 +0000] "GET /about.html HTTP/1.1" 200 146239 "-" "Mozilla/5.0 (compatible; bingbot/2.0; +http://www.bing.com/bingbot.htm)"
122.96.81.102 - - [06/Feb/2026:14:31:22 +0000] "GET /about.html HTTP/1.1" 200 63762 "-" "Mozilla/5.0 (compatible; Googlebot/2.1; +http://www.google.com/bot.html)"
60.241.196.176 - - [06/Feb/2026:14:32:36 +0000] "GET /about.html HTTP/1.1" 200 127191 "-" "Mozilla/5.0 AppleWebKit/537.36 (compatible; GPTBot/1.3; +https://openai.com/gptbot)"
99.132.12.102 - - [06/Feb/2026:14:36:28 +0000] "GET /feed.xml HTTP/1.1" 200 127796 "-" "ClaudeBot/1.0 (+https://www.anthropic.com/claudebot)"
99.132.12.102 - - [06/Feb/2026:14:38:10 +0000] "GET /sitemap.xml HTTP/1.1" 200 109128 "-" "Mozilla/5.0 (compatible; bingbot/2.0; +http://www.bing.com/bingbot.htm)"
71.138.7.233 - - [06/Feb/2026:14:39:30 +0000] "GET /index.html HTTP/1.1" 200 29803 "-" "Mozilla/5.0 (compatible; Googlebot/2.1; +http://www.google.com/bot.html)"
71.138.7.233 - - [06/Feb/2026:14:48:42 +0000] "GET /logo.png HTTP/1.1" 404 96 "-" "Mozilla/5.0 (compatible; bingbot/2.0; +http://www.bing.com/bingbot.htm)"
82.35.167.49 - - [06/Feb/2026:14:49:06 +0000] "GET /feed.xml HTTP/1.1" 200 29429 "-" "ClaudeBot/1.0 (+https://www.anthropic.com/claudebot)"
141.57.250.8 - - [06/Feb/2026:14:51:22 +0000] "GET /config HTTP/1.1" 200 11251 "-" "Mozilla/5.0 (compatible; bingbot/2.0; +http://www.bing.com/bingbot.htm)"
99.170.62.78 - - [06/Feb/2026:14:55:24 +0000] "GET /logo.png HTTP/1.1" 200 136937 "-" "Mozilla/5.0 AppleWebKit/537.36 (compatible; GPTBot/1.3; +https://openai.com/gptbot)"
122.96.81.102 - - [06/Feb/2026:14:55:58 +0000] "GET /logo.png HTTP/1.1" 304 239 "-" "Mozilla/5.0 (compatible; Googlebot/2.1; +http://www.google.com/bot.html)"
99.150.211.250 - - [06/Feb/2026:14:57:32 +0000] "GET /readme.txt HTTP/1.1" 404 464 "-" "Mozilla/5.0 AppleWebKit/537.36 (compatible; GPTBot/1.3; +https://openai.com/gptbot)"
71.138.7.233 - - [06/Feb/2026:15:00:03 +0000] "GET /about.html HTTP/1.1" 200 61875 "-" "Mozilla/5.0 AppleWebKit/537.36 (compatible; GPTBot/1.3; +https://openai.com/gptbot)"
71.138.7.233 - - [06/Feb/2026:15:02:12 +0000] "GET /config HTTP/1.1" 404 177 "-" "Mozilla/5.0 (compatible; bingbot/2.0; +http://www.bing.com/bingbot.htm)"
203.225.0.215 - - [06/Feb/2026:15:02:25 +0000] "GET /app.js HTTP/1.1" 304 134 "-" "ClaudeBot/1.0 (+https://www.anthropic.com/claudebot)"
99.150.211.250 - - [06/Feb/2026:15:04:18 +0000] "GET /sitemap.xml HTTP/1.1" 304 400 "-" "Mozilla/5.0 (compatible; bingbot/2.0; +http://www.bing.com/bingbot.htm)"
122.96.81.102 - - [06/Feb/2026:15:07:50 +0000] "GET /readme.txt HTTP/1.1" 200 54427 "-" "Mozilla/5.0 (compatible; bingbot/2.0; +http://www.bing.com/bingbot.htm)"
171.133.45.213 - - [06/Feb/2026:15:08:18 +0000] "GET /feed.xml HTTP/1.1" 200 56530 "-" "Mozilla/5.0 (compatible; Googlebot/2.1; +http://www.google.com/bot.html)"
99.132.12.102 - - [06/Feb/2026:15:10:05 +0000] "GET / HTTP/1.1" 200 100645 "-" "Mozilla/5.0 (compatible; bingbot/2.0; +http://www.bing.com/bingbot.htm)"
99.170.62.78 - - [06/Feb/2026:15:13:11 +0000] "GET /data.json HTTP/1.1" 302 65 "-" "ClaudeBot/1.0 (+https://www.anthropic.com/claudebot)"
99.132.12.102 - - [06/Feb/2026:15:14:48 +0000] "GET /banner.jpg HTTP/1.1" 200 97601 "-" "ClaudeBot/1.0 (+https://www.anthropic.com/claudebot)"
188.194.31.5 - - [06/Feb/2026:15:16:41 +0000] "GET / HTTP/1.1" 404 137 "-" "Mozilla/5.0 (compatible; Googlebot/2.1; +http://www.google.com/bot.html)"
99.170.62.78 - - [06/Feb/2026:15:21:14 +0000] "GET /sitemap.xml HTTP/1.1" 200 95900 "-" "Mozilla/5.0 (compatible; bingbot/2.0; +http://www.bing.com/bingbot.htm)"
203.225.0.215 - - [06/Feb/2026:15:23:40 +0000] "GET /banner.jpg HTTP/1.1" 304 13 "-" "Mozilla/5.0 (compatible; Amazonbot/0.1; +https://developer.amazon.com/support/amazonbot)"
99.132.12.102 - - [06/Feb/2026:15:25:14 +0000] "GET /feed.xml HTTP/1.1" 404 55 "-" "ClaudeBot/1.0 (+https://www.anthropic.com/claudebot)"
203.225.0.215 - - [06/Feb/2026:15:28:50 +0000] "GET / HTTP/1.1" 200 133046 "-" "ClaudeBot/1.0 (+https://www.anthropic.com/claudebot)"
99.150.211.250 - - [06/Feb/2026:15:29:31 +0000] "GET /app.js HTTP/1.1" 200 134656 "-" "Mozilla/5.0 (compatible; Googlebot/2.1; +http://www.google.com/bot.html)"
203.225.0.215 - - [06/Feb/2026:15:30:03 +0000] "GET /logo.png HTTP/1.1" 200 41367 "-" "Mozilla/5.0 AppleWebKit/537.36 (compatible; GPTBot/1.3; +https://openai.com/gptbot)"
149.37.222.138 - - [06/Feb/2026:15:35:06 +0000] "GET /index.html HTTP/1.1" 200 42672 "-" "Mozilla/5.0 AppleWebKit/537.36 (compatible; GPTBot/1.3; +https://openai.com/gptbot)"
99.132.12.102 - - [06/Feb/2026:15:38:19 +0000] "GET /about.html HTTP/1.1" 200 112824 "-" "ClaudeBot/1.0 (+https://www.anthropic.com/claudebot)"
60.241.196.176 - - [06/Feb/2026:15:44:36 +0000] "GET /style.css HTTP/1.1" 200 141758 "-" "Mozilla/5.0 (compatible; Googlebot/2.1; +http://www.google.com/bot.html)"
82.35.167.49 - - [06/Feb/2026:15:45:31 +0000] "GET /index.html HTTP/1.1" 404 15 "-" "Mozilla/5.0 (compatible; Amazonbot/0.1; +https://developer.amazon.com/support/amazonbot)"
60.241.196.176 - - [06/Feb/2026:15:46:18 +0000] "GET /config HTTP/1.1" 200 140023 "-" "Mozilla/5.0 (compatible; Amazonbot/0.1; +https://developer.amazon.com/support/amazonbot)"
203.225.0.215 - - [06/Feb/2026:15:46:35 +0000] "GET /logo.png HTTP/1.1" 404 465 "-" "Mozilla/5.0 (compatible; bingbot/2.0; +http://www.bing.com/bingbot.htm)"
99.150.211.250 - - [06/Feb/2026:15:51:20 +0000] "GET /banner.jpg HTTP/1.1" 200 92877 "-" "Mozilla/5.0 (compatible; Amazonbot/0.1; +https://developer.amazon.com/support/amazonbot)"
99.132.12.102 - - [06/Feb/2026:15:55:34 +0000] "GET /sitemap.xml HTTP/1.1" 200 133519 "-" "Mozilla/5.0 (compatible; Googlebot/2.1; +http://www.google.com/bot.html)"
60.241.196.176 - - [06/Feb/2026:15:55:40 +0000] "GET /sitemap.xml HTTP/1.1" 304 322 "-" "ClaudeBot/1.0 (+https://www.anthropic.com/claudebot)"
149.37.222.138 - - [06/Feb/2026:15:56:08 +0000] "GET /logo.png HTTP/1.1" 200 118845 "-" "ClaudeBot/1.0 (+https://www.anthropic.com/claudebot)"
71.138.7.233 - - [06/Feb/2026:15:57:44 +0000] "GET / HTTP/1.1" 200 102625 "-" "Mozilla/5.0 (compatible; Googlebot/2.1; +http://www.google.com/bot.html)"
188.194.31.5 - - [06/Feb/2026:16:10:30 +0000] "GET /index.html HTTP/1.1" 200 57890 "-" "Mozilla/5.0 (compatible; Amazonbot/0.1; +https://developer.amazon.com/support/amazonbot)"
141.57.250.8 - - [06/Feb/2026:16:13:02 +0000] "GET /logo.png HTTP/1.1" 200 99147 "-" "Mozilla/5.0 (compatible; bingbot/2.0; +http://www.bing.com/bingbot.htm)"
141.57.250.8 - - [06/Feb/2026:16:15:00 +0000] "GET /config HTTP/1.1" 301 371 "-" "Mozilla/5.0 (compatible; Amazonbot/0.1; +https://developer.amazon.com/support/amazonbot)"
99.170.62.78 - - [06/Feb/2026:16:16:56 +0000] "GET /index.html HTTP/1.1" 403 183 "-" "Mozilla/5.0 (compatible; bingbot/2.0; +http://www.bing.com/bingbot.htm)"
188.194.31.5 - - [06/Feb/2026:16:19:05 +0000] "GET /app.js HTTP/1.1" 304 264 "-" "Mozilla/5.0 (compatible; bingbot/2.0; +http://www.bing.com/bingbot.htm)"
141.57.250.8 - - [06/Feb/2026:16:20:44 +0000] "GET /data.json HTTP/1.1" 200 94409 "-" "Mozilla/5.0 (compatible; bingbot/2.0; +http://www.bing.com/bingbot.htm)"
60.241.196.176 - - [06/Feb/2026:16:20:51 +0000] "GET /index.html HTTP/1.1" 403 177 "-" "Mozilla/5.0 (compatible; Googlebot/2.1; +http://www.google.com/bot.html)"
171.133.45.213 - - [06/Feb/2026:16:21:32 +0000] "GET /logo.png HTTP/1.1" 200 3507 "-" "ClaudeBot/1.0 (+https://www.anthropic.com/claudebot)"
188.194.31.5 - - [06/Feb/2026:16:25:11 +0000] "GET /logo.png HTTP/1.1" 200 52262 "-" "Mozilla/5.0 AppleWebKit/537.36 (compatible; GPTBot/1.3; +https://openai.com/gptbot)"
203.225.0.215 - - [06/Feb/2026:16:26:13 +0000] "GET /sitemap.xml HTTP/1.1" 404 475 "-" "Mozilla/5.0 AppleWebKit/537.36 (compatible; GPTBot/1.3; +https://openai.com/gptbot)"
99.132.12.102 - - [06/Feb/2026:16:31:33 +0000] "GET /index.html HTTP/1.1" 301 319 "-" "ClaudeBot/1.0 (+https://www.anthropic.com/claudebot)"
149.37.222.138 - - [06/Feb/2026:16:32:15 +0000] "GET /app.js HTTP/1.1" 301 53 "-" "Mozilla/5.0 (compatible; bingbot/2.0; +http://www.bing.com/bingbot.htm)"
171.133.45.213 - - [06/Feb/2026:16:34:43 +0000] "GET /logo.png HTTP/1.1" 304 416 "-" "Mozilla/5.0 (compatible; Googlebot/2.1; +http://www.google.com/bot.html)"
71.138.7.233 - - [06/Feb/2026:16:38:11 +0000] "GET /sitemap.xml HTTP/1.1" 304 436 "-" "Mozilla/5.0 (compatible; bingbot/2.0; +http://www.bing.com/bingbot.htm)"
99.132.12.102 - - [06/Feb/2026:16:39:16 +0000] "GET / HTTP/1.1" 200 63973 "-" "ClaudeBot/1.0 (+https://www.anthropic.com/claudebot)"
99.150.211.250 - - [06/Feb/2026:16:41:28 +0000] "GET /feed.xml HTTP/1.1" 200 10347 "-" "Mozilla/5.0 (compatible; bingbot/2.0; +http://www.bing.com/bingbot.htm)"
171.133.45.213 - - [06/Feb/2026:16:46:54 +0000] "GET /app.js HTTP/1.1" 200 110161 "-" "Mozilla/5.0 (compatible; bingbot/2.0; +http://www.bing.com/bingbot.htm)"
203.225.0.215 - - [06/Feb/2026:16:48:05 +0000] "GET /style.css HTTP/1.1" 200 90837 "-" "Mozilla/5.0 (compatible; Amazonbot/0.1; +https://developer.amazon.com/support/amazonbot)"
188.194.31.5 - - [06/Feb/2026:16:49:33 +0000] "GET /feed.xml HTTP/1.1" 200 108519 "-" "Mozilla/5.0 (compatible; Amazonbot/0.1; +https://developer.amazon.com/support/amazonbot)"
171.133.45.213 - - [06/Feb/2026:16:52:17 +0000] "GET /config HTTP/1.1" 301 181 "-" "Mozilla/5.0 (compatible; Amazonbot/0.1; +https://developer.amazon.com/support/amazonbot)"
171.133.45.213 - - [06/Feb/2026:16:56:13 +0000] "GET /logo.png HTTP/1.1" 200 12505 "-" "Mozilla/5.0 (compatible; Googlebot/2.1; +http://www.google.com/bot.html)"
141.57.250.8 - - [06/Feb/2026:17:08:55 +0000] "GET /data.json HTTP/1.1" 200 144064 "-" "Mozilla/5.0 (compatible; Amazonbot/0.1; +https://developer.amazon.com/support/amazonbot)"
99.150.211.250 - - [06/Feb/2026:17:21:34 +0000] "GET / HTTP/1.1" 200 138723 "-" "ClaudeBot/1.0 (+https://www.anthropic.com/claudebot)"
82.35.167.49 - - [06/Feb/2026:17:25:06 +0000] "GET /index.html HTTP/1.1" 404 304 "-" "Mozilla/5.0 (compatible; Googlebot/2.1; +http://www.google.com/bot.html)"
99.132.12.102 - - [06/Feb/2026:17:25:13 +0000] "GET /readme.txt HTTP/1.1" 304 391 "-" "ClaudeBot/1.0 (+https://www.anthropic.com/claudebot)"
60.241.196.176 - - [06/Feb/2026:17:27:08 +0000] "GET /config HTTP/1.1" 200 137381 "-" "Mozilla/5.0 (compatible; Amazonbot/0.1; +https://developer.amazon.com/support/amazonbot)"
60.241.196.176 - - [06/Feb/2026:17:33:08 +0000] "GET /style.css HTTP/1.1" 200 45648 "-" "ClaudeBot/1.0 (+https://www.anthropic.com/claudebot)"
60.241.196.176 - - [06/Feb/2026:17:37:36 +0000] "GET / HTTP/1.1" 200 61711 "-" "Mozilla/5.0 (compatible; Googlebot/2.1; +http://www.google.com/bot.html)"
71.138.7.233 - - [06/Feb/2026:17:38:19 +0000] "GET /banner.jpg HTTP/1.1" 200 82781 "-" "Mozilla/5.0 (compatible; Googlebot/2.1; +http://www.google.com/bot.html)"
99.132.12.102 - - [06/Feb/2026:17:43:26 +0000] "GET /banner.jpg HTTP/1.1" 304 67 "-" "Mozilla/5.0 (compatible; bingbot/2.0; +http://www.bing.com/bingbot.htm)"
60.241.196.176 - - [06/Feb/2026:17:45:24 +0000] "GET /sitemap.xml HTTP/1.1" 200 34067 "-" "ClaudeBot/1.0 (+https://www.anthropic.com/claudebot)"
99.150.211.250 - - [06/Feb/2026:17:45:56 +0000] "GET /index.html HTTP/1.1" 302 256 "-" "Mozilla/5.0 (compatible; Googlebot/2.1; +http://www.google.com/bot.html)"
82.35.167.49 - - [06/Feb/2026:17:48:40 +0000] "GET /logo.png HTTP/1.1" 200 56031 "-" "ClaudeBot/1.0 (+https://www.anthropic.com/claudebot)"
82.35.167.49 - - [06/Feb/2026:17:51:54 +0000] "GET /banner.jpg HTTP/1.1" 200 115882 "-" "Mozilla/5.0 (compatible; Amazonbot/0.1; +https://developer.amazon.com/support/amazonbot)"
60.241.196.176 - - [06/Feb/2026:17:52:35 +0000] "GET /sitemap.xml HTTP/1.1" 200 4649 "-" "Mozilla/5.0 (compatible; Amazonbot/0.1; +https://developer.amazon.com/support/amazonbot)"
99.132.12.102 - - [06/Feb/2026:17:53:12 +0000] "GET /data.json HTTP/1.1" 200 60503 "-" "Mozilla/5.0 (compatible; Amazonbot/0.1; +https://developer.amazon.com/support/amazonbot)"
99.132.12.102 - - [06/Feb/2026:17:54:39 +0000] "GET /about.html HTTP/1.1" 200 74485 "-" "ClaudeBot/1.0 (+https://www.anthropic.com/claudebot)"
171.133.45.213 - - [06/Feb/2026:18:02:32 +0000] "GET /app.js HTTP/1.1" 404 364 "-" "Mozilla/5.0 (compatible; Amazonbot/0.1; +https://developer.amazon.com/support/amazonbot)"
203.225.0.215 - - [06/Feb/2026:18:10:57 +0000] "GET /app.js HTTP/1.1" 200 93522 "-" "ClaudeBot/1.0 (+https://www.anthropic.com/claudebot)"
99.170.62.78 - - [06/Feb/2026:18:11:21 +0000] "GET /config HTTP/1.1" 200 16481 "-" "Mozilla/5.0 AppleWebKit/537.36 (compatible; GPTBot/1.3; +https://openai.com/gptbot)"
99.150.211.250 - - [06/Feb/2026:18:13:12 +0000] "GET / HTTP/1.1" 304 482 "-" "Mozilla/5.0 AppleWebKit/537.36 (compatible; GPTBot/1.3; +https://openai.com/gptbot)"
149.37.222.138 - - [06/Feb/2026:18:14:45 +0000] "GET /feed.xml HTTP/1.1" 200 22304 "-" "Mozilla/5.0 (compatible; Amazonbot/0.1; +https://developer.amazon.com/support/amazonbot)"
141.57.250.8 - - [06/Feb/2026:18:21:20 +0000] "GET /style.css HTTP/1.1" 200 97328 "-" "Mozilla/5.0 AppleWebKit/537.36 (compatible; GPTBot/1.3; +https://openai.com/gptbot)"
171.133.45.213 - - [06/Feb/2026:18:28:59 +0000] "GET /style.css HTTP/1.1" 404 315 "-" "ClaudeBot/1.0 (+https://www.anthropic.com/claudebot)"
122.96.81.102 - - [06/Feb/2026:18:29:24 +0000] "GET /banner.jpg HTTP/1.1" 200 124226 "-" "Mozilla/5.0 AppleWebKit/537.36 (compatible; GPTBot/1.3; +https://openai.com/gptbot)"
99.170.62.78 - - [06/Feb/2026:18:34:24 +0000] "GET /config HTTP/1.1" 200 138010 "-" "ClaudeBot/1.0 (+https://www.anthropic.com/claudebot)"
60.241.196.176 - - [06/Feb/2026:18:34:32 +0000] "GET /app.js HTTP/1.1" 200 130875 "-" "ClaudeBot/1.0 (+https://www.anthropic.com/claudebot)"
99.150.211.250 - - [06/Feb/2026:18:35:04 +0000] "GET /data.json HTTP/1.1" 200 44399 "-" "Mozilla/5.0 (compatible; bingbot/2.0; +http://www.bing.com/bingbot.htm)"
149.37.222.138 - - [06/Feb/2026:18:37:45 +0000] "GET /banner.jpg HTTP/1.1" 200 63589 "-" "Mozilla/5.0 (compatible; Amazonbot/0.1; +https://developer.amazon.com/support/amazonbot)"
122.96.81.102 - - [06/Feb/2026:18:38:54 +0000] "GET /feed.xml HTTP/1.1" 304 402 "-" "Mozilla/5.0 (compatible; Amazonbot/0.1; +https://developer.amazon.com/support/amazonbot)"
188.194.31.5 - - [06/Feb/2026:18:49:11 +0000] "GET / HTTP/1.1" 200 31963 "-" "Mozilla/5.0 (compatible; bingbot/2.0; +http://www.bing.com/bingbot.htm)"
99.170.62.78 - - [06/Feb/2026:18:53:06 +0000] "GET / HTTP/1.1" 200 1660 "-" "Mozilla/5.0 (compatible; bingbot/2.0; +http://www.bing.com/bingbot.htm)"
188.194.31.5 - - [06/Feb/2026:18:57:39 +0000] "GET /logo.png HTTP/1.1" 302 291 "-" "ClaudeBot/1.0 (+https://www.anthropic.com/claudebot)"
171.133.45.213 - - [06/Feb/2026:18:58:23 +0000] "GET /readme.txt HTTP/1.1" 200 16580 "-" "Mozilla/5.0 (compatible; bingbot/2.0; +http://www.bing.com/bingbot.htm)"
149.37.222.138 - - [06/Feb/2026:19:01:17 +0000] "GET /about.html HTTP/1.1" 304 400 "-" "ClaudeBot/1.0 (+https://www.anthropic.com/claudebot)"
203.225.0.215 - - [06/Feb/2026:19:02:13 +0000] "GET /readme.txt HTTP/1.1" 404 147 "-" "Mozilla/5.0 (compatible; bingbot/2.0; +http://www.bing.com/bingbot.htm)"
99.132.12.102 - - [06/Feb/2026:19:02:51 +0000] "GET /style.css HTTP/1.1" 200 94103 "-" "Mozilla/5.0 (compatible; bingbot/2.0; +http://www.bing.com/bingbot.htm)"
60.241.196.176 - - [06/Feb/2026:19:03:06 +0000] "GET /config HTTP/1.1" 200 106885 "-" "Mozilla/5.0 (compatible; Amazonbot/0.1; +https://developer.amazon.com/support/amazonbot)"
171.133.45.213 - - [06/Feb/2026:19:03:51 +0000] "GET /index.html HTTP/1.1" 200 77392 "-" "Mozilla/5.0 (compatible; bingbot/2.0; +http://www.bing.com/bingbot.htm)"
71.138.7.233 - - [06/Feb/2026:19:06:12 +0000] "GET /data.json HTTP/1.1" 200 47667 "-" "Mozilla/5.0 (compatible; Amazonbot/0.1; +https://developer.amazon.com/support/amazonbot)"
82.35.167.49 - - [06/Feb/2026:19:10:44 +0000] "GET /data.json HTTP/1.1" 200 101054 "-" "ClaudeBot/1.0 (+https://www.anthropic.com/claudebot)"
99.170.62.78 - - [06/Feb/2026:19:11:03 +0000] "GET /feed.xml HTTP/1.1" 200 48139 "-" "Mozilla/5.0 (compatible; Amazonbot/0.1; +https://developer.amazon.com/support/amazonbot)"
99.170.62.78 - - [06/Feb/2026:19:12:18 +0000] "GET /data.json HTTP/1.1" 200 107703 "-" "Mozilla/5.0 (compatible; bingbot/2.0; +http://www.bing.com/bingbot.htm)"
149.37.222.138 - - [06/Feb/2026:19:12:23 +0000] "GET /app.js HTTP/1.1" 200 59154 "-" "ClaudeBot/1.0 (+https://www.anthropic.com/claudebot)"
188.194.31.5 - - [06/Feb/2026:19:12:32 +0000] "GET /feed.xml HTTP/1.1" 200 136502 "-" "Mozilla/5.0 (compatible; bingbot/2.0; +http://www.bing.com/bingbot.htm)"
99.170.62.78 - - [06/Feb/2026:19:16:00 +0000] "GET /feed.xml HTTP/1.1" 304 313 "-" "ClaudeBot/1.0 (+https://www.anthropic.com/claudebot)"
99.132.12.102 - - [06/Feb/2026:19:17:12 +0000] "GET /banner.jpg HTTP/1.1" 200 116983 "-" "Mozilla/5.0 (compatible; bingbot/2.0; +http://www.bing.com/bingbot.htm)"
141.57.250.8 - - [06/Feb/2026:19:20:41 +0000] "GET /feed.xml HTTP/1.1" 200 141210 "-" "Mozilla/5.0 (compatible; bingbot/2.0; +http://www.bing.com/bingbot.htm)"
71.138.7.233 - - [06/Feb/2026:19:21:57 +0000] "GET /readme.txt HTTP/1.1" 200 1614 "-" "Mozilla/5.0 (compatible; bingbot/2.0; +http://www.bing.com/bingbot.htm)"
71.138.7.233 - - [06/Feb/2026:19:26:39 +0000] "GET /logo.png HTTP/1.1" 403 131 "-" "Mozilla/5.0 (compatible; bingbot/2.0; +http://www.bing.com/bingbot.htm)"
122.96.81.102 - - [06/Feb/2026:19:28:06 +0000] "GET /config HTTP/1.1" 200 31689 "-" "ClaudeBot/1.0 (+https://www.anthropic.com/claudebot)"
82.35.167.49 - - [06/Feb/2026:19:29:26 +0000] "GET /config HTTP/1.1" 200 59205 "-" "Mozilla/5.0 (compatible; Googlebot/2.1; +http://www.google.com/bot.html)"
99.132.12.102 - - [06/Feb/2026:19:34:23 +0000] "GET /style.css HTTP/1.1" 200 36571 "-" "Mozilla/5.0 AppleWebKit/537.36 (compatible; GPTBot/1.3; +https://openai.com/gptbot)"
82.35.167.49 - - [06/Feb/2026:19:37:37 +0000] "GET /feed.xml HTTP/1.1" 200 106827 "-" "Mozilla/5.0 (compatible; Amazonbot/0.1; +https://developer.amazon.com/support/amazonbot)"
99.150.211.250 - - [06/Feb/2026:19:39:08 +0000] "GET /sitemap.xml HTTP/1.1" 200 142541 "-" "Mozilla/5.0 AppleWebKit/537.36 (compatible; GPTBot/1.3; +https://openai.com/gptbot)"
71.138.7.233 - - [06/Feb/2026:19:39:48 +0000] "GET /readme.txt HTTP/1.1" 404 122 "-" "Mozilla/5.0 (compatible; Googlebot/2.1; +http://www.google.com/bot.html)"
149.37.222.138 - - [06/Feb/2026:19:39:58 +0000] "GET /app.js HTTP/1.1" 404 118 "-" "Mozilla/5.0 (compatible; bingbot/2.0; +http://www.bing.com/bingbot.htm)"
99.150.211.250 - - [06/Feb/2026:19:42:55 +0000] "GET /about.html HTTP/1.1" 200 36757 "-" "ClaudeBot/1.0 (+https://www.anthropic.com/claudebot)"
99.132.12.102 - - [06/Feb/2026:19:43:38 +0000] "GET /banner.jpg HTTP/1.1" 200 77706 "-" "Mozilla/5.0 (compatible; Amazonbot/0.1; +https://developer.amazon.com/support/amazonbot)"
82.35.167.49 - - [06/Feb/2026:19:47:17 +0000] "GET /app.js HTTP/1.1" 200 51107 "-" "Mozilla/5.0 (compatible; Googlebot/2.1; +http://www.google.com/bot.html)"
122.96.81.102 - - [06/Feb/2026:19:50:00 +0000] "GET /readme.txt HTTP/1.1" 200 29573 "-" "Mozilla/5.0 (compatible; Googlebot/2.1; +http://www.google.com/bot.html)"
141.57.250.8 - - [06/Feb/2026:19:53:48 +0000] "GET /banner.jpg HTTP/1.1" 200 101143 "-" "Mozilla/5.0 (compatible; bingbot/2.0; +http://www.bing.com/bingbot.htm)"
203.225.0.215 - - [06/Feb/2026:19:55:26 +0000] "GET /feed.xml HTTP/1.1" 200 23778 "-" "Mozilla/5.0 AppleWebKit/537.36 (compatible; GPTBot/1.3; +https://openai.com/gptbot)"
99.150.211.250 - - [06/Feb/2026:19:56:48 +0000] "GET /banner.jpg HTTP/1.1" 200 134169 "-" "Mozilla/5.0 (compatible; bingbot/2.0; +http://www.bing.com/bingbot.htm)"
203.225.0.215 - - [06/Feb/2026:20:05:21 +0000] "GET /data.json HTTP/1.1" 200 53871 "-" "ClaudeBot/1.0 (+https://www.anthropic.com/claudebot)"
71.138.7.233 - - [06/Feb/2026:20:07:05 +0000] "GET /readme.txt HTTP/1.1" 200 2669 "-" "ClaudeBot/1.0 (+https://www.anthropic.com/claudebot)"
82.35.167.49 - - [06/Feb/2026:20:07:44 +0000] "GET /index.html HTTP/1.1" 200 49974 "-" "Mozilla/5.0 (compatible; Amazonbot/0.1; +https://developer.amazon.com/support/amazonbot)"
122.96.81.102 - - [06/Feb/2026:20:09:01 +0000] "GET /app.js HTTP/1.1" 200 145100 "-" "ClaudeBot/1.0 (+https://www.anthropic.com/claudebot)"
122.96.81.102 - - [06/Feb/2026:20:10:52 +0000] "GET /index.html HTTP/1.1" 200 52410 "-" "Mozilla/5.0 (compatible; bingbot/2.0; +http://www.bing.com/bingbot.htm)"
122.96.81.102 - - [06/Feb/2026:20:16:56 +0000] "GET /about.html HTTP/1.1" 200 126861 "-" "ClaudeBot/1.0 (+https://www.anthropic.com/claudebot)"
122.96.81.102 - - [06/Feb/2026:20:17:43 +0000] "GET /sitemap.xml HTTP/1.1" 200 39901 "-" "Mozilla/5.0 AppleWebKit/537.36 (compatible; GPTBot/1.3; +https://openai.com/gptbot)"
203.225.0.215 - - [06/Feb/2026:20:19:05 +0000] "GET /readme.txt HTTP/1.1" 304 302 "-" "Mozilla/5.0 (compatible; bingbot/2.0; +http://www.bing.com/bingbot.htm)"
99.170.62.78 - - [06/Feb/2026:20:21:34 +0000] "GET / HTTP/1.1" 200 91110 "-" "ClaudeBot/1.0 (+https://www.anthropic.com/claudebot)"
149.37.222.138 - - [06/Feb/2026:20:22:48 +0000] "GET / HTTP/1.1" 301 321 "-" "ClaudeBot/1.0 (+https://www.anthropic.com/claudebot)"
188.194.31.5 - - [06/Feb/2026:20:24:05 +0000] "GET /readme.txt HTTP/1.1" 304 105 "-" "Mozilla/5.0 (compatible; Googlebot/2.1; +http://www.google.com/bot.html)"
99.170.62.78 - - [06/Feb/2026:20:24:43 +0000] "GET /app.js HTTP/1.1" 200 146790 "-" "Mozilla/5.0 (compatible; Googlebot/2.1; +http://www.google.com/bot.html)"
203.225.0.215 - - [06/Feb/2026:20:25:55 +0000] "GET /index.html HTTP/1.1" 301 47 "-" "Mozilla/5.0 (compatible; bingbot/2.0; +http://www.bing.com/bingbot.htm)"
122.96.81.102 - - [06/Feb/2026:20:32:10 +0000] "GET /banner.jpg HTTP/1.1" 200 104936 "-" "Mozilla/5.0 AppleWebKit/537.36 (compatible; GPTBot/1.3; +https://openai.com/gptbot)"
171.133.45.213 - - [06/Feb/2026:20:33:39 +0000] "GET /index.html HTTP/1.1" 302 17 "-" "Mozilla/5.0 (compatible; Amazonbot/0.1; +https://developer.amazon.com/support/amazonbot)"
60.241.196.176 - - [06/Feb/2026:20:35:31 +0000] "GET /app.js HTTP/1.1" 200 97267 "-" "Mozilla/5.0 (compatible; Amazonbot/0.1; +https://developer.amazon.com/support/amazonbot)"
60.241.196.176 - - [06/Feb/2026:20:38:34 +0000] "GET /banner.jpg HTTP/1.1" 304 246 "-" "Mozilla/5.0 (compatible; bingbot/2.0; +http://www.bing.com/bingbot.htm)"
171.133.45.213 - - [06/Feb/2026:20:40:03 +0000] "GET /readme.txt HTTP/1.1" 200 137137 "-" "ClaudeBot/1.0 (+https://www.anthropic.com/claudebot)"
99.170.62.78 - - [06/Feb/2026:20:40:12 +0000] "GET /style.css HTTP/1.1" 200 61329 "-" "Mozilla/5.0 AppleWebKit/537.36 (compatible; GPTBot/1.3; +https://openai.com/gptbot)"
99.132.12.102 - - [06/Feb/2026:20:43:20 +0000] "GET /index.html HTTP/1.1" 200 59253 "-" "Mozilla/5.0 (compatible; bingbot/2.0; +http://www.bing.com/bingbot.htm)"
99.170.62.78 - - [06/Feb/2026:20:43:50 +0000] "GET /index.html HTTP/1.1" 200 63105 "-" "Mozilla/5.0 (compatible; bingbot/2.0; +http://www.bing.com/bingbot.htm)"
71.138.7.233 - - [06/Feb/2026:20:45:34 +0000] "GET /config HTTP/1.1" 200 112372 "-" "Mozilla/5.0 (compatible; Googlebot/2.1; +http://www.google.com/bot.html)"
99.170.62.78 - - [06/Feb/2026:20:45:50 +0000] "GET /banner.jpg HTTP/1.1" 200 51247 "-" "Mozilla/5.0 (compatible; Amazonbot/0.1; +https://developer.amazon.com/support/amazonbot)"
149.37.222.138 - - [06/Feb/2026:20:48:45 +0000] "GET /readme.txt HTTP/1.1" 302 171 "-" "Mozilla/5.0 (compatible; Amazonbot/0.1; +https://developer.amazon.com/support/amazonbot)"
171.133.45.213 - - [06/Feb/2026:20:51:01 +0000] "GET / HTTP/1.1" 301 283 "-" "Mozilla/5.0 AppleWebKit/537.36 (compatible; GPTBot/1.3; +https://openai.com/gptbot)"
71.138.7.233 - - [06/Feb/2026:20:57:38 +0000] "GET /readme.txt HTTP/1.1" 200 62081 "-" "Mozilla/5.0 AppleWebKit/537.36 (compatible; GPTBot/1.3; +https://openai.com/gptbot)"
99.132.12.102 - - [06/Feb/2026:20:58:01 +0000] "GET /style.css HTTP/1.1" 404 115 "-" "Mozilla/5.0 (compatible; bingbot/2.0; +http://www.bing.com/bingbot.htm)"
82.35.167.49 - - [06/Feb/2026:20:58:04 +0000] "GET /banner.jpg HTTP/1.1" 403 200 "-" "Mozilla/5.0 (compatible; Googlebot/2.1; +http://www.google.com/bot.html)"
71.138.7.233 - - [06/Feb/2026:21:01:25 +0000] "GET /feed.xml HTTP/1.1" 404 429 "-" "Mozilla/5.0 (compatible; Googlebot/2.1; +http://www.google.com/bot.html)"
99.150.211.250 - - [06/Feb/2026:21:03:02 +0000] "GET /app.js HTTP/1.1" 200 130397 "-" "ClaudeBot/1.0 (+https://www.anthropic.com/claudebot)"
203.225.0.215 - - [06/Feb/2026:21:04:15 +0000] "GET /style.css HTTP/1.1" 301 318 "-" "ClaudeBot/1.0 (+https://www.anthropic.com/claudebot)"
60.241.196.176 - - [06/Feb/2026:21:05:34 +0000] "GET / HTTP/1.1" 404 217 "-" "Mozilla/5.0 (compatible; Googlebot/2.1; +http://www.google.com/bot.html)"
122.96.81.102 - - [06/Feb/2026:21:09:40 +0000] "GET / HTTP/1.1" 403 136 "-" "Mozilla/5.0 (compatible; Googlebot/2.1; +http://www.google.com/bot.html)"
141.57.250.8 - - [06/Feb/2026:21:18:04 +0000] "GET /banner.jpg HTTP/1.1" 200 45756 "-" "Mozilla/5.0 (compatible; Googlebot/2.1; +http://www.google.com/bot.html)"
171.133.45.213 - - [06/Feb/2026:21:21:16 +0000] "GET /about.html HTTP/1.1" 301 325 "-" "Mozilla/5.0 (compatible; Googlebot/2.1; +http://www.google.com/bot.html)"
122.96.81.102 - - [06/Feb/2026:21:21:22 +0000] "GET /about.html HTTP/1.1" 200 45649 "-" "Mozilla/5.0 (compatible; bingbot/2.0; +http://www.bing.com/bingbot.htm)"
99.132.12.102 - - [06/Feb/2026:21:25:11 +0000] "GET /style.css HTTP/1.1" 404 61 "-" "ClaudeBot/1.0 (+https://www.anthropic.com/claudebot)"
122.96.81.102 - - [06/Feb/2026:21:26:44 +0000] "GET /app.js HTTP/1.1" 404 361 "-" "Mozilla/5.0 (compatible; Googlebot/2.1; +http://www.google.com/bot.html)"
99.170.62.78 - - [06/Feb/2026:21:28:18 +0000] "GET /feed.xml HTTP/1.1" 200 81571 "-" "Mozilla/5.0 (compatible; Amazonbot/0.1; +https://developer.amazon.com/support/amazonbot)"
171.133.45.213 - - [06/Feb/2026:21:29:49 +0000] "GET /data.json HTTP/1.1" 403 310 "-" "Mozilla/5.0 AppleWebKit/537.36 (compatible; GPTBot/1.3; +https://openai.com/gptbot)"
203.225.0.215 - - [06/Feb/2026:21:30:31 +0000] "GET / HTTP/1.1" 200 89586 "-" "Mozilla/5.0 (compatible; Amazonbot/0.1; +https://developer.amazon.com/support/amazonbot)"
99.150.211.250 - - [06/Feb/2026:21:35:57 +0000] "GET / HTTP/1.1" 200 95533 "-" "Mozilla/5.0 (compatible; bingbot/2.0; +http://www.bing.com/bingbot.htm)"
122.96.81.102 - - [06/Feb/2026:21:44:18 +0000] "GET /about.html HTTP/1.1" 200 16362 "-" "Mozilla/5.0 (compatible; Googlebot/2.1; +http://www.google.com/bot.html)"
149.37.222.138 - - [06/Feb/2026:21:47:27 +0000] "GET /sitemap.xml HTTP/1.1" 200 140799 "-" "Mozilla/5.0 (compatible; Amazonbot/0.1; +https://developer.amazon.com/support/amazonbot)"
60.241.196.176 - - [06/Feb/2026:21:47:44 +0000] "GET /banner.jpg HTTP/1.1" 200 13180 "-" "Mozilla/5.0 (compatible; Googlebot/2.1; +http://www.google.com/bot.html)"
60.241.196.176 - - [06/Feb/2026:21:48:54 +0000] "GET /app.js HTTP/1.1" 404 222 "-" "Mozilla/5.0 AppleWebKit/537.36 (compatible; GPTBot/1.3; +https://openai.com/gptbot)"
141.57.250.8 - - [06/Feb/2026:21:49:24 +0000] "GET /feed.xml HTTP/1.1" 404 262 "-" "Mozilla/5.0 (compatible; Googlebot/2.1; +http://www.google.com/bot.html)"
99.150.211.250 - - [06/Feb/2026:21:51:38 +0000] "GET /banner.jpg HTTP/1.1" 200 27939 "-" "Mozilla/5.0 (compatible; Googlebot/2.1; +http://www.google.com/bot.html)"
203.225.0.215 - - [06/Feb/2026:21:53:51 +0000] "GET /style.css HTTP/1.1" 404 420 "-" "Mozilla/5.0 (compatible; Googlebot/2.1; +http://www.google.com/bot.html)"
149.37.222.138 - - [06/Feb/2026:21:54:12 +0000] "GET /app.js HTTP/1.1" 200 12245 "-" "ClaudeBot/1.0 (+https://www.anthropic.com/claudebot)"
60.241.196.176 - - [06/Feb/2026:21:59:41 +0000] "GET /logo.png HTTP/1.1" 200 74984 "-" "Mozilla/5.0 AppleWebKit/537.36 (compatible; GPTBot/1.3; +https://openai.com/gptbot)"
60.241.196.176 - - [06/Feb/2026:22:00:29 +0000] "GET /sitemap.xml HTTP/1.1" 302 427 "-" "Mozilla/5.0 AppleWebKit/537.36 (compatible; GPTBot/1.3; +https://openai.com/gptbot)"
171.133.45.213 - - [06/Feb/2026:22:05:47 +0000] "GET /about.html HTTP/1.1" 200 23407 "-" "Mozilla/5.0 (compatible; Googlebot/2.1; +http://www.google.com/bot.html)"
99.132.12.102 - - [06/Feb/2026:22:10:19 +0000] "GET /app.js HTTP/1.1" 200 69258 "-" "Mozilla/5.0 (compatible; Amazonbot/0.1; +https://developer.amazon.com/support/amazonbot)"
188.194.31.5 - - [06/Feb/2026:22:13:31 +0000] "GET /config HTTP/1.1" 200 107616 "-" "Mozilla/5.0 (compatible; Amazonbot/0.1; +https://developer.amazon.com/support/amazonbot)"
122.96.81.102 - - [06/Feb/2026:22:15:16 +0000] "GET /readme.txt HTTP/1.1" 200 134382 "-" "Mozilla/5.0 (compatible; Amazonbot/0.1; +https://developer.amazon.com/support/amazonbot)"
122.96.81.102 - - [06/Feb/2026:22:21:11 +0000] "GET /index.html HTTP/1.1" 200 55324 "-" "Mozilla/5.0 (compatible; Amazonbot/0.1; +https://developer.amazon.com/support/amazonbot)"
99.150.211.250 - - [06/Feb/2026:22:29:37 +0000] "GET /about.html HTTP/1.1" 304 211 "-" "Mozilla/5.0 AppleWebKit/537.36 (compatible; GPTBot/1.3; +https://openai.com/gptbot)"
122.96.81.102 - - [06/Feb/2026:22:30:50 +0000] "GET /sitemap.xml HTTP/1.1" 200 59816 "-" "Mozilla/5.0 AppleWebKit/537.36 (compatible; GPTBot/1.3; +https://openai.com/gptbot)"
141.57.250.8 - - [06/Feb/2026:22:33:37 +0000] "GET /about.html HTTP/1.1" 200 81452 "-" "Mozilla/5.0 (compatible; Googlebot/2.1; +http://www.google.com/bot.html)"
99.132.12.102 - - [06/Feb/2026:22:38:59 +0000] "GET /sitemap.xml HTTP/1.1" 404 203 "-" "Mozilla/5.0 (compatible; Amazonbot/0.1; +https://developer.amazon.com/support/amazonbot)"
60.241.196.176 - - [06/Feb/2026:22:39:25 +0000] "GET /app.js HTTP/1.1" 200 79812 "-" "Mozilla/5.0 (compatible; Amazonbot/0.1; +https://developer.amazon.com/support/amazonbot)"
