141.57.250.8 - - [21/Feb/2026:18:49:52 +0000] "GET / HTTP/1.1" 200 52638 "-" "Mozilla/5.0 (compatible; Amazonbot/0.1; +https://developer.amazon.com/support/amazonbot)"
141.57.250.8 - - [21/Feb/2026:18:50:01 +0000] "GET /app.js HTTP/1.1" 200 33028 "-" "Mozilla/5.0 (compatible; bingbot/2.0; +http://www.bing.com/bingbot.htm)"
122.96.81.102 - - [21/Feb/2026:18:50:03 +0000] "GET /readme.txt HTTP/1.1" 200 106520 "-" "Mozilla/5.0 (compatible; Amazonbot/0.1; +https://developer.amazon.com/support/amazonbot)"
82.35.167.49 - - [21/Feb/2026:18:51:09 +0000] "GET /data.json HTTP/1.1" 200 80324 "-" "ClaudeBot/1.0 (+https://www.anthropic.com/claudebot)"
99.170.62.78 - - [21/Feb/2026:18:53:16 +0000] "GET / HTTP/1.1" 403 176 "-" "Mozilla/5.0 AppleWebKit/537.36 (compatible; GPTBot/1.3; +https://openai.com/gptbot)"
171.133.45.213 - - [21/Feb/2026:18:53:17 +0000] "GET /data.json HTTP/1.1" 200 37608 "-" "Mozilla/5.0 (compatible; Amazonbot/0.1; +https://developer.amazon.com/support/amazonbot)"
82.35.167.49 - - [21/Feb/2026:18:54:58 +0000] "GET /banner.jpg HTTP/1.1" 200 143529 "-" "Mozilla/5.0 (compatible; Googlebot/2.1; +http://www.google.com/bot.html)"
188.194.31.5 - - [21/Feb/2026:18:55:06 +0000] "GET /data.json HTTP/1.1" 304 381 "-" "Mozilla/5.0 (compatible; Amazonbot/0.1; +https://developer.amazon.com/support/amazonbot)"
60.241.196.176 - - [21/Feb/2026:19:02:45 +0000] "GET /readme.txt HTTP/1.1" 200 78026 "-" "Mozilla/5.0 (compatible; bingbot/2.0; +http://www.bing.com/bingbot.htm)"
71.138.7.233 - - [21/Feb/2026:19:05:45 +0000] "GET / HTTP/1.1" 200 3560 "-" "Mozilla/5.0 (compatible; bingbot/2.0; +http://www.bing.com/bingbot.htm)"
188.194.31.5 - - [21/Feb/2026:19:06:02 +0000] "GET /index.html HTTP/1.1" 200 25157 "-" "Mozilla/5.0 (compatible; Amazonbot/0.1; +https://developer.amazon.com/support/amazonbot)"
141.57.250.8 - - [21/Feb/2026:19:10:09 +0000] "GET /style.css HTTP/1.1" 200 98000 "-" "Mozilla/5.0 (compatible; Googlebot/2.1; +http://www.google.com/bot.html)"
188.194.31.5 - - [21/Feb/2026:19:16:53 +0000] "GET /readme.txt HTTP/1.1" 200 122411 "-" "ClaudeBot/1.0 (+https://www.anthropic.com/claudebot)"
99.150.211.250 - - [21/Feb/2026:19:18:13 +0000] "GET /about.html HTTP/1.1" 200 149270 "-" "Mozilla/5.0 AppleWebKit/537.36 (compatible; GPTBot/1.3; +https://openai.com/gptbot)"
99.150.211.250 - - [21/Feb/2026:19:18:34 +0000] "GET / HTTP/1.1" 200 134817 "-" "Mozilla/5.0 (compatible; Amazonbot/0.1; +https://developer.amazon.com/support/amazonbot)"
99.170.62.78 - - [21/Feb/2026:19:18:56 +0000] "GET /banner.jpg HTTP/1.1" 200 85295 "-" "Mozilla/5.0 (compatible; Googlebot/2.1; +http://www.google.com/bot.html)"
82.35.167.49 - - [21/Feb/2026:19:19:04 +0000] "GET /banner.jpg HTTP/1.1" 404 103 "-" "Mozilla/5.0 (compatible; bingbot/2.0; +http://www.bing.com/bingbot.htm)"
82.35.167.49 - - [21/Feb/2026:19:20:47 +0000] "GET / HTTP/1.1" 200 122628 "-" "Mozilla/5.0 (compatible; bingbot/2.0; +http://www.bing.com/bingbot.htm)"
141.57.250.8 - - [21/Feb/2026:19:31:39 +0000] "GET /logo.png HTTP/1.1" 200 74227 "-" "ClaudeBot/1.0 (+https://www.anthropic.com/claudebot)"
188.194.31.5 - - [21/Feb/2026:19:31:55 +0000] "GET / HTTP/1.1" 200 87827 "-" "Mozilla/5.0 (compatible; Amazonbot/0.1; +https://developer.amazon.com/support/amazonbot)"
203.225.0.215 - - [21/Feb/2026:19:34:40 +0000] "GET /app.js HTTP/1.1" 302 80 "-" "Mozilla/5.0 (compatible; Amazonbot/0.1; +https://developer.amazon.com/support/amazonbot)"
141.57.250.8 - - [21/Feb/2026:19:37:37 +0000] "GET /index.html HTTP/1.1" 200 146863 "-" "ClaudeBot/1.0 (+https://www.anthropic.com/claudebot)"
203.225.0.215 - - [21/Feb/2026:19:38:09 +0000] "GET /data.json HTTP/1.1" 200 117486 "-" "Mozilla/5.0 AppleWebKit/537.36 (compatible; GPTBot/1.3; +https://openai.com/gptbot)"
171.133.45.213 - - [21/Feb/2026:19:39:16 +0000] "GET /data.json HTTP/1.1" 200 92470 "-" "Mozilla/5.0 (compatible; bingbot/2.0; +http://www.bing.com/bingbot.htm)"
60.241.196.176 - - [21/Feb/2026:19:40:19 +0000] "GET /feed.xml HTTP/1.1" 302 12 "-" "ClaudeBot/1.0 (+https://www.anthropic.com/claudebot)"
149.37.222.138 - - [21/Feb/2026:19:41:16 +0000] "GET /feed.xml HTTP/1.1" 200 114397 "-" "Mozilla/5.0 (compatible; Amazonbot/0.1; +https://developer.amazon.com/support/amazonbot)"
60.241.196.176 - - [21/Feb/2026:19:42:10 +0000] "GET /config HTTP/1.1" 200 80639 "-" "Mozilla/5.0 (compatible; bingbot/2.0; +http://www.bing.com/bingbot.htm)"
203.225.0.215 - - [21/Feb/2026:19:42:47 +0000] "GET /banner.jpg HTTP/1.1" 200 47400 "-" "Mozilla/5.0 (compatible; Amazonbot/0.1; +https://developer.amazon.com/support/amazonbot)"
99.170.62.78 - - [21/Feb/2026:19:45:20 +0000] "GET /sitemap.xml HTTP/1.1" 200 14706 "-" "Mozilla/5.0 (compatible; Amazonbot/0.1; +https://developer.amazon.com/support/amazonbot)"
149.37.222.138 - - [21/Feb/2026:19:46:06 +0000] "GET /feed.xml HTTP/1.1" 200 33018 "-" "Mozilla/5.0 (compatible; Amazonbot/0.1; +https://developer.amazon.com/support/amazonbot)"
99.132.12.102 - - [21/Feb/2026:19:54:13 +0000] "GET /style.css HTTP/1.1" 304 470 "-" "Mozilla/5.0 (compatible; Googlebot/2.1; +http://www.google.com/bot.html)"
122.96.81.102 - - [21/Feb/2026:19:59:46 +0000] "GET /sitemap.xml HTTP/1.1" 404 148 "-" "Mozilla/5.0 (compatible; Amazonbot/0.1; +https://developer.amazon.com/support/amazonbot)"
122.96.81.102 - - [21/Feb/2026:20:01:21 +0000] "GET /style.css HTTP/1.1" 200 144237 "-" "ClaudeBot/1.0 (+https://www.anthropic.com/claudebot)"
171.133.45.213 - - [21/Feb/2026:20:03:17 +0000] "GET /config HTTP/1.1" 200 10619 "-" "Mozilla/5.0 (compatible; bingbot/2.0; +http://www.bing.com/bingbot.htm)"
149.37.222.138 - - [21/Feb/2026:20:10:22 +0000] "GET /app.js HTTP/1.1" 200 113051 "-" "ClaudeBot/1.0 (+https://www.anthropic.com/claudebot)"
122.96.81.102 - - [21/Feb/2026:20:12:15 +0000] "GET /data.json HTTP/1.1" 200 38471 "-" "Mozilla/5.0 AppleWebKit/537.36 (compatible; GPTBot/1.3; +https://openai.com/gptbot)"
188.194.31.5 - - [21/Feb/2026:20:12:42 +0000] "GET /banner.jpg HTTP/1.1" 200 122799 "-" "ClaudeBot/1.0 (+https://www.anthropic.com/claudebot)"
203.225.0.215 - - [21/Feb/2026:20:13:51 +0000] "GET /logo.png HTTP/1.1" 200 144269 "-" "Mozilla/5.0 (compatible; bingbot/2.0; +http://www.bing.com/bingbot.htm)"
99.170.62.78 - - [21/Feb/2026:20:17:23 +0000] "GET /data.json HTTP/1.1" 200 142813 "-" "Mozilla/5.0 (compatible; Amazonbot/0.1; +https://developer.amazon.com/support/amazonbot)"
99.150.211.250 - - [21/Feb/2026:20:22:38 +0000] "GET /app.js HTTP/1.1" 404 197 "-" "Mozilla/5.0 AppleWebKit/537.36 (compatible; GPTBot/1.3; +https://openai.com/gptbot)"
188.194.31.5 - - [21/Feb/2026:20:22:53 +0000] "GET /logo.png HTTP/1.1" 200 80319 "-" "Mozilla/5.0 (compatible; bingbot/2.0; +http://www.bing.com/bingbot.htm)"
99.170.62.78 - - [21/Feb/2026:20:26:52 +0000] "GET /readme.txt HTTP/1.1" 200 38081 "-" "Mozilla/5.0 (compatible; bingbot/2.0; +http://www.bing.com/bingbot.htm)"
203.225.0.215 - - [21/Feb/2026:20:30:35 +0000] "GET /banner.jpg HTTP/1.1" 404 468 "-" "Mozilla/5.0 (compatible; Amazonbot/0.1; +https://developer.amazon.com/support/amazonbot)"
203.225.0.215 - - [21/Feb/2026:20:31:21 +0000] "GET /banner.jpg HTTP/1.1" 200 129971 "-" "Mozilla/5.0 (compatible; bingbot/2.0; +http://www.bing.com/bingbot.htm)"
71.138.7.233 - - [21/Feb/2026:20:31:21 +0000] "GET /config HTTP/1.1" 304 218 "-" "Mozilla/5.0 (compatible; Googlebot/2.1; +http://www.google.com/bot.html)"
82.35.167.49 - - [21/Feb/2026:20:33:54 +0000] "GET /config HTTP/1.1" 200 71841 "-" "Mozilla/5.0 (compatible; Amazonbot/0.1; +https://developer.amazon.com/support/amazonbot)"
122.96.81.102 - - [21/Feb/2026:20:34:06 +0000] "GET /about.html HTTP/1.1" 200 82231 "-" "ClaudeBot/1.0 (+https://www.anthropic.com/claudebot)"
203.225.0.215 - - [21/Feb/2026:20:34:13 +0000] "GET /feed.xml HTTP/1.1" 200 126376 "-" "Mozilla/5.0 (compatible; Googlebot/2.1; +http://www.google.com/bot.html)"
203.225.0.215 - - [21/Feb/2026:20:42:03 +0000] "GET /banner.jpg HTTP/1.1" 200 36936 "-" "Mozilla/5.0 (compatible; Amazonbot/0.1; +https://developer.amazon.com/support/amazonbot)"
203.225.0.215 - - [21/Feb/2026:20:42:31 +0000] "GET /app.js HTTP/1.1" 304 256 "-" "Mozilla/5.0 (compatible; Amazonbot/0.1; +https://developer.amazon.com/support/amazonbot)"
99.170.62.78 - - [21/Feb/2026:20:42:33 +0000] "GET /index.html HTTP/1.1" 301 329 "-" "Mozilla/5.0 (compatible; Googlebot/2.1; +http://www.google.com/bot.html)"
141.57.250.8 - - [21/Feb/2026:20:44:16 +0000] "GET /logo.png HTTP/1.1" 301 430 "-" "Mozilla/5.0 (compatible; bingbot/2.0; +http://www.bing.com/bingbot.htm)"
141.57.250.8 - - [21/Feb/2026:20:46:27 +0000] "GET /sitemap.xml HTTP/1.1" 302 406 "-" "Mozilla/5.0 (compatible; bingbot/2.0; +http://www.bing.com/bingbot.htm)"
60.241.196.176 - - [21/Feb/2026:20:51:41 +0000] "GET /readme.txt HTTP/1.1" 403 498 "-" "Mozilla/5.0 AppleWebKit/537.36 (compatible; GPTBot/1.3; +https://openai.com/gptbot)"
171.133.45.213 - - [21/Feb/2026:20:54:51 +0000] "GET /about.html HTTP/1.1" 302 428 "-" "Mozilla/5.0 (compatible; Amazonbot/0.1; +https://developer.amazon.com/support/amazonbot)"
203.225.0.215 - - [21/Feb/2026:20:56:41 +0000] "GET /style.css HTTP/1.1" 200 29664 "-" "Mozilla/5.0 (compatible; Amazonbot/0.1; +https://developer.amazon.com/support/amazonbot)"
99.150.211.250 - - [21/Feb/2026:20:58:31 +0000] "GET /about.html HTTP/1.1" 200 132840 "-" "ClaudeBot/1.0 (+https://www.anthropic.com/claudebot)"
99.170.62.78 - - [21/Feb/2026:21:15:55 +0000] "GET /banner.jpg HTTP/1.1" 200 59363 "-" "ClaudeBot/1.0 (+https://www.anthropic.com/claudebot)"
188.194.31.5 - - [21/Feb/2026:21:16:22 +0000] "GET /about.html HTTP/1.1" 200 135712 "-" "Mozilla/5.0 (compatible; Amazonbot/0.1; +https://developer.amazon.com/support/amazonbot)"
71.138.7.233 - - [21/Feb/2026:21:17:13 +0000] "GET /logo.png HTTP/1.1" 200 66390 "-" "Mozilla/5.0 AppleWebKit/537.36 (compatible; GPTBot/1.3; +https://openai.com/gptbot)"
99.132.12.102 - - [21/Feb/2026:21:18:05 +0000] "GET / HTTP/1.1" 200 72112 "-" "Mozilla/5.0 AppleWebKit/537.36 (compatible; GPTBot/1.3; +https://openai.com/gptbot)"
141.57.250.8 - - [21/Feb/2026:21:23:21 +0000] "GET /config HTTP/1.1" 200 28767 "-" "Mozilla/5.0 (compatible; Googlebot/2.1; +http://www.google.com/bot.html)"
99.170.62.78 - - [21/Feb/2026:21:26:07 +0000] "GET /app.js HTTP/1.1" 200 6563 "-" "Mozilla/5.0 (compatible; Googlebot/2.1; +http://www.google.com/bot.html)"
188.194.31.5 - - [21/Feb/2026:21:27:06 +0000] "GET / HTTP/1.1" 200 10169 "-" "ClaudeBot/1.0 (+https://www.anthropic.com/claudebot)"
171.133.45.213 - - [21/Feb/2026:21:32:47 +0000] "GET /sitemap.xml HTTP/1.1" 301 90 "-" "Mozilla/5.0 AppleWebKit/537.36 (compatible; GPTBot/1.3; +https://openai.com/gptbot)"
82.35.167.49 - - [21/Feb/2026:21:36:38 +0000] "GET /feed.xml HTTP/1.1" 404 59 "-" "Mozilla/5.0 AppleWebKit/537.36 (compatible; GPTBot/1.3; +https://openai.com/gptbot)"
203.225.0.215 - - [21/Feb/2026:21:38:11 +0000] "GET /style.css HTTP/1.1" 301 366 "-" "Mozilla/5.0 AppleWebKit/537.36 (compatible; GPTBot/1.3; +https://openai.com/gptbot)"
122.96.81.102 - - [21/Feb/2026:21:38:14 +0000] "GET /readme.txt HTTP/1.1" 200 112161 "-" "ClaudeBot/1.0 (+https://www.anthropic.com/claudebot)"
71.138.7.233 - - [21/Feb/2026:21:38:31 +0000] "GET /about.html HTTP/1.1" 302 30 "-" "Mozilla/5.0 (compatible; bingbot/2.0; +http://www.bing.com/bingbot.htm)"
99.132.12.102 - - [21/Feb/2026:21:38:34 +0000] "GET /banner.jpg HTTP/1.1" 200 144819 "-" "ClaudeBot/1.0 (+https://www.anthropic.com/claudebot)"
203.225.0.215 - - [21/Feb/2026:21:39:34 +0000] "GET /logo.png HTTP/1.1" 200 79173 "-" "Mozilla/5.0 (compatible; bingbot/2.0; +http://www.bing.com/bingbot.htm)"
203.225.0.215 - - [21/Feb/2026:21:45:30 +0000] "GET /index.html HTTP/1.1" 404 303 "-" "Mozilla/5.0 (compatible; bingbot/2.0; +http://www.bing.com/bingbot.htm)"
149.37.222.138 - - [21/Feb/2026:21:47:45 +0000] "GET /style.css HTTP/1.1" 200 7154 "-" "ClaudeBot/1.0 (+https://www.anthropic.com/claudebot)"
82.35.167.49 - - [21/Feb/2026:22:01:10 +0000] "GET /readme.txt HTTP/1.1" 200 51701 "-" "Mozilla/5.0 (compatible; Amazonbot/0.1; +https://developer.amazon.com/support/amazonbot)"
99.132.12.102 - - [21/Feb/2026:22:02:13 +0000] "GET /sitemap.xml HTTP/1.1" 200 48554 "-" "Mozilla/5.0 (compatible; Googlebot/2.1; +http://www.google.com/bot.html)"
99.150.211.250 - - [21/Feb/2026:22:04:01 +0000] "GET /feed.xml HTTP/1.1" 200 82216 "-" "Mozilla/5.0 (compatible; Googlebot/2.1; +http://www.google.com/bot.html)"
188.194.31.5 - - [21/Feb/2026:22:10:13 +0000] "GET /index.html HTTP/1.1" 200 54556 "-" "Mozilla/5.0 AppleWebKit/537.36 (compatible; GPTBot/1.3; +https://openai.com/gptbot)"
188.194.31.5 - - [21/Feb/2026:22:11:26 +0000] "GET /banner.jpg HTTP/1.1" 200 56917 "-" "Mozilla/5.0 (compatible; Googlebot/2.1; +http://www.google.com/bot.html)"
60.241.196.176 - - [21/Feb/2026:22:12:28 +0000] "GET /style.css HTTP/1.1" 200 105384 "-" "Mozilla/5.0 (compatible; Googlebot/2.1; +http://www.google.com/bot.html)"
203.225.0.215 - - [21/Feb/2026:22:14:12 +0000] "GET /style.css HTTP/1.1" 200 98147 "-" "Mozilla/5.0 (compatible; bingbot/2.0; +http://www.bing.com/bingbot.htm)"
99.150.211.250 - - [21/Feb/2026:22:15:30 +0000] "GET /config HTTP/1.1" 200 38636 "-" "Mozilla/5.0 (compatible; Googlebot/2.1; +http://www.google.com/bot.html)"
99.132.12.102 - - [21/Feb/2026:22:16:57 +0000] "GET /about.html HTTP/1.1" 200 100276 "-" "Mozilla/5.0 (compatible; Googlebot/2.1; +http://www.google.com/bot.html)"
149.37.222.138 - - [21/Feb/2026:22:22:21 +0000] "GET /style.css HTTP/1.1" 200 114971 "-" "Mozilla/5.0 (compatible; Googlebot/2.1; +http://www.google.com/bot.html)"
171.133.45.213 - - [21/Feb/2026:22:24:46 +0000] "GET / HTTP/1.1" 200 105174 "-" "ClaudeBot/1.0 (+https://www.anthropic.com/claudebot)"
188.194.31.5 - - [21/Feb/2026:22:25:33 +0000] "GET /about.html HTTP/1.1" 304 247 "-" "Mozilla/5.0 (compatible; Amazonbot/0.1; +https://developer.amazon.com/support/amazonbot)"
99.150.211.250 - - [21/Feb/2026:22:25:45 +0000] "GET /config HTTP/1.1" 200 15488 "-" "Mozilla/5.0 (compatible; bingbot/2.0; +http://www.bing.com/bingbot.htm)"
82.35.167.49 - - [21/Feb/2026:22:28:31 +0000] "GET /config HTTP/1.1" 301 90 "-" "Mozilla/5.0 (compatible; Amazonbot/0.1; +https://developer.amazon.com/support/amazonbot)"
141.57.250.8 - - [21/Feb/2026:22:30:59 +0000] "GET /about.html HTTP/1.1" 304 272 "-" "Mozilla/5.0 (compatible; Amazonbot/0.1; +https://developer.amazon.com/support/amazonbot)"
122.96.81.102 - - [21/Feb/2026:22:32:51 +0000] "GET /index.html HTTP/1.1" 304 312 "-" "Mozilla/5.0 (compatible; bingbot/2.0; +http://www.bing.com/bingbot.htm)"
60.241.196.176 - - [21/Feb/2026:22:34:48 +0000] "GET /about.html HTTP/1.1" 200 111409 "-" "Mozilla/5.0 (compatible; Googlebot/2.1; +http://www.google.com/bot.html)"
122.96.81.102 - - [21/Feb/2026:22:37:40 +0000] "GET /readme.txt HTTP/1.1" 304 365 "-" "Mozilla/5.0 (compatible; Googlebot/2.1; +http://www.google.com/bot.html)"
71.138.7.233 - - [21/Feb/2026:22:38:03 +0000] "GET /app.js HTTP/1.1" 404 436 "-" "Mozilla/5.0 (compatible; bingbot/2.0; +http://www.bing.com/bingbot.htm)"
82.35.167.49 - - [21/Feb/2026:22:44:31 +0000] "GET /data.json HTTP/1.1" 304 375 "-" "ClaudeBot/1.0 (+https://www.anthropic.com/claudebot)"
149.37.222.138 - - [21/Feb/2026:22:48:03 +0000] "GET /logo.png HTTP/1.1" 200 107195 "-" "Mozilla/5.0 (compatible; Amazonbot/0.1; +https://developer.amazon.com/support/amazonbot)"
71.138.7.233 - - [21/Feb/2026:22:48:50 +0000] "GET /sitemap.xml HTTP/1.1" 404 65 "-" "Mozilla/5.0 (compatible; Googlebot/2.1; +http://www.google.com/bot.html)"
149.37.222.138 - - [21/Feb/2026:22:52:57 +0000] "GET /logo.png HTTP/1.1" 200 78804 "-" "Mozilla/5.0 (compatible; Googlebot/2.1; +http://www.google.com/bot.html)"
71.138.7.233 - - [21/Feb/2026:22:55:50 +0000] "GET /banner.jpg HTTP/1.1" 403 392 "-" "Mozilla/5.0 (compatible; bingbot/2.0; +http://www.bing.com/bingbot.htm)"
149.37.222.138 - - [21/Feb/2026:23:02:27 +0000] "GET /config HTTP/1.1" 302 16 "-" "ClaudeBot/1.0 (+https://www.anthropic.com/claudebot)"
122.96.81.102 - - [21/Feb/2026:23:08:13 +0000] "GET /logo.png HTTP/1.1" 200 35787 "-" "Mozilla/5.0 (compatible; Amazonbot/0.1; +https://developer.amazon.com/support/amazonbot)"
60.241.196.176 - - [21/Feb/2026:23:14:06 +0000] "GET /index.html HTTP/1.1" 200 118644 "-" "Mozilla/5.0 AppleWebKit/537.36 (compatible; GPTBot/1.3; +https://openai.com/gptbot)"
99.150.211.250 - - [21/Feb/2026:23:14:09 +0000] "GET /banner.jpg HTTP/1.1" 200 75995 "-" "Mozilla/5.0 (compatible; Googlebot/2.1; +http://www.google.com/bot.html)"
60.241.196.176 - - [21/Feb/2026:23:16:27 +0000] "GET / HTTP/1.1" 200 107866 "-" "Mozilla/5.0 AppleWebKit/537.36 (compatible; GPTBot/1.3; +https://openai.com/gptbot)"
188.194.31.5 - - [21/Feb/2026:23:20:35 +0000] "GET /logo.png HTTP/1.1" 200 69830 "-" "Mozilla/5.0 (compatible; Amazonbot/0.1; +https://developer.amazon.com/support/amazonbot)"
99.132.12.102 - - [21/Feb/2026:23:21:50 +0000] "GET /index.html HTTP/1.1" 200 102348 "-" "Mozilla/5.0 AppleWebKit/537.36 (compatible; GPTBot/1.3; +https://openai.com/gptbot)"
141.57.250.8 - - [21/Feb/2026:23:23:23 +0000] "GET /config HTTP/1.1" 200 29449 "-" "Mozilla/5.0 AppleWebKit/537.36 (compatible; GPTBot/1.3; +https://openai.com/gptbot)"
99.150.211.250 - - [21/Feb/2026:23:23:32 +0000] "GET /about.html HTTP/1.1" 200 20675 "-" "Mozilla/5.0 (compatible; Amazonbot/0.1; +https://developer.amazon.com/support/amazonbot)"
82.35.167.49 - - [21/Feb/2026:23:27:49 +0000] "GET /banner.jpg HTTP/1.1" 200 69770 "-" "Mozilla/5.0 AppleWebKit/537.36 (compatible; GPTBot/1.3; +https://openai.com/gptbot)"
99.150.211.250 - - [21/Feb/2026:23:33:27 +0000] "GET /logo.png HTTP/1.1" 301 394 "-" "Mozilla/5.0 (compatible; bingbot/2.0; +http://www.bing.com/bingbot.htm)"
149.37.222.138 - - [21/Feb/2026:23:34:01 +0000] "GET /logo.png HTTP/1.1" 200 124593 "-" "Mozilla/5.0 (compatible; Googlebot/2.1; +http://www.google.com/bot.html)"
99.150.211.250 - - [21/Feb/2026:23:44:41 +0000] "GET /logo.png HTTP/1.1" 200 9209 "-" "Mozilla/5.0 AppleWebKit/537.36 (compatible; GPTBot/1.3; +https://openai.com/gptbot)"
188.194.31.5 - - [21/Feb/2026:23:49:56 +0000] "GET /index.html HTTP/1.1" 200 47596 "-" "Mozilla/5.0 (compatible; Amazonbot/0.1; +https://developer.amazon.com/support/amazonbot)"
99.170.62.78 - - [21/Feb/2026:23:51:06 +0000] "GET /logo.png HTTP/1.1" 200 36149 "-" "ClaudeBot/1.0 (+https://www.anthropic.com/claudebot)"
149.37.222.138 - - [21/Feb/2026:23:55:23 +0000] "GET /data.json HTTP/1.1" 302 254 "-" "Mozilla/5.0 (compatible; bingbot/2.0; +http://www.bing.com/bingbot.htm)"
99.150.211.250 - - [21/Feb/2026:23:57:05 +0000] "GET /data.json HTTP/1.1" 200 97601 "-" "Mozilla/5.0 AppleWebKit/537.36 (compatible; GPTBot/1.3; +https://openai.com/gptbot)"
122.96.81.102 - - [21/Feb/2026:23:59:02 +0000] "GET /sitemap.xml HTTP/1.1" 304 83 "-" "Mozilla/5.0 (compatible; Googlebot/2.1; +http://www.google.com/bot.html)"
122.96.81.102 - - [22/Feb/2026:00:00:00 +0000] "GET /config HTTP/1.1" 200 27324 "-" "Mozilla/5.0 (compatible; bingbot/2.0; +http://www.bing.com/bingbot.htm)"
188.194.31.5 - - [22/Feb/2026:00:00:26 +0000] "GET /style.css HTTP/1.1" 304 399 "-" "ClaudeBot/1.0 (+https://www.anthropic.com/claudebot)"
99.132.12.102 - - [22/Feb/2026:00:02:11 +0000] "GET / HTTP/1.1" 404 306 "-" "Mozilla/5.0 AppleWebKit/537.36 (compatible; GPTBot/1.3; +https://openai.com/gptbot)"
99.150.211.250 - - [22/Feb/2026:00:06:48 +0000] "GET /sitemap.xml HTTP/1.1" 200 52086 "-" "Mozilla/5.0 AppleWebKit/537.36 (compatible; GPTBot/1.3; +https://openai.com/gptbot)"
60.241.196.176 - - [22/Feb/2026:00:08:45 +0000] "GET /index.html HTTP/1.1" 200 98832 "-" "Mozilla/5.0 AppleWebKit/537.36 (compatible; GPTBot/1.3; +https://openai.com/gptbot)"
99.170.62.78 - - [22/Feb/2026:00:09:05 +0000] "GET /index.html HTTP/1.1" 200 9024 "-" "ClaudeBot/1.0 (+https://www.anthropic.com/claudebot)"
99.132.12.102 - - [22/Feb/2026:00:10:46 +0000] "GET /data.json HTTP/1.1" 302 364 "-" "Mozilla/5.0 (compatible; Amazonbot/0.1; +https://developer.amazon.com/support/amazonbot)"
141.57.250.8 - - [22/Feb/2026:00:11:22 +0000] "GET /feed.xml HTTP/1.1" 200 21345 "-" "Mozilla/5.0 (compatible; Amazonbot/0.1; +https://developer.amazon.com/support/amazonbot)"
71.138.7.233 - - [22/Feb/2026:00:11:26 +0000] "GET /banner.jpg HTTP/1.1" 404 201 "-" "ClaudeBot/1.0 (+https://www.anthropic.com/claudebot)"
149.37.222.138 - - [22/Feb/2026:00:18:45 +0000] "GET /logo.png HTTP/1.1" 200 103146 "-" "Mozilla/5.0 (compatible; Amazonbot/0.1; +https://developer.amazon.com/support/amazonbot)"
188.194.31.5 - - [22/Feb/2026:00:20:58 +0000] "GET / HTTP/1.1" 200 115458 "-" "Mozilla/5.0 (compatible; Googlebot/2.1; +http://www.google.com/bot.html)"
188.194.31.5 - - [22/Feb/2026:00:25:43 +0000] "GET /data.json HTTP/1.1" 200 114601 "-" "Mozilla/5.0 (compatible; bingbot/2.0; +http://www.bing.com/bingbot.htm)"
99.170.62.78 - - [22/Feb/2026:00:27:44 +0000] "GET / HTTP/1.1" 200 149281 "-" "Mozilla/5.0 (compatible; Googlebot/2.1; +http://www.google.com/bot.html)"
122.96.81.102 - - [22/Feb/2026:00:28:45 +0000] "GET /banner.jpg HTTP/1.1" 304 375 "-" "Mozilla/5.0 (compatible; Amazonbot/0.1; +https://developer.amazon.com/support/amazonbot)"
141.57.250.8 - - [22/Feb/2026:00:30:40 +0000] "GET /feed.xml HTTP/1.1" 200 100416 "-" "Mozilla/5.0 AppleWebKit/537.36 (compatible; GPTBot/1.3; +https://openai.com/gptbot)"
122.96.81.102 - - [22/Feb/2026:00:30:51 +0000] "GET /config HTTP/1.1" 200 56816 "-" "Mozilla/5.0 (compatible; Amazonbot/0.1; +https://developer.amazon.com/support/amazonbot)"
82.35.167.49 - - [22/Feb/2026:00:34:04 +0000] "GET /style.css HTTP/1.1" 200 94381 "-" "ClaudeBot/1.0 (+https://www.anthropic.com/claudebot)"
71.138.7.233 - - [22/Feb/2026:00:34:14 +0000] "GET /banner.jpg HTTP/1.1" 200 11253 "-" "Mozilla/5.0 (compatible; bingbot/2.0; +http://www.bing.com/bingbot.htm)"
82.35.167.49 - - [22/Feb/2026:00:35:37 +0000] "GET /banner.jpg HTTP/1.1" 200 50213 "-" "Mozilla/5.0 (compatible; Googlebot/2.1; +http://www.google.com/bot.html)"
188.194.31.5 - - [22/Feb/2026:00:40:17 +0000] "GET /readme.txt HTTP/1.1" 200 49532 "-" "Mozilla/5.0 (compatible; Amazonbot/0.1; +https://developer.amazon.com/support/amazonbot)"
99.132.12.102 - - [22/Feb/2026:00:40:21 +0000] "GET /readme.txt HTTP/1.1" 200 141252 "-" "Mozilla/5.0 (compatible; Googlebot/2.1; +http://www.google.com/bot.html)"
203.225.0.215 - - [22/Feb/2026:00:45:07 +0000] "GET /app.js HTTP/1.1" 404 392 "-" "ClaudeBot/1.0 (+https://www.anthropic.com/claudebot)"
99.132.12.102 - - [22/Feb/2026:00:46:02 +0000] "GET /config HTTP/1.1" 200 123685 "-" "Mozilla/5.0 AppleWebKit/537.36 (compatible; GPTBot/1.3; +https://openai.com/gptbot)"
99.132.12.102 - - [22/Feb/2026:00:47:44 +0000] "GET /data.json HTTP/1.1" 200 67266 "-" "Mozilla/5.0 (compatible; Googlebot/2.1; +http://www.google.com/bot.html)"
149.37.222.138 - - [22/Feb/2026:00:53:01 +0000] "GET /config HTTP/1.1" 404 408 "-" "Mozilla/5.0 AppleWebKit/537.36 (compatible; GPTBot/1.3; +https://openai.com/gptbot)"
71.138.7.233 - - [22/Feb/2026:00:58:49 +0000] "GET /logo.png HTTP/1.1" 404 438 "-" "Mozilla/5.0 (compatible; Googlebot/2.1; +http://www.google.com/bot.html)"
60.241.196.176 - - [22/Feb/2026:00:59:45 +0000] "GET /config HTTP/1.1" 200 7131 "-" "ClaudeBot/1.0 (+https://www.anthropic.com/claudebot)"
122.96.81.102 - - [22/Feb/2026:01:01:06 +0000] "GET /logo.png HTTP/1.1" 304 48 "-" "Mozilla/5.0 AppleWebKit/537.36 (compatible; GPTBot/1.3; +https://openai.com/gptbot)"
82.35.167.49 - - [22/Feb/2026:01:05:21 +0000] "GET /sitemap.xml HTTP/1.1" 404 430 "-" "Mozilla/5.0 (compatible; Googlebot/2.1; +http://www.google.com/bot.html)"
122.96.81.102 - - [22/Feb/2026:01:07:02 +0000] "GET /banner.jpg HTTP/1.1" 200 134418 "-" "Mozilla/5.0 (compatible; Amazonbot/0.1; +https://developer.amazon.com/support/amazonbot)"
99.170.62.78 - - [22/Feb/2026:01:07:18 +0000] "GET / HTTP/1.1" 200 1400 "-" "Mozilla/5.0 (compatible; bingbot/2.0; +http://www.bing.com/bingbot.htm)"
171.133.45.213 - - [22/Feb/2026:01:09:34 +0000] "GET /about.html HTTP/1.1" 200 58603 "-" "Mozilla/5.0 AppleWebKit/537.36 (compatible; GPTBot/1.3; +https://openai.com/gptbot)"
149.37.222.138 - - [22/Feb/2026:01:16:03 +0000] "GET /sitemap.xml HTTP/1.1" 404 81 "-" "ClaudeBot/1.0 (+https://www.anthropic.com/claudebot)"
171.133.45.213 - - [22/Feb/2026:01:16:12 +0000] "GET /sitemap.xml HTTP/1.1" 404 450 "-" "Mozilla/5.0 (compatible; bingbot/2.0; +http://www.bing.com/bingbot.htm)"
99.170.62.78 - - [22/Feb/2026:01:16:24 +0000] "GET /feed.xml HTTP/1.1" 200 100499 "-" "Mozilla/5.0 (compatible; Googlebot/2.1; +http://www.google.com/bot.html)"
60.241.196.176 - - [22/Feb/2026:01:19:51 +0000] "GET /sitemap.xml HTTP/1.1" 200 68217 "-" "Mozilla/5.0 AppleWebKit/537.36 (compatible; GPTBot/1.3; +https://openai.com/gptbot)"
149.37.222.138 - - [22/Feb/2026:01:32:07 +0000] "GET /style.css HTTP/1.1" 200 113515 "-" "ClaudeBot/1.0 (+https://www.anthropic.com/claudebot)"
203.225.0.215 - - [22/Feb/2026:01:33:22 +0000] "GET /banner.jpg HTTP/1.1" 200 72538 "-" "Mozilla/5.0 (compatible; Googlebot/2.1; +http://www.google.com/bot.html)"
203.225.0.215 - - [22/Feb/2026:01:38:44 +0000] "GET /style.css HTTP/1.1" 200 22262 "-" "Mozilla/5.0 (compatible; Amazonbot/0.1; +https://developer.amazon.com/support/amazonbot)"
99.132.12.102 - - [22/Feb/2026:01:40:28 +0000] "GET /style.css HTTP/1.1" 200 35363 "-" "Mozilla/5.0 AppleWebKit/537.36 (compatible; GPTBot/1.3; +https://openai.com/gptbot)"
99.150.211.250 - - [22/Feb/2026:01:42:00 +0000] "GET /sitemap.xml HTTP/1.1" 200 94043 "-" "Mozilla/5.0 (compatible; bingbot/2.0; +http://www.bing.com/bingbot.htm)"
171.133.45.213 - - [22/Feb/2026:01:42:45 +0000] "GET /sitemap.xml HTTP/1.1" 200 141563 "-" "Mozilla/5.0 (compatible; Amazonbot/0.1; +https://developer.amazon.com/support/amazonbot)"
99.170.62.78 - - [22/Feb/2026:01:46:35 +0000] "GET /app.js HTTP/1.1" 200 77073 "-" "Mozilla/5.0 AppleWebKit/537.36 (compatible; GPTBot/1.3; +https://openai.com/gptbot)"
141.57.250.8 - - [22/Feb/2026:01:47:28 +0000] "GET /config HTTP/1.1" 304 171 "-" "Mozilla/5.0 AppleWebKit/537.36 (compatible; GPTBot/1.3; +https://openai.com/gptbot)"
99.132.12.102 - - [22/Feb/2026:01:48:37 +0000] "GET /readme.txt HTTP/1.1" 200 96261 "-" "Mozilla/5.0 (compatible; Amazonbot/0.1; +https://developer.amazon.com/support/amazonbot)"
149.37.222.138 - - [22/Feb/2026:01:49:18 +0000] "GET /app.js HTTP/1.1" 304 334 "-" "ClaudeBot/1.0 (+https://www.anthropic.com/claudebot)"
71.138.7.233 - - [22/Feb/2026:01:50:30 +0000] "GET / HTTP/1.1" 403 119 "-" "Mozilla/5.0 (compatible; Amazonbot/0.1; +https://developer.amazon.com/support/amazonbot)"
82.35.167.49 - - [22/Feb/2026:01:51:21 +0000] "GET /style.css HTTP/1.1" 200 79485 "-" "Mozilla/5.0 (compatible; Googlebot/2.1; +http://www.google.com/bot.html)"
203.225.0.215 - - [22/Feb/2026:01:57:29 +0000] "GET /logo.png HTTP/1.1" 404 269 "-" "Mozilla/5.0 (compatible; bingbot/2.0; +http://www.bing.com/bingbot.htm)"
203.225.0.215 - - [22/Feb/2026:02:04:26 +0000] "GET /config HTTP/1.1" 200 142415 "-" "Mozilla/5.0 AppleWebKit/537.36 (compatible; GPTBot/1.3; +https://openai.com/gptbot)"
203.225.0.215 - - [22/Feb/2026:02:07:14 +0000] "GET /about.html HTTP/1.1" 200 114495 "-" "Mozilla/5.0 (compatible; Amazonbot/0.1; +https://developer.amazon.com/support/amazonbot)"
99.132.12.102 - - [22/Feb/2026:02:09:47 +0000] "GET /style.css HTTP/1.1" 301 368 "-" "ClaudeBot/1.0 (+https://www.anthropic.com/claudebot)"
203.225.0.215 - - [22/Feb/2026:02:11:10 +0000] "GET /data.json HTTP/1.1" 200 132274 "-" "Mozilla/5.0 (compatible; Googlebot/2.1; +http://www.google.com/bot.html)"
71.138.7.233 - - [22/Feb/2026:02:12:23 +0000] "GET / HTTP/1.1" 304 384 "-" "Mozilla/5.0 (compatible; Amazonbot/0.1; +https://developer.amazon.com/support/amazonbot)"
99.170.62.78 - - [22/Feb/2026:02:16:44 +0000] "GET /feed.xml HTTP/1.1" 200 127155 "-" "ClaudeBot/1.0 (+https://www.anthropic.com/claudebot)"
60.241.196.176 - - [22/Feb/2026:02:27:09 +0000] "GET /sitemap.xml HTTP/1.1" 304 358 "-" "Mozilla/5.0 (compatible; bingbot/2.0; +http://www.bing.com/bingbot.htm)"
60.241.196.176 - - [22/Feb/2026:02:32:43 +0000] "GET /index.html HTTP/1.1" 200 117093 "-" "Mozilla/5.0 (compatible; Amazonbot/0.1; +https://developer.amazon.com/support/amazonbot)"
171.133.45.213 - - [22/Feb/2026:02:32:53 +0000] "GET /about.html HTTP/1.1" 200 52011 "-" "ClaudeBot/1.0 (+https://www.anthropic.com/claudebot)"
122.96.81.102 - - [22/Feb/2026:02:35:29 +0000] "GET /readme.txt HTTP/1.1" 200 17068 "-" "Mozilla/5.0 (compatible; Amazonbot/0.1; +https://developer.amazon.com/support/amazonbot)"
188.194.31.5 - - [22/Feb/2026:02:35:52 +0000] "GET /index.html HTTP/1.1" 404 111 "-" "Mozilla/5.0 (compatible; Googlebot/2.1; +http://www.google.com/bot.html)"
149.37.222.138 - - [22/Feb/2026:02:38:34 +0000] "GET / HTTP/1.1" 404 137 "-" "ClaudeBot/1.0 (+https://www.anthropic.com/claudebot)"
141.57.250.8 - - [22/Feb/2026:02:41:40 +0000] "GET /sitemap.xml HTTP/1.1" 302 391 "-" "ClaudeBot/1.0 (+https://www.anthropic.com/claudebot)"
99.150.211.250 - - [22/Feb/2026:02:43:52 +0000] "GET /sitemap.xml HTTP/1.1" 200 140486 "-" "Mozilla/5.0 AppleWebKit/537.36 (compatible; GPTBot/1.3; +https://openai.com/gptbot)"
171.133.45.213 - - [22/Feb/2026:02:45:28 +0000] "GET /feed.xml HTTP/1.1" 200 58234 "-" "Mozilla/5.0 (compatible; Amazonbot/0.1; +https://developer.amazon.com/support/amazonbot)"
60.241.196.176 - - [22/Feb/2026:02:51:17 +0000] "GET /about.html HTTP/1.1" 200 135090 "-" "Mozilla/5.0 (compatible; bingbot/2.0; +http://www.bing.com/bingbot.htm)"
141.57.250.8 - - [22/Feb/2026:02:54:18 +0000] "GET /app.js HTTP/1.1" 200 111832 "-" "Mozilla/5.0 (compatible; Amazonbot/0.1; +https://developer.amazon.com/support/amazonbot)"
82.35.167.49 - - [22/Feb/2026:02:56:30 +0000] "GET /data.json HTTP/1.1" 200 39722 "-" "Mozilla/5.0 AppleWebKit/537.36 (compatible; GPTBot/1.3; +https://openai.com/gptbot)"
99.170.62.78 - - [22/Feb/2026:02:56:35 +0000] "GET /sitemap.xml HTTP/1.1" 200 31729 "-" "Mozilla/5.0 (compatible; Googlebot/2.1; +http://www.google.com/bot.html)"
203.225.0.215 - - [22/Feb/2026:02:57:52 +0000] "GET /app.js HTTP/1.1" 304 62 "-" "Mozilla/5.0 (compatible; Googlebot/2.1; +http://www.google.com/bot.html)"
149.37.222.138 - - [22/Feb/2026:02:58:42 +0000] "GET / HTTP/1.1" 200 27743 "-" "ClaudeBot/1.0 (+https://www.anthropic.com/claudebot)"
60.241.196.176 - - [22/Feb/2026:03:02:45 +0000] "GET /sitemap.xml HTTP/1.1" 200 40717 "-" "Mozilla/5.0 (compatible; bingbot/2.0; +http://www.bing.com/bingbot.htm)"
188.194.31.5 - - [22/Feb/2026:03:02:55 +0000] "GET /logo.png HTTP/1.1" 304 425 "-" "Mozilla/5.0 AppleWebKit/537.36 (compatible; GPTBot/1.3; +https://openai.com/gptbot)"
141.57.250.8 - - [22/Feb/2026:03:16:41 +0000] "GET /about.html HTTP/1.1" 200 30114 "-" "Mozilla/5.0 (compatible; Googlebot/2.1; +http://www.google.com/bot.html)"
99.132.12.102 - - [22/Feb/2026:03:19:29 +0000] "GET / HTTP/1.1" 200 27861 "-" "ClaudeBot/1.0 (+https://www.anthropic.com/claudebot)"
82.35.167.49 - - [22/Feb/2026:03:20:19 +0000] "GET / HTTP/1.1" 200 100051 "-" "ClaudeBot/1.0 (+https://www.anthropic.com/claudebot)"
99.150.211.250 - - [22/Feb/2026:03:30:43 +0000] "GET /feed.xml HTTP/1.1" 200 50143 "-" "Mozilla/5.0 (compatible; bingbot/2.0; +http://www.bing.com/bingbot.htm)"
99.150.211.250 - - [22/Feb/2026:03:33:36 +0000] "GET /about.html HTTP/1.1" 200 52615 "-" "Mozilla/5.0 (compatible; bingbot/2.0; +http://www.bing.com/bingbot.htm)"
71.138.7.233 - - [22/Feb/2026:03:34:56 +0000] "GET /sitemap.xml HTTP/1.1" 304 161 "-" "Mozilla/5.0 (compatible; Googlebot/2.1; +http://www.google.com/bot.html)"
99.132.12.102 - - [22/Feb/2026:03:39:20 +0000] "GET /index.html HTTP/1.1" 404 257 "-" "ClaudeBot/1.0 (+https://www.anthropic.com/claudebot)"
203.225.0.215 - - [22/Feb/2026:03:45:32 +0000] "GET /readme.txt HTTP/1.1" 200 23045 "-" "Mozilla/5.0 AppleWebKit/537.36 (compatible; GPTBot/1.3; +https://openai.com/gptbot)"
171.133.45.213 - - [22/Feb/2026:03:46:16 +0000] "GET /index.html HTTP/1.1" 200 86518 "-" "Mozilla/5.0 (compatible; bingbot/2.0; +http://www.bing.com/bingbot.htm)"
141.57.250.8 - - [22/Feb/2026:03:51:15 +0000] "GET /feed.xml HTTP/1.1" 404 9 "-" "Mozilla/5.0 (compatible; Amazonbot/0.1; +https://developer.amazon.com/support/amazonbot)"
82.35.167.49 - - [22/Feb/2026:03:57:51 +0000] "GET /app.js HTTP/1.1" 200 130467 "-" "Mozilla/5.0 AppleWebKit/537.36 (compatible; GPTBot/1.3; +https://openai.com/gptbot)"
171.133.45.213 - - [22/Feb/2026:04:01:10 +0000] "GET /readme.txt HTTP/1.1" 304 136 "-" "Mozilla/5.0 (compatible; Googlebot/2.1; +http://www.google.com/bot.html)"
188.194.31.5 - - [22/Feb/2026:04:01:27 +0000] "GET /style.css HTTP/1.1" 200 119937 "-" "Mozilla/5.0 (compatible; Amazonbot/0.1; +https://developer.amazon.com/support/amazonbot)"
122.96.81.102 - - [22/Feb/2026:04:03:56 +0000] "GET /index.html HTTP/1.1" 200 66615 "-" "Mozilla/5.0 (compatible; Googlebot/2.1; +http://www.google.com/bot.html)"
203.225.0.215 - - [22/Feb/2026:04:04:47 +0000] "GET /logo.png HTTP/1.1" 404 465 "-" "Mozilla/5.0 (compatible; Amazonbot/0.1; +https://developer.amazon.com/support/amazonbot)"
71.138.7.233 - - [22/Feb/2026:04:12:52 +0000] "GET /app.js HTTP/1.1" 200 3816 "-" "Mozilla/5.0 AppleWebKit/537.36 (compatible; GPTBot/1.3; +https://openai.com/gptbot)"
203.225.0.215 - - [22/Feb/2026:04:14:50 +0000] "GET /sitemap.xml HTTP/1.1" 200 81576 "-" "Mozilla/5.0 (compatible; bingbot/2.0; +http://www.bing.com/bingbot.htm)"
141.57.250.8 - - [22/Feb/2026:04:15:30 +0000] "GET /logo.png HTTP/1.1" 404 485 "-" "ClaudeBot/1.0 (+https://www.anthropic.com/claudebot)"
171.133.45.213 - - [22/Feb/2026:04:15:49 +0000] "GET /about.html HTTP/1.1" 200 131326 "-" "ClaudeBot/1.0 (+https://www.anthropic.com/claudebot)"
82.35.167.49 - - [22/Feb/2026:04:21:06 +0000] "GET /sitemap.xml HTTP/1.1" 200 28745 "-" "Mozilla/5.0 (compatible; Amazonbot/0.1; +https://developer.amazon.com/support/amazonbot)"
122.96.81.102 - - [22/Feb/2026:04:24:33 +0000] "GET /app.js HTTP/1.1" 404 496 "-" "Mozilla/5.0 (compatible; Googlebot/2.1; +http://www.google.com/bot.html)"
141.57.250.8 - - [22/Feb/2026:04:30:51 +0000] "GET /config HTTP/1.1" 200 21263 "-" "Mozilla/5.0 (compatible; Amazonbot/0.1; +https://developer.amazon.com/support/amazonbot)"
71.138.7.233 - - [22/Feb/2026:04:36:26 +0000] "GET /app.js HTTP/1.1" 200 145718 "-" "ClaudeBot/1.0 (+https://www.anthropic.com/claudebot)"
99.170.62.78 - - [22/Feb/2026:04:39:43 +0000] "GET /readme.txt HTTP/1.1" 404 80 "-" "Mozilla/5.0 (compatible; bingbot/2.0; +http://www.bing.com/bingbot.htm)"
60.241.196.176 - - [22/Feb/2026:04:47:29 +0000] "GET / HTTP/1.1" 200 129180 "-" "Mozilla/5.0 (compatible; bingbot/2.0; +http://www.bing.com/bingbot.htm)"
60.241.196.176 - - [22/Feb/2026:04:50:23 +0000] "GET /readme.txt HTTP/1.1" 200 90648 "-" "Mozilla/5.0 (compatible; bingbot/2.0; +http://www.bing.com/bingbot.htm)"
82.35.167.49 - - [22/Feb/2026:04:54:08 +0000] "GET /readme.txt HTTP/1.1" 200 50446 "-" "Mozilla/5.0 (compatible; Googlebot/2.1; +http://www.google.com/bot.html)"
71.138.7.233 - - [22/Feb/2026:04:54:59 +0000] "GET /index.html HTTP/1.1" 200 24822 "-" "Mozilla/5.0 AppleWebKit/537.36 (compatible; GPTBot/1.3; +https://openai.com/gptbot)"
99.170.62.78 - - [22/Feb/2026:04:55:05 +0000] "GET /readme.txt HTTP/1.1" 200 79683 "-" "Mozilla/5.0 (compatible; Amazonbot/0.1; +https://developer.amazon.com/support/amazonbot)"
82.35.167.49 - - [22/Feb/2026:04:56:55 +0000] "GET /about.html HTTP/1.1" 404 319 "-" "Mozilla/5.0 AppleWebKit/537.36 (compatible; GPTBot/1.3; +https://openai.com/gptbot)"
99.132.12.102 - - [22/Feb/2026:04:58:30 +0000] "GET /config HTTP/1.1" 200 118178 "-" "Mozilla/5.0 (compatible; Amazonbot/0.1; +https://developer.amazon.com/support/amazonbot)"
149.37.222.138 - - [22/Feb/2026:04:59:25 +0000] "GET /banner.jpg HTTP/1.1" 200 24212 "-" "Mozilla/5.0 (compatible; Amazonbot/0.1; +https://developer.amazon.com/support/amazonbot)"
60.241.196.176 - - [22/Feb/2026:05:00:51 +0000] "GET /feed.xml HTTP/1.1" 200 108510 "-" "ClaudeBot/1.0 (+https://www.anthropic.com/claudebot)"
141.57.250.8 - - [22/Feb/2026:05:01:31 +0000] "GET / HTTP/1.1" 200 41155 "-" "ClaudeBot/1.0 (+https://www.anthropic.com/claudebot)"
71.138.7.233 - - [22/Feb/2026:05:02:25 +0000] "GET /data.json HTTP/1.1" 200 44063 "-" "Mozilla/5.0 (compatible; bingbot/2.0; +http://www.bing.com/bingbot.htm)"
149.37.222.138 - - [22/Feb/2026:05:18:52 +0000] "GET /index.html HTTP/1.1" 200 58024 "-" "Mozilla/5.0 AppleWebKit/537.36 (compatible; GPTBot/1.3; +https://openai.com/gptbot)"
171.133.45.213 - - [22/Feb/2026:05:22:03 +0000] "GET /index.html HTTP/1.1" 200 99893 "-" "Mozilla/5.0 (compatible; bingbot/2.0; +http://www.bing.com/bingbot.htm)"
149.37.222.138 - - [22/Feb/2026:05:25:23 +0000] "GET /banner.jpg HTTP/1.1" 200 138345 "-" "Mozilla/5.0 AppleWebKit/537.36 (compatible; GPTBot/1.3; +https://openai.com/gptbot)"
71.138.7.233 - - [22/Feb/2026:05:27:21 +0000] "GET /app.js HTTP/1.1" 304 498 "-" "ClaudeBot/1.0 (+https://www.anthropic.com/claudebot)"
203.225.0.215 - - [22/Feb/2026:05:28:05 +0000] "GET /logo.png HTTP/1.1" 200 19324 "-" "ClaudeBot/1.0 (+https://www.anthropic.com/claudebot)"
71.138.7.233 - - [22/Feb/2026:05:30:26 +0000] "GET /data.json HTTP/1.1" 200 78862 "-" "Mozilla/5.0 (compatible; Googlebot/2.1; +http://www.google.com/bot.html)"
99.170.62.78 - - [22/Feb/2026:05:41:31 +0000] "GET /data.json HTTP/1.1" 404 225 "-" "Mozilla/5.0 AppleWebKit/537.36 (compatible; GPTBot/1.3; +https://openai.com/gptbot)"
71.138.7.233 - - [22/Feb/2026:05:41:58 +0000] "GET /sitemap.xml HTTP/1.1" 200 79052 "-" "ClaudeBot/1.0 (+https://www.anthropic.com/claudebot)"
99.132.12.102 - - [22/Feb/2026:05:42:48 +0000] "GET / HTTP/1.1" 200 7627 "-" "ClaudeBot/1.0 (+https://www.anthropic.com/claudebot)"
82.35.167.49 - - [22/Feb/2026:05:43:29 +0000] "GET /logo.png HTTP/1.1" 200 53477 "-" "Mozilla/5.0 (compatible; Googlebot/2.1; +http://www.google.com/bot.html)"
99.170.62.78 - - [22/Feb/2026:05:44:10 +0000] "GET /app.js HTTP/1.1" 403 403 "-" "Mozilla/5.0 (compatible; bingbot/2.0; +http://www.bing.com/bingbot.htm)"
99.170.62.78 - - [22/Feb/2026:05:44:57 +0000] "GET / HTTP/1.1" 304 42 "-" "Mozilla/5.0 AppleWebKit/537.36 (compatible; GPTBot/1.3; +https://openai.com/gptbot)"
60.241.196.176 - - [22/Feb/2026:05:48:09 +0000] "GET /banner.jpg HTTP/1.1" 404 306 "-" "Mozilla/5.0 (compatible; bingbot/2.0; +http://www.bing.com/bingbot.htm)"
188.194.31.5 - - [22/Feb/2026:05:50:25 +0000] "GET /logo.png HTTP/1.1" 404 415 "-" "Mozilla/5.0 (compatible; bingbot/2.0; +http://www.bing.com/bingbot.htm)"
171.133.45.213 - - [22/Feb/2026:05:53:46 +0000] "GET /config HTTP/1.1" 200 37629 "-" "ClaudeBot/1.0 (+https://www.anthropic.com/claudebot)"
99.132.12.102 - - [22/Feb/2026:05:56:42 +0000] "GET /about.html HTTP/1.1" 403 251 "-" "Mozilla/5.0 (compatible; bingbot/2.0; +http://www.bing.com/bingbot.htm)"
141.57.250.8 - - [22/Feb/2026:06:01:51 +0000] "GET /readme.txt HTTP/1.1" 404 11 "-" "Mozilla/5.0 (compatible; bingbot/2.0; +http://www.bing.com/bingbot.htm)"
99.150.211.250 - - [22/Feb/2026:06:02:02 +0000] "GET /app.js HTTP/1.1" 200 63090 "-" "Mozilla/5.0 (compatible; bingbot/2.0; +http://www.bing.com/bingbot.htm)"
82.35.167.49 - - [22/Feb/2026:06:02:33 +0000] "GET /readme.txt HTTP/1.1" 200 14301 "-" "Mozilla/5.0 (compatible; bingbot/2.0; +http://www.bing.com/bingbot.htm)"
99.170.62.78 - - [22/Feb/2026:06:02:53 +0000] "GET /data.json HTTP/1.1" 200 134205 "-" "ClaudeBot/1.0 (+https://www.anthropic.com/claudebot)"
203.225.0.215 - - [22/Feb/2026:06:03:33 +0000] "GET / HTTP/1.1" 200 61331 "-" "Mozilla/5.0 (compatible; Googlebot/2.1; +http://www.google.com/bot.html)"
71.138.7.233 - - [22/Feb/2026:06:14:38 +0000] "GET /sitemap.xml HTTP/1.1" 200 149127 "-" "Mozilla/5.0 (compatible; Amazonbot/0.1; +https://developer.amazon.com/support/amazonbot)"
203.225.0.215 - - [22/Feb/2026:06:24:16 +0000] "GET /data.json HTTP/1.1" 404 111 "-" "Mozilla/5.0 AppleWebKit/537.36 (compatible; GPTBot/1.3; +https://openai.com/gptbot)"
99.150.211.250 - - [22/Feb/2026:06:28:06 +0000] "GET /index.html HTTP/1.1" 301 409 "-" "Mozilla/5.0 (compatible; Amazonbot/0.1; +https://developer.amazon.com/support/amazonbot)"
141.57.250.8 - - [22/Feb/2026:06:31:00 +0000] "GET /readme.txt HTTP/1.1" 200 111478 "-" "Mozilla/5.0 (compatible; bingbot/2.0; +http://www.bing.com/bingbot.htm)"
60.241.196.176 - - [22/Feb/2026:06:35:14 +0000] "GET /config HTTP/1.1" 200 25532 "-" "ClaudeBot/1.0 (+https://www.anthropic.com/claudebot)"
203.225.0.215 - - [22/Feb/2026:06:36:29 +0000] "GET /data.json HTTP/1.1" 200 41677 "-" "Mozilla/5.0 (compatible; Googlebot/2.1; +http://www.google.com/bot.html)"
82.35.167.49 - - [22/Feb/2026:06:37:31 +0000] "GET /about.html HTTP/1.1" 200 141585 "-" "Mozilla/5.0 (compatible; Googlebot/2.1; +http://www.google.com/bot.html)"
141.57.250.8 - - [22/Feb/2026:06:40:05 +0000] "GET /style.css HTTP/1.1" 200 142272 "-" "Mozilla/5.0 AppleWebKit/537.36 (compatible; GPTBot/1.3; +https://openai.com/gptbot)"
71.138.7.233 - - [22/Feb/2026:06:40:11 +0000] "GET /app.js HTTP/1.1" 200 104022 "-" "Mozilla/5.0 (compatible; bingbot/2.0; +http://www.bing.com/bingbot.htm)"
99.132.12.102 - - [22/Feb/2026:06:48:52 +0000] "GET /data.json HTTP/1.1" 200 4019 "-" "Mozilla/5.0 AppleWebKit/537.36 (compatible; GPTBot/1.3; +https://openai.com/gptbot)"
99.132.12.102 - - [22/Feb/2026:06:57:47 +0000] "GET /about.html HTTP/1.1" 200 732 "-" "Mozilla/5.0 (compatible; Googlebot/2.1; +http://www.google.com/bot.html)"
203.225.0.215 - - [22/Feb/2026:06:58:26 +0000] "GET /feed.xml HTTP/1.1" 200 126682 "-" "ClaudeBot/1.0 (+https://www.anthropic.com/claudebot)"
71.138.7.233 - - [22/Feb/2026:06:59:22 +0000] "GET /feed.xml HTTP/1.1" 200 3491 "-" "ClaudeBot/1.0 (+https://www.anthropic.com/claudebot)"
60.241.196.176 - - [22/Feb/2026:07:00:28 +0000] "GET /config HTTP/1.1" 200 94032 "-" "Mozilla/5.0 (compatible; bingbot/2.0; +http://www.bing.com/bingbot.htm)"
141.57.250.8 - - [22/Feb/2026:07:01:43 +0000] "GET /logo.png HTTP/1.1" 404 343 "-" "Mozilla/5.0 AppleWebKit/537.36 (compatible; GPTBot/1.3; +https://openai.com/gptbot)"
188.194.31.5 - - [22/Feb/2026:07:01:51 +0000] "GET /about.html HTTP/1.1" 200 79025 "-" "Mozilla/5.0 (compatible; bingbot/2.0; +http://www.bing.com/bingbot.htm)"
171.133.45.213 - - [22/Feb/2026:07:04:53 +0000] "GET /feed.xml HTTP/1.1" 200 574 "-" "Mozilla/5.0 AppleWebKit/537.36 (compatible; GPTBot/1.3; +https://openai.com/gptbot)"
71.138.7.233 - - [22/Feb/2026:07:06:23 +0000] "GET /readme.txt HTTP/1.1" 200 67511 "-" "Mozilla/5.0 AppleWebKit/537.36 (compatible; GPTBot/1.3; +https://openai.com/gptbot)"
99.150.211.250 - - [22/Feb/2026:07:07:40 +0000] "GET /logo.png HTTP/1.1" 304 469 "-" "Mozilla/5.0 (compatible; bingbot/2.0; +http://www.bing.com/bingbot.htm)"
99.132.12.102 - - [22/Feb/2026:07:09:19 +0000] "GET /index.html HTTP/1.1" 200 124631 "-" "Mozilla/5.0 (compatible; bingbot/2.0; +http://www.bing.com/bingbot.htm)"
203.225.0.215 - - [22/Feb/2026:07:10:56 +0000] "GET / HTTP/1.1" 404 128 "-" "Mozilla/5.0 (compatible; Googlebot/2.1; +http://www.google.com/bot.html)"
71.138.7.233 - - [22/Feb/2026:07:11:05 +0000] "GET /app.js HTTP/1.1" 200 131838 "-" "Mozilla/5.0 (compatible; bingbot/2.0; +http://www.bing.com/bingbot.htm)"
141.57.250.8 - - [22/Feb/2026:07:12:38 +0000] "GET /app.js HTTP/1.1" 304 164 "-" "ClaudeBot/1.0 (+https://www.anthropic.com/claudebot)"
60.241.196.176 - - [22/Feb/2026:07:16:51 +0000] "GET /data.json HTTP/1.1" 200 24460 "-" "Mozilla/5.0 (compatible; Amazonbot/0.1; +https://developer.amazon.com/support/amazonbot)"
60.241.196.176 - - [22/Feb/2026:07:17:49 +0000] "GET /index.html HTTP/1.1" 200 52183 "-" "Mozilla/5.0 (compatible; Amazonbot/0.1; +https://developer.amazon.com/support/amazonbot)"
141.57.250.8 - - [22/Feb/2026:07:19:39 +0000] "GET /readme.txt HTTP/1.1" 200 18356 "-" "Mozilla/5.0 (compatible; bingbot/2.0; +http://www.bing.com/bingbot.htm)"
71.138.7.233 - - [22/Feb/2026:07:22:03 +0000] "GET /about.html HTTP/1.1" 200 16594 "-" "Mozilla/5.0 (compatible; bingbot/2.0; +http://www.bing.com/bingbot.htm)"
203.225.0.215 - - [22/Feb/2026:07:25:29 +0000] "GET / HTTP/1.1" 304 247 "-" "ClaudeBot/1.0 (+https://www.anthropic.com/claudebot)"
203.225.0.215 - - [22/Feb/2026:07:26:11 +0000] "GET /about.html HTTP/1.1" 304 492 "-" "ClaudeBot/1.0 (+https://www.anthropic.com/claudebot)"
141.57.250.8 - - [22/Feb/2026:07:27:36 +0000] "GET /config HTTP/1.1" 200 116024 "-" "Mozilla/5.0 (compatible; Amazonbot/0.1; +https://developer.amazon.com/support/amazonbot)"
122.96.81.102 - - [22/Feb/2026:07:27:57 +0000] "GET /banner.jpg HTTP/1.1" 200 75650 "-" "Mozilla/5.0 (compatible; Amazonbot/0.1; +https://developer.amazon.com/support/amazonbot)"
71.138.7.233 - - [22/Feb/2026:07:29:04 +0000] "GET /config HTTP/1.1" 200 45118 "-" "Mozilla/5.0 (compatible; bingbot/2.0; +http://www.bing.com/bingbot.htm)"
188.194.31.5 - - [22/Feb/2026:07:30:33 +0000] "GET /style.css HTTP/1.1" 200 91568 "-" "Mozilla/5.0 (compatible; Amazonbot/0.1; +https://developer.amazon.com/support/amazonbot)"
188.194.31.5 - - [22/Feb/2026:07:33:17 +0000] "GET /sitemap.xml HTTP/1.1" 200 107444 "-" "ClaudeBot/1.0 (+https://www.anthropic.com/claudebot)"
122.96.81.102 - - [22/Feb/2026:07:35:38 +0000] "GET /sitemap.xml HTTP/1.1" 404 62 "-" "Mozilla/5.0 (compatible; bingbot/2.0; +http://www.bing.com/bingbot.htm)"
188.194.31.5 - - [22/Feb/2026:07:43:01 +0000] "GET /config HTTP/1.1" 200 129237 "-" "Mozilla/5.0 AppleWebKit/537.36 (compatible; GPTBot/1.3; +https://openai.com/gptbot)"
60.241.196.176 - - [22/Feb/2026:07:49:06 +0000] "GET /logo.png HTTP/1.1" 200 22672 "-" "Mozilla/5.0 (compatible; Amazonbot/0.1; +https://developer.amazon.com/support/amazonbot)"
122.96.81.102 - - [22/Feb/2026:07:49:28 +0000] "GET /banner.jpg HTTP/1.1" 200 146293 "-" "Mozilla/5.0 AppleWebKit/537.36 (compatible; GPTBot/1.3; +https://openai.com/gptbot)"
99.150.211.250 - - [22/Feb/2026:07:49:56 +0000] "GET /data.json HTTP/1.1" 200 96706 "-" "Mozilla/5.0 (compatible; Googlebot/2.1; +http://www.google.com/bot.html)"
171.133.45.213 - - [22/Feb/2026:08:00:14 +0000] "GET /sitemap.xml HTTP/1.1" 200 119589 "-" "Mozilla/5.0 (compatible; Googlebot/2.1; +http://www.google.com/bot.html)"
149.37.222.138 - - [22/Feb/2026:08:04:44 +0000] "GET /readme.txt HTTP/1.1" 200 64935 "-" "ClaudeBot/1.0 (+https://www.anthropic.com/claudebot)"
141.57.250.8 - - [22/Feb/2026:08:04:44 +0000] "GET /data.json HTTP/1.1" 304 367 "-" "Mozilla/5.0 (compatible; Googlebot/2.1; +http://www.google.com/bot.html)"
71.138.7.233 - - [22/Feb/2026:08:18:09 +0000] "GET /style.css HTTP/1.1" 304 71 "-" "Mozilla/5.0 (compatible; Googlebot/2.1; +http://www.google.com/bot.html)"
82.35.167.49 - - [22/Feb/2026:08:18:32 +0000] "GET /config HTTP/1.1" 404 410 "-" "Mozilla/5.0 (compatible; Amazonbot/0.1; +https://developer.amazon.com/support/amazonbot)"
99.132.12.102 - - [22/Feb/2026:08:20:00 +0000] "GET / HTTP/1.1" 200 31191 "-" "ClaudeBot/1.0 (+https://www.anthropic.com/claudebot)"
141.57.250.8 - - [22/Feb/2026:08:23:14 +0000] "GET /data.json HTTP/1.1" 200 5122 "-" "Mozilla/5.0 (compatible; Amazonbot/0.1; +https://developer.amazon.com/support/amazonbot)"
188.194.31.5 - - [22/Feb/2026:08:27:07 +0000] "GET /index.html HTTP/1.1" 200 128668 "-" "Mozilla/5.0 (compatible; bingbot/2.0; +http://www.bing.com/bingbot.htm)"
122.96.81.102 - - [22/Feb/2026:08:28:06 +0000] "GET /data.json HTTP/1.1" 404 214 "-" "Mozilla/5.0 (compatible; Amazonbot/0.1; +https://developer.amazon.com/support/amazonbot)"
71.138.7.233 - - [22/Feb/2026:08:34:45 +0000] "GET /index.html HTTP/1.1" 404 401 "-" "Mozilla/5.0 (compatible; bingbot/2.0; +http://www.bing.com/bingbot.htm)"
60.241.196.176 - - [22/Feb/2026:08:37:10 +0000] "GET /banner.jpg HTTP/1.1" 200 8881 "-" "Mozilla/5.0 (compatible; Googlebot/2.1; +http://www.google.com/bot.html)"
149.37.222.138 - - [22/Feb/2026:08:43:07 +0000] "GET /about.html HTTP/1.1" 200 58179 "-" "Mozilla/5.0 AppleWebKit/537.36 (compatible; GPTBot/1.3; +https://openai.com/gptbot)"
99.150.211.250 - - [22/Feb/2026:08:44:01 +0000] "GET /feed.xml HTTP/1.1" 200 146296 "-" "ClaudeBot/1.0 (+https://www.anthropic.com/claudebot)"
141.57.250.8 - - [22/Feb/2026:08:51:45 +0000] "GET /feed.xml HTTP/1.1" 200 14910 "-" "Mozilla/5.0 (compatible; bingbot/2.0; +http://www.bing.com/bingbot.htm)"
82.35.167.49 - - [22/Feb/2026:08:56:38 +0000] "GET /style.css HTTP/1.1" 404 228 "-" "Mozilla/5.0 (compatible; Amazonbot/0.1; +https://developer.amazon.com/support/amazonbot)"
122.96.81.102 - - [22/Feb/2026:08:58:50 +0000] "GET /about.html HTTP/1.1" 200 141495 "-" "Mozilla/5.0 (compatible; bingbot/2.0; +http://www.bing.com/bingbot.htm)"
82.35.167.49 - - [22/Feb/2026:08:59:20 +0000] "GET /data.json HTTP/1.1" 200 66785 "-" "Mozilla/5.0 (compatible; Amazonbot/0.1; +https://developer.amazon.com/support/amazonbot)"
203.225.0.215 - - [22/Feb/2026:09:03:26 +0000] "GET /logo.png HTTP/1.1" 200 80925 "-" "ClaudeBot/1.0 (+https://www.anthropic.com/claudebot)"
171.133.45.213 - - [22/Feb/2026:09:07:13 +0000] "GET /config HTTP/1.1" 200 11863 "-" "Mozilla/5.0 AppleWebKit/537.36 (compatible; GPTBot/1.3; +https://openai.com/gptbot)"
82.35.167.49 - - [22/Feb/2026:09:08:47 +0000] "GET / HTTP/1.1" 200 9776 "-" "ClaudeBot/1.0 (+https://www.anthropic.com/claudebot)"
171.133.45.213 - - [22/Feb/2026:09:22:28 +0000] "GET / HTTP/1.1" 200 35511 "-" "Mozilla/5.0 (compatible; Amazonbot/0.1; +https://developer.amazon.com/support/amazonbot)"
149.37.222.138 - - [22/Feb/2026:09:23:08 +0000] "GET /index.html HTTP/1.1" 302 448 "-" "Mozilla/5.0 AppleWebKit/537.36 (compatible; GPTBot/1.3; +https://openai.com/gptbot)"
99.150.211.250 - - [22/Feb/2026:09:33:43 +0000] "GET /sitemap.xml HTTP/1.1" 200 61638 "-" "Mozilla/5.0 (compatible; Amazonbot/0.1; +https://developer.amazon.com/support/amazonbot)"
149.37.222.138 - - [22/Feb/2026:09:36:35 +0000] "GET /index.html HTTP/1.1" 200 64431 "-" "ClaudeBot/1.0 (+https://www.anthropic.com/claudebot)"
171.133.45.213 - - [22/Feb/2026:09:36:35 +0000] "GET /about.html HTTP/1.1" 200 42185 "-" "Mozilla/5.0 (compatible; bingbot/2.0; +http://www.bing.com/bingbot.htm)"
99.170.62.78 - - [22/Feb/2026:09:37:49 +0000] "GET /style.css HTTP/1.1" 200 10179 "-" "ClaudeBot/1.0 (+https://www.anthropic.com/claudebot)"
