203.225.0.215 - - [05/Feb/2026:19:18:45 +0000] "GET /banner.jpg HTTP/1.1" 200 86974 "-" "Mozilla/5.0 AppleWebKit/537.36 (compatible; GPTBot/1.3; +https://openai.com/gptbot)"
99.170.62.78 - - [05/Feb/2026:19:18:59 +0000] "GET /data.json HTTP/1.1" 200 45355 "-" "ClaudeBot/1.0 (+https://www.anthropic.com/claudebot)"
122.96.81.102 - - [05/Feb/2026:19:25:42 +0000] "GET /about.html HTTP/1.1" 200 139100 "-" "Mozilla/5.0 (compatible; Amazonbot/0.1; +https://developer.amazon.com/support/amazonbot)"
141.57.250.8 - - [05/Feb/2026:19:25:52 +0000] "GET /about.html HTTP/1.1" 200 128968 "-" "Mozilla/5.0 (compatible; Googlebot/2.1; +http://www.google.com/bot.html)"
99.150.211.250 - - [05/Feb/2026:19:26:47 +0000] "GET /config HTTP/1.1" 200 102292 "-" "Mozilla/5.0 AppleWebKit/537.36 (compatible; GPTBot/1.3; +https://openai.com/gptbot)"
149.37.222.138 - - [05/Feb/2026:19:27:22 +0000] "GET /banner.jpg HTTP/1.1" 200 36674 "-" "Mozilla/5.0 (compatible; Googlebot/2.1; +http://www.google.com/bot.html)"
99.132.12.102 - - [05/Feb/2026:19:28:36 +0000] "GET /about.html HTTP/1.1" 404 102 "-" "Mozilla/5.0 (compatible; Amazonbot/0.1; +https://developer.amazon.com/support/amazonbot)"
71.138.7.233 - - [05/Feb/2026:19:29:03 +0000] "GET /data.json HTTP/1.1" 200 68776 "-" "Mozilla/5.0 (compatible; bingbot/2.0; +http://www.bing.com/bingbot.htm)"
203.225.0.215 - - [05/Feb/2026:19:36:01 +0000] "GET /logo.png HTTP/1.1" 200 18952 "-" "Mozilla/5.0 (compatible; Amazonbot/0.1; +https://developer.amazon.com/support/amazonbot)"
60.241.196.176 - - [05/Feb/2026:19:45:07 +0000] "GET /about.html HTTP/1.1" 200 13248 "-" "Mozilla/5.0 AppleWebKit/537.36 (compatible; GPTBot/1.3; +https://openai.com/gptbot)"
122.96.81.102 - - [05/Feb/2026:19:45:16 +0000] "GET /config HTTP/1.1" 200 117173 "-" "Mozilla/5.0 AppleWebKit/537.36 (compatible; GPTBot/1.3; +https://openai.com/gptbot)"
122.96.81.102 - - [05/Feb/2026:19:47:12 +0000] "GET /about.html HTTP/1.1" 200 84339 "-" "Mozilla/5.0 (compatible; Amazonbot/0.1; +https://developer.amazon.com/support/amazonbot)"
99.170.62.78 - - [05/Feb/2026:19:47:59 +0000] "GET /app.js HTTP/1.1" 200 52831 "-" "Mozilla/5.0 (compatible; Googlebot/2.1; +http://www.google.com/bot.html)"
99.170.62.78 - - [05/Feb/2026:19:48:56 +0000] "GET /style.css HTTP/1.1" 200 138788 "-" "Mozilla/5.0 AppleWebKit/537.36 (compatible; GPTBot/1.3; +https://openai.com/gptbot)"
82.35.167.49 - - [05/Feb/2026:19:49:34 +0000] "GET /sitemap.xml HTTP/1.1" 200 75885 "-" "Mozilla/5.0 AppleWebKit/537.36 (compatible; GPTBot/1.3; +https://openai.com/gptbot)"
149.37.222.138 - - [05/Feb/2026:19:50:18 +0000] "GET / HTTP/1.1" 200 30978 "-" "Mozilla/5.0 (compatible; Amazonbot/0.1; +https://developer.amazon.com/support/amazonbot)"
203.225.0.215 - - [05/Feb/2026:19:53:33 +0000] "GET / HTTP/1.1" 200 87612 "-" "ClaudeBot/1.0 (+https://www.anthropic.com/claudebot)"
82.35.167.49 - - [05/Feb/2026:19:53:52 +0000] "GET / HTTP/1.1" 200 93574 "-" "Mozilla/5.0 (compatible; Amazonbot/0.1; +https://developer.amazon.com/support/amazonbot)"
82.35.167.49 - - [05/Feb/2026:19:54:13 +0000] "GET /app.js HTTP/1.1" 200 24743 "-" "Mozilla/5.0 (compatible; Googlebot/2.1; +http://www.google.com/bot.html)"
203.225.0.215 - - [05/Feb/2026:19:59:01 +0000] "GET /logo.png HTTP/1.1" 200 121710 "-" "Mozilla/5.0 (compatible; Googlebot/2.1; +http://www.google.com/bot.html)"
188.194.31.5 - - [05/Feb/2026:20:01:26 +0000] "GET /data.json HTTP/1.1" 200 84818 "-" "Mozilla/5.0 (compatible; Amazonbot/0.1; +https://developer.amazon.com/support/amazonbot)"
82.35.167.49 - - [05/Feb/2026:20:20:53 +0000] "GET /about.html HTTP/1.1" 200 2648 "-" "Mozilla/5.0 (compatible; Googlebot/2.1; +http://www.google.com/bot.html)"
122.96.81.102 - - [05/Feb/2026:20:27:13 +0000] "GET /about.html HTTP/1.1" 304 464 "-" "Mozilla/5.0 AppleWebKit/537.36 (compatible; GPTBot/1.3; +https://openai.com/gptbot)"
141.57.250.8 - - [05/Feb/2026:20:31:25 +0000] "GET /feed.xml HTTP/1.1" 301 113 "-" "ClaudeBot/1.0 (+https://www.anthropic.com/claudebot)"
203.225.0.215 - - [05/Feb/2026:20:35:25 +0000] "GET /about.html HTTP/1.1" 404 496 "-" "Mozilla/5.0 (compatible; Googlebot/2.1; +http://www.google.com/bot.html)"
71.138.7.233 - - [05/Feb/2026:20:35:45 +0000] "GET /data.json HTTP/1.1" 200 78665 "-" "Mozilla/5.0 (compatible; Googlebot/2.1; +http://www.google.com/bot.html)"
71.138.7.233 - - [05/Feb/2026:20:37:38 +0000] "GET /logo.png HTTP/1.1" 403 95 "-" "Mozilla/5.0 AppleWebKit/537.36 (compatible; GPTBot/1.3; +https://openai.com/gptbot)"
188.194.31.5 - - [05/Feb/2026:20:39:00 +0000] "GET /feed.xml HTTP/1.1" 200 136459 "-" "Mozilla/5.0 AppleWebKit/537.36 (compatible; GPTBot/1.3; +https://openai.com/gptbot)"
60.241.196.176 - - [05/Feb/2026:20:39:11 +0000] "GET /readme.txt HTTP/1.1" 200 73841 "-" "Mozilla/5.0 (compatible; Googlebot/2.1; +http://www.google.com/bot.html)"
60.241.196.176 - - [05/Feb/2026:20:39:43 +0000] "GET /data.json HTTP/1.1" 404 211 "-" "Mozilla/5.0 (compatible; bingbot/2.0; +http://www.bing.com/bingbot.htm)"
188.194.31.5 - - [05/Feb/2026:20:41:08 +0000] "GET /about.html HTTP/1.1" 200 71046 "-" "ClaudeBot/1.0 (+https://www.anthropic.com/claudebot)"
141.57.250.8 - - [05/Feb/2026:20:44:20 +0000] "GET /readme.txt HTTP/1.1" 200 48471 "-" "Mozilla/5.0 (compatible; Googlebot/2.1; +http://www.google.com/bot.html)"
141.57.250.8 - - [05/Feb/2026:20:44:46 +0000] "GET /app.js HTTP/1.1" 200 73163 "-" "ClaudeBot/1.0 (+https://www.anthropic.com/claudebot)"
122.96.81.102 - - [05/Feb/2026:20:45:27 +0000] "GET /sitemap.xml HTTP/1.1" 200 1087 "-" "ClaudeBot/1.0 (+https://www.anthropic.com/claudebot)"
122.96.81.102 - - [05/Feb/2026:20:51:33 +0000] "GET /sitemap.xml HTTP/1.1" 200 4197 "-" "ClaudeBot/1.0 (+https://www.anthropic.com/claudebot)"
99.150.211.250 - - [05/Feb/2026:20:54:35 +0000] "GET / HTTP/1.1" 200 127499 "-" "Mozilla/5.0 AppleWebKit/537.36 (compatible; GPTBot/1.3; +https://openai.com/gptbot)"
99.132.12.102 - - [05/Feb/2026:20:55:57 +0000] "GET /index.html HTTP/1.1" 200 74159 "-" "Mozilla/5.0 (compatible; Googlebot/2.1; +http://www.google.com/bot.html)"
99.150.211.250 - - [05/Feb/2026:20:57:33 +0000] "GET /data.json HTTP/1.1" 302 344 "-" "Mozilla/5.0 (compatible; Googlebot/2.1; +http://www.google.com/bot.html)"
149.37.222.138 - - [05/Feb/2026:21:01:37 +0000] "GET /banner.jpg HTTP/1.1" 404 4 "-" "Mozilla/5.0 (compatible; Amazonbot/0.1; +https://developer.amazon.com/support/amazonbot)"
99.132.12.102 - - [05/Feb/2026:21:05:08 +0000] "GET /logo.png HTTP/1.1" 200 102657 "-" "ClaudeBot/1.0 (+https://www.anthropic.com/claudebot)"
99.150.211.250 - - [05/Feb/2026:21:08:57 +0000] "GET /data.json HTTP/1.1" 200 63824 "-" "Mozilla/5.0 (compatible; Amazonbot/0.1; +https://developer.amazon.com/support/amazonbot)"
141.57.250.8 - - [05/Feb/2026:21:11:45 +0000] "GET /feed.xml HTTP/1.1" 200 27479 "-" "Mozilla/5.0 (compatible; bingbot/2.0; +http://www.bing.com/bingbot.htm)"
99.150.211.250 - - [05/Feb/2026:21:13:01 +0000] "GET /logo.png HTTP/1.1" 200 13934 "-" "Mozilla/5.0 (compatible; bingbot/2.0; +http://www.bing.com/bingbot.htm)"
171.133.45.213 - - [05/Feb/2026:21:19:09 +0000] "GET /index.html HTTP/1.1" 304 200 "-" "ClaudeBot/1.0 (+https://www.anthropic.com/claudebot)"
99.150.211.250 - - [05/Feb/2026:21:19:41 +0000] "GET /logo.png HTTP/1.1" 404 315 "-" "Mozilla/5.0 (compatible; bingbot/2.0; +http://www.bing.com/bingbot.htm)"
71.138.7.233 - - [05/Feb/2026:21:24:10 +0000] "GET /banner.jpg HTTP/1.1" 404 207 "-" "Mozilla/5.0 AppleWebKit/537.36 (compatible; GPTBot/1.3; +https://openai.com/gptbot)"
141.57.250.8 - - [05/Feb/2026:21:24:43 +0000] "GET /config HTTP/1.1" 404 173 "-" "Mozilla/5.0 AppleWebKit/537.36 (compatible; GPTBot/1.3; +https://openai.com/gptbot)"
60.241.196.176 - - [05/Feb/2026:21:25:01 +0000] "GET /index.html HTTP/1.1" 200 131811 "-" "Mozilla/5.0 (compatible; Googlebot/2.1; +http://www.google.com/bot.html)"
149.37.222.138 - - [05/Feb/2026:21:25:24 +0000] "GET /logo.png HTTP/1.1" 200 84473 "-" "Mozilla/5.0 (compatible; Amazonbot/0.1; +https://developer.amazon.com/support/amazonbot)"
71.138.7.233 - - [05/Feb/2026:21:26:53 +0000] "GET /data.json HTTP/1.1" 200 117805 "-" "Mozilla/5.0 (compatible; Googlebot/2.1; +http://www.google.com/bot.html)"
203.225.0.215 - - [05/Feb/2026:21:30:37 +0000] "GET /app.js HTTP/1.1" 200 64989 "-" "Mozilla/5.0 (compatible; Googlebot/2.1; +http://www.google.com/bot.html)"
82.35.167.49 - - [05/Feb/2026:21:35:49 +0000] "GET /app.js HTTP/1.1" 304 480 "-" "Mozilla/5.0 (compatible; Amazonbot/0.1; +https://developer.amazon.com/support/amazonbot)"
60.241.196.176 - - [05/Feb/2026:21:35:52 +0000] "GET /style.css HTTP/1.1" 200 18815 "-" "Mozilla/5.0 (compatible; bingbot/2.0; +http://www.bing.com/bingbot.htm)"
171.133.45.213 - - [05/Feb/2026:21:36:33 +0000] "GET /app.js HTTP/1.1" 200 68821 "-" "Mozilla/5.0 (compatible; bingbot/2.0; +http://www.bing.com/bingbot.htm)"
203.225.0.215 - - [05/Feb/2026:21:38:08 +0000] "GET /sitemap.xml HTTP/1.1" 304 417 "-" "Mozilla/5.0 AppleWebKit/537.36 (compatible; GPTBot/1.3; +https://openai.com/gptbot)"
122.96.81.102 - - [05/Feb/2026:21:38:43 +0000] "GET /readme.txt HTTP/1.1" 200 74328 "-" "Mozilla/5.0 (compatible; bingbot/2.0; +http://www.bing.com/bingbot.htm)"
60.241.196.176 - - [05/Feb/2026:21:39:28 +0000] "GET /about.html HTTP/1.1" 200 74221 "-" "ClaudeBot/1.0 (+https://www.anthropic.com/claudebot)"
188.194.31.5 - - [05/Feb/2026:21:43:48 +0000] "GET /config HTTP/1.1" 200 75411 "-" "Mozilla/5.0 (compatible; bingbot/2.0; +http://www.bing.com/bingbot.htm)"
141.57.250.8 - - [05/Feb/2026:21:46:06 +0000] "GET /sitemap.xml HTTP/1.1" 200 89065 "-" "ClaudeBot/1.0 (+https://www.anthropic.com/claudebot)"
171.133.45.213 - - [05/Feb/2026:21:47:32 +0000] "GET /readme.txt HTTP/1.1" 200 9105 "-" "Mozilla/5.0 (compatible; bingbot/2.0; +http://www.bing.com/bingbot.htm)"
99.150.211.250 - - [05/Feb/2026:21:50:44 +0000] "GET /index.html HTTP/1.1" 404 41 "-" "Mozilla/5.0 (compatible; bingbot/2.0; +http://www.bing.com/bingbot.htm)"
99.170.62.78 - - [05/Feb/2026:21:52:29 +0000] "GET /about.html HTTP/1.1" 200 92957 "-" "Mozilla/5.0 (compatible; Googlebot/2.1; +http://www.google.com/bot.html)"
82.35.167.49 - - [05/Feb/2026:21:53:41 +0000] "GET /readme.txt HTTP/1.1" 200 29738 "-" "Mozilla/5.0 AppleWebKit/537.36 (compatible; GPTBot/1.3; +https://openai.com/gptbot)"
71.138.7.233 - - [05/Feb/2026:21:59:27 +0000] "GET /index.html HTTP/1.1" 200 72453 "-" "Mozilla/5.0 (compatible; bingbot/2.0; +http://www.bing.com/bingbot.htm)"
171.133.45.213 - - [05/Feb/2026:21:59:48 +0000] "GET /config HTTP/1.1" 200 126407 "-" "Mozilla/5.0 AppleWebKit/537.36 (compatible; GPTBot/1.3; +https://openai.com/gptbot)"
99.132.12.102 - - [05/Feb/2026:22:02:26 +0000] "GET /app.js HTTP/1.1" 304 115 "-" "Mozilla/5.0 AppleWebKit/537.36 (compatible; GPTBot/1.3; +https://openai.com/gptbot)"
122.96.81.102 - - [05/Feb/2026:22:02:46 +0000] "GET /banner.jpg HTTP/1.1" 404 354 "-" "Mozilla/5.0 (compatible; Googlebot/2.1; +http://www.google.com/bot.html)"
149.37.222.138 - - [05/Feb/2026:22:03:47 +0000] "GET / HTTP/1.1" 200 43171 "-" "ClaudeBot/1.0 (+https://www.anthropic.com/claudebot)"
71.138.7.233 - - [05/Feb/2026:22:04:02 +0000] "GET /logo.png HTTP/1.1" 200 619 "-" "Mozilla/5.0 (compatible; bingbot/2.0; +http://www.bing.com/bingbot.htm)"
122.96.81.102 - - [05/Feb/2026:22:13:06 +0000] "GET /banner.jpg HTTP/1.1" 200 93603 "-" "Mozilla/5.0 (compatible; bingbot/2.0; +http://www.bing.com/bingbot.htm)"
99.132.12.102 - - [05/Feb/2026:22:16:53 +0000] "GET /banner.jpg HTTP/1.1" 200 105007 "-" "Mozilla/5.0 (compatible; Amazonbot/0.1; +https://developer.amazon.com/support/amazonbot)"
203.225.0.215 - - [05/Feb/2026:22:20:01 +0000] "GET /about.html HTTP/1.1" 200 112563 "-" "ClaudeBot/1.0 (+https://www.anthropic.com/claudebot)"
122.96.81.102 - - [05/Feb/2026:22:22:01 +0000] "GET /sitemap.xml HTTP/1.1" 200 135989 "-" "Mozilla/5.0 (compatible; Googlebot/2.1; +http://www.google.com/bot.html)"
122.96.81.102 - - [05/Feb/2026:22:24:22 +0000] "GET /config HTTP/1.1" 404 49 "-" "Mozilla/5.0 AppleWebKit/537.36 (compatible; GPTBot/1.3; +https://openai.com/gptbot)"
171.133.45.213 - - [05/Feb/2026:22:26:40 +0000] "GET /readme.txt HTTP/1.1" 200 108718 "-" "Mozilla/5.0 (compatible; Amazonbot/0.1; +https://developer.amazon.com/support/amazonbot)"
60.241.196.176 - - [05/Feb/2026:22:29:31 +0000] "GET /readme.txt HTTP/1.1" 404 250 "-" "Mozilla/5.0 AppleWebKit/537.36 (compatible; GPTBot/1.3; +https://openai.com/gptbot)"
149.37.222.138 - - [05/Feb/2026:22:32:41 +0000] "GET / HTTP/1.1" 200 4405 "-" "Mozilla/5.0 AppleWebKit/537.36 (compatible; GPTBot/1.3; +https://openai.com/gptbot)"
60.241.196.176 - - [05/Feb/2026:22:34:34 +0000] "GET /data.json HTTP/1.1" 301 410 "-" "Mozilla/5.0 (compatible; bingbot/2.0; +http://www.bing.com/bingbot.htm)"
171.133.45.213 - - [05/Feb/2026:22:36:58 +0000] "GET /about.html HTTP/1.1" 200 54044 "-" "Mozilla/5.0 (compatible; Googlebot/2.1; +http://www.google.com/bot.html)"
122.96.81.102 - - [05/Feb/2026:22:38:46 +0000] "GET /style.css HTTP/1.1" 404 309 "-" "Mozilla/5.0 (compatible; Amazonbot/0.1; +https://developer.amazon.com/support/amazonbot)"
82.35.167.49 - - [05/Feb/2026:22:49:12 +0000] "GET /readme.txt HTTP/1.1" 200 46055 "-" "Mozilla/5.0 (compatible; bingbot/2.0; +http://www.bing.com/bingbot.htm)"
122.96.81.102 - - [05/Feb/2026:22:49:53 +0000] "GET /app.js HTTP/1.1" 200 72461 "-" "ClaudeBot/1.0 (+https://www.anthropic.com/claudebot)"
99.170.62.78 - - [05/Feb/2026:22:51:08 +0000] "GET /config HTTP/1.1" 200 35518 "-" "Mozilla/5.0 (compatible; Googlebot/2.1; +http://www.google.com/bot.html)"
60.241.196.176 - - [05/Feb/2026:23:02:00 +0000] "GET /style.css HTTP/1.1" 200 18803 "-" "Mozilla/5.0 (compatible; bingbot/2.0; +http://www.bing.com/bingbot.htm)"
99.132.12.102 - - [05/Feb/2026:23:02:20 +0000] "GET /sitemap.xml HTTP/1.1" 200 19207 "-" "Mozilla/5.0 AppleWebKit/537.36 (compatible; GPTBot/1.3; +https://openai.com/gptbot)"
99.132.12.102 - - [05/Feb/2026:23:10:43 +0000] "GET /style.css HTTP/1.1" 200 123779 "-" "Mozilla/5.0 (compatible; Amazonbot/0.1; +https://developer.amazon.com/support/amazonbot)"
82.35.167.49 - - [05/Feb/2026:23:12:31 +0000] "GET /style.css HTTP/1.1" 200 63359 "-" "Mozilla/5.0 AppleWebKit/537.36 (compatible; GPTBot/1.3; +https://openai.com/gptbot)"
171.133.45.213 - - [05/Feb/2026:23:12:59 +0000] "GET /config HTTP/1.1" 200 4780 "-" "Mozilla/5.0 (compatible; bingbot/2.0; +http://www.bing.com/bingbot.htm)"
99.132.12.102 - - [05/Feb/2026:23:13:26 +0000] "GET /config HTTP/1.1" 200 139418 "-" "Mozilla/5.0 (compatible; bingbot/2.0; +http://www.bing.com/bingbot.htm)"
99.150.211.250 - - [05/Feb/2026:23:15:43 +0000] "GET /data.json HTTP/1.1" 404 368 "-" "Mozilla/5.0 (compatible; Googlebot/2.1; +http://www.google.com/bot.html)"
171.133.45.213 - - [05/Feb/2026:23:15:58 +0000] "GET /style.css HTTP/1.1" 304 220 "-" "Mozilla/5.0 (compatible; Googlebot/2.1; +http://www.google.com/bot.html)"
99.150.211.250 - - [05/Feb/2026:23:16:11 +0000] "GET /style.css HTTP/1.1" 200 149742 "-" "Mozilla/5.0 (compatible; Googlebot/2.1; +http://www.google.com/bot.html)"
141.57.250.8 - - [05/Feb/2026:23:26:09 +0000] "GET /about.html HTTP/1.1" 200 14026 "-" "Mozilla/5.0 (compatible; bingbot/2.0; +http://www.bing.com/bingbot.htm)"
149.37.222.138 - - [05/Feb/2026:23:32:25 +0000] "GET /readme.txt HTTP/1.1" 200 73995 "-" "Mozilla/5.0 AppleWebKit/537.36 (compatible; GPTBot/1.3; +https://openai.com/gptbot)"
99.170.62.78 - - [05/Feb/2026:23:34:52 +0000] "GET /sitemap.xml HTTP/1.1" 200 113517 "-" "Mozilla/5.0 (compatible; Amazonbot/0.1; +https://developer.amazon.com/support/amazonbot)"
122.96.81.102 - - [05/Feb/2026:23:38:45 +0000] "GET /feed.xml HTTP/1.1" 200 102935 "-" "Mozilla/5.0 (compatible; Amazonbot/0.1; +https://developer.amazon.com/support/amazonbot)"
149.37.222.138 - - [05/Feb/2026:23:39:47 +0000] "GET /logo.png HTTP/1.1" 200 149772 "-" "Mozilla/5.0 (compatible; Amazonbot/0.1; +https://developer.amazon.com/support/amazonbot)"
203.225.0.215 - - [05/Feb/2026:23:40:35 +0000] "GET /banner.jpg HTTP/1.1" 200 75315 "-" "Mozilla/5.0 AppleWebKit/537.36 (compatible; GPTBot/1.3; +https://openai.com/gptbot)"
171.133.45.213 - - [05/Feb/2026:23:43:49 +0000] "GET /feed.xml HTTP/1.1" 304 356 "-" "ClaudeBot/1.0 (+https://www.anthropic.com/claudebot)"
141.57.250.8 - - [05/Feb/2026:23:52:06 +0000] "GET /sitemap.xml HTTP/1.1" 200 45942 "-" "Mozilla/5.0 (compatible; Amazonbot/0.1; +https://developer.amazon.com/support/amazonbot)"
171.133.45.213 - - [05/Feb/2026:23:53:42 +0000] "GET /feed.xml HTTP/1.1" 304 177 "-" "Mozilla/5.0 (compatible; bingbot/2.0; +http://www.bing.com/bingbot.htm)"
71.138.7.233 - - [05/Feb/2026:23:57:36 +0000] "GET /app.js HTTP/1.1" 304 218 "-" "ClaudeBot/1.0 (+https://www.anthropic.com/claudebot)"
99.170.62.78 - - [05/Feb/2026:23:58:18 +0000] "GET /index.html HTTP/1.1" 304 305 "-" "ClaudeBot/1.0 (+https://www.anthropic.com/claudebot)"
99.170.62.78 - - [05/Feb/2026:23:59:37 +0000] "GET /banner.jpg HTTP/1.1" 200 26805 "-" "Mozilla/5.0 (compatible; bingbot/2.0; +http://www.bing.com/bingbot.htm)"
141.57.250.8 - - [06/Feb/2026:00:09:56 +0000] "GET /index.html HTTP/1.1" 200 76678 "-" "Mozilla/5.0 (compatible; bingbot/2.0; +http://www.bing.com/bingbot.htm)"
60.241.196.176 - - [06/Feb/2026:00:17:11 +0000] "GET /readme.txt HTTP/1.1" 403 348 "-" "ClaudeBot/1.0 (+https://www.anthropic.com/claudebot)"
171.133.45.213 - - [06/Feb/2026:00:23:19 +0000] "GET /about.html HTTP/1.1" 200 109534 "-" "Mozilla/5.0 AppleWebKit/537.36 (compatible; GPTBot/1.3; +https://openai.com/gptbot)"
149.37.222.138 - - [06/Feb/2026:00:30:42 +0000] "GET /logo.png HTTP/1.1" 200 143771 "-" "ClaudeBot/1.0 (+https://www.anthropic.com/claudebot)"
188.194.31.5 - - [06/Feb/2026:00:31:00 +0000] "GET /sitemap.xml HTTP/1.1" 200 24563 "-" "Mozilla/5.0 (compatible; bingbot/2.0; +http://www.bing.com/bingbot.htm)"
71.138.7.233 - - [06/Feb/2026:00:33:34 +0000] "GET /feed.xml HTTP/1.1" 200 130647 "-" "Mozilla/5.0 (compatible; Googlebot/2.1; +http://www.google.com/bot.html)"
203.225.0.215 - - [06/Feb/2026:00:34:26 +0000] "GET /config HTTP/1.1" 404 39 "-" "Mozilla/5.0 (compatible; Amazonbot/0.1; +https://developer.amazon.com/support/amazonbot)"
82.35.167.49 - - [06/Feb/2026:00:34:48 +0000] "GET /config HTTP/1.1" 404 301 "-" "Mozilla/5.0 (compatible; Amazonbot/0.1; +https://developer.amazon.com/support/amazonbot)"
122.96.81.102 - - [06/Feb/2026:00:38:42 +0000] "GET /banner.jpg HTTP/1.1" 304 150 "-" "Mozilla/5.0 (compatible; Googlebot/2.1; +http://www.google.com/bot.html)"
188.194.31.5 - - [06/Feb/2026:00:39:21 +0000] "GET /feed.xml HTTP/1.1" 304 432 "-" "Mozilla/5.0 (compatible; Amazonbot/0.1; +https://developer.amazon.com/support/amazonbot)"
99.150.211.250 - - [06/Feb/2026:00:43:38 +0000] "GET /index.html HTTP/1.1" 403 193 "-" "ClaudeBot/1.0 (+https://www.anthropic.com/claudebot)"
141.57.250.8 - - [06/Feb/2026:00:44:10 +0000] "GET /index.html HTTP/1.1" 404 350 "-" "Mozilla/5.0 (compatible; Googlebot/2.1; +http://www.google.com/bot.html)"
188.194.31.5 - - [06/Feb/2026:00:49:22 +0000] "GET /style.css HTTP/1.1" 200 74608 "-" "Mozilla/5.0 (compatible; Googlebot/2.1; +http://www.google.com/bot.html)"
149.37.222.138 - - [06/Feb/2026:00:49:30 +0000] "GET /data.json HTTP/1.1" 404 139 "-" "Mozilla/5.0 (compatible; Googlebot/2.1; +http://www.google.com/bot.html)"
171.133.45.213 - - [06/Feb/2026:00:49:55 +0000] "GET /readme.txt HTTP/1.1" 200 137559 "-" "Mozilla/5.0 (compatible; Googlebot/2.1; +http://www.google.com/bot.html)"
99.150.211.250 - - [06/Feb/2026:00:54:01 +0000] "GET /data.json HTTP/1.1" 200 115028 "-" "Mozilla/5.0 (compatible; bingbot/2.0; +http://www.bing.com/bingbot.htm)"
71.138.7.233 - - [06/Feb/2026:00:55:23 +0000] "GET /style.css HTTP/1.1" 404 85 "-" "Mozilla/5.0 (compatible; bingbot/2.0; +http://www.bing.com/bingbot.htm)"
149.37.222.138 - - [06/Feb/2026:00:57:57 +0000] "GET /index.html HTTP/1.1" 200 106005 "-" "Mozilla/5.0 (compatible; bingbot/2.0; +http://www.bing.com/bingbot.htm)"
71.138.7.233 - - [06/Feb/2026:01:03:33 +0000] "GET /readme.txt HTTP/1.1" 304 252 "-" "ClaudeBot/1.0 (+https://www.anthropic.com/claudebot)"
99.150.211.250 - - [06/Feb/2026:01:05:39 +0000] "GET /style.css HTTP/1.1" 200 138122 "-" "Mozilla/5.0 (compatible; Amazonbot/0.1; +https://developer.amazon.com/support/amazonbot)"
141.57.250.8 - - [06/Feb/2026:01:08:52 +0000] "GET /data.json HTTP/1.1" 404 202 "-" "Mozilla/5.0 (compatible; Amazonbot/0.1; +https://developer.amazon.com/support/amazonbot)"
122.96.81.102 - - [06/Feb/2026:01:14:00 +0000] "GET /readme.txt HTTP/1.1" 200 72079 "-" "Mozilla/5.0 (compatible; bingbot/2.0; +http://www.bing.com/bingbot.htm)"
149.37.222.138 - - [06/Feb/2026:01:14:48 +0000] "GET /sitemap.xml HTTP/1.1" 200 61365 "-" "Mozilla/5.0 AppleWebKit/537.36 (compatible; GPTBot/1.3; +https://openai.com/gptbot)"
99.132.12.102 - - [06/Feb/2026:01:15:44 +0000] "GET /style.css HTTP/1.1" 200 93114 "-" "Mozilla/5.0 AppleWebKit/537.36 (compatible; GPTBot/1.3; +https://openai.com/gptbot)"
171.133.45.213 - - [06/Feb/2026:01:21:34 +0000] "GET /style.css HTTP/1.1" 200 99033 "-" "Mozilla/5.0 (compatible; Googlebot/2.1; +http://www.google.com/bot.html)"
99.150.211.250 - - [06/Feb/2026:01:27:56 +0000] "GET /readme.txt HTTP/1.1" 200 37455 "-" "Mozilla/5.0 (compatible; Googlebot/2.1; +http://www.google.com/bot.html)"
99.132.12.102 - - [06/Feb/2026:01:31:52 +0000] "GET /feed.xml HTTP/1.1" 200 48842 "-" "Mozilla/5.0 (compatible; bingbot/2.0; +http://www.bing.com/bingbot.htm)"
60.241.196.176 - - [06/Feb/2026:01:36:17 +0000] "GET / HTTP/1.1" 200 59963 "-" "ClaudeBot/1.0 (+https://www.anthropic.com/claudebot)"
203.225.0.215 - - [06/Feb/2026:01:37:01 +0000] "GET /about.html HTTP/1.1" 200 54691 "-" "Mozilla/5.0 (compatible; Amazonbot/0.1; +https://developer.amazon.com/support/amazonbot)"
188.194.31.5 - - [06/Feb/2026:01:40:44 +0000] "GET /banner.jpg HTTP/1.1" 200 70012 "-" "Mozilla/5.0 (compatible; bingbot/2.0; +http://www.bing.com/bingbot.htm)"
122.96.81.102 - - [06/Feb/2026:01:41:20 +0000] "GET /sitemap.xml HTTP/1.1" 404 97 "-" "ClaudeBot/1.0 (+https://www.anthropic.com/claudebot)"
60.241.196.176 - - [06/Feb/2026:01:41:30 +0000] "GET /config HTTP/1.1" 200 40791 "-" "ClaudeBot/1.0 (+https://www.anthropic.com/claudebot)"
141.57.250.8 - - [06/Feb/2026:01:44:04 +0000] "GET /style.css HTTP/1.1" 404 439 "-" "ClaudeBot/1.0 (+https://www.anthropic.com/claudebot)"
149.37.222.138 - - [06/Feb/2026:01:46:38 +0000] "GET /data.json HTTP/1.1" 200 84741 "-" "Mozilla/5.0 AppleWebKit/537.36 (compatible; GPTBot/1.3; +https://openai.com/gptbot)"
149.37.222.138 - - [06/Feb/2026:01:50:33 +0000] "GET /style.css HTTP/1.1" 304 101 "-" "Mozilla/5.0 (compatible; bingbot/2.0; +http://www.bing.com/bingbot.htm)"
71.138.7.233 - - [06/Feb/2026:01:53:00 +0000] "GET /readme.txt HTTP/1.1" 200 107808 "-" "Mozilla/5.0 (compatible; Googlebot/2.1; +http://www.google.com/bot.html)"
141.57.250.8 - - [06/Feb/2026:01:53:48 +0000] "GET /data.json HTTP/1.1" 200 67636 "-" "ClaudeBot/1.0 (+https://www.anthropic.com/claudebot)"
188.194.31.5 - - [06/Feb/2026:01:54:49 +0000] "GET /app.js HTTP/1.1" 200 71685 "-" "Mozilla/5.0 AppleWebKit/537.36 (compatible; GPTBot/1.3; +https://openai.com/gptbot)"
171.133.45.213 - - [06/Feb/2026:01:57:16 +0000] "GET /app.js HTTP/1.1" 200 146600 "-" "Mozilla/5.0 AppleWebKit/537.36 (compatible; GPTBot/1.3; +https://openai.com/gptbot)"
188.194.31.5 - - [06/Feb/2026:01:59:57 +0000] "GET /style.css HTTP/1.1" 200 63739 "-" "Mozilla/5.0 (compatible; bingbot/2.0; +http://www.bing.com/bingbot.htm)"
203.225.0.215 - - [06/Feb/2026:02:00:53 +0000] "GET /banner.jpg HTTP/1.1" 200 107826 "-" "Mozilla/5.0 (compatible; Googlebot/2.1; +http://www.google.com/bot.html)"
60.241.196.176 - - [06/Feb/2026:02:05:16 +0000] "GET /about.html HTTP/1.1" 200 68432 "-" "Mozilla/5.0 (compatible; bingbot/2.0; +http://www.bing.com/bingbot.htm)"
149.37.222.138 - - [06/Feb/2026:02:07:15 +0000] "GET /logo.png HTTP/1.1" 200 83119 "-" "Mozilla/5.0 (compatible; Googlebot/2.1; +http://www.google.com/bot.html)"
60.241.196.176 - - [06/Feb/2026:02:07:39 +0000] "GET /data.json HTTP/1.1" 200 121131 "-" "ClaudeBot/1.0 (+https://www.anthropic.com/claudebot)"
82.35.167.49 - - [06/Feb/2026:02:07:53 +0000] "GET /banner.jpg HTTP/1.1" 304 213 "-" "Mozilla/5.0 (compatible; bingbot/2.0; +http://www.bing.com/bingbot.htm)"
188.194.31.5 - - [06/Feb/2026:02:12:43 +0000] "GET /index.html HTTP/1.1" 200 5801 "-" "Mozilla/5.0 AppleWebKit/537.36 (compatible; GPTBot/1.3; +https://openai.com/gptbot)"
99.150.211.250 - - [06/Feb/2026:02:13:34 +0000] "GET /sitemap.xml HTTP/1.1" 200 13923 "-" "Mozilla/5.0 (compatible; Amazonbot/0.1; +https://developer.amazon.com/support/amazonbot)"
60.241.196.176 - - [06/Feb/2026:02:18:43 +0000] "GET /banner.jpg HTTP/1.1" 404 70 "-" "Mozilla/5.0 (compatible; Googlebot/2.1; +http://www.google.com/bot.html)"
99.170.62.78 - - [06/Feb/2026:02:18:44 +0000] "GET /config HTTP/1.1" 404 82 "-" "Mozilla/5.0 (compatible; Googlebot/2.1; +http://www.google.com/bot.html)"
60.241.196.176 - - [06/Feb/2026:02:19:12 +0000] "GET /sitemap.xml HTTP/1.1" 304 311 "-" "Mozilla/5.0 (compatible; Amazonbot/0.1; +https://developer.amazon.com/support/amazonbot)"
99.170.62.78 - - [06/Feb/2026:02:23:16 +0000] "GET /index.html HTTP/1.1" 200 112063 "-" "Mozilla/5.0 (compatible; Amazonbot/0.1; +https://developer.amazon.com/support/amazonbot)"
171.133.45.213 - - [06/Feb/2026:02:24:35 +0000] "GET /app.js HTTP/1.1" 200 26680 "-" "Mozilla/5.0 AppleWebKit/537.36 (compatible; GPTBot/1.3; +https://openai.com/gptbot)"
99.170.62.78 - - [06/Feb/2026:02:25:07 +0000] "GET /config HTTP/1.1" 200 107026 "-" "Mozilla/5.0 (compatible; Googlebot/2.1; +http://www.google.com/bot.html)"
203.225.0.215 - - [06/Feb/2026:02:25:48 +0000] "GET /data.json HTTP/1.1" 200 141701 "-" "Mozilla/5.0 (compatible; Amazonbot/0.1; +https://developer.amazon.com/support/amazonbot)"
60.241.196.176 - - [06/Feb/2026:02:27:37 +0000] "GET /about.html HTTP/1.1" 404 308 "-" "Mozilla/5.0 AppleWebKit/537.36 (compatible; GPTBot/1.3; +https://openai.com/gptbot)"
60.241.196.176 - - [06/Feb/2026:02:29:27 +0000] "GET /config HTTP/1.1" 200 126182 "-" "Mozilla/5.0 (compatible; Googlebot/2.1; +http://www.google.com/bot.html)"
149.37.222.138 - - [06/Feb/2026:02:30:19 +0000] "GET /banner.jpg HTTP/1.1" 304 217 "-" "Mozilla/5.0 (compatible; Amazonbot/0.1; +https://developer.amazon.com/support/amazonbot)"
203.225.0.215 - - [06/Feb/2026:02:32:19 +0000] "GET /app.js HTTP/1.1" 200 118134 "-" "Mozilla/5.0 (compatible; bingbot/2.0; +http://www.bing.com/bingbot.htm)"
171.133.45.213 - - [06/Feb/2026:02:36:49 +0000] "GET /data.json HTTP/1.1" 200 126616 "-" "Mozilla/5.0 (compatible; bingbot/2.0; +http://www.bing.com/bingbot.htm)"
99.132.12.102 - - [06/Feb/2026:02:37:08 +0000] "GET /data.json HTTP/1.1" 200 110489 "-" "Mozilla/5.0 (compatible; Amazonbot/0.1; +https://developer.amazon.com/support/amazonbot)"
203.225.0.215 - - [06/Feb/2026:02:39:32 +0000] "GET /about.html HTTP/1.1" 404 146 "-" "Mozilla/5.0 AppleWebKit/537.36 (compatible; GPTBot/1.3; +https://openai.com/gptbot)"
99.150.211.250 - - [06/Feb/2026:02:44:54 +0000] "GET /readme.txt HTTP/1.1" 200 15001 "-" "Mozilla/5.0 (compatible; Amazonbot/0.1; +https://developer.amazon.com/support/amazonbot)"
60.241.196.176 - - [06/Feb/2026:02:45:04 +0000] "GET / HTTP/1.1" 200 140597 "-" "Mozilla/5.0 (compatible; Googlebot/2.1; +http://www.google.com/bot.html)"
99.150.211.250 - - [06/Feb/2026:02:49:36 +0000] "GET /logo.png HTTP/1.1" 200 87254 "-" "Mozilla/5.0 (compatible; bingbot/2.0; +http://www.bing.com/bingbot.htm)"
171.133.45.213 - - [06/Feb/2026:02:52:11 +0000] "GET /style.css HTTP/1.1" 302 367 "-" "Mozilla/5.0 (compatible; Amazonbot/0.1; +https://developer.amazon.com/support/amazonbot)"
71.138.7.233 - - [06/Feb/2026:02:52:52 +0000] "GET / HTTP/1.1" 404 216 "-" "Mozilla/5.0 (compatible; Googlebot/2.1; +http://www.google.com/bot.html)"
82.35.167.49 - - [06/Feb/2026:02:54:38 +0000] "GET /banner.jpg HTTP/1.1" 404 478 "-" "Mozilla/5.0 (compatible; Googlebot/2.1; +http://www.google.com/bot.html)"
122.96.81.102 - - [06/Feb/2026:02:55:23 +0000] "GET /index.html HTTP/1.1" 304 458 "-" "Mozilla/5.0 (compatible; bingbot/2.0; +http://www.bing.com/bingbot.htm)"
99.170.62.78 - - [06/Feb/2026:02:56:29 +0000] "GET /banner.jpg HTTP/1.1" 200 92083 "-" "Mozilla/5.0 (compatible; bingbot/2.0; +http://www.bing.com/bingbot.htm)"
149.37.222.138 - - [06/Feb/2026:02:57:49 +0000] "GET /banner.jpg HTTP/1.1" 304 334 "-" "Mozilla/5.0 (compatible; bingbot/2.0; +http://www.bing.com/bingbot.htm)"
60.241.196.176 - - [06/Feb/2026:02:58:36 +0000] "GET /style.css HTTP/1.1" 200 80186 "-" "Mozilla/5.0 AppleWebKit/537.36 (compatible; GPTBot/1.3; +https://openai.com/gptbot)"
82.35.167.49 - - [06/Feb/2026:02:59:17 +0000] "GET /banner.jpg HTTP/1.1" 404 443 "-" "ClaudeBot/1.0 (+https://www.anthropic.com/claudebot)"
188.194.31.5 - - [06/Feb/2026:03:06:44 +0000] "GET /banner.jpg HTTP/1.1" 304 294 "-" "Mozilla/5.0 (compatible; Amazonbot/0.1; +https://developer.amazon.com/support/amazonbot)"
141.57.250.8 - - [06/Feb/2026:03:10:06 +0000] "GET /data.json HTTP/1.1" 304 152 "-" "ClaudeBot/1.0 (+https://www.anthropic.com/claudebot)"
122.96.81.102 - - [06/Feb/2026:03:10:34 +0000] "GET /about.html HTTP/1.1" 302 147 "-" "Mozilla/5.0 (compatible; Amazonbot/0.1; +https://developer.amazon.com/support/amazonbot)"
82.35.167.49 - - [06/Feb/2026:03:13:24 +0000] "GET /logo.png HTTP/1.1" 304 33 "-" "Mozilla/5.0 (compatible; bingbot/2.0; +http://www.bing.com/bingbot.htm)"
99.150.211.250 - - [06/Feb/2026:03:18:59 +0000] "GET /logo.png HTTP/1.1" 200 21745 "-" "Mozilla/5.0 (compatible; bingbot/2.0; +http://www.bing.com/bingbot.htm)"
82.35.167.49 - - [06/Feb/2026:03:20:22 +0000] "GET /banner.jpg HTTP/1.1" 200 100188 "-" "Mozilla/5.0 (compatible; Amazonbot/0.1; +https://developer.amazon.com/support/amazonbot)"
71.138.7.233 - - [06/Feb/2026:03:24:45 +0000] "GET /feed.xml HTTP/1.1" 404 484 "-" "Mozilla/5.0 AppleWebKit/537.36 (compatible; GPTBot/1.3; +https://openai.com/gptbot)"
149.37.222.138 - - [06/Feb/2026:03:27:35 +0000] "GET /feed.xml HTTP/1.1" 200 11756 "-" "Mozilla/5.0 (compatible; Googlebot/2.1; +http://www.google.com/bot.html)"
71.138.7.233 - - [06/Feb/2026:03:29:15 +0000] "GET /config HTTP/1.1" 200 43729 "-" "Mozilla/5.0 (compatible; Amazonbot/0.1; +https://developer.amazon.com/support/amazonbot)"
171.133.45.213 - - [06/Feb/2026:03:36:47 +0000] "GET /app.js HTTP/1.1" 200 51196 "-" "ClaudeBot/1.0 (+https://www.anthropic.com/claudebot)"
99.150.211.250 - - [06/Feb/2026:03:38:56 +0000] "GET /about.html HTTP/1.1" 200 88914 "-" "ClaudeBot/1.0 (+https://www.anthropic.com/claudebot)"
171.133.45.213 - - [06/Feb/2026:03:45:09 +0000] "GET /logo.png HTTP/1.1" 200 51614 "-" "Mozilla/5.0 (compatible; Googlebot/2.1; +http://www.google.com/bot.html)"
141.57.250.8 - - [06/Feb/2026:03:46:02 +0000] "GET /style.css HTTP/1.1" 200 123925 "-" "Mozilla/5.0 (compatible; bingbot/2.0; +http://www.bing.com/bingbot.htm)"
71.138.7.233 - - [06/Feb/2026:03:48:36 +0000] "GET /style.css HTTP/1.1" 200 106452 "-" "Mozilla/5.0 (compatible; Amazonbot/0.1; +https://developer.amazon.com/support/amazonbot)"
71.138.7.233 - - [06/Feb/2026:03:49:33 +0000] "GET /data.json HTTP/1.1" 403 176 "-" "Mozilla/5.0 (compatible; Googlebot/2.1; +http://www.google.com/bot.html)"
99.150.211.250 - - [06/Feb/2026:03:56:58 +0000] "GET /banner.jpg HTTP/1.1" 304 358 "-" "ClaudeBot/1.0 (+https://www.anthropic.com/claudebot)"
99.132.12.102 - - [06/Feb/2026:04:00:33 +0000] "GET / HTTP/1.1" 200 57098 "-" "Mozilla/5.0 (compatible; bingbot/2.0; +http://www.bing.com/bingbot.htm)"
99.170.62.78 - - [06/Feb/2026:04:00:45 +0000] "GET /index.html HTTP/1.1" 404 433 "-" "Mozilla/5.0 (compatible; Amazonbot/0.1; +https://developer.amazon.com/support/amazonbot)"
99.170.62.78 - - [06/Feb/2026:04:03:55 +0000] "GET /readme.txt HTTP/1.1" 200 71898 "-" "Mozilla/5.0 (compatible; Amazonbot/0.1; +https://developer.amazon.com/support/amazonbot)"
99.150.211.250 - - [06/Feb/2026:04:06:20 +0000] "GET /index.html HTTP/1.1" 200 18193 "-" "Mozilla/5.0 AppleWebKit/537.36 (compatible; GPTBot/1.3; +https://openai.com/gptbot)"
82.35.167.49 - - [06/Feb/2026:04:08:06 +0000] "GET / HTTP/1.1" 200 98143 "-" "Mozilla/5.0 AppleWebKit/537.36 (compatible; GPTBot/1.3; +https://openai.com/gptbot)"
188.194.31.5 - - [06/Feb/2026:04:08:35 +0000] "GET /app.js HTTP/1.1" 200 50598 "-" "Mozilla/5.0 (compatible; Amazonbot/0.1; +https://developer.amazon.com/support/amazonbot)"
141.57.250.8 - - [06/Feb/2026:04:19:19 +0000] "GET /config HTTP/1.1" 200 16059 "-" "Mozilla/5.0 (compatible; Amazonbot/0.1; +https://developer.amazon.com/support/amazonbot)"
82.35.167.49 - - [06/Feb/2026:04:20:02 +0000] "GET /style.css HTTP/1.1" 200 146454 "-" "Mozilla/5.0 (compatible; bingbot/2.0; +http://www.bing.com/bingbot.htm)"
141.57.250.8 - - [06/Feb/2026:04:20:50 +0000] "GET /style.css HTTP/1.1" 302 163 "-" "Mozilla/5.0 AppleWebKit/537.36 (compatible; GPTBot/1.3; +https://openai.com/gptbot)"
122.96.81.102 - - [06/Feb/2026:04:20:55 +0000] "GET /feed.xml HTTP/1.1" 200 72621 "-" "Mozilla/5.0 (compatible; Amazonbot/0.1; +https://developer.amazon.com/support/amazonbot)"
171.133.45.213 - - [06/Feb/2026:04:26:45 +0000] "GET /index.html HTTP/1.1" 302 289 "-" "Mozilla/5.0 (compatible; bingbot/2.0; +http://www.bing.com/bingbot.htm)"
82.35.167.49 - - [06/Feb/2026:04:30:15 +0000] "GET /style.css HTTP/1.1" 200 81812 "-" "Mozilla/5.0 (compatible; Googlebot/2.1; +http://www.google.com/bot.html)"
171.133.45.213 - - [06/Feb/2026:04:31:30 +0000] "GET /style.css HTTP/1.1" 200 14103 "-" "Mozilla/5.0 AppleWebKit/537.36 (compatible; GPTBot/1.3; +https://openai.com/gptbot)"
203.225.0.215 - - [06/Feb/2026:04:31:56 +0000] "GET /config HTTP/1.1" 404 456 "-" "Mozilla/5.0 (compatible; Googlebot/2.1; +http://www.google.com/bot.html)"
122.96.81.102 - - [06/Feb/2026:04:32:20 +0000] "GET /logo.png HTTP/1.1" 404 455 "-" "ClaudeBot/1.0 (+https://www.anthropic.com/claudebot)"
99.150.211.250 - - [06/Feb/2026:04:34:20 +0000] "GET /config HTTP/1.1" 200 35171 "-" "Mozilla/5.0 (compatible; Amazonbot/0.1; +https://developer.amazon.com/support/amazonbot)"
60.241.196.176 - - [06/Feb/2026:04:36:07 +0000] "GET /sitemap.xml HTTP/1.1" 200 81661 "-" "ClaudeBot/1.0 (+https://www.anthropic.com/claudebot)"
99.150.211.250 - - [06/Feb/2026:04:37:24 +0000] "GET /banner.jpg HTTP/1.1" 200 102717 "-" "Mozilla/5.0 AppleWebKit/537.36 (compatible; GPTBot/1.3; +https://openai.com/gptbot)"
82.35.167.49 - - [06/Feb/2026:04:38:19 +0000] "GET /about.html HTTP/1.1" 200 66040 "-" "Mozilla/5.0 (compatible; bingbot/2.0; +http://www.bing.com/bingbot.htm)"
99.150.211.250 - - [06/Feb/2026:04:40:53 +0000] "GET /readme.txt HTTP/1.1" 404 146 "-" "Mozilla/5.0 (compatible; Googlebot/2.1; +http://www.google.com/bot.html)"
188.194.31.5 - - [06/Feb/2026:04:41:39 +0000] "GET /index.html HTTP/1.1" 200 87310 "-" "ClaudeBot/1.0 (+https://www.anthropic.com/claudebot)"
71.138.7.233 - - [06/Feb/2026:04:48:38 +0000] "GET /style.css HTTP/1.1" 200 2295 "-" "Mozilla/5.0 AppleWebKit/537.36 (compatible; GPTBot/1.3; +https://openai.com/gptbot)"
99.170.62.78 - - [06/Feb/2026:04:51:39 +0000] "GET /index.html HTTP/1.1" 404 329 "-" "ClaudeBot/1.0 (+https://www.anthropic.com/claudebot)"
122.96.81.102 - - [06/Feb/2026:04:52:35 +0000] "GET /config HTTP/1.1" 200 92837 "-" "Mozilla/5.0 AppleWebKit/537.36 (compatible; GPTBot/1.3; +https://openai.com/gptbot)"
203.225.0.215 - - [06/Feb/2026:04:53:51 +0000] "GET / HTTP/1.1" 200 45258 "-" "Mozilla/5.0 (compatible; Googlebot/2.1; +http://www.google.com/bot.html)"
99.150.211.250 - - [06/Feb/2026:04:55:36 +0000] "GET /logo.png HTTP/1.1" 304 276 "-" "Mozilla/5.0 (compatible; bingbot/2.0; +http://www.bing.com/bingbot.htm)"
99.132.12.102 - - [06/Feb/2026:04:57:12 +0000] "GET /data.json HTTP/1.1" 200 144167 "-" "ClaudeBot/1.0 (+https://www.anthropic.com/claudebot)"
99.170.62.78 - - [06/Feb/2026:05:00:17 +0000] "GET / HTTP/1.1" 301 38 "-" "Mozilla/5.0 (compatible; Amazonbot/0.1; +https://developer.amazon.com/support/amazonbot)"
149.37.222.138 - - [06/Feb/2026:05:02:48 +0000] "GET /app.js HTTP/1.1" 403 326 "-" "Mozilla/5.0 (compatible; bingbot/2.0; +http://www.bing.com/bingbot.htm)"
171.133.45.213 - - [06/Feb/2026:05:08:23 +0000] "GET / HTTP/1.1" 200 112903 "-" "Mozilla/5.0 (compatible; Amazonbot/0.1; +https://developer.amazon.com/support/amazonbot)"
149.37.222.138 - - [06/Feb/2026:05:15:00 +0000] "GET / HTTP/1.1" 404 151 "-" "Mozilla/5.0 AppleWebKit/537.36 (compatible; GPTBot/1.3; +https://openai.com/gptbot)"
203.225.0.215 - - [06/Feb/2026:05:17:14 +0000] "GET /sitemap.xml HTTP/1.1" 200 17088 "-" "ClaudeBot/1.0 (+https://www.anthropic.com/claudebot)"
171.133.45.213 - - [06/Feb/2026:05:19:40 +0000] "GET /feed.xml HTTP/1.1" 200 63491 "-" "ClaudeBot/1.0 (+https://www.anthropic.com/claudebot)"
60.241.196.176 - - [06/Feb/2026:05:23:39 +0000] "GET / HTTP/1.1" 200 102187 "-" "ClaudeBot/1.0 (+https://www.anthropic.com/claudebot)"
71.138.7.233 - - [06/Feb/2026:05:31:21 +0000] "GET /logo.png HTTP/1.1" 200 132363 "-" "ClaudeBot/1.0 (+https://www.anthropic.com/claudebot)"
149.37.222.138 - - [06/Feb/2026:05:32:18 +0000] "GET /index.html HTTP/1.1" 200 34740 "-" "Mozilla/5.0 (compatible; Amazonbot/0.1; +https://developer.amazon.com/support/amazonbot)"
99.170.62.78 - - [06/Feb/2026:05:32:51 +0000] "GET /index.html HTTP/1.1" 200 115554 "-" "Mozilla/5.0 AppleWebKit/537.36 (compatible; GPTBot/1.3; +https://openai.com/gptbot)"
99.132.12.102 - - [06/Feb/2026:05:33:30 +0000] "GET /config HTTP/1.1" 200 69224 "-" "Mozilla/5.0 AppleWebKit/537.36 (compatible; GPTBot/1.3; +https://openai.com/gptbot)"
141.57.250.8 - - [06/Feb/2026:05:38:49 +0000] "GET /logo.png HTTP/1.1" 404 264 "-" "ClaudeBot/1.0 (+https://www.anthropic.com/claudebot)"
99.132.12.102 - - [06/Feb/2026:05:39:15 +0000] "GET /feed.xml HTTP/1.1" 200 60051 "-" "Mozilla/5.0 AppleWebKit/537.36 (compatible; GPTBot/1.3; +https://openai.com/gptbot)"
99.150.211.250 - - [06/Feb/2026:05:45:16 +0000] "GET /readme.txt HTTP/1.1" 200 30445 "-" "Mozilla/5.0 AppleWebKit/537.36 (compatible; GPTBot/1.3; +https://openai.com/gptbot)"
60.241.196.176 - - [06/Feb/2026:05:49:40 +0000] "GET /feed.xml HTTP/1.1" 302 125 "-" "Mozilla/5.0 (compatible; Amazonbot/0.1; +https://developer.amazon.com/support/amazonbot)"
82.35.167.49 - - [06/Feb/2026:05:50:38 +0000] "GET /app.js HTTP/1.1" 200 69324 "-" "ClaudeBot/1.0 (+https://www.anthropic.com/claudebot)"
60.241.196.176 - - [06/Feb/2026:05:52:41 +0000] "GET /index.html HTTP/1.1" 200 28580 "-" "Mozilla/5.0 AppleWebKit/537.36 (compatible; GPTBot/1.3; +https://openai.com/gptbot)"
71.138.7.233 - - [06/Feb/2026:06:03:45 +0000] "GET /banner.jpg HTTP/1.1" 200 24374 "-" "ClaudeBot/1.0 (+https://www.anthropic.com/claudebot)"
122.96.81.102 - - [06/Feb/2026:06:04:28 +0000] "GET /app.js HTTP/1.1" 200 81713 "-" "Mozilla/5.0 AppleWebKit/537.36 (compatible; GPTBot/1.3; +https://openai.com/gptbot)"
60.241.196.176 - - [06/Feb/2026:06:05:06 +0000] "GET /index.html HTTP/1.1" 302 442 "-" "Mozilla/5.0 AppleWebKit/537.36 (compatible; GPTBot/1.3; +https://openai.com/gptbot)"
122.96.81.102 - - [06/Feb/2026:06:06:56 +0000] "GET /sitemap.xml HTTP/1.1" 200 59163 "-" "Mozilla/5.0 (compatible; Amazonbot/0.1; +https://developer.amazon.com/support/amazonbot)"
99.150.211.250 - - [06/Feb/2026:06:08:58 +0000] "GET /app.js HTTP/1.1" 200 25679 "-" "Mozilla/5.0 AppleWebKit/537.36 (compatible; GPTBot/1.3; +https://openai.com/gptbot)"
122.96.81.102 - - [06/Feb/2026:06:15:15 +0000] "GET /config HTTP/1.1" 200 29497 "-" "Mozilla/5.0 (compatible; Googlebot/2.1; +http://www.google.com/bot.html)"
203.225.0.215 - - [06/Feb/2026:06:18:30 +0000] "GET /config HTTP/1.1" 200 106550 "-" "Mozilla/5.0 (compatible; bingbot/2.0; +http://www.bing.com/bingbot.htm)"
71.138.7.233 - - [06/Feb/2026:06:20:09 +0000] "GET /logo.png HTTP/1.1" 200 42224 "-" "Mozilla/5.0 (compatible; bingbot/2.0; +http://www.bing.com/bingbot.htm)"
203.225.0.215 - - [06/Feb/2026:06:23:26 +0000] "GET /feed.xml HTTP/1.1" 200 89890 "-" "ClaudeBot/1.0 (+https://www.anthropic.com/claudebot)"
71.138.7.233 - - [06/Feb/2026:06:23:45 +0000] "GET /data.json HTTP/1.1" 200 105371 "-" "ClaudeBot/1.0 (+https://www.anthropic.com/claudebot)"
188.194.31.5 - - [06/Feb/2026:06:25:24 +0000] "GET /data.json HTTP/1.1" 301 391 "-" "Mozilla/5.0 (compatible; Googlebot/2.1; +http://www.google.com/bot.html)"
99.132.12.102 - - [06/Feb/2026:06:27:55 +0000] "GET /about.html HTTP/1.1" 200 93563 "-" "ClaudeBot/1.0 (+https://www.anthropic.com/claudebot)"
99.132.12.102 - - [06/Feb/2026:06:28:17 +0000] "GET /banner.jpg HTTP/1.1" 200 141290 "-" "Mozilla/5.0 (compatible; Googlebot/2.1; +http://www.google.com/bot.html)"
141.57.250.8 - - [06/Feb/2026:06:30:20 +0000] "GET /config HTTP/1.1" 200 1797 "-" "Mozilla/5.0 AppleWebKit/537.36 (compatible; GPTBot/1.3; +https://openai.com/gptbot)"
141.57.250.8 - - [06/Feb/2026:06:30:54 +0000] "GET /about.html HTTP/1.1" 200 92233 "-" "Mozilla/5.0 (compatible; bingbot/2.0; +http://www.bing.com/bingbot.htm)"
149.37.222.138 - - [06/Feb/2026:06:30:54 +0000] "GET /feed.xml HTTP/1.1" 404 135 "-" "ClaudeBot/1.0 (+https://www.anthropic.com/claudebot)"
203.225.0.215 - - [06/Feb/2026:06:32:00 +0000] "GET /config HTTP/1.1" 404 481 "-" "Mozilla/5.0 (compatible; Googlebot/2.1; +http://www.google.com/bot.html)"
122.96.81.102 - - [06/Feb/2026:06:34:10 +0000] "GET /index.html HTTP/1.1" 200 135003 "-" "Mozilla/5.0 (compatible; Googlebot/2.1; +http://www.google.com/bot.html)"
99.132.12.102 - - [06/Feb/2026:06:35:46 +0000] "GET /sitemap.xml HTTP/1.1" 200 38676 "-" "ClaudeBot/1.0 (+https://www.anthropic.com/claudebot)"
141.57.250.8 - - [06/Feb/2026:06:37:01 +0000] "GET /about.html HTTP/1.1" 200 109014 "-" "Mozilla/5.0 (compatible; Amazonbot/0.1; +https://developer.amazon.com/support/amazonbot)"
60.241.196.176 - - [06/Feb/2026:06:39:45 +0000] "GET / HTTP/1.1" 200 56458 "-" "Mozilla/5.0 AppleWebKit/537.36 (compatible; GPTBot/1.3; +https://openai.com/gptbot)"
203.225.0.215 - - [06/Feb/2026:06:41:35 +0000] "GET /readme.txt HTTP/1.1" 301 312 "-" "ClaudeBot/1.0 (+https://www.anthropic.com/claudebot)"
171.133.45.213 - - [06/Feb/2026:06:45:24 +0000] "GET /style.css HTTP/1.1" 200 59068 "-" "ClaudeBot/1.0 (+https://www.anthropic.com/claudebot)"
171.133.45.213 - - [06/Feb/2026:06:45:40 +0000] "GET /sitemap.xml HTTP/1.1" 304 156 "-" "Mozilla/5.0 (compatible; Googlebot/2.1; +http://www.google.com/bot.html)"
203.225.0.215 - - [06/Feb/2026:06:56:10 +0000] "GET /config HTTP/1.1" 200 105391 "-" "ClaudeBot/1.0 (+https://www.anthropic.com/claudebot)"
99.150.211.250 - - [06/Feb/2026:07:01:13 +0000] "GET /style.css HTTP/1.1" 302 435 "-" "Mozilla/5.0 AppleWebKit/537.36 (compatible; GPTBot/1.3; +https://openai.com/gptbot)"
71.138.7.233 - - [06/Feb/2026:07:02:17 +0000] "GET /readme.txt HTTP/1.1" 200 149485 "-" "Mozilla/5.0 (compatible; Amazonbot/0.1; +https://developer.amazon.com/support/amazonbot)"
82.35.167.49 - - [06/Feb/2026:07:06:13 +0000] "GET /config HTTP/1.1" 200 105747 "-" "ClaudeBot/1.0 (+https://www.anthropic.com/claudebot)"
188.194.31.5 - - [06/Feb/2026:07:06:46 +0000] "GET /data.json HTTP/1.1" 200 58494 "-" "Mozilla/5.0 (compatible; bingbot/2.0; +http://www.bing.com/bingbot.htm)"
99.132.12.102 - - [06/Feb/2026:07:08:13 +0000] "GET /style.css HTTP/1.1" 200 32227 "-" "Mozilla/5.0 AppleWebKit/537.36 (compatible; GPTBot/1.3; +https://openai.com/gptbot)"
122.96.81.102 - - [06/Feb/2026:07:10:47 +0000] "GET /about.html HTTP/1.1" 200 6797 "-" "Mozilla/5.0 (compatible; bingbot/2.0; +http://www.bing.com/bingbot.htm)"
99.150.211.250 - - [06/Feb/2026:07:12:22 +0000] "GET /index.html HTTP/1.1" 200 99595 "-" "Mozilla/5.0 (compatible; Amazonbot/0.1; +https://developer.amazon.com/support/amazonbot)"
71.138.7.233 - - [06/Feb/2026:07:12:45 +0000] "GET /config HTTP/1.1" 200 72551 "-" "Mozilla/5.0 (compatible; Amazonbot/0.1; +https://developer.amazon.com/support/amazonbot)"
99.170.62.78 - - [06/Feb/2026:07:21:19 +0000] "GET / HTTP/1.1" 200 70137 "-" "ClaudeBot/1.0 (+https://www.anthropic.com/claudebot)"
71.138.7.233 - - [06/Feb/2026:07:23:29 +0000] "GET /index.html HTTP/1.1" 301 99 "-" "ClaudeBot/1.0 (+https://www.anthropic.com/claudebot)"
203.225.0.215 - - [06/Feb/2026:07:28:06 +0000] "GET / HTTP/1.1" 404 479 "-" "Mozilla/5.0 (compatible; Googlebot/2.1; +http://www.google.com/bot.html)"
203.225.0.215 - - [06/Feb/2026:07:32:16 +0000] "GET /readme.txt HTTP/1.1" 200 128882 "-" "Mozilla/5.0 AppleWebKit/537.36 (compatible; GPTBot/1.3; +https://openai.com/gptbot)"
71.138.7.233 - - [06/Feb/2026:07:35:42 +0000] "GET /readme.txt HTTP/1.1" 200 17543 "-" "Mozilla/5.0 AppleWebKit/537.36 (compatible; GPTBot/1.3; +https://openai.com/gptbot)"
203.225.0.215 - - [06/Feb/2026:07:41:15 +0000] "GET /about.html HTTP/1.1" 200 127543 "-" "Mozilla/5.0 AppleWebKit/537.36 (compatible; GPTBot/1.3; +https://openai.com/gptbot)"
99.150.211.250 - - [06/Feb/2026:07:42:26 +0000] "GET /banner.jpg HTTP/1.1" 200 18658 "-" "Mozilla/5.0 (compatible; bingbot/2.0; +http://www.bing.com/bingbot.htm)"
171.133.45.213 - - [06/Feb/2026:07:50:40 +0000] "GET /data.json HTTP/1.1" 304 452 "-" "ClaudeBot/1.0 (+https://www.anthropic.com/claudebot)"
188.194.31.5 - - [06/Feb/2026:07:51:26 +0000] "GET /app.js HTTP/1.1" 404 153 "-" "ClaudeBot/1.0 (+https://www.anthropic.com/claudebot)"
82.35.167.49 - - [06/Feb/2026:08:00:48 +0000] "GET /readme.txt HTTP/1.1" 200 55362 "-" "Mozilla/5.0 (compatible; Googlebot/2.1; +http://www.google.com/bot.html)"
60.241.196.176 - - [06/Feb/2026:08:05:17 +0000] "GET /banner.jpg HTTP/1.1" 304 318 "-" "Mozilla/5.0 (compatible; Amazonbot/0.1; +https://developer.amazon.com/support/amazonbot)"
149.37.222.138 - - [06/Feb/2026:08:10:03 +0000] "GET /app.js HTTP/1.1" 304 339 "-" "Mozilla/5.0 (compatible; Amazonbot/0.1; +https://developer.amazon.com/support/amazonbot)"
122.96.81.102 - - [06/Feb/2026:08:13:51 +0000] "GET /readme.txt HTTP/1.1" 304 91 "-" "Mozilla/5.0 (compatible; Googlebot/2.1; +http://www.google.com/bot.html)"
82.35.167.49 - - [06/Feb/2026:08:15:04 +0000] "GET /logo.png HTTP/1.1" 404 416 "-" "Mozilla/5.0 (compatible; Amazonbot/0.1; +https://developer.amazon.com/support/amazonbot)"
60.241.196.176 - - [06/Feb/2026:08:15:51 +0000] "GET /about.html HTTP/1.1" 200 51723 "-" "ClaudeBot/1.0 (+https://www.anthropic.com/claudebot)"
71.138.7.233 - - [06/Feb/2026:08:19:24 +0000] "GET /style.css HTTP/1.1" 304 350 "-" "ClaudeBot/1.0 (+https://www.anthropic.com/claudebot)"
82.35.167.49 - - [06/Feb/2026:08:23:38 +0000] "GET /about.html HTTP/1.1" 304 163 "-" "Mozilla/5.0 (compatible; Googlebot/2.1; +http://www.google.com/bot.html)"
99.170.62.78 - - [06/Feb/2026:08:29:06 +0000] "GET / HTTP/1.1" 200 69876 "-" "Mozilla/5.0 (compatible; Googlebot/2.1; +http://www.google.com/bot.html)"
99.150.211.250 - - [06/Feb/2026:08:33:49 +0000] "GET /feed.xml HTTP/1.1" 200 91000 "-" "Mozilla/5.0 (compatible; Amazonbot/0.1; +https://developer.amazon.com/support/amazonbot)"
122.96.81.102 - - [06/Feb/2026:08:33:57 +0000] "GET /data.json HTTP/1.1" 404 0 "-" "ClaudeBot/1.0 (+https://www.anthropic.com/claudebot)"
203.225.0.215 - - [06/Feb/2026:08:35:02 +0000] "GET /sitemap.xml HTTP/1.1" 200 88264 "-" "Mozilla/5.0 AppleWebKit/537.36 (compatible; GPTBot/1.3; +https://openai.com/gptbot)"
141.57.250.8 - - [06/Feb/2026:08:46:41 +0000] "GET /banner.jpg HTTP/1.1" 404 69 "-" "Mozilla/5.0 (compatible; Googlebot/2.1; +http://www.google.com/bot.html)"
149.37.222.138 - - [06/Feb/2026:08:52:11 +0000] "GET /feed.xml HTTP/1.1" 304 33 "-" "Mozilla/5.0 (compatible; Amazonbot/0.1; +https://developer.amazon.com/support/amazonbot)"
60.241.196.176 - - [06/Feb/2026:08:57:58 +0000] "GET /data.json HTTP/1.1" 200 51505 "-" "ClaudeBot/1.0 (+https://www.anthropic.com/claudebot)"
82.35.167.49 - - [06/Feb/2026:08:59:14 +0000] "GET /about.html HTTP/1.1" 200 95879 "-" "Mozilla/5.0 (compatible; Amazonbot/0.1; +https://developer.amazon.com/support/amazonbot)"
71.138.7.233 - - [06/Feb/2026:09:01:39 +0000] "GET /about.html HTTP/1.1" 200 139163 "-" "Mozilla/5.0 (compatible; Googlebot/2.1; +http://www.google.com/bot.html)"
188.194.31.5 - - [06/Feb/2026:09:07:53 +0000] "GET /logo.png HTTP/1.1" 200 78359 "-" "Mozilla/5.0 AppleWebKit/537.36 (compatible; GPTBot/1.3; +https://openai.com/gptbot)"
122.96.81.102 - - [06/Feb/2026:09:11:44 +0000] "GET /logo.png HTTP/1.1" 200 16369 "-" "Mozilla/5.0 (compatible; Googlebot/2.1; +http://www.google.com/bot.html)"
141.57.250.8 - - [06/Feb/2026:09:13:28 +0000] "GET /app.js HTTP/1.1" 200 148276 "-" "Mozilla/5.0 (compatible; Googlebot/2.1; +http://www.google.com/bot.html)"
122.96.81.102 - - [06/Feb/2026:09:14:56 +0000] "GET / HTTP/1.1" 301 100 "-" "Mozilla/5.0 (compatible; bingbot/2.0; +http://www.bing.com/bingbot.htm)"
60.241.196.176 - - [06/Feb/2026:09:15:20 +0000] "GET /index.html HTTP/1.1" 200 97346 "-" "Mozilla/5.0 (compatible; Googlebot/2.1; +http://www.google.com/bot.html)"
149.37.222.138 - - [06/Feb/2026:09:15:40 +0000] "GET /sitemap.xml HTTP/1.1" 200 106285 "-" "Mozilla/5.0 (compatible; Googlebot/2.1; +http://www.google.com/bot.html)"
99.170.62.78 - - [06/Feb/2026:09:19:42 +0000] "GET /about.html HTTP/1.1" 304 121 "-" "Mozilla/5.0 (compatible; Googlebot/2.1; +http://www.google.com/bot.html)"
188.194.31.5 - - [06/Feb/2026:09:20:00 +0000] "GET /style.css HTTP/1.1" 404 77 "-" "Mozilla/5.0 AppleWebKit/537.36 (compatible; GPTBot/1.3; +https://openai.com/gptbot)"
141.57.250.8 - - [06/Feb/2026:09:20:37 +0000] "GET /data.json HTTP/1.1" 200 54181 "-" "Mozilla/5.0 AppleWebKit/537.36 (compatible; GPTBot/1.3; +https://openai.com/gptbot)"
141.57.250.8 - - [06/Feb/2026:09:21:04 +0000] "GET / HTTP/1.1" 200 143522 "-" "Mozilla/5.0 (compatible; bingbot/2.0; +http://www.bing.com/bingbot.htm)"
71.138.7.233 - - [06/Feb/2026:09:21:48 +0000] "GET /data.json HTTP/1.1" 200 100912 "-" "Mozilla/5.0 (compatible; Googlebot/2.1; +http://www.google.com/bot.html)"
188.194.31.5 - - [06/Feb/2026:09:22:27 +0000] "GET /banner.jpg HTTP/1.1" 200 137712 "-" "Mozilla/5.0 (compatible; Amazonbot/0.1; +https://developer.amazon.com/support/amazonbot)"
203.225.0.215 - - [06/Feb/2026:09:25:02 +0000] "GET /banner.jpg HTTP/1.1" 200 135666 "-" "Mozilla/5.0 (compatible; Googlebot/2.1; +http://www.google.com/bot.html)"
