82.35.167.49 - - [10/Feb/2026:01:50:52 +0000] "GET /sitemap.xml HTTP/1.1" 200 64759 "-" "ClaudeBot/1.0 (+https://www.anthropic.com/claudebot)"
71.138.7.233 - - [10/Feb/2026:01:51:15 +0000] "GET /sitemap.xml HTTP/1.1" 200 42545 "-" "Mozilla/5.0 (compatible; Googlebot/2.1; +http://www.google.com/bot.html)"
141.57.250.8 - - [10/Feb/2026:01:53:25 +0000] "GET /index.html HTTP/1.1" 200 121151 "-" "Mozilla/5.0 (compatible; Amazonbot/0.1; +https://developer.amazon.com/support/amazonbot)"
71.138.7.233 - - [10/Feb/2026:01:54:15 +0000] "GET /logo.png HTTP/1.1" 404 52 "-" "Mozilla/5.0 (compatible; Googlebot/2.1; +http://www.google.com/bot.html)"
122.96.81.102 - - [10/Feb/2026:01:57:11 +0000] "GET /index.html HTTP/1.1" 200 29124 "-" "Mozilla/5.0 (compatible; bingbot/2.0; +http://www.bing.com/bingbot.htm)"
82.35.167.49 - - [10/Feb/2026:01:57:30 +0000] "GET / HTTP/1.1" 200 2698 "-" "Mozilla/5.0 AppleWebKit/537.36 (compatible; GPTBot/1.3; +https://openai.com/gptbot)"
203.225.0.215 - - [10/Feb/2026:01:58:56 +0000] "GET /config HTTP/1.1" 200 6083 "-" "Mozilla/5.0 (compatible; Amazonbot/0.1; +https://developer.amazon.com/support/amazonbot)"
99.170.62.78 - - [10/Feb/2026:02:00:46 +0000] "GET /readme.txt HTTP/1.1" 200 131608 "-" "Mozilla/5.0 (compatible; Googlebot/2.1; +http://www.google.com/bot.html)"
60.241.196.176 - - [10/Feb/2026:02:01:18 +0000] "GET /config HTTP/1.1" 200 70569 "-" "ClaudeBot/1.0 (+https://www.anthropic.com/claudebot)"
82.35.167.49 - - [10/Feb/2026:02:12:46 +0000] "GET /data.json HTTP/1.1" 404 353 "-" "Mozilla/5.0 AppleWebKit/537.36 (compatible; GPTBot/1.3; +https://openai.com/gptbot)"
99.150.211.250 - - [10/Feb/2026:02:12:54 +0000] "GET /app.js HTTP/1.1" 302 191 "-" "Mozilla/5.0 (compatible; Googlebot/2.1; +http://www.google.com/bot.html)"
203.225.0.215 - - [10/Feb/2026:02:14:28 +0000] "GET /config HTTP/1.1" 404 102 "-" "Mozilla/5.0 (compatible; Amazonbot/0.1; +https://developer.amazon.com/support/amazonbot)"
171.133.45.213 - - [10/Feb/2026:02:14:46 +0000] "GET /logo.png HTTP/1.1" 404 384 "-" "Mozilla/5.0 (compatible; Amazonbot/0.1; +https://developer.amazon.com/support/amazonbot)"
82.35.167.49 - - [10/Feb/2026:02:17:20 +0000] "GET /banner.jpg HTTP/1.1" 304 372 "-" "Mozilla/5.0 (compatible; Amazonbot/0.1; +https://developer.amazon.com/support/amazonbot)"
149.37.222.138 - - [10/Feb/2026:02:18:26 +0000] "GET / HTTP/1.1" 200 141459 "-" "Mozilla/5.0 (compatible; bingbot/2.0; +http://www.bing.com/bingbot.htm)"
149.37.222.138 - - [10/Feb/2026:02:20:36 +0000] "GET /feed.xml HTTP/1.1" 200 57028 "-" "Mozilla/5.0 (compatible; Amazonbot/0.1; +https://developer.amazon.com/support/amazonbot)"
99.132.12.102 - - [10/Feb/2026:02:27:52 +0000] "GET /data.json HTTP/1.1" 200 4993 "-" "ClaudeBot/1.0 (+https://www.anthropic.com/claudebot)"
203.225.0.215 - - [10/Feb/2026:02:29:13 +0000] "GET /data.json HTTP/1.1" 200 44903 "-" "Mozilla/5.0 (compatible; Googlebot/2.1; +http://www.google.com/bot.html)"
122.96.81.102 - - [10/Feb/2026:02:29:35 +0000] "GET /config HTTP/1.1" 403 478 "-" "Mozilla/5.0 (compatible; Googlebot/2.1; +http://www.google.com/bot.html)"
99.150.211.250 - - [10/Feb/2026:02:29:59 +0000] "GET / HTTP/1.1" 403 123 "-" "Mozilla/5.0 (compatible; Amazonbot/0.1; +https://developer.amazon.com/support/amazonbot)"
99.150.211.250 - - [10/Feb/2026:02:39:20 +0000] "GET /banner.jpg HTTP/1.1" 200 139476 "-" "Mozilla/5.0 (compatible; Googlebot/2.1; +http://www.google.com/bot.html)"
99.170.62.78 - - [10/Feb/2026:02:40:08 +0000] "GET /data.json HTTP/1.1" 200 11065 "-" "Mozilla/5.0 (compatible; Amazonbot/0.1; +https://developer.amazon.com/support/amazonbot)"
60.241.196.176 - - [10/Feb/2026:02:42:05 +0000] "GET /feed.xml HTTP/1.1" 304 411 "-" "Mozilla/5.0 AppleWebKit/537.36 (compatible; GPTBot/1.3; +https://openai.com/gptbot)"
99.132.12.102 - - [10/Feb/2026:02:43:02 +0000] "GET /sitemap.xml HTTP/1.1" 200 16743 "-" "Mozilla/5.0 AppleWebKit/537.36 (compatible; GPTBot/1.3; +https://openai.com/gptbot)"
149.37.222.138 - - [10/Feb/2026:02:43:06 +0000] "GET /style.css HTTP/1.1" 200 28188 "-" "ClaudeBot/1.0 (+https://www.anthropic.com/claudebot)"
99.170.62.78 - - [10/Feb/2026:02:44:42 +0000] "GET /logo.png HTTP/1.1" 200 32814 "-" "ClaudeBot/1.0 (+https://www.anthropic.com/claudebot)"
71.138.7.233 - - [10/Feb/2026:02:46:01 +0000] "GET / HTTP/1.1" 200 101591 "-" "Mozilla/5.0 AppleWebKit/537.36 (compatible; GPTBot/1.3; +https://openai.com/gptbot)"
99.132.12.102 - - [10/Feb/2026:02:47:09 +0000] "GET /logo.png HTTP/1.1" 200 79434 "-" "Mozilla/5.0 (compatible; Amazonbot/0.1; +https://developer.amazon.com/support/amazonbot)"
60.241.196.176 - - [10/Feb/2026:02:50:53 +0000] "GET /config HTTP/1.1" 304 219 "-" "Mozilla/5.0 AppleWebKit/537.36 (compatible; GPTBot/1.3; +https://openai.com/gptbot)"
99.150.211.250 - - [10/Feb/2026:02:53:44 +0000] "GET /app.js HTTP/1.1" 200 34264 "-" "Mozilla/5.0 AppleWebKit/537.36 (compatible; GPTBot/1.3; +https://openai.com/gptbot)"
203.225.0.215 - - [10/Feb/2026:02:59:46 +0000] "GET /readme.txt HTTP/1.1" 200 76461 "-" "Mozilla/5.0 AppleWebKit/537.36 (compatible; GPTBot/1.3; +https://openai.com/gptbot)"
171.133.45.213 - - [10/Feb/2026:03:00:28 +0000] "GET /readme.txt HTTP/1.1" 200 55733 "-" "Mozilla/5.0 (compatible; Amazonbot/0.1; +https://developer.amazon.com/support/amazonbot)"
122.96.81.102 - - [10/Feb/2026:03:06:23 +0000] "GET /about.html HTTP/1.1" 200 77979 "-" "Mozilla/5.0 AppleWebKit/537.36 (compatible; GPTBot/1.3; +https://openai.com/gptbot)"
71.138.7.233 - - [10/Feb/2026:03:07:05 +0000] "GET /style.css HTTP/1.1" 200 79798 "-" "Mozilla/5.0 (compatible; bingbot/2.0; +http://www.bing.com/bingbot.htm)"
122.96.81.102 - - [10/Feb/2026:03:07:09 +0000] "GET /about.html HTTP/1.1" 200 9680 "-" "Mozilla/5.0 (compatible; bingbot/2.0; +http://www.bing.com/bingbot.htm)"
71.138.7.233 - - [10/Feb/2026:03:07:14 +0000] "GET /data.json HTTP/1.1" 200 75634 "-" "Mozilla/5.0 (compatible; Googlebot/2.1; +http://www.google.com/bot.html)"
99.150.211.250 - - [10/Feb/2026:03:07:45 +0000] "GET /feed.xml HTTP/1.1" 200 11226 "-" "Mozilla/5.0 (compatible; Amazonbot/0.1; +https://developer.amazon.com/support/amazonbot)"
188.194.31.5 - - [10/Feb/2026:03:10:16 +0000] "GET / HTTP/1.1" 404 439 "-" "Mozilla/5.0 AppleWebKit/537.36 (compatible; GPTBot/1.3; +https://openai.com/gptbot)"
99.132.12.102 - - [10/Feb/2026:03:10:34 +0000] "GET /data.json HTTP/1.1" 200 125455 "-" "Mozilla/5.0 (compatible; Googlebot/2.1; +http://www.google.com/bot.html)"
188.194.31.5 - - [10/Feb/2026:03:11:51 +0000] "GET / HTTP/1.1" 200 18935 "-" "Mozilla/5.0 (compatible; Amazonbot/0.1; +https://developer.amazon.com/support/amazonbot)"
141.57.250.8 - - [10/Feb/2026:03:12:37 +0000] "GET /index.html HTTP/1.1" 200 140395 "-" "Mozilla/5.0 (compatible; Amazonbot/0.1; +https://developer.amazon.com/support/amazonbot)"
82.35.167.49 - - [10/Feb/2026:03:12:39 +0000] "GET /logo.png HTTP/1.1" 301 23 "-" "ClaudeBot/1.0 (+https://www.anthropic.com/claudebot)"
82.35.167.49 - - [10/Feb/2026:03:16:03 +0000] "GET /config HTTP/1.1" 302 132 "-" "Mozilla/5.0 (compatible; bingbot/2.0; +http://www.bing.com/bingbot.htm)"
99.170.62.78 - - [10/Feb/2026:03:16:42 +0000] "GET /banner.jpg HTTP/1.1" 200 74107 "-" "Mozilla/5.0 (compatible; Amazonbot/0.1; +https://developer.amazon.com/support/amazonbot)"
71.138.7.233 - - [10/Feb/2026:03:18:18 +0000] "GET /sitemap.xml HTTP/1.1" 200 134988 "-" "Mozilla/5.0 (compatible; Googlebot/2.1; +http://www.google.com/bot.html)"
149.37.222.138 - - [10/Feb/2026:03:19:27 +0000] "GET /readme.txt HTTP/1.1" 200 102515 "-" "Mozilla/5.0 AppleWebKit/537.36 (compatible; GPTBot/1.3; +https://openai.com/gptbot)"
122.96.81.102 - - [10/Feb/2026:03:23:41 +0000] "GET /logo.png HTTP/1.1" 200 36200 "-" "Mozilla/5.0 (compatible; Amazonbot/0.1; +https://developer.amazon.com/support/amazonbot)"
203.225.0.215 - - [10/Feb/2026:03:25:38 +0000] "GET /style.css HTTP/1.1" 301 422 "-" "Mozilla/5.0 AppleWebKit/537.36 (compatible; GPTBot/1.3; +https://openai.com/gptbot)"
171.133.45.213 - - [10/Feb/2026:03:29:17 +0000] "GET /feed.xml HTTP/1.1" 200 97487 "-" "Mozilla/5.0 (compatible; Googlebot/2.1; +http://www.google.com/bot.html)"
203.225.0.215 - - [10/Feb/2026:03:38:29 +0000] "GET /sitemap.xml HTTP/1.1" 200 28717 "-" "Mozilla/5.0 (compatible; Amazonbot/0.1; +https://developer.amazon.com/support/amazonbot)"
99.132.12.102 - - [10/Feb/2026:03:39:43 +0000] "GET /sitemap.xml HTTP/1.1" 200 54798 "-" "Mozilla/5.0 (compatible; bingbot/2.0; +http://www.bing.com/bingbot.htm)"
99.170.62.78 - - [10/Feb/2026:03:39:45 +0000] "GET /sitemap.xml HTTP/1.1" 200 103701 "-" "Mozilla/5.0 (compatible; bingbot/2.0; +http://www.bing.com/bingbot.htm)"
60.241.196.176 - - [10/Feb/2026:03:39:54 +0000] "GET /config HTTP/1.1" 200 85847 "-" "ClaudeBot/1.0 (+https://www.anthropic.com/claudebot)"
82.35.167.49 - - [10/Feb/2026:03:41:02 +0000] "GET /style.css HTTP/1.1" 403 45 "-" "ClaudeBot/1.0 (+https://www.anthropic.com/claudebot)"
99.170.62.78 - - [10/Feb/2026:03:42:46 +0000] "GET /banner.jpg HTTP/1.1" 404 381 "-" "ClaudeBot/1.0 (+https://www.anthropic.com/claudebot)"
99.132.12.102 - - [10/Feb/2026:03:47:47 +0000] "GET /app.js HTTP/1.1" 200 73216 "-" "ClaudeBot/1.0 (+https://www.anthropic.com/claudebot)"
171.133.45.213 - - [10/Feb/2026:03:55:56 +0000] "GET /config HTTP/1.1" 404 217 "-" "Mozilla/5.0 AppleWebKit/537.36 (compatible; GPTBot/1.3; +https://openai.com/gptbot)"
99.150.211.250 - - [10/Feb/2026:03:57:33 +0000] "GET /style.css HTTP/1.1" 200 40402 "-" "Mozilla/5.0 (compatible; Amazonbot/0.1; +https://developer.amazon.com/support/amazonbot)"
60.241.196.176 - - [10/Feb/2026:03:57:54 +0000] "GET /sitemap.xml HTTP/1.1" 304 483 "-" "ClaudeBot/1.0 (+https://www.anthropic.com/claudebot)"
71.138.7.233 - - [10/Feb/2026:03:59:00 +0000] "GET /readme.txt HTTP/1.1" 200 125004 "-" "ClaudeBot/1.0 (+https://www.anthropic.com/claudebot)"
171.133.45.213 - - [10/Feb/2026:04:06:14 +0000] "GET /style.css HTTP/1.1" 200 56339 "-" "Mozilla/5.0 (compatible; Googlebot/2.1; +http://www.google.com/bot.html)"
141.57.250.8 - - [10/Feb/2026:04:06:23 +0000] "GET /sitemap.xml HTTP/1.1" 200 76993 "-" "Mozilla/5.0 (compatible; Googlebot/2.1; +http://www.google.com/bot.html)"
171.133.45.213 - - [10/Feb/2026:04:06:55 +0000] "GET /data.json HTTP/1.1" 200 120762 "-" "Mozilla/5.0 (compatible; Googlebot/2.1; +http://www.google.com/bot.html)"
71.138.7.233 - - [10/Feb/2026:04:10:02 +0000] "GET /sitemap.xml HTTP/1.1" 200 149457 "-" "Mozilla/5.0 (compatible; bingbot/2.0; +http://www.bing.com/bingbot.htm)"
149.37.222.138 - - [10/Feb/2026:04:12:17 +0000] "GET /config HTTP/1.1" 200 32134 "-" "Mozilla/5.0 (compatible; Amazonbot/0.1; +https://developer.amazon.com/support/amazonbot)"
60.241.196.176 - - [10/Feb/2026:04:13:25 +0000] "GET /style.css HTTP/1.1" 403 67 "-" "Mozilla/5.0 (compatible; Googlebot/2.1; +http://www.google.com/bot.html)"
149.37.222.138 - - [10/Feb/2026:04:23:35 +0000] "GET /banner.jpg HTTP/1.1" 200 98205 "-" "Mozilla/5.0 (compatible; Amazonbot/0.1; +https://developer.amazon.com/support/amazonbot)"
141.57.250.8 - - [10/Feb/2026:04:24:25 +0000] "GET /config HTTP/1.1" 304 295 "-" "Mozilla/5.0 (compatible; Googlebot/2.1; +http://www.google.com/bot.html)"
82.35.167.49 - - [10/Feb/2026:04:26:59 +0000] "GET /app.js HTTP/1.1" 200 14558 "-" "Mozilla/5.0 (compatible; Amazonbot/0.1; +https://developer.amazon.com/support/amazonbot)"
99.150.211.250 - - [10/Feb/2026:04:30:54 +0000] "GET / HTTP/1.1" 200 66238 "-" "Mozilla/5.0 (compatible; Amazonbot/0.1; +https://developer.amazon.com/support/amazonbot)"
60.241.196.176 - - [10/Feb/2026:04:34:09 +0000] "GET /app.js HTTP/1.1" 403 381 "-" "Mozilla/5.0 (compatible; bingbot/2.0; +http://www.bing.com/bingbot.htm)"
82.35.167.49 - - [10/Feb/2026:04:35:41 +0000] "GET /app.js HTTP/1.1" 304 436 "-" "Mozilla/5.0 (compatible; Amazonbot/0.1; +https://developer.amazon.com/support/amazonbot)"
60.241.196.176 - - [10/Feb/2026:04:36:28 +0000] "GET /banner.jpg HTTP/1.1" 200 6061 "-" "Mozilla/5.0 (compatible; Amazonbot/0.1; +https://developer.amazon.com/support/amazonbot)"
149.37.222.138 - - [10/Feb/2026:04:39:20 +0000] "GET /feed.xml HTTP/1.1" 200 137428 "-" "ClaudeBot/1.0 (+https://www.anthropic.com/claudebot)"
99.170.62.78 - - [10/Feb/2026:04:39:51 +0000] "GET /about.html HTTP/1.1" 200 18298 "-" "ClaudeBot/1.0 (+https://www.anthropic.com/claudebot)"
99.170.62.78 - - [10/Feb/2026:04:40:40 +0000] "GET /logo.png HTTP/1.1" 404 103 "-" "Mozilla/5.0 (compatible; Googlebot/2.1; +http://www.google.com/bot.html)"
188.194.31.5 - - [10/Feb/2026:04:46:53 +0000] "GET /data.json HTTP/1.1" 200 64996 "-" "ClaudeBot/1.0 (+https://www.anthropic.com/claudebot)"
122.96.81.102 - - [10/Feb/2026:04:54:51 +0000] "GET /banner.jpg HTTP/1.1" 404 26 "-" "Mozilla/5.0 AppleWebKit/537.36 (compatible; GPTBot/1.3; +https://openai.com/gptbot)"
188.194.31.5 - - [10/Feb/2026:04:56:19 +0000] "GET /config HTTP/1.1" 200 54789 "-" "Mozilla/5.0 (compatible; Amazonbot/0.1; +https://developer.amazon.com/support/amazonbot)"
122.96.81.102 - - [10/Feb/2026:04:58:27 +0000] "GET /about.html HTTP/1.1" 200 34336 "-" "Mozilla/5.0 (compatible; Amazonbot/0.1; +https://developer.amazon.com/support/amazonbot)"
99.150.211.250 - - [10/Feb/2026:05:00:02 +0000] "GET /feed.xml HTTP/1.1" 404 165 "-" "ClaudeBot/1.0 (+https://www.anthropic.com/claudebot)"
122.96.81.102 - - [10/Feb/2026:05:02:07 +0000] "GET /about.html HTTP/1.1" 404 236 "-" "Mozilla/5.0 (compatible; Googlebot/2.1; +http://www.google.com/bot.html)"
203.225.0.215 - - [10/Feb/2026:05:07:14 +0000] "GET /data.json HTTP/1.1" 200 3055 "-" "Mozilla/5.0 (compatible; Googlebot/2.1; +http://www.google.com/bot.html)"
171.133.45.213 - - [10/Feb/2026:05:09:30 +0000] "GET /app.js HTTP/1.1" 200 84414 "-" "Mozilla/5.0 (compatible; bingbot/2.0; +http://www.bing.com/bingbot.htm)"
171.133.45.213 - - [10/Feb/2026:05:09:39 +0000] "GET /style.css HTTP/1.1" 200 96142 "-" "ClaudeBot/1.0 (+https://www.anthropic.com/claudebot)"
188.194.31.5 - - [10/Feb/2026:05:10:25 +0000] "GET / HTTP/1.1" 200 613 "-" "Mozilla/5.0 (compatible; bingbot/2.0; +http://www.bing.com/bingbot.htm)"
99.150.211.250 - - [10/Feb/2026:05:10:59 +0000] "GET /data.json HTTP/1.1" 301 35 "-" "ClaudeBot/1.0 (+https://www.anthropic.com/claudebot)"
149.37.222.138 - - [10/Feb/2026:05:15:51 +0000] "GET / HTTP/1.1" 200 15529 "-" "ClaudeBot/1.0 (+https://www.anthropic.com/claudebot)"
99.132.12.102 - - [10/Feb/2026:05:16:00 +0000] "GET /readme.txt HTTP/1.1" 200 37862 "-" "Mozilla/5.0 (compatible; bingbot/2.0; +http://www.bing.com/bingbot.htm)"
171.133.45.213 - - [10/Feb/2026:05:16:04 +0000] "GET /sitemap.xml HTTP/1.1" 200 47324 "-" "Mozilla/5.0 (compatible; Amazonbot/0.1; +https://developer.amazon.com/support/amazonbot)"
141.57.250.8 - - [10/Feb/2026:05:16:20 +0000] "GET /app.js HTTP/1.1" 200 32273 "-" "ClaudeBot/1.0 (+https://www.anthropic.com/claudebot)"
99.150.211.250 - - [10/Feb/2026:05:17:11 +0000] "GET /style.css HTTP/1.1" 304 278 "-" "Mozilla/5.0 (compatible; Googlebot/2.1; +http://www.google.com/bot.html)"
203.225.0.215 - - [10/Feb/2026:05:17:25 +0000] "GET /data.json HTTP/1.1" 200 46693 "-" "Mozilla/5.0 AppleWebKit/537.36 (compatible; GPTBot/1.3; +https://openai.com/gptbot)"
188.194.31.5 - - [10/Feb/2026:05:19:00 +0000] "GET /readme.txt HTTP/1.1" 302 194 "-" "Mozilla/5.0 AppleWebKit/537.36 (compatible; GPTBot/1.3; +https://openai.com/gptbot)"
99.132.12.102 - - [10/Feb/2026:05:19:25 +0000] "GET /app.js HTTP/1.1" 200 30162 "-" "Mozilla/5.0 (compatible; bingbot/2.0; +http://www.bing.com/bingbot.htm)"
99.132.12.102 - - [10/Feb/2026:05:25:27 +0000] "GET /config HTTP/1.1" 200 149448 "-" "Mozilla/5.0 (compatible; Amazonbot/0.1; +https://developer.amazon.com/support/amazonbot)"
141.57.250.8 - - [10/Feb/2026:05:27:28 +0000] "GET /style.css HTTP/1.1" 200 16919 "-" "Mozilla/5.0 (compatible; Googlebot/2.1; +http://www.google.com/bot.html)"
149.37.222.138 - - [10/Feb/2026:05:32:23 +0000] "GET /about.html HTTP/1.1" 403 249 "-" "Mozilla/5.0 (compatible; Amazonbot/0.1; +https://developer.amazon.com/support/amazonbot)"
141.57.250.8 - - [10/Feb/2026:05:32:35 +0000] "GET /sitemap.xml HTTP/1.1" 200 145277 "-" "ClaudeBot/1.0 (+https://www.anthropic.com/claudebot)"
188.194.31.5 - - [10/Feb/2026:05:37:22 +0000] "GET /banner.jpg HTTP/1.1" 200 22594 "-" "ClaudeBot/1.0 (+https://www.anthropic.com/claudebot)"
99.150.211.250 - - [10/Feb/2026:05:39:07 +0000] "GET /app.js HTTP/1.1" 302 471 "-" "Mozilla/5.0 (compatible; Googlebot/2.1; +http://www.google.com/bot.html)"
60.241.196.176 - - [10/Feb/2026:05:42:21 +0000] "GET /feed.xml HTTP/1.1" 200 106201 "-" "Mozilla/5.0 AppleWebKit/537.36 (compatible; GPTBot/1.3; +https://openai.com/gptbot)"
188.194.31.5 - - [10/Feb/2026:06:04:38 +0000] "GET /feed.xml HTTP/1.1" 304 149 "-" "Mozilla/5.0 (compatible; Amazonbot/0.1; +https://developer.amazon.com/support/amazonbot)"
71.138.7.233 - - [10/Feb/2026:06:05:00 +0000] "GET /readme.txt HTTP/1.1" 200 56812 "-" "Mozilla/5.0 (compatible; Amazonbot/0.1; +https://developer.amazon.com/support/amazonbot)"
171.133.45.213 - - [10/Feb/2026:06:05:22 +0000] "GET /feed.xml HTTP/1.1" 200 73713 "-" "Mozilla/5.0 (compatible; Amazonbot/0.1; +https://developer.amazon.com/support/amazonbot)"
149.37.222.138 - - [10/Feb/2026:06:06:54 +0000] "GET /data.json HTTP/1.1" 200 24324 "-" "Mozilla/5.0 AppleWebKit/537.36 (compatible; GPTBot/1.3; +https://openai.com/gptbot)"
203.225.0.215 - - [10/Feb/2026:06:14:03 +0000] "GET /config HTTP/1.1" 200 135870 "-" "Mozilla/5.0 (compatible; Amazonbot/0.1; +https://developer.amazon.com/support/amazonbot)"
99.170.62.78 - - [10/Feb/2026:06:16:36 +0000] "GET /data.json HTTP/1.1" 302 120 "-" "Mozilla/5.0 (compatible; Amazonbot/0.1; +https://developer.amazon.com/support/amazonbot)"
141.57.250.8 - - [10/Feb/2026:06:16:49 +0000] "GET /app.js HTTP/1.1" 200 149998 "-" "ClaudeBot/1.0 (+https://www.anthropic.com/claudebot)"
71.138.7.233 - - [10/Feb/2026:06:21:42 +0000] "GET /readme.txt HTTP/1.1" 200 87347 "-" "Mozilla/5.0 (compatible; Amazonbot/0.1; +https://developer.amazon.com/support/amazonbot)"
203.225.0.215 - - [10/Feb/2026:06:21:48 +0000] "GET /banner.jpg HTTP/1.1" 304 89 "-" "Mozilla/5.0 AppleWebKit/537.36 (compatible; GPTBot/1.3; +https://openai.com/gptbot)"
141.57.250.8 - - [10/Feb/2026:06:22:14 +0000] "GET /app.js HTTP/1.1" 200 18476 "-" "Mozilla/5.0 AppleWebKit/537.36 (compatible; GPTBot/1.3; +https://openai.com/gptbot)"
149.37.222.138 - - [10/Feb/2026:06:23:58 +0000] "GET /data.json HTTP/1.1" 200 31641 "-" "Mozilla/5.0 (compatible; Amazonbot/0.1; +https://developer.amazon.com/support/amazonbot)"
99.170.62.78 - - [10/Feb/2026:06:25:51 +0000] "GET /config HTTP/1.1" 200 30058 "-" "Mozilla/5.0 (compatible; Amazonbot/0.1; +https://developer.amazon.com/support/amazonbot)"
188.194.31.5 - - [10/Feb/2026:06:30:12 +0000] "GET /feed.xml HTTP/1.1" 200 71691 "-" "Mozilla/5.0 (compatible; Googlebot/2.1; +http://www.google.com/bot.html)"
99.132.12.102 - - [10/Feb/2026:06:31:43 +0000] "GET /data.json HTTP/1.1" 200 83403 "-" "Mozilla/5.0 (compatible; Amazonbot/0.1; +https://developer.amazon.com/support/amazonbot)"
82.35.167.49 - - [10/Feb/2026:06:32:53 +0000] "GET /data.json HTTP/1.1" 200 73475 "-" "ClaudeBot/1.0 (+https://www.anthropic.com/claudebot)"
203.225.0.215 - - [10/Feb/2026:06:33:04 +0000] "GET /feed.xml HTTP/1.1" 304 481 "-" "Mozilla/5.0 AppleWebKit/537.36 (compatible; GPTBot/1.3; +https://openai.com/gptbot)"
141.57.250.8 - - [10/Feb/2026:06:34:44 +0000] "GET / HTTP/1.1" 200 97373 "-" "ClaudeBot/1.0 (+https://www.anthropic.com/claudebot)"
171.133.45.213 - - [10/Feb/2026:06:36:21 +0000] "GET /style.css HTTP/1.1" 200 9537 "-" "Mozilla/5.0 (compatible; bingbot/2.0; +http://www.bing.com/bingbot.htm)"
203.225.0.215 - - [10/Feb/2026:06:36:54 +0000] "GET /about.html HTTP/1.1" 200 75364 "-" "Mozilla/5.0 (compatible; bingbot/2.0; +http://www.bing.com/bingbot.htm)"
188.194.31.5 - - [10/Feb/2026:06:41:17 +0000] "GET /banner.jpg HTTP/1.1" 200 105497 "-" "Mozilla/5.0 AppleWebKit/537.36 (compatible; GPTBot/1.3; +https://openai.com/gptbot)"
188.194.31.5 - - [10/Feb/2026:06:42:28 +0000] "GET /app.js HTTP/1.1" 200 77597 "-" "Mozilla/5.0 (compatible; Googlebot/2.1; +http://www.google.com/bot.html)"
149.37.222.138 - - [10/Feb/2026:06:42:50 +0000] "GET /feed.xml HTTP/1.1" 200 101682 "-" "ClaudeBot/1.0 (+https://www.anthropic.com/claudebot)"
149.37.222.138 - - [10/Feb/2026:06:43:14 +0000] "GET / HTTP/1.1" 404 355 "-" "Mozilla/5.0 (compatible; Googlebot/2.1; +http://www.google.com/bot.html)"
141.57.250.8 - - [10/Feb/2026:06:45:43 +0000] "GET /app.js HTTP/1.1" 200 27417 "-" "ClaudeBot/1.0 (+https://www.anthropic.com/claudebot)"
171.133.45.213 - - [10/Feb/2026:06:48:52 +0000] "GET / HTTP/1.1" 200 26773 "-" "Mozilla/5.0 (compatible; Googlebot/2.1; +http://www.google.com/bot.html)"
99.132.12.102 - - [10/Feb/2026:06:50:54 +0000] "GET /sitemap.xml HTTP/1.1" 304 121 "-" "Mozilla/5.0 (compatible; Amazonbot/0.1; +https://developer.amazon.com/support/amazonbot)"
203.225.0.215 - - [10/Feb/2026:06:52:16 +0000] "GET /logo.png HTTP/1.1" 200 107178 "-" "ClaudeBot/1.0 (+https://www.anthropic.com/claudebot)"
99.150.211.250 - - [10/Feb/2026:06:52:31 +0000] "GET /banner.jpg HTTP/1.1" 200 87277 "-" "ClaudeBot/1.0 (+https://www.anthropic.com/claudebot)"
141.57.250.8 - - [10/Feb/2026:06:53:07 +0000] "GET /about.html HTTP/1.1" 200 57610 "-" "Mozilla/5.0 (compatible; Googlebot/2.1; +http://www.google.com/bot.html)"
171.133.45.213 - - [10/Feb/2026:06:53:19 +0000] "GET /about.html HTTP/1.1" 404 476 "-" "Mozilla/5.0 AppleWebKit/537.36 (compatible; GPTBot/1.3; +https://openai.com/gptbot)"
99.170.62.78 - - [10/Feb/2026:06:54:03 +0000] "GET /sitemap.xml HTTP/1.1" 200 136377 "-" "Mozilla/5.0 (compatible; Googlebot/2.1; +http://www.google.com/bot.html)"
71.138.7.233 - - [10/Feb/2026:06:55:14 +0000] "GET /logo.png HTTP/1.1" 200 22924 "-" "Mozilla/5.0 (compatible; bingbot/2.0; +http://www.bing.com/bingbot.htm)"
60.241.196.176 - - [10/Feb/2026:06:56:46 +0000] "GET /banner.jpg HTTP/1.1" 200 108457 "-" "ClaudeBot/1.0 (+https://www.anthropic.com/claudebot)"
99.150.211.250 - - [10/Feb/2026:06:58:19 +0000] "GET /readme.txt HTTP/1.1" 200 124164 "-" "Mozilla/5.0 (compatible; Amazonbot/0.1; +https://developer.amazon.com/support/amazonbot)"
149.37.222.138 - - [10/Feb/2026:06:58:53 +0000] "GET / HTTP/1.1" 200 113749 "-" "Mozilla/5.0 (compatible; Amazonbot/0.1; +https://developer.amazon.com/support/amazonbot)"
141.57.250.8 - - [10/Feb/2026:07:02:24 +0000] "GET /banner.jpg HTTP/1.1" 200 66237 "-" "Mozilla/5.0 (compatible; Amazonbot/0.1; +https://developer.amazon.com/support/amazonbot)"
122.96.81.102 - - [10/Feb/2026:07:06:23 +0000] "GET /index.html HTTP/1.1" 200 108005 "-" "Mozilla/5.0 (compatible; Amazonbot/0.1; +https://developer.amazon.com/support/amazonbot)"
149.37.222.138 - - [10/Feb/2026:07:10:45 +0000] "GET /about.html HTTP/1.1" 301 363 "-" "Mozilla/5.0 AppleWebKit/537.36 (compatible; GPTBot/1.3; +https://openai.com/gptbot)"
71.138.7.233 - - [10/Feb/2026:07:12:38 +0000] "GET /data.json HTTP/1.1" 200 68225 "-" "Mozilla/5.0 (compatible; Googlebot/2.1; +http://www.google.com/bot.html)"
60.241.196.176 - - [10/Feb/2026:07:14:04 +0000] "GET /feed.xml HTTP/1.1" 200 73603 "-" "Mozilla/5.0 AppleWebKit/537.36 (compatible; GPTBot/1.3; +https://openai.com/gptbot)"
141.57.250.8 - - [10/Feb/2026:07:15:23 +0000] "GET /data.json HTTP/1.1" 200 26458 "-" "Mozilla/5.0 (compatible; Amazonbot/0.1; +https://developer.amazon.com/support/amazonbot)"
99.170.62.78 - - [10/Feb/2026:07:20:34 +0000] "GET / HTTP/1.1" 200 53249 "-" "ClaudeBot/1.0 (+https://www.anthropic.com/claudebot)"
122.96.81.102 - - [10/Feb/2026:07:21:50 +0000] "GET /banner.jpg HTTP/1.1" 200 90255 "-" "Mozilla/5.0 AppleWebKit/537.36 (compatible; GPTBot/1.3; +https://openai.com/gptbot)"
99.170.62.78 - - [10/Feb/2026:07:24:57 +0000] "GET /readme.txt HTTP/1.1" 200 72640 "-" "Mozilla/5.0 (compatible; Googlebot/2.1; +http://www.google.com/bot.html)"
60.241.196.176 - - [10/Feb/2026:07:25:51 +0000] "GET /app.js HTTP/1.1" 200 41949 "-" "Mozilla/5.0 (compatible; Amazonbot/0.1; +https://developer.amazon.com/support/amazonbot)"
99.132.12.102 - - [10/Feb/2026:07:34:10 +0000] "GET /index.html HTTP/1.1" 404 65 "-" "Mozilla/5.0 AppleWebKit/537.36 (compatible; GPTBot/1.3; +https://openai.com/gptbot)"
99.170.62.78 - - [10/Feb/2026:07:38:27 +0000] "GET / HTTP/1.1" 200 79369 "-" "Mozilla/5.0 (compatible; Googlebot/2.1; +http://www.google.com/bot.html)"
60.241.196.176 - - [10/Feb/2026:07:40:15 +0000] "GET /index.html HTTP/1.1" 200 129884 "-" "Mozilla/5.0 AppleWebKit/537.36 (compatible; GPTBot/1.3; +https://openai.com/gptbot)"
149.37.222.138 - - [10/Feb/2026:07:40:34 +0000] "GET /logo.png HTTP/1.1" 200 134940 "-" "Mozilla/5.0 (compatible; bingbot/2.0; +http://www.bing.com/bingbot.htm)"
149.37.222.138 - - [10/Feb/2026:07:41:05 +0000] "GET /index.html HTTP/1.1" 200 78221 "-" "Mozilla/5.0 AppleWebKit/537.36 (compatible; GPTBot/1.3; +https://openai.com/gptbot)"
99.150.211.250 - - [10/Feb/2026:07:42:40 +0000] "GET /style.css HTTP/1.1" 200 329 "-" "Mozilla/5.0 (compatible; Googlebot/2.1; +http://www.google.com/bot.html)"
60.241.196.176 - - [10/Feb/2026:07:43:19 +0000] "GET /config HTTP/1.1" 200 49953 "-" "Mozilla/5.0 (compatible; bingbot/2.0; +http://www.bing.com/bingbot.htm)"
141.57.250.8 - - [10/Feb/2026:07:46:40 +0000] "GET /index.html HTTP/1.1" 200 80807 "-" "Mozilla/5.0 (compatible; bingbot/2.0; +http://www.bing.com/bingbot.htm)"
203.225.0.215 - - [10/Feb/2026:07:46:59 +0000] "GET /style.css HTTP/1.1" 200 96620 "-" "Mozilla/5.0 (compatible; Googlebot/2.1; +http://www.google.com/bot.html)"
82.35.167.49 - - [10/Feb/2026:07:54:44 +0000] "GET /sitemap.xml HTTP/1.1" 200 118165 "-" "Mozilla/5.0 AppleWebKit/537.36 (compatible; GPTBot/1.3; +https://openai.com/gptbot)"
99.132.12.102 - - [10/Feb/2026:07:56:09 +0000] "GET /config HTTP/1.1" 302 403 "-" "Mozilla/5.0 (compatible; bingbot/2.0; +http://www.bing.com/bingbot.htm)"
71.138.7.233 - - [10/Feb/2026:08:00:02 +0000] "GET /readme.txt HTTP/1.1" 301 400 "-" "Mozilla/5.0 (compatible; bingbot/2.0; +http://www.bing.com/bingbot.htm)"
99.170.62.78 - - [10/Feb/2026:08:01:36 +0000] "GET /readme.txt HTTP/1.1" 200 96755 "-" "Mozilla/5.0 AppleWebKit/537.36 (compatible; GPTBot/1.3; +https://openai.com/gptbot)"
99.132.12.102 - - [10/Feb/2026:08:02:17 +0000] "GET /banner.jpg HTTP/1.1" 304 91 "-" "ClaudeBot/1.0 (+https://www.anthropic.com/claudebot)"
99.150.211.250 - - [10/Feb/2026:08:05:55 +0000] "GET /style.css HTTP/1.1" 200 76965 "-" "Mozilla/5.0 (compatible; Amazonbot/0.1; +https://developer.amazon.com/support/amazonbot)"
71.138.7.233 - - [10/Feb/2026:08:06:45 +0000] "GET /banner.jpg HTTP/1.1" 200 82879 "-" "Mozilla/5.0 (compatible; Googlebot/2.1; +http://www.google.com/bot.html)"
82.35.167.49 - - [10/Feb/2026:08:09:55 +0000] "GET /feed.xml HTTP/1.1" 404 349 "-" "Mozilla/5.0 AppleWebKit/537.36 (compatible; GPTBot/1.3; +https://openai.com/gptbot)"
71.138.7.233 - - [10/Feb/2026:08:15:58 +0000] "GET /banner.jpg HTTP/1.1" 200 15199 "-" "Mozilla/5.0 (compatible; Amazonbot/0.1; +https://developer.amazon.com/support/amazonbot)"
60.241.196.176 - - [10/Feb/2026:08:17:00 +0000] "GET /style.css HTTP/1.1" 200 142932 "-" "Mozilla/5.0 (compatible; Amazonbot/0.1; +https://developer.amazon.com/support/amazonbot)"
99.132.12.102 - - [10/Feb/2026:08:20:28 +0000] "GET / HTTP/1.1" 301 300 "-" "Mozilla/5.0 (compatible; bingbot/2.0; +http://www.bing.com/bingbot.htm)"
99.170.62.78 - - [10/Feb/2026:08:20:46 +0000] "GET /style.css HTTP/1.1" 304 58 "-" "Mozilla/5.0 (compatible; bingbot/2.0; +http://www.bing.com/bingbot.htm)"
99.150.211.250 - - [10/Feb/2026:08:22:42 +0000] "GET /readme.txt HTTP/1.1" 200 106564 "-" "Mozilla/5.0 (compatible; Googlebot/2.1; +http://www.google.com/bot.html)"
171.133.45.213 - - [10/Feb/2026:08:24:41 +0000] "GET /feed.xml HTTP/1.1" 200 501 "-" "Mozilla/5.0 (compatible; Amazonbot/0.1; +https://developer.amazon.com/support/amazonbot)"
122.96.81.102 - - [10/Feb/2026:08:27:25 +0000] "GET /logo.png HTTP/1.1" 200 136101 "-" "Mozilla/5.0 (compatible; bingbot/2.0; +http://www.bing.com/bingbot.htm)"
203.225.0.215 - - [10/Feb/2026:08:29:45 +0000] "GET /about.html HTTP/1.1" 304 451 "-" "ClaudeBot/1.0 (+https://www.anthropic.com/claudebot)"
203.225.0.215 - - [10/Feb/2026:08:30:29 +0000] "GET /style.css HTTP/1.1" 200 30228 "-" "Mozilla/5.0 AppleWebKit/537.36 (compatible; GPTBot/1.3; +https://openai.com/gptbot)"
60.241.196.176 - - [10/Feb/2026:08:34:01 +0000] "GET /app.js HTTP/1.1" 200 57908 "-" "Mozilla/5.0 (compatible; Googlebot/2.1; +http://www.google.com/bot.html)"
149.37.222.138 - - [10/Feb/2026:08:41:47 +0000] "GET /config HTTP/1.1" 200 33092 "-" "Mozilla/5.0 (compatible; Googlebot/2.1; +http://www.google.com/bot.html)"
122.96.81.102 - - [10/Feb/2026:08:45:12 +0000] "GET /sitemap.xml HTTP/1.1" 304 394 "-" "Mozilla/5.0 (compatible; Googlebot/2.1; +http://www.google.com/bot.html)"
188.194.31.5 - - [10/Feb/2026:08:48:18 +0000] "GET /readme.txt HTTP/1.1" 200 71180 "-" "Mozilla/5.0 (compatible; Googlebot/2.1; +http://www.google.com/bot.html)"
122.96.81.102 - - [10/Feb/2026:08:52:30 +0000] "GET /logo.png HTTP/1.1" 200 125149 "-" "Mozilla/5.0 AppleWebKit/537.36 (compatible; GPTBot/1.3; +https://openai.com/gptbot)"
188.194.31.5 - - [10/Feb/2026:08:54:33 +0000] "GET /logo.png HTTP/1.1" 404 17 "-" "Mozilla/5.0 (compatible; Googlebot/2.1; +http://www.google.com/bot.html)"
171.133.45.213 - - [10/Feb/2026:08:56:10 +0000] "GET /about.html HTTP/1.1" 301 376 "-" "ClaudeBot/1.0 (+https://www.anthropic.com/claudebot)"
122.96.81.102 - - [10/Feb/2026:08:57:52 +0000] "GET /app.js HTTP/1.1" 200 93159 "-" "ClaudeBot/1.0 (+https://www.anthropic.com/claudebot)"
203.225.0.215 - - [10/Feb/2026:09:05:36 +0000] "GET /config HTTP/1.1" 304 284 "-" "ClaudeBot/1.0 (+https://www.anthropic.com/claudebot)"
71.138.7.233 - - [10/Feb/2026:09:10:24 +0000] "GET /readme.txt HTTP/1.1" 200 58489 "-" "Mozilla/5.0 (compatible; Amazonbot/0.1; +https://developer.amazon.com/support/amazonbot)"
99.170.62.78 - - [10/Feb/2026:09:13:18 +0000] "GET /about.html HTTP/1.1" 200 114152 "-" "Mozilla/5.0 (compatible; bingbot/2.0; +http://www.bing.com/bingbot.htm)"
141.57.250.8 - - [10/Feb/2026:09:14:34 +0000] "GET /banner.jpg HTTP/1.1" 200 38538 "-" "ClaudeBot/1.0 (+https://www.anthropic.com/claudebot)"
188.194.31.5 - - [10/Feb/2026:09:15:55 +0000] "GET /index.html HTTP/1.1" 304 245 "-" "ClaudeBot/1.0 (+https://www.anthropic.com/claudebot)"
122.96.81.102 - - [10/Feb/2026:09:19:36 +0000] "GET /app.js HTTP/1.1" 200 127635 "-" "Mozilla/5.0 (compatible; Amazonbot/0.1; +https://developer.amazon.com/support/amazonbot)"
188.194.31.5 - - [10/Feb/2026:09:23:13 +0000] "GET /data.json HTTP/1.1" 200 2118 "-" "Mozilla/5.0 (compatible; Googlebot/2.1; +http://www.google.com/bot.html)"
149.37.222.138 - - [10/Feb/2026:09:23:32 +0000] "GET / HTTP/1.1" 200 15518 "-" "ClaudeBot/1.0 (+https://www.anthropic.com/claudebot)"
203.225.0.215 - - [10/Feb/2026:09:23:39 +0000] "GET /app.js HTTP/1.1" 200 136584 "-" "Mozilla/5.0 (compatible; Amazonbot/0.1; +https://developer.amazon.com/support/amazonbot)"
82.35.167.49 - - [10/Feb/2026:09:26:52 +0000] "GET /sitemap.xml HTTP/1.1" 200 111126 "-" "ClaudeBot/1.0 (+https://www.anthropic.com/claudebot)"
149.37.222.138 - - [10/Feb/2026:09:27:20 +0000] "GET /logo.png HTTP/1.1" 200 143573 "-" "ClaudeBot/1.0 (+https://www.anthropic.com/claudebot)"
99.132.12.102 - - [10/Feb/2026:09:27:35 +0000] "GET /banner.jpg HTTP/1.1" 200 105241 "-" "Mozilla/5.0 (compatible; bingbot/2.0; +http://www.bing.com/bingbot.htm)"
99.132.12.102 - - [10/Feb/2026:09:28:09 +0000] "GET /about.html HTTP/1.1" 200 105137 "-" "Mozilla/5.0 (compatible; bingbot/2.0; +http://www.bing.com/bingbot.htm)"
203.225.0.215 - - [10/Feb/2026:09:28:52 +0000] "GET /about.html HTTP/1.1" 200 145597 "-" "Mozilla/5.0 (compatible; Googlebot/2.1; +http://www.google.com/bot.html)"
60.241.196.176 - - [10/Feb/2026:09:30:08 +0000] "GET /logo.png HTTP/1.1" 200 6007 "-" "ClaudeBot/1.0 (+https://www.anthropic.com/claudebot)"
188.194.31.5 - - [10/Feb/2026:09:32:14 +0000] "GET /index.html HTTP/1.1" 200 88644 "-" "Mozilla/5.0 AppleWebKit/537.36 (compatible; GPTBot/1.3; +https://openai.com/gptbot)"
99.170.62.78 - - [10/Feb/2026:09:34:28 +0000] "GET /logo.png HTTP/1.1" 200 149775 "-" "ClaudeBot/1.0 (+https://www.anthropic.com/claudebot)"
99.132.12.102 - - [10/Feb/2026:09:34:29 +0000] "GET /about.html HTTP/1.1" 200 52741 "-" "Mozilla/5.0 (compatible; Googlebot/2.1; +http://www.google.com/bot.html)"
99.170.62.78 - - [10/Feb/2026:09:44:39 +0000] "GET /feed.xml HTTP/1.1" 200 110853 "-" "Mozilla/5.0 (compatible; Amazonbot/0.1; +https://developer.amazon.com/support/amazonbot)"
188.194.31.5 - - [10/Feb/2026:09:45:09 +0000] "GET /banner.jpg HTTP/1.1" 200 121432 "-" "Mozilla/5.0 (compatible; Googlebot/2.1; +http://www.google.com/bot.html)"
141.57.250.8 - - [10/Feb/2026:09:45:56 +0000] "GET /banner.jpg HTTP/1.1" 200 93499 "-" "Mozilla/5.0 (compatible; Amazonbot/0.1; +https://developer.amazon.com/support/amazonbot)"
71.138.7.233 - - [10/Feb/2026:09:47:44 +0000] "GET /sitemap.xml HTTP/1.1" 200 22389 "-" "Mozilla/5.0 (compatible; Amazonbot/0.1; +https://developer.amazon.com/support/amazonbot)"
141.57.250.8 - - [10/Feb/2026:09:48:55 +0000] "GET /data.json HTTP/1.1" 200 54353 "-" "Mozilla/5.0 (compatible; Amazonbot/0.1; +https://developer.amazon.com/support/amazonbot)"
99.132.12.102 - - [10/Feb/2026:09:50:15 +0000] "GET /logo.png HTTP/1.1" 200 16347 "-" "Mozilla/5.0 (compatible; bingbot/2.0; +http://www.bing.com/bingbot.htm)"
99.170.62.78 - - [10/Feb/2026:09:51:22 +0000] "GET /feed.xml HTTP/1.1" 200 82587 "-" "Mozilla/5.0 (compatible; Googlebot/2.1; +http://www.google.com/bot.html)"
149.37.222.138 - - [10/Feb/2026:09:53:25 +0000] "GET /app.js HTTP/1.1" 200 93348 "-" "Mozilla/5.0 (compatible; bingbot/2.0; +http://www.bing.com/bingbot.htm)"
82.35.167.49 - - [10/Feb/2026:09:55:29 +0000] "GET /app.js HTTP/1.1" 404 108 "-" "Mozilla/5.0 AppleWebKit/537.36 (compatible; GPTBot/1.3; +https://openai.com/gptbot)"
71.138.7.233 - - [10/Feb/2026:09:57:12 +0000] "GET /logo.png HTTP/1.1" 200 10156 "-" "Mozilla/5.0 (compatible; Googlebot/2.1; +http://www.google.com/bot.html)"
188.194.31.5 - - [10/Feb/2026:09:58:41 +0000] "GET /app.js HTTP/1.1" 200 99243 "-" "Mozilla/5.0 (compatible; Googlebot/2.1; +http://www.google.com/bot.html)"
71.138.7.233 - - [10/Feb/2026:10:01:26 +0000] "GET /data.json HTTP/1.1" 200 42257 "-" "Mozilla/5.0 (compatible; Amazonbot/0.1; +https://developer.amazon.com/support/amazonbot)"
99.170.62.78 - - [10/Feb/2026:10:04:10 +0000] "GET /index.html HTTP/1.1" 404 135 "-" "Mozilla/5.0 AppleWebKit/537.36 (compatible; GPTBot/1.3; +https://openai.com/gptbot)"
99.132.12.102 - - [10/Feb/2026:10:06:58 +0000] "GET /about.html HTTP/1.1" 200 35553 "-" "Mozilla/5.0 (compatible; Googlebot/2.1; +http://www.google.com/bot.html)"
149.37.222.138 - - [10/Feb/2026:10:07:39 +0000] "GET /data.json HTTP/1.1" 200 106271 "-" "ClaudeBot/1.0 (+https://www.anthropic.com/claudebot)"
203.225.0.215 - - [10/Feb/2026:10:12:06 +0000] "GET /config HTTP/1.1" 200 21007 "-" "Mozilla/5.0 (compatible; Amazonbot/0.1; +https://developer.amazon.com/support/amazonbot)"
171.133.45.213 - - [10/Feb/2026:10:12:46 +0000] "GET /config HTTP/1.1" 404 275 "-" "Mozilla/5.0 (compatible; bingbot/2.0; +http://www.bing.com/bingbot.htm)"
99.132.12.102 - - [10/Feb/2026:10:13:06 +0000] "GET /logo.png HTTP/1.1" 200 102110 "-" "ClaudeBot/1.0 (+https://www.anthropic.com/claudebot)"
149.37.222.138 - - [10/Feb/2026:10:13:30 +0000] "GET /logo.png HTTP/1.1" 404 380 "-" "Mozilla/5.0 (compatible; Amazonbot/0.1; +https://developer.amazon.com/support/amazonbot)"
71.138.7.233 - - [10/Feb/2026:10:15:38 +0000] "GET /feed.xml HTTP/1.1" 404 348 "-" "ClaudeBot/1.0 (+https://www.anthropic.com/claudebot)"
99.132.12.102 - - [10/Feb/2026:10:16:55 +0000] "GET /logo.png HTTP/1.1" 200 64399 "-" "Mozilla/5.0 AppleWebKit/537.36 (compatible; GPTBot/1.3; +https://openai.com/gptbot)"
71.138.7.233 - - [10/Feb/2026:10:19:04 +0000] "GET /data.json HTTP/1.1" 304 472 "-" "Mozilla/5.0 (compatible; Googlebot/2.1; +http://www.google.com/bot.html)"
82.35.167.49 - - [10/Feb/2026:10:20:01 +0000] "GET / HTTP/1.1" 403 396 "-" "Mozilla/5.0 (compatible; bingbot/2.0; +http://www.bing.com/bingbot.htm)"
71.138.7.233 - - [10/Feb/2026:10:21:48 +0000] "GET /style.css HTTP/1.1" 404 483 "-" "Mozilla/5.0 AppleWebKit/537.36 (compatible; GPTBot/1.3; +https://openai.com/gptbot)"
188.194.31.5 - - [10/Feb/2026:10:24:02 +0000] "GET /style.css HTTP/1.1" 200 142592 "-" "ClaudeBot/1.0 (+https://www.anthropic.com/claudebot)"
149.37.222.138 - - [10/Feb/2026:10:24:18 +0000] "GET /sitemap.xml HTTP/1.1" 404 251 "-" "Mozilla/5.0 (compatible; Googlebot/2.1; +http://www.google.com/bot.html)"
99.132.12.102 - - [10/Feb/2026:10:25:26 +0000] "GET /index.html HTTP/1.1" 404 31 "-" "Mozilla/5.0 (compatible; Amazonbot/0.1; +https://developer.amazon.com/support/amazonbot)"
71.138.7.233 - - [10/Feb/2026:10:26:27 +0000] "GET /about.html HTTP/1.1" 404 314 "-" "Mozilla/5.0 AppleWebKit/537.36 (compatible; GPTBot/1.3; +https://openai.com/gptbot)"
99.170.62.78 - - [10/Feb/2026:10:28:55 +0000] "GET /feed.xml HTTP/1.1" 200 92766 "-" "Mozilla/5.0 (compatible; Amazonbot/0.1; +https://developer.amazon.com/support/amazonbot)"
99.150.211.250 - - [10/Feb/2026:10:42:22 +0000] "GET /data.json HTTP/1.1" 404 111 "-" "Mozilla/5.0 (compatible; Amazonbot/0.1; +https://developer.amazon.com/support/amazonbot)"
203.225.0.215 - - [10/Feb/2026:10:43:47 +0000] "GET /banner.jpg HTTP/1.1" 200 38706 "-" "Mozilla/5.0 (compatible; bingbot/2.0; +http://www.bing.com/bingbot.htm)"
99.150.211.250 - - [10/Feb/2026:10:43:49 +0000] "GET /config HTTP/1.1" 200 75003 "-" "Mozilla/5.0 (compatible; Amazonbot/0.1; +https://developer.amazon.com/support/amazonbot)"
149.37.222.138 - - [10/Feb/2026:10:45:57 +0000] "GET /readme.txt HTTP/1.1" 200 8545 "-" "Mozilla/5.0 (compatible; bingbot/2.0; +http://www.bing.com/bingbot.htm)"
122.96.81.102 - - [10/Feb/2026:10:50:50 +0000] "GET /config HTTP/1.1" 200 59184 "-" "Mozilla/5.0 (compatible; Googlebot/2.1; +http://www.google.com/bot.html)"
122.96.81.102 - - [10/Feb/2026:10:56:39 +0000] "GET /data.json HTTP/1.1" 200 43507 "-" "Mozilla/5.0 AppleWebKit/537.36 (compatible; GPTBot/1.3; +https://openai.com/gptbot)"
149.37.222.138 - - [10/Feb/2026:10:59:59 +0000] "GET /config HTTP/1.1" 200 26331 "-" "Mozilla/5.0 (compatible; Googlebot/2.1; +http://www.google.com/bot.html)"
203.225.0.215 - - [10/Feb/2026:11:00:13 +0000] "GET /readme.txt HTTP/1.1" 200 136348 "-" "Mozilla/5.0 (compatible; Googlebot/2.1; +http://www.google.com/bot.html)"
99.132.12.102 - - [10/Feb/2026:11:03:34 +0000] "GET / HTTP/1.1" 200 116009 "-" "Mozilla/5.0 (compatible; Googlebot/2.1; +http://www.google.com/bot.html)"
171.133.45.213 - - [10/Feb/2026:11:09:39 +0000] "GET /config HTTP/1.1" 200 86130 "-" "ClaudeBot/1.0 (+https://www.anthropic.com/claudebot)"
60.241.196.176 - - [10/Feb/2026:11:11:46 +0000] "GET / HTTP/1.1" 404 247 "-" "Mozilla/5.0 (compatible; bingbot/2.0; +http://www.bing.com/bingbot.htm)"
99.170.62.78 - - [10/Feb/2026:11:12:53 +0000] "GET /data.json HTTP/1.1" 200 113864 "-" "Mozilla/5.0 (compatible; bingbot/2.0; +http://www.bing.com/bingbot.htm)"
82.35.167.49 - - [10/Feb/2026:11:14:29 +0000] "GET /config HTTP/1.1" 200 135810 "-" "Mozilla/5.0 (compatible; Googlebot/2.1; +http://www.google.com/bot.html)"
99.132.12.102 - - [10/Feb/2026:11:17:35 +0000] "GET /sitemap.xml HTTP/1.1" 200 81029 "-" "Mozilla/5.0 (compatible; Googlebot/2.1; +http://www.google.com/bot.html)"
60.241.196.176 - - [10/Feb/2026:11:18:08 +0000] "GET /index.html HTTP/1.1" 302 55 "-" "Mozilla/5.0 (compatible; Googlebot/2.1; +http://www.google.com/bot.html)"
99.170.62.78 - - [10/Feb/2026:11:21:29 +0000] "GET /style.css HTTP/1.1" 200 21617 "-" "Mozilla/5.0 (compatible; Googlebot/2.1; +http://www.google.com/bot.html)"
122.96.81.102 - - [10/Feb/2026:11:21:37 +0000] "GET /config HTTP/1.1" 304 278 "-" "Mozilla/5.0 AppleWebKit/537.36 (compatible; GPTBot/1.3; +https://openai.com/gptbot)"
122.96.81.102 - - [10/Feb/2026:11:26:37 +0000] "GET /index.html HTTP/1.1" 200 131723 "-" "Mozilla/5.0 (compatible; bingbot/2.0; +http://www.bing.com/bingbot.htm)"
188.194.31.5 - - [10/Feb/2026:11:28:41 +0000] "GET /banner.jpg HTTP/1.1" 200 70516 "-" "ClaudeBot/1.0 (+https://www.anthropic.com/claudebot)"
82.35.167.49 - - [10/Feb/2026:11:31:41 +0000] "GET / HTTP/1.1" 302 17 "-" "Mozilla/5.0 (compatible; Amazonbot/0.1; +https://developer.amazon.com/support/amazonbot)"
82.35.167.49 - - [10/Feb/2026:11:31:44 +0000] "GET /app.js HTTP/1.1" 304 183 "-" "ClaudeBot/1.0 (+https://www.anthropic.com/claudebot)"
171.133.45.213 - - [10/Feb/2026:11:33:45 +0000] "GET /logo.png HTTP/1.1" 200 137477 "-" "ClaudeBot/1.0 (+https://www.anthropic.com/claudebot)"
141.57.250.8 - - [10/Feb/2026:11:34:45 +0000] "GET / HTTP/1.1" 404 251 "-" "Mozilla/5.0 (compatible; Amazonbot/0.1; +https://developer.amazon.com/support/amazonbot)"
71.138.7.233 - - [10/Feb/2026:11:37:42 +0000] "GET /config HTTP/1.1" 200 87623 "-" "Mozilla/5.0 (compatible; Googlebot/2.1; +http://www.google.com/bot.html)"
99.150.211.250 - - [10/Feb/2026:11:38:33 +0000] "GET /sitemap.xml HTTP/1.1" 200 88889 "-" "Mozilla/5.0 (compatible; bingbot/2.0; +http://www.bing.com/bingbot.htm)"
203.225.0.215 - - [10/Feb/2026:11:38:47 +0000] "GET /sitemap.xml HTTP/1.1" 304 439 "-" "ClaudeBot/1.0 (+https://www.anthropic.com/claudebot)"
203.225.0.215 - - [10/Feb/2026:11:38:58 +0000] "GET /config HTTP/1.1" 200 71275 "-" "ClaudeBot/1.0 (+https://www.anthropic.com/claudebot)"
82.35.167.49 - - [10/Feb/2026:11:44:10 +0000] "GET /banner.jpg HTTP/1.1" 304 36 "-" "Mozilla/5.0 (compatible; bingbot/2.0; +http://www.bing.com/bingbot.htm)"
149.37.222.138 - - [10/Feb/2026:11:45:08 +0000] "GET /feed.xml HTTP/1.1" 200 72193 "-" "Mozilla/5.0 (compatible; bingbot/2.0; +http://www.bing.com/bingbot.htm)"
99.170.62.78 - - [10/Feb/2026:11:45:43 +0000] "GET /about.html HTTP/1.1" 200 134465 "-" "Mozilla/5.0 (compatible; bingbot/2.0; +http://www.bing.com/bingbot.htm)"
82.35.167.49 - - [10/Feb/2026:11:46:35 +0000] "GET / HTTP/1.1" 304 46 "-" "Mozilla/5.0 (compatible; Amazonbot/0.1; +https://developer.amazon.com/support/amazonbot)"
122.96.81.102 - - [10/Feb/2026:11:47:33 +0000] "GET /banner.jpg HTTP/1.1" 200 45592 "-" "Mozilla/5.0 AppleWebKit/537.36 (compatible; GPTBot/1.3; +https://openai.com/gptbot)"
99.170.62.78 - - [10/Feb/2026:11:51:46 +0000] "GET /sitemap.xml HTTP/1.1" 200 2666 "-" "Mozilla/5.0 (compatible; Amazonbot/0.1; +https://developer.amazon.com/support/amazonbot)"
149.37.222.138 - - [10/Feb/2026:11:53:33 +0000] "GET /sitemap.xml HTTP/1.1" 200 88905 "-" "Mozilla/5.0 AppleWebKit/537.36 (compatible; GPTBot/1.3; +https://openai.com/gptbot)"
141.57.250.8 - - [10/Feb/2026:11:54:23 +0000] "GET / HTTP/1.1" 200 61248 "-" "Mozilla/5.0 (compatible; Googlebot/2.1; +http://www.google.com/bot.html)"
141.57.250.8 - - [10/Feb/2026:11:54:27 +0000] "GET /banner.jpg HTTP/1.1" 200 4202 "-" "ClaudeBot/1.0 (+https://www.anthropic.com/claudebot)"
188.194.31.5 - - [10/Feb/2026:11:54:32 +0000] "GET /data.json HTTP/1.1" 301 57 "-" "Mozilla/5.0 AppleWebKit/537.36 (compatible; GPTBot/1.3; +https://openai.com/gptbot)"
188.194.31.5 - - [10/Feb/2026:12:00:40 +0000] "GET /index.html HTTP/1.1" 404 433 "-" "Mozilla/5.0 (compatible; Googlebot/2.1; +http://www.google.com/bot.html)"
141.57.250.8 - - [10/Feb/2026:12:01:22 +0000] "GET / HTTP/1.1" 304 268 "-" "ClaudeBot/1.0 (+https://www.anthropic.com/claudebot)"
203.225.0.215 - - [10/Feb/2026:12:01:39 +0000] "GET / HTTP/1.1" 200 9623 "-" "Mozilla/5.0 (compatible; Googlebot/2.1; +http://www.google.com/bot.html)"
149.37.222.138 - - [10/Feb/2026:12:03:14 +0000] "GET /banner.jpg HTTP/1.1" 304 325 "-" "Mozilla/5.0 (compatible; Googlebot/2.1; +http://www.google.com/bot.html)"
141.57.250.8 - - [10/Feb/2026:12:06:40 +0000] "GET /app.js HTTP/1.1" 200 67675 "-" "Mozilla/5.0 AppleWebKit/537.36 (compatible; GPTBot/1.3; +https://openai.com/gptbot)"
122.96.81.102 - - [10/Feb/2026:12:09:35 +0000] "GET / HTTP/1.1" 200 98645 "-" "Mozilla/5.0 (compatible; Amazonbot/0.1; +https://developer.amazon.com/support/amazonbot)"
71.138.7.233 - - [10/Feb/2026:12:14:00 +0000] "GET /index.html HTTP/1.1" 200 72085 "-" "Mozilla/5.0 (compatible; bingbot/2.0; +http://www.bing.com/bingbot.htm)"
60.241.196.176 - - [10/Feb/2026:12:15:57 +0000] "GET /sitemap.xml HTTP/1.1" 200 121618 "-" "Mozilla/5.0 (compatible; Amazonbot/0.1; +https://developer.amazon.com/support/amazonbot)"
171.133.45.213 - - [10/Feb/2026:12:33:00 +0000] "GET /readme.txt HTTP/1.1" 200 77009 "-" "ClaudeBot/1.0 (+https://www.anthropic.com/claudebot)"
171.133.45.213 - - [10/Feb/2026:12:33:48 +0000] "GET /readme.txt HTTP/1.1" 200 116745 "-" "ClaudeBot/1.0 (+https://www.anthropic.com/claudebot)"
141.57.250.8 - - [10/Feb/2026:12:41:03 +0000] "GET /style.css HTTP/1.1" 200 146430 "-" "Mozilla/5.0 (compatible; Amazonbot/0.1; +https://developer.amazon.com/support/amazonbot)"
99.170.62.78 - - [10/Feb/2026:12:41:22 +0000] "GET /config HTTP/1.1" 304 299 "-" "Mozilla/5.0 (compatible; Amazonbot/0.1; +https://developer.amazon.com/support/amazonbot)"
60.241.196.176 - - [10/Feb/2026:12:43:09 +0000] "GET /readme.txt HTTP/1.1" 301 403 "-" "Mozilla/5.0 AppleWebKit/537.36 (compatible; GPTBot/1.3; +https://openai.com/gptbot)"
99.132.12.102 - - [10/Feb/2026:12:43:14 +0000] "GET /data.json HTTP/1.1" 404 471 "-" "Mozilla/5.0 (compatible; bingbot/2.0; +http://www.bing.com/bingbot.htm)"
171.133.45.213 - - [10/Feb/2026:12:43:40 +0000] "GET /readme.txt HTTP/1.1" 200 149769 "-" "ClaudeBot/1.0 (+https://www.anthropic.com/claudebot)"
149.37.222.138 - - [10/Feb/2026:12:45:31 +0000] "GET /feed.xml HTTP/1.1" 200 20711 "-" "Mozilla/5.0 (compatible; Googlebot/2.1; +http://www.google.com/bot.html)"
188.194.31.5 - - [10/Feb/2026:12:46:16 +0000] "GET /index.html HTTP/1.1" 200 95834 "-" "Mozilla/5.0 (compatible; Amazonbot/0.1; +https://developer.amazon.com/support/amazonbot)"
60.241.196.176 - - [10/Feb/2026:12:46:24 +0000] "GET /banner.jpg HTTP/1.1" 200 90191 "-" "Mozilla/5.0 AppleWebKit/537.36 (compatible; GPTBot/1.3; +https://openai.com/gptbot)"
71.138.7.233 - - [10/Feb/2026:12:49:12 +0000] "GET /sitemap.xml HTTP/1.1" 304 331 "-" "Mozilla/5.0 (compatible; bingbot/2.0; +http://www.bing.com/bingbot.htm)"
141.57.250.8 - - [10/Feb/2026:12:50:47 +0000] "GET /data.json HTTP/1.1" 403 151 "-" "ClaudeBot/1.0 (+https://www.anthropic.com/claudebot)"
203.225.0.215 - - [10/Feb/2026:12:50:48 +0000] "GET /config HTTP/1.1" 404 109 "-" "Mozilla/5.0 (compatible; bingbot/2.0; +http://www.bing.com/bingbot.htm)"
99.170.62.78 - - [10/Feb/2026:12:50:53 +0000] "GET /logo.png HTTP/1.1" 200 14952 "-" "ClaudeBot/1.0 (+https://www.anthropic.com/claudebot)"
141.57.250.8 - - [10/Feb/2026:12:52:55 +0000] "GET /app.js HTTP/1.1" 200 92005 "-" "Mozilla/5.0 (compatible; Amazonbot/0.1; +https://developer.amazon.com/support/amazonbot)"
149.37.222.138 - - [10/Feb/2026:12:56:23 +0000] "GET /app.js HTTP/1.1" 304 208 "-" "ClaudeBot/1.0 (+https://www.anthropic.com/claudebot)"
122.96.81.102 - - [10/Feb/2026:13:00:18 +0000] "GET / HTTP/1.1" 403 263 "-" "Mozilla/5.0 (compatible; Googlebot/2.1; +http://www.google.com/bot.html)"
149.37.222.138 - - [10/Feb/2026:13:01:02 +0000] "GET /data.json HTTP/1.1" 200 133703 "-" "Mozilla/5.0 (compatible; bingbot/2.0; +http://www.bing.com/bingbot.htm)"
99.170.62.78 - - [10/Feb/2026:13:06:58 +0000] "GET / HTTP/1.1" 200 68499 "-" "Mozilla/5.0 (compatible; Googlebot/2.1; +http://www.google.com/bot.html)"
141.57.250.8 - - [10/Feb/2026:13:08:49 +0000] "GET /sitemap.xml HTTP/1.1" 403 193 "-" "Mozilla/5.0 (compatible; Googlebot/2.1; +http://www.google.com/bot.html)"
99.132.12.102 - - [10/Feb/2026:13:10:00 +0000] "GET /logo.png HTTP/1.1" 200 41828 "-" "Mozilla/5.0 (compatible; Amazonbot/0.1; +https://developer.amazon.com/support/amazonbot)"
141.57.250.8 - - [10/Feb/2026:13:11:33 +0000] "GET /about.html HTTP/1.1" 200 50594 "-" "Mozilla/5.0 (compatible; Googlebot/2.1; +http://www.google.com/bot.html)"
99.170.62.78 - - [10/Feb/2026:13:13:30 +0000] "GET /data.json HTTP/1.1" 200 90181 "-" "Mozilla/5.0 (compatible; Googlebot/2.1; +http://www.google.com/bot.html)"
99.150.211.250 - - [10/Feb/2026:13:14:27 +0000] "GET /feed.xml HTTP/1.1" 200 22117 "-" "Mozilla/5.0 (compatible; Amazonbot/0.1; +https://developer.amazon.com/support/amazonbot)"
188.194.31.5 - - [10/Feb/2026:13:19:51 +0000] "GET /readme.txt HTTP/1.1" 200 126870 "-" "Mozilla/5.0 AppleWebKit/537.36 (compatible; GPTBot/1.3; +https://openai.com/gptbot)"
99.132.12.102 - - [10/Feb/2026:13:22:51 +0000] "GET /data.json HTTP/1.1" 404 259 "-" "ClaudeBot/1.0 (+https://www.anthropic.com/claudebot)"
188.194.31.5 - - [10/Feb/2026:13:24:46 +0000] "GET /feed.xml HTTP/1.1" 200 148920 "-" "ClaudeBot/1.0 (+https://www.anthropic.com/claudebot)"
188.194.31.5 - - [10/Feb/2026:13:25:08 +0000] "GET /config HTTP/1.1" 200 75340 "-" "Mozilla/5.0 (compatible; Amazonbot/0.1; +https://developer.amazon.com/support/amazonbot)"
188.194.31.5 - - [10/Feb/2026:13:25:21 +0000] "GET /feed.xml HTTP/1.1" 404 321 "-" "Mozilla/5.0 (compatible; Googlebot/2.1; +http://www.google.com/bot.html)"
171.133.45.213 - - [10/Feb/2026:13:26:39 +0000] "GET /readme.txt HTTP/1.1" 200 139071 "-" "Mozilla/5.0 (compatible; bingbot/2.0; +http://www.bing.com/bingbot.htm)"
122.96.81.102 - - [10/Feb/2026:13:35:03 +0000] "GET /feed.xml HTTP/1.1" 304 407 "-" "Mozilla/5.0 (compatible; Amazonbot/0.1; +https://developer.amazon.com/support/amazonbot)"
82.35.167.49 - - [10/Feb/2026:13:37:09 +0000] "GET /readme.txt HTTP/1.1" 200 106873 "-" "ClaudeBot/1.0 (+https://www.anthropic.com/claudebot)"
141.57.250.8 - - [10/Feb/2026:13:38:39 +0000] "GET /config HTTP/1.1" 200 128665 "-" "Mozilla/5.0 (compatible; Googlebot/2.1; +http://www.google.com/bot.html)"
60.241.196.176 - - [10/Feb/2026:13:45:06 +0000] "GET /logo.png HTTP/1.1" 200 139885 "-" "Mozilla/5.0 AppleWebKit/537.36 (compatible; GPTBot/1.3; +https://openai.com/gptbot)"
188.194.31.5 - - [10/Feb/2026:13:48:41 +0000] "GET /readme.txt HTTP/1.1" 200 63560 "-" "Mozilla/5.0 (compatible; Googlebot/2.1; +http://www.google.com/bot.html)"
188.194.31.5 - - [10/Feb/2026:13:49:27 +0000] "GET / HTTP/1.1" 200 72847 "-" "Mozilla/5.0 AppleWebKit/537.36 (compatible; GPTBot/1.3; +https://openai.com/gptbot)"
