149.37.222.138 - - [01/Feb/2026:00:00:29 +0000] "GET /about.html HTTP/1.1" 200 136463 "-" "Mozilla/5.0 AppleWebKit/537.36 (compatible; GPTBot/1.3; +https://openai.com/gptbot)"
71.138.7.233 - - [01/Feb/2026:00:00:38 +0000] "GET /app.js HTTP/1.1" 200 49968 "-" "ClaudeBot/1.0 (+https://www.anthropic.com/claudebot)"
99.170.62.78 - - [01/Feb/2026:00:02:54 +0000] "GET /index.html HTTP/1.1" 404 266 "-" "ClaudeBot/1.0 (+https://www.anthropic.com/claudebot)"
203.225.0.215 - - [01/Feb/2026:00:10:15 +0000] "GET /feed.xml HTTP/1.1" 200 752 "-" "Mozilla/5.0 (compatible; Googlebot/2.1; +http://www.google.com/bot.html)"
99.132.12.102 - - [01/Feb/2026:00:11:13 +0000] "GET /style.css HTTP/1.1" 403 429 "-" "Mozilla/5.0 AppleWebKit/537.36 (compatible; GPTBot/1.3; +https://openai.com/gptbot)"
99.132.12.102 - - [01/Feb/2026:00:14:14 +0000] "GET /readme.txt HTTP/1.1" 200 56432 "-" "ClaudeBot/1.0 (+https://www.anthropic.com/claudebot)"
203.225.0.215 - - [01/Feb/2026:00:14:43 +0000] "GET /logo.png HTTP/1.1" 200 137908 "-" "Mozilla/5.0 AppleWebKit/537.36 (compatible; GPTBot/1.3; +https://openai.com/gptbot)"
82.35.167.49 - - [01/Feb/2026:00:20:30 +0000] "GET /data.json HTTP/1.1" 304 347 "-" "ClaudeBot/1.0 (+https://www.anthropic.com/claudebot)"
171.133.45.213 - - [01/Feb/2026:00:25:47 +0000] "GET /logo.png HTTP/1.1" 200 8519 "-" "Mozilla/5.0 AppleWebKit/537.36 (compatible; GPTBot/1.3; +https://openai.com/gptbot)"
171.133.45.213 - - [01/Feb/2026:00:30:37 +0000] "GET /data.json HTTP/1.1" 304 416 "-" "Mozilla/5.0 (compatible; Amazonbot/0.1; +https://developer.amazon.com/support/amazonbot)"
99.132.12.102 - - [01/Feb/2026:00:37:28 +0000] "GET /data.json HTTP/1.1" 200 22643 "-" "ClaudeBot/1.0 (+https://www.anthropic.com/claudebot)"
60.241.196.176 - - [01/Feb/2026:00:39:45 +0000] "GET /sitemap.xml HTTP/1.1" 304 379 "-" "Mozilla/5.0 (compatible; Amazonbot/0.1; +https://developer.amazon.com/support/amazonbot)"
99.132.12.102 - - [01/Feb/2026:00:40:42 +0000] "GET /app.js HTTP/1.1" 304 166 "-" "Mozilla/5.0 (compatible; Googlebot/2.1; +http://www.google.com/bot.html)"
171.133.45.213 - - [01/Feb/2026:00:45:20 +0000] "GET /about.html HTTP/1.1" 200 43773 "-" "Mozilla/5.0 (compatible; Amazonbot/0.1; +https://developer.amazon.com/support/amazonbot)"
99.170.62.78 - - [01/Feb/2026:00:46:43 +0000] "GET /logo.png HTTP/1.1" 200 103824 "-" "ClaudeBot/1.0 (+https://www.anthropic.com/claudebot)"
60.241.196.176 - - [01/Feb/2026:00:47:30 +0000] "GET /readme.txt HTTP/1.1" 200 130937 "-" "ClaudeBot/1.0 (+https://www.anthropic.com/claudebot)"
141.57.250.8 - - [01/Feb/2026:00:47:52 +0000] "GET / HTTP/1.1" 404 249 "-" "Mozilla/5.0 (compatible; bingbot/2.0; +http://www.bing.com/bingbot.htm)"
141.57.250.8 - - [01/Feb/2026:00:52:33 +0000] "GET /style.css HTTP/1.1" 200 92775 "-" "Mozilla/5.0 (compatible; Amazonbot/0.1; +https://developer.amazon.com/support/amazonbot)"
188.194.31.5 - - [01/Feb/2026:00:52:37 +0000] "GET /readme.txt HTTP/1.1" 302 154 "-" "Mozilla/5.0 AppleWebKit/537.36 (compatible; GPTBot/1.3; +https://openai.com/gptbot)"
71.138.7.233 - - [01/Feb/2026:00:54:09 +0000] "GET /readme.txt HTTP/1.1" 200 144087 "-" "ClaudeBot/1.0 (+https://www.anthropic.com/claudebot)"
60.241.196.176 - - [01/Feb/2026:00:55:48 +0000] "GET /readme.txt HTTP/1.1" 301 11 "-" "Mozilla/5.0 (compatible; Googlebot/2.1; +http://www.google.com/bot.html)"
99.132.12.102 - - [01/Feb/2026:00:56:21 +0000] "GET /about.html HTTP/1.1" 200 59405 "-" "Mozilla/5.0 (compatible; Amazonbot/0.1; +https://developer.amazon.com/support/amazonbot)"
82.35.167.49 - - [01/Feb/2026:00:56:32 +0000] "GET /sitemap.xml HTTP/1.1" 200 20575 "-" "Mozilla/5.0 (compatible; bingbot/2.0; +http://www.bing.com/bingbot.htm)"
60.241.196.176 - - [01/Feb/2026:00:59:00 +0000] "GET /logo.png HTTP/1.1" 200 47168 "-" "Mozilla/5.0 (compatible; bingbot/2.0; +http://www.bing.com/bingbot.htm)"
60.241.196.176 - - [01/Feb/2026:01:09:03 +0000] "GET /feed.xml HTTP/1.1" 200 5611 "-" "Mozilla/5.0 (compatible; Googlebot/2.1; +http://www.google.com/bot.html)"
188.194.31.5 - - [01/Feb/2026:01:12:34 +0000] "GET /data.json HTTP/1.1" 200 35011 "-" "ClaudeBot/1.0 (+https://www.anthropic.com/claudebot)"
71.138.7.233 - - [01/Feb/2026:01:12:42 +0000] "GET /about.html HTTP/1.1" 200 58932 "-" "Mozilla/5.0 (compatible; Amazonbot/0.1; +https://developer.amazon.com/support/amazonbot)"
171.133.45.213 - - [01/Feb/2026:01:13:08 +0000] "GET / HTTP/1.1" 404 321 "-" "Mozilla/5.0 AppleWebKit/537.36 (compatible; GPTBot/1.3; +https://openai.com/gptbot)"
99.150.211.250 - - [01/Feb/2026:01:18:02 +0000] "GET / HTTP/1.1" 200 4159 "-" "Mozilla/5.0 AppleWebKit/537.36 (compatible; GPTBot/1.3; +https://openai.com/gptbot)"
99.150.211.250 - - [01/Feb/2026:01:20:37 +0000] "GET /index.html HTTP/1.1" 200 144926 "-" "Mozilla/5.0 (compatible; Googlebot/2.1; +http://www.google.com/bot.html)"
171.133.45.213 - - [01/Feb/2026:01:25:07 +0000] "GET /about.html HTTP/1.1" 200 79332 "-" "Mozilla/5.0 (compatible; bingbot/2.0; +http://www.bing.com/bingbot.htm)"
99.170.62.78 - - [01/Feb/2026:01:31:12 +0000] "GET /feed.xml HTTP/1.1" 200 62995 "-" "ClaudeBot/1.0 (+https://www.anthropic.com/claudebot)"
82.35.167.49 - - [01/Feb/2026:01:34:22 +0000] "GET /about.html HTTP/1.1" 200 29361 "-" "Mozilla/5.0 (compatible; bingbot/2.0; +http://www.bing.com/bingbot.htm)"
60.241.196.176 - - [01/Feb/2026:01:36:59 +0000] "GET /about.html HTTP/1.1" 200 8721 "-" "Mozilla/5.0 (compatible; bingbot/2.0; +http://www.bing.com/bingbot.htm)"
82.35.167.49 - - [01/Feb/2026:01:40:56 +0000] "GET /logo.png HTTP/1.1" 403 405 "-" "Mozilla/5.0 (compatible; bingbot/2.0; +http://www.bing.com/bingbot.htm)"
171.133.45.213 - - [01/Feb/2026:01:48:10 +0000] "GET / HTTP/1.1" 404 430 "-" "Mozilla/5.0 AppleWebKit/537.36 (compatible; GPTBot/1.3; +https://openai.com/gptbot)"
82.35.167.49 - - [01/Feb/2026:01:49:08 +0000] "GET /app.js HTTP/1.1" 200 67828 "-" "Mozilla/5.0 (compatible; bingbot/2.0; +http://www.bing.com/bingbot.htm)"
99.132.12.102 - - [01/Feb/2026:01:49:44 +0000] "GET / HTTP/1.1" 200 22931 "-" "Mozilla/5.0 AppleWebKit/537.36 (compatible; GPTBot/1.3; +https://openai.com/gptbot)"
141.57.250.8 - - [01/Feb/2026:01:50:05 +0000] "GET /config HTTP/1.1" 304 158 "-" "Mozilla/5.0 AppleWebKit/537.36 (compatible; GPTBot/1.3; +https://openai.com/gptbot)"
188.194.31.5 - - [01/Feb/2026:01:57:03 +0000] "GET /config HTTP/1.1" 404 428 "-" "Mozilla/5.0 AppleWebKit/537.36 (compatible; GPTBot/1.3; +https://openai.com/gptbot)"
122.96.81.102 - - [01/Feb/2026:01:58:25 +0000] "GET /readme.txt HTTP/1.1" 200 67117 "-" "Mozilla/5.0 (compatible; Googlebot/2.1; +http://www.google.com/bot.html)"
99.150.211.250 - - [01/Feb/2026:02:02:52 +0000] "GET /banner.jpg HTTP/1.1" 302 481 "-" "ClaudeBot/1.0 (+https://www.anthropic.com/claudebot)"
149.37.222.138 - - [01/Feb/2026:02:04:16 +0000] "GET /readme.txt HTTP/1.1" 200 10145 "-" "Mozilla/5.0 (compatible; Googlebot/2.1; +http://www.google.com/bot.html)"
171.133.45.213 - - [01/Feb/2026:02:12:45 +0000] "GET /data.json HTTP/1.1" 200 13071 "-" "ClaudeBot/1.0 (+https://www.anthropic.com/claudebot)"
99.132.12.102 - - [01/Feb/2026:02:14:30 +0000] "GET /index.html HTTP/1.1" 200 34768 "-" "Mozilla/5.0 (compatible; Amazonbot/0.1; +https://developer.amazon.com/support/amazonbot)"
171.133.45.213 - - [01/Feb/2026:02:19:41 +0000] "GET /style.css HTTP/1.1" 200 21497 "-" "Mozilla/5.0 (compatible; Googlebot/2.1; +http://www.google.com/bot.html)"
141.57.250.8 - - [01/Feb/2026:02:20:39 +0000] "GET /style.css HTTP/1.1" 200 135493 "-" "Mozilla/5.0 (compatible; Googlebot/2.1; +http://www.google.com/bot.html)"
141.57.250.8 - - [01/Feb/2026:02:21:17 +0000] "GET /logo.png HTTP/1.1" 200 80538 "-" "Mozilla/5.0 (compatible; Googlebot/2.1; +http://www.google.com/bot.html)"
141.57.250.8 - - [01/Feb/2026:02:23:55 +0000] "GET /banner.jpg HTTP/1.1" 404 199 "-" "Mozilla/5.0 (compatible; Googlebot/2.1; +http://www.google.com/bot.html)"
60.241.196.176 - - [01/Feb/2026:02:25:30 +0000] "GET /logo.png HTTP/1.1" 304 494 "-" "ClaudeBot/1.0 (+https://www.anthropic.com/claudebot)"
122.96.81.102 - - [01/Feb/2026:02:29:32 +0000] "GET /banner.jpg HTTP/1.1" 200 110698 "-" "Mozilla/5.0 (compatible; bingbot/2.0; +http://www.bing.com/bingbot.htm)"
122.96.81.102 - - [01/Feb/2026:02:33:02 +0000] "GET /index.html HTTP/1.1" 304 379 "-" "Mozilla/5.0 AppleWebKit/537.36 (compatible; GPTBot/1.3; +https://openai.com/gptbot)"
71.138.7.233 - - [01/Feb/2026:02:36:26 +0000] "GET /about.html HTTP/1.1" 200 147981 "-" "ClaudeBot/1.0 (+https://www.anthropic.com/claudebot)"
99.170.62.78 - - [01/Feb/2026:02:36:39 +0000] "GET /readme.txt HTTP/1.1" 200 108433 "-" "Mozilla/5.0 (compatible; bingbot/2.0; +http://www.bing.com/bingbot.htm)"
188.194.31.5 - - [01/Feb/2026:02:38:30 +0000] "GET /style.css HTTP/1.1" 200 55122 "-" "Mozilla/5.0 (compatible; Googlebot/2.1; +http://www.google.com/bot.html)"
99.150.211.250 - - [01/Feb/2026:02:42:35 +0000] "GET /feed.xml HTTP/1.1" 200 12387 "-" "Mozilla/5.0 (compatible; Amazonbot/0.1; +https://developer.amazon.com/support/amazonbot)"
171.133.45.213 - - [01/Feb/2026:02:49:24 +0000] "GET /readme.txt HTTP/1.1" 301 2 "-" "Mozilla/5.0 AppleWebKit/537.36 (compatible; GPTBot/1.3; +https://openai.com/gptbot)"
203.225.0.215 - - [01/Feb/2026:02:49:31 +0000] "GET /logo.png HTTP/1.1" 200 103889 "-" "Mozilla/5.0 AppleWebKit/537.36 (compatible; GPTBot/1.3; +https://openai.com/gptbot)"
71.138.7.233 - - [01/Feb/2026:02:50:37 +0000] "GET /config HTTP/1.1" 200 12078 "-" "Mozilla/5.0 AppleWebKit/537.36 (compatible; GPTBot/1.3; +https://openai.com/gptbot)"
141.57.250.8 - - [01/Feb/2026:02:51:03 +0000] "GET /feed.xml HTTP/1.1" 200 34711 "-" "Mozilla/5.0 (compatible; Googlebot/2.1; +http://www.google.com/bot.html)"
82.35.167.49 - - [01/Feb/2026:02:59:16 +0000] "GET /logo.png HTTP/1.1" 200 133359 "-" "Mozilla/5.0 (compatible; bingbot/2.0; +http://www.bing.com/bingbot.htm)"
60.241.196.176 - - [01/Feb/2026:03:09:58 +0000] "GET /about.html HTTP/1.1" 200 117226 "-" "ClaudeBot/1.0 (+https://www.anthropic.com/claudebot)"
71.138.7.233 - - [01/Feb/2026:03:12:06 +0000] "GET /feed.xml HTTP/1.1" 200 114671 "-" "Mozilla/5.0 (compatible; Amazonbot/0.1; +https://developer.amazon.com/support/amazonbot)"
99.132.12.102 - - [01/Feb/2026:03:12:20 +0000] "GET /sitemap.xml HTTP/1.1" 404 288 "-" "ClaudeBot/1.0 (+https://www.anthropic.com/claudebot)"
99.150.211.250 - - [01/Feb/2026:03:23:24 +0000] "GET / HTTP/1.1" 404 97 "-" "ClaudeBot/1.0 (+https://www.anthropic.com/claudebot)"
71.138.7.233 - - [01/Feb/2026:03:26:35 +0000] "GET /banner.jpg HTTP/1.1" 301 417 "-" "ClaudeBot/1.0 (+https://www.anthropic.com/claudebot)"
82.35.167.49 - - [01/Feb/2026:03:26:59 +0000] "GET /readme.txt HTTP/1.1" 302 392 "-" "Mozilla/5.0 (compatible; bingbot/2.0; +http://www.bing.com/bingbot.htm)"
71.138.7.233 - - [01/Feb/2026:03:27:46 +0000] "GET /about.html HTTP/1.1" 404 350 "-" "ClaudeBot/1.0 (+https://www.anthropic.com/claudebot)"
149.37.222.138 - - [01/Feb/2026:03:28:02 +0000] "GET /app.js HTTP/1.1" 200 119847 "-" "Mozilla/5.0 (compatible; Googlebot/2.1; +http://www.google.com/bot.html)"
203.225.0.215 - - [01/Feb/2026:03:31:39 +0000] "GET /about.html HTTP/1.1" 200 62544 "-" "Mozilla/5.0 AppleWebKit/537.36 (compatible; GPTBot/1.3; +https://openai.com/gptbot)"
171.133.45.213 - - [01/Feb/2026:03:33:16 +0000] "GET /logo.png HTTP/1.1" 304 304 "-" "Mozilla/5.0 AppleWebKit/537.36 (compatible; GPTBot/1.3; +https://openai.com/gptbot)"
171.133.45.213 - - [01/Feb/2026:03:36:29 +0000] "GET / HTTP/1.1" 200 102671 "-" "Mozilla/5.0 AppleWebKit/537.36 (compatible; GPTBot/1.3; +https://openai.com/gptbot)"
141.57.250.8 - - [01/Feb/2026:03:40:54 +0000] "GET /readme.txt HTTP/1.1" 200 136985 "-" "Mozilla/5.0 (compatible; Googlebot/2.1; +http://www.google.com/bot.html)"
60.241.196.176 - - [01/Feb/2026:03:47:30 +0000] "GET /readme.txt HTTP/1.1" 200 30742 "-" "Mozilla/5.0 (compatible; Amazonbot/0.1; +https://developer.amazon.com/support/amazonbot)"
122.96.81.102 - - [01/Feb/2026:03:54:21 +0000] "GET /about.html HTTP/1.1" 200 3064 "-" "Mozilla/5.0 (compatible; Amazonbot/0.1; +https://developer.amazon.com/support/amazonbot)"
99.170.62.78 - - [01/Feb/2026:04:00:17 +0000] "GET /style.css HTTP/1.1" 200 56855 "-" "Mozilla/5.0 (compatible; bingbot/2.0; +http://www.bing.com/bingbot.htm)"
71.138.7.233 - - [01/Feb/2026:04:07:09 +0000] "GET /style.css HTTP/1.1" 200 71161 "-" "Mozilla/5.0 (compatible; bingbot/2.0; +http://www.bing.com/bingbot.htm)"
99.170.62.78 - - [01/Feb/2026:04:15:19 +0000] "GET /style.css HTTP/1.1" 304 122 "-" "Mozilla/5.0 AppleWebKit/537.36 (compatible; GPTBot/1.3; +https://openai.com/gptbot)"
71.138.7.233 - - [01/Feb/2026:04:19:06 +0000] "GET /app.js HTTP/1.1" 200 47002 "-" "Mozilla/5.0 AppleWebKit/537.36 (compatible; GPTBot/1.3; +https://openai.com/gptbot)"
122.96.81.102 - - [01/Feb/2026:04:21:12 +0000] "GET /config HTTP/1.1" 404 331 "-" "Mozilla/5.0 AppleWebKit/537.36 (compatible; GPTBot/1.3; +https://openai.com/gptbot)"
99.150.211.250 - - [01/Feb/2026:04:22:06 +0000] "GET /about.html HTTP/1.1" 200 88569 "-" "Mozilla/5.0 (compatible; bingbot/2.0; +http://www.bing.com/bingbot.htm)"
122.96.81.102 - - [01/Feb/2026:04:23:34 +0000] "GET /style.css HTTP/1.1" 404 371 "-" "Mozilla/5.0 (compatible; Googlebot/2.1; +http://www.google.com/bot.html)"
99.170.62.78 - - [01/Feb/2026:04:25:25 +0000] "GET /banner.jpg HTTP/1.1" 200 84196 "-" "Mozilla/5.0 (compatible; Amazonbot/0.1; +https://developer.amazon.com/support/amazonbot)"
99.170.62.78 - - [01/Feb/2026:04:29:20 +0000] "GET /logo.png HTTP/1.1" 200 6728 "-" "Mozilla/5.0 (compatible; bingbot/2.0; +http://www.bing.com/bingbot.htm)"
60.241.196.176 - - [01/Feb/2026:04:29:32 +0000] "GET /banner.jpg HTTP/1.1" 200 782 "-" "Mozilla/5.0 (compatible; Googlebot/2.1; +http://www.google.com/bot.html)"
171.133.45.213 - - [01/Feb/2026:04:29:56 +0000] "GET /about.html HTTP/1.1" 200 6497 "-" "Mozilla/5.0 AppleWebKit/537.36 (compatible; GPTBot/1.3; +https://openai.com/gptbot)"
188.194.31.5 - - [01/Feb/2026:04:31:22 +0000] "GET /style.css HTTP/1.1" 200 80718 "-" "Mozilla/5.0 (compatible; Googlebot/2.1; +http://www.google.com/bot.html)"
203.225.0.215 - - [01/Feb/2026:04:34:04 +0000] "GET / HTTP/1.1" 200 43905 "-" "Mozilla/5.0 (compatible; Amazonbot/0.1; +https://developer.amazon.com/support/amazonbot)"
82.35.167.49 - - [01/Feb/2026:04:34:06 +0000] "GET /app.js HTTP/1.1" 403 380 "-" "ClaudeBot/1.0 (+https://www.anthropic.com/claudebot)"
99.132.12.102 - - [01/Feb/2026:04:42:23 +0000] "GET /about.html HTTP/1.1" 200 106501 "-" "Mozilla/5.0 (compatible; Googlebot/2.1; +http://www.google.com/bot.html)"
188.194.31.5 - - [01/Feb/2026:04:45:41 +0000] "GET /config HTTP/1.1" 200 2693 "-" "Mozilla/5.0 AppleWebKit/537.36 (compatible; GPTBot/1.3; +https://openai.com/gptbot)"
171.133.45.213 - - [01/Feb/2026:04:45:46 +0000] "GET /feed.xml HTTP/1.1" 200 13379 "-" "Mozilla/5.0 (compatible; Amazonbot/0.1; +https://developer.amazon.com/support/amazonbot)"
82.35.167.49 - - [01/Feb/2026:04:46:06 +0000] "GET /banner.jpg HTTP/1.1" 200 128588 "-" "Mozilla/5.0 AppleWebKit/537.36 (compatible; GPTBot/1.3; +https://openai.com/gptbot)"
149.37.222.138 - - [01/Feb/2026:04:46:06 +0000] "GET /index.html HTTP/1.1" 403 27 "-" "Mozilla/5.0 AppleWebKit/537.36 (compatible; GPTBot/1.3; +https://openai.com/gptbot)"
82.35.167.49 - - [01/Feb/2026:04:47:27 +0000] "GET /logo.png HTTP/1.1" 200 147579 "-" "ClaudeBot/1.0 (+https://www.anthropic.com/claudebot)"
71.138.7.233 - - [01/Feb/2026:04:48:28 +0000] "GET / HTTP/1.1" 304 115 "-" "Mozilla/5.0 (compatible; bingbot/2.0; +http://www.bing.com/bingbot.htm)"
149.37.222.138 - - [01/Feb/2026:04:53:40 +0000] "GET /app.js HTTP/1.1" 200 83336 "-" "Mozilla/5.0 (compatible; Amazonbot/0.1; +https://developer.amazon.com/support/amazonbot)"
60.241.196.176 - - [01/Feb/2026:05:04:01 +0000] "GET /logo.png HTTP/1.1" 200 77864 "-" "ClaudeBot/1.0 (+https://www.anthropic.com/claudebot)"
122.96.81.102 - - [01/Feb/2026:05:06:37 +0000] "GET / HTTP/1.1" 200 93246 "-" "ClaudeBot/1.0 (+https://www.anthropic.com/claudebot)"
122.96.81.102 - - [01/Feb/2026:05:08:47 +0000] "GET /feed.xml HTTP/1.1" 200 80054 "-" "Mozilla/5.0 (compatible; bingbot/2.0; +http://www.bing.com/bingbot.htm)"
99.170.62.78 - - [01/Feb/2026:05:13:32 +0000] "GET / HTTP/1.1" 404 28 "-" "Mozilla/5.0 AppleWebKit/537.36 (compatible; GPTBot/1.3; +https://openai.com/gptbot)"
60.241.196.176 - - [01/Feb/2026:05:16:23 +0000] "GET /readme.txt HTTP/1.1" 200 148607 "-" "ClaudeBot/1.0 (+https://www.anthropic.com/claudebot)"
99.132.12.102 - - [01/Feb/2026:05:19:02 +0000] "GET /about.html HTTP/1.1" 200 135006 "-" "Mozilla/5.0 (compatible; bingbot/2.0; +http://www.bing.com/bingbot.htm)"
149.37.222.138 - - [01/Feb/2026:05:19:16 +0000] "GET /data.json HTTP/1.1" 200 83816 "-" "Mozilla/5.0 AppleWebKit/537.36 (compatible; GPTBot/1.3; +https://openai.com/gptbot)"
141.57.250.8 - - [01/Feb/2026:05:24:20 +0000] "GET /sitemap.xml HTTP/1.1" 404 255 "-" "Mozilla/5.0 (compatible; Amazonbot/0.1; +https://developer.amazon.com/support/amazonbot)"
82.35.167.49 - - [01/Feb/2026:05:28:52 +0000] "GET /readme.txt HTTP/1.1" 200 45033 "-" "Mozilla/5.0 AppleWebKit/537.36 (compatible; GPTBot/1.3; +https://openai.com/gptbot)"
99.150.211.250 - - [01/Feb/2026:05:30:14 +0000] "GET /about.html HTTP/1.1" 200 106058 "-" "Mozilla/5.0 (compatible; Googlebot/2.1; +http://www.google.com/bot.html)"
141.57.250.8 - - [01/Feb/2026:05:31:15 +0000] "GET /style.css HTTP/1.1" 304 75 "-" "Mozilla/5.0 (compatible; Googlebot/2.1; +http://www.google.com/bot.html)"
141.57.250.8 - - [01/Feb/2026:05:31:36 +0000] "GET /data.json HTTP/1.1" 301 172 "-" "ClaudeBot/1.0 (+https://www.anthropic.com/claudebot)"
141.57.250.8 - - [01/Feb/2026:05:34:24 +0000] "GET /config HTTP/1.1" 200 69811 "-" "ClaudeBot/1.0 (+https://www.anthropic.com/claudebot)"
149.37.222.138 - - [01/Feb/2026:05:36:19 +0000] "GET /config HTTP/1.1" 200 97954 "-" "Mozilla/5.0 AppleWebKit/537.36 (compatible; GPTBot/1.3; +https://openai.com/gptbot)"
149.37.222.138 - - [01/Feb/2026:05:40:45 +0000] "GET /logo.png HTTP/1.1" 200 53272 "-" "Mozilla/5.0 (compatible; bingbot/2.0; +http://www.bing.com/bingbot.htm)"
171.133.45.213 - - [01/Feb/2026:05:42:38 +0000] "GET /style.css HTTP/1.1" 404 68 "-" "Mozilla/5.0 (compatible; Amazonbot/0.1; +https://developer.amazon.com/support/amazonbot)"
99.170.62.78 - - [01/Feb/2026:05:45:11 +0000] "GET /style.css HTTP/1.1" 404 368 "-" "Mozilla/5.0 (compatible; Amazonbot/0.1; +https://developer.amazon.com/support/amazonbot)"
60.241.196.176 - - [01/Feb/2026:05:55:56 +0000] "GET /style.css HTTP/1.1" 304 374 "-" "Mozilla/5.0 (compatible; bingbot/2.0; +http://www.bing.com/bingbot.htm)"
60.241.196.176 - - [01/Feb/2026:06:00:02 +0000] "GET / HTTP/1.1" 404 278 "-" "Mozilla/5.0 AppleWebKit/537.36 (compatible; GPTBot/1.3; +https://openai.com/gptbot)"
122.96.81.102 - - [01/Feb/2026:06:03:25 +0000] "GET /feed.xml HTTP/1.1" 200 93135 "-" "Mozilla/5.0 AppleWebKit/537.36 (compatible; GPTBot/1.3; +https://openai.com/gptbot)"
99.150.211.250 - - [01/Feb/2026:06:05:43 +0000] "GET /logo.png HTTP/1.1" 404 3 "-" "Mozilla/5.0 (compatible; Googlebot/2.1; +http://www.google.com/bot.html)"
99.132.12.102 - - [01/Feb/2026:06:08:30 +0000] "GET /app.js HTTP/1.1" 200 105759 "-" "Mozilla/5.0 AppleWebKit/537.36 (compatible; GPTBot/1.3; +https://openai.com/gptbot)"
99.132.12.102 - - [01/Feb/2026:06:10:17 +0000] "GET / HTTP/1.1" 404 458 "-" "ClaudeBot/1.0 (+https://www.anthropic.com/claudebot)"
82.35.167.49 - - [01/Feb/2026:06:12:31 +0000] "GET / HTTP/1.1" 200 45255 "-" "ClaudeBot/1.0 (+https://www.anthropic.com/claudebot)"
60.241.196.176 - - [01/Feb/2026:06:12:54 +0000] "GET /banner.jpg HTTP/1.1" 200 141127 "-" "ClaudeBot/1.0 (+https://www.anthropic.com/claudebot)"
203.225.0.215 - - [01/Feb/2026:06:18:56 +0000] "GET /data.json HTTP/1.1" 200 131883 "-" "Mozilla/5.0 (compatible; Amazonbot/0.1; +https://developer.amazon.com/support/amazonbot)"
149.37.222.138 - - [01/Feb/2026:06:19:28 +0000] "GET /config HTTP/1.1" 200 1093 "-" "Mozilla/5.0 (compatible; Amazonbot/0.1; +https://developer.amazon.com/support/amazonbot)"
99.132.12.102 - - [01/Feb/2026:06:20:35 +0000] "GET /style.css HTTP/1.1" 200 145983 "-" "ClaudeBot/1.0 (+https://www.anthropic.com/claudebot)"
99.132.12.102 - - [01/Feb/2026:06:20:36 +0000] "GET /data.json HTTP/1.1" 200 75572 "-" "Mozilla/5.0 (compatible; bingbot/2.0; +http://www.bing.com/bingbot.htm)"
149.37.222.138 - - [01/Feb/2026:06:21:21 +0000] "GET / HTTP/1.1" 200 138120 "-" "Mozilla/5.0 (compatible; bingbot/2.0; +http://www.bing.com/bingbot.htm)"
171.133.45.213 - - [01/Feb/2026:06:22:26 +0000] "GET /data.json HTTP/1.1" 200 116554 "-" "Mozilla/5.0 AppleWebKit/537.36 (compatible; GPTBot/1.3; +https://openai.com/gptbot)"
188.194.31.5 - - [01/Feb/2026:06:24:32 +0000] "GET /logo.png HTTP/1.1" 404 458 "-" "Mozilla/5.0 (compatible; bingbot/2.0; +http://www.bing.com/bingbot.htm)"
82.35.167.49 - - [01/Feb/2026:06:36:48 +0000] "GET /logo.png HTTP/1.1" 200 71604 "-" "Mozilla/5.0 (compatible; bingbot/2.0; +http://www.bing.com/bingbot.htm)"
171.133.45.213 - - [01/Feb/2026:06:39:21 +0000] "GET /data.json HTTP/1.1" 200 98424 "-" "Mozilla/5.0 (compatible; bingbot/2.0; +http://www.bing.com/bingbot.htm)"
99.150.211.250 - - [01/Feb/2026:06:42:18 +0000] "GET /logo.png HTTP/1.1" 304 181 "-" "Mozilla/5.0 AppleWebKit/537.36 (compatible; GPTBot/1.3; +https://openai.com/gptbot)"
188.194.31.5 - - [01/Feb/2026:06:49:01 +0000] "GET /readme.txt HTTP/1.1" 304 138 "-" "ClaudeBot/1.0 (+https://www.anthropic.com/claudebot)"
203.225.0.215 - - [01/Feb/2026:06:54:05 +0000] "GET /about.html HTTP/1.1" 301 430 "-" "Mozilla/5.0 AppleWebKit/537.36 (compatible; GPTBot/1.3; +https://openai.com/gptbot)"
141.57.250.8 - - [01/Feb/2026:06:55:12 +0000] "GET /about.html HTTP/1.1" 200 111183 "-" "Mozilla/5.0 AppleWebKit/537.36 (compatible; GPTBot/1.3; +https://openai.com/gptbot)"
171.133.45.213 - - [01/Feb/2026:06:58:36 +0000] "GET /readme.txt HTTP/1.1" 200 86449 "-" "ClaudeBot/1.0 (+https://www.anthropic.com/claudebot)"
60.241.196.176 - - [01/Feb/2026:06:59:03 +0000] "GET /banner.jpg HTTP/1.1" 200 132854 "-" "Mozilla/5.0 (compatible; Amazonbot/0.1; +https://developer.amazon.com/support/amazonbot)"
171.133.45.213 - - [01/Feb/2026:06:59:31 +0000] "GET /app.js HTTP/1.1" 200 116043 "-" "Mozilla/5.0 (compatible; Amazonbot/0.1; +https://developer.amazon.com/support/amazonbot)"
141.57.250.8 - - [01/Feb/2026:06:59:56 +0000] "GET /feed.xml HTTP/1.1" 200 129518 "-" "Mozilla/5.0 AppleWebKit/537.36 (compatible; GPTBot/1.3; +https://openai.com/gptbot)"
60.241.196.176 - - [01/Feb/2026:07:01:57 +0000] "GET /feed.xml HTTP/1.1" 200 4164 "-" "ClaudeBot/1.0 (+https://www.anthropic.com/claudebot)"
141.57.250.8 - - [01/Feb/2026:07:03:06 +0000] "GET /index.html HTTP/1.1" 403 451 "-" "ClaudeBot/1.0 (+https://www.anthropic.com/claudebot)"
82.35.167.49 - - [01/Feb/2026:07:04:31 +0000] "GET /banner.jpg HTTP/1.1" 200 118300 "-" "Mozilla/5.0 (compatible; bingbot/2.0; +http://www.bing.com/bingbot.htm)"
99.150.211.250 - - [01/Feb/2026:07:05:17 +0000] "GET /logo.png HTTP/1.1" 200 91499 "-" "Mozilla/5.0 (compatible; Amazonbot/0.1; +https://developer.amazon.com/support/amazonbot)"
99.132.12.102 - - [01/Feb/2026:07:05:24 +0000] "GET /about.html HTTP/1.1" 404 154 "-" "Mozilla/5.0 AppleWebKit/537.36 (compatible; GPTBot/1.3; +https://openai.com/gptbot)"
71.138.7.233 - - [01/Feb/2026:07:08:31 +0000] "GET /style.css HTTP/1.1" 200 10853 "-" "Mozilla/5.0 AppleWebKit/537.36 (compatible; GPTBot/1.3; +https://openai.com/gptbot)"
141.57.250.8 - - [01/Feb/2026:07:12:02 +0000] "GET /logo.png HTTP/1.1" 200 122017 "-" "Mozilla/5.0 (compatible; Googlebot/2.1; +http://www.google.com/bot.html)"
99.170.62.78 - - [01/Feb/2026:07:16:57 +0000] "GET /app.js HTTP/1.1" 200 108097 "-" "Mozilla/5.0 (compatible; Googlebot/2.1; +http://www.google.com/bot.html)"
171.133.45.213 - - [01/Feb/2026:07:22:43 +0000] "GET /data.json HTTP/1.1" 404 408 "-" "Mozilla/5.0 AppleWebKit/537.36 (compatible; GPTBot/1.3; +https://openai.com/gptbot)"
60.241.196.176 - - [01/Feb/2026:07:23:30 +0000] "GET /feed.xml HTTP/1.1" 200 8011 "-" "Mozilla/5.0 (compatible; Amazonbot/0.1; +https://developer.amazon.com/support/amazonbot)"
171.133.45.213 - - [01/Feb/2026:07:25:00 +0000] "GET /index.html HTTP/1.1" 200 144698 "-" "ClaudeBot/1.0 (+https://www.anthropic.com/claudebot)"
203.225.0.215 - - [01/Feb/2026:07:25:43 +0000] "GET /feed.xml HTTP/1.1" 302 166 "-" "Mozilla/5.0 AppleWebKit/537.36 (compatible; GPTBot/1.3; +https://openai.com/gptbot)"
99.170.62.78 - - [01/Feb/2026:07:28:21 +0000] "GET /app.js HTTP/1.1" 200 133668 "-" "ClaudeBot/1.0 (+https://www.anthropic.com/claudebot)"
99.132.12.102 - - [01/Feb/2026:07:30:54 +0000] "GET /index.html HTTP/1.1" 200 19006 "-" "Mozilla/5.0 (compatible; Googlebot/2.1; +http://www.google.com/bot.html)"
171.133.45.213 - - [01/Feb/2026:07:31:35 +0000] "GET /logo.png HTTP/1.1" 403 396 "-" "Mozilla/5.0 (compatible; Googlebot/2.1; +http://www.google.com/bot.html)"
149.37.222.138 - - [01/Feb/2026:07:35:09 +0000] "GET /about.html HTTP/1.1" 200 35563 "-" "Mozilla/5.0 (compatible; Amazonbot/0.1; +https://developer.amazon.com/support/amazonbot)"
203.225.0.215 - - [01/Feb/2026:07:38:34 +0000] "GET /logo.png HTTP/1.1" 200 132579 "-" "ClaudeBot/1.0 (+https://www.anthropic.com/claudebot)"
203.225.0.215 - - [01/Feb/2026:07:40:44 +0000] "GET /readme.txt HTTP/1.1" 403 328 "-" "Mozilla/5.0 (compatible; Amazonbot/0.1; +https://developer.amazon.com/support/amazonbot)"
71.138.7.233 - - [01/Feb/2026:07:48:06 +0000] "GET /data.json HTTP/1.1" 200 130326 "-" "Mozilla/5.0 AppleWebKit/537.36 (compatible; GPTBot/1.3; +https://openai.com/gptbot)"
60.241.196.176 - - [01/Feb/2026:07:49:01 +0000] "GET / HTTP/1.1" 200 46269 "-" "Mozilla/5.0 AppleWebKit/537.36 (compatible; GPTBot/1.3; +https://openai.com/gptbot)"
188.194.31.5 - - [01/Feb/2026:07:52:09 +0000] "GET /logo.png HTTP/1.1" 304 440 "-" "Mozilla/5.0 (compatible; bingbot/2.0; +http://www.bing.com/bingbot.htm)"
99.150.211.250 - - [01/Feb/2026:07:53:41 +0000] "GET /style.css HTTP/1.1" 200 76734 "-" "Mozilla/5.0 (compatible; bingbot/2.0; +http://www.bing.com/bingbot.htm)"
203.225.0.215 - - [01/Feb/2026:07:57:58 +0000] "GET /about.html HTTP/1.1" 200 38534 "-" "ClaudeBot/1.0 (+https://www.anthropic.com/claudebot)"
149.37.222.138 - - [01/Feb/2026:07:59:14 +0000] "GET /readme.txt HTTP/1.1" 304 4 "-" "Mozilla/5.0 (compatible; Amazonbot/0.1; +https://developer.amazon.com/support/amazonbot)"
149.37.222.138 - - [01/Feb/2026:08:01:53 +0000] "GET /feed.xml HTTP/1.1" 301 368 "-" "Mozilla/5.0 (compatible; Googlebot/2.1; +http://www.google.com/bot.html)"
60.241.196.176 - - [01/Feb/2026:08:03:36 +0000] "GET /app.js HTTP/1.1" 200 88860 "-" "Mozilla/5.0 (compatible; bingbot/2.0; +http://www.bing.com/bingbot.htm)"
60.241.196.176 - - [01/Feb/2026:08:06:18 +0000] "GET /readme.txt HTTP/1.1" 200 2650 "-" "Mozilla/5.0 (compatible; Googlebot/2.1; +http://www.google.com/bot.html)"
188.194.31.5 - - [01/Feb/2026:08:10:58 +0000] "GET /style.css HTTP/1.1" 200 72899 "-" "Mozilla/5.0 (compatible; bingbot/2.0; +http://www.bing.com/bingbot.htm)"
60.241.196.176 - - [01/Feb/2026:08:13:40 +0000] "GET /sitemap.xml HTTP/1.1" 200 34796 "-" "Mozilla/5.0 (compatible; Amazonbot/0.1; +https://developer.amazon.com/support/amazonbot)"
99.150.211.250 - - [01/Feb/2026:08:18:09 +0000] "GET /index.html HTTP/1.1" 200 12755 "-" "Mozilla/5.0 (compatible; Amazonbot/0.1; +https://developer.amazon.com/support/amazonbot)"
99.150.211.250 - - [01/Feb/2026:08:20:02 +0000] "GET /logo.png HTTP/1.1" 304 47 "-" "Mozilla/5.0 (compatible; bingbot/2.0; +http://www.bing.com/bingbot.htm)"
171.133.45.213 - - [01/Feb/2026:08:24:17 +0000] "GET /logo.png HTTP/1.1" 200 101199 "-" "Mozilla/5.0 (compatible; Amazonbot/0.1; +https://developer.amazon.com/support/amazonbot)"
203.225.0.215 - - [01/Feb/2026:08:24:54 +0000] "GET /style.css HTTP/1.1" 200 50598 "-" "Mozilla/5.0 (compatible; Amazonbot/0.1; +https://developer.amazon.com/support/amazonbot)"
171.133.45.213 - - [01/Feb/2026:08:31:07 +0000] "GET / HTTP/1.1" 200 23884 "-" "Mozilla/5.0 (compatible; Amazonbot/0.1; +https://developer.amazon.com/support/amazonbot)"
122.96.81.102 - - [01/Feb/2026:08:36:52 +0000] "GET /config HTTP/1.1" 200 29179 "-" "Mozilla/5.0 AppleWebKit/537.36 (compatible; GPTBot/1.3; +https://openai.com/gptbot)"
141.57.250.8 - - [01/Feb/2026:08:39:19 +0000] "GET /config HTTP/1.1" 200 74673 "-" "Mozilla/5.0 (compatible; Amazonbot/0.1; +https://developer.amazon.com/support/amazonbot)"
99.170.62.78 - - [01/Feb/2026:08:53:46 +0000] "GET /config HTTP/1.1" 200 142889 "-" "Mozilla/5.0 (compatible; bingbot/2.0; +http://www.bing.com/bingbot.htm)"
149.37.222.138 - - [01/Feb/2026:08:59:59 +0000] "GET / HTTP/1.1" 200 67538 "-" "Mozilla/5.0 (compatible; Amazonbot/0.1; +https://developer.amazon.com/support/amazonbot)"
71.138.7.233 - - [01/Feb/2026:09:01:30 +0000] "GET /index.html HTTP/1.1" 200 6602 "-" "Mozilla/5.0 (compatible; bingbot/2.0; +http://www.bing.com/bingbot.htm)"
99.170.62.78 - - [01/Feb/2026:09:02:02 +0000] "GET /style.css HTTP/1.1" 200 67787 "-" "ClaudeBot/1.0 (+https://www.anthropic.com/claudebot)"
99.150.211.250 - - [01/Feb/2026:09:05:45 +0000] "GET /index.html HTTP/1.1" 200 33793 "-" "Mozilla/5.0 (compatible; Googlebot/2.1; +http://www.google.com/bot.html)"
141.57.250.8 - - [01/Feb/2026:09:05:59 +0000] "GET /feed.xml HTTP/1.1" 200 130541 "-" "Mozilla/5.0 AppleWebKit/537.36 (compatible; GPTBot/1.3; +https://openai.com/gptbot)"
82.35.167.49 - - [01/Feb/2026:09:06:21 +0000] "GET /index.html HTTP/1.1" 404 271 "-" "ClaudeBot/1.0 (+https://www.anthropic.com/claudebot)"
99.132.12.102 - - [01/Feb/2026:09:07:43 +0000] "GET /sitemap.xml HTTP/1.1" 404 179 "-" "Mozilla/5.0 AppleWebKit/537.36 (compatible; GPTBot/1.3; +https://openai.com/gptbot)"
149.37.222.138 - - [01/Feb/2026:09:09:03 +0000] "GET /app.js HTTP/1.1" 200 98273 "-" "Mozilla/5.0 AppleWebKit/537.36 (compatible; GPTBot/1.3; +https://openai.com/gptbot)"
188.194.31.5 - - [01/Feb/2026:09:12:54 +0000] "GET /data.json HTTP/1.1" 200 58989 "-" "Mozilla/5.0 (compatible; bingbot/2.0; +http://www.bing.com/bingbot.htm)"
99.170.62.78 - - [01/Feb/2026:09:16:48 +0000] "GET /sitemap.xml HTTP/1.1" 200 8343 "-" "Mozilla/5.0 (compatible; Googlebot/2.1; +http://www.google.com/bot.html)"
71.138.7.233 - - [01/Feb/2026:09:23:39 +0000] "GET /logo.png HTTP/1.1" 200 89903 "-" "Mozilla/5.0 AppleWebKit/537.36 (compatible; GPTBot/1.3; +https://openai.com/gptbot)"
60.241.196.176 - - [01/Feb/2026:09:26:52 +0000] "GET /banner.jpg HTTP/1.1" 200 124685 "-" "Mozilla/5.0 (compatible; Amazonbot/0.1; +https://developer.amazon.com/support/amazonbot)"
99.170.62.78 - - [01/Feb/2026:09:31:46 +0000] "GET /app.js HTTP/1.1" 200 2159 "-" "Mozilla/5.0 (compatible; bingbot/2.0; +http://www.bing.com/bingbot.htm)"
71.138.7.233 - - [01/Feb/2026:09:35:05 +0000] "GET /index.html HTTP/1.1" 200 93322 "-" "Mozilla/5.0 (compatible; bingbot/2.0; +http://www.bing.com/bingbot.htm)"
149.37.222.138 - - [01/Feb/2026:09:36:48 +0000] "GET /style.css HTTP/1.1" 200 101836 "-" "ClaudeBot/1.0 (+https://www.anthropic.com/claudebot)"
60.241.196.176 - - [01/Feb/2026:09:38:21 +0000] "GET /banner.jpg HTTP/1.1" 304 244 "-" "Mozilla/5.0 (compatible; Amazonbot/0.1; +https://developer.amazon.com/support/amazonbot)"
141.57.250.8 - - [01/Feb/2026:09:38:54 +0000] "GET /logo.png HTTP/1.1" 200 114730 "-" "ClaudeBot/1.0 (+https://www.anthropic.com/claudebot)"
71.138.7.233 - - [01/Feb/2026:09:39:42 +0000] "GET /data.json HTTP/1.1" 200 112791 "-" "Mozilla/5.0 AppleWebKit/537.36 (compatible; GPTBot/1.3; +https://openai.com/gptbot)"
60.241.196.176 - - [01/Feb/2026:09:42:27 +0000] "GET / HTTP/1.1" 200 75042 "-" "Mozilla/5.0 (compatible; Amazonbot/0.1; +https://developer.amazon.com/support/amazonbot)"
99.150.211.250 - - [01/Feb/2026:09:49:16 +0000] "GET /feed.xml HTTP/1.1" 200 36196 "-" "Mozilla/5.0 (compatible; Amazonbot/0.1; +https://developer.amazon.com/support/amazonbot)"
60.241.196.176 - - [01/Feb/2026:10:08:13 +0000] "GET /logo.png HTTP/1.1" 200 146014 "-" "Mozilla/5.0 (compatible; Amazonbot/0.1; +https://developer.amazon.com/support/amazonbot)"
141.57.250.8 - - [01/Feb/2026:10:08:53 +0000] "GET /banner.jpg HTTP/1.1" 200 41837 "-" "Mozilla/5.0 (compatible; Amazonbot/0.1; +https://developer.amazon.com/support/amazonbot)"
141.57.250.8 - - [01/Feb/2026:10:09:18 +0000] "GET /index.html HTTP/1.1" 200 683 "-" "Mozilla/5.0 AppleWebKit/537.36 (compatible; GPTBot/1.3; +https://openai.com/gptbot)"
149.37.222.138 - - [01/Feb/2026:10:10:38 +0000] "GET /style.css HTTP/1.1" 200 35470 "-" "Mozilla/5.0 (compatible; Googlebot/2.1; +http://www.google.com/bot.html)"
99.170.62.78 - - [01/Feb/2026:10:13:46 +0000] "GET /style.css HTTP/1.1" 304 313 "-" "Mozilla/5.0 AppleWebKit/537.36 (compatible; GPTBot/1.3; +https://openai.com/gptbot)"
203.225.0.215 - - [01/Feb/2026:10:17:37 +0000] "GET /readme.txt HTTP/1.1" 304 250 "-" "Mozilla/5.0 (compatible; Amazonbot/0.1; +https://developer.amazon.com/support/amazonbot)"
99.150.211.250 - - [01/Feb/2026:10:18:09 +0000] "GET /style.css HTTP/1.1" 200 134388 "-" "Mozilla/5.0 (compatible; Googlebot/2.1; +http://www.google.com/bot.html)"
99.170.62.78 - - [01/Feb/2026:10:21:31 +0000] "GET /data.json HTTP/1.1" 200 130015 "-" "Mozilla/5.0 (compatible; bingbot/2.0; +http://www.bing.com/bingbot.htm)"
99.150.211.250 - - [01/Feb/2026:10:25:55 +0000] "GET /style.css HTTP/1.1" 200 7470 "-" "ClaudeBot/1.0 (+https://www.anthropic.com/claudebot)"
60.241.196.176 - - [01/Feb/2026:10:28:16 +0000] "GET /config HTTP/1.1" 200 115503 "-" "ClaudeBot/1.0 (+https://www.anthropic.com/claudebot)"
82.35.167.49 - - [01/Feb/2026:10:28:53 +0000] "GET /feed.xml HTTP/1.1" 200 128702 "-" "Mozilla/5.0 (compatible; Amazonbot/0.1; +https://developer.amazon.com/support/amazonbot)"
99.150.211.250 - - [01/Feb/2026:10:29:09 +0000] "GET /app.js HTTP/1.1" 200 16181 "-" "Mozilla/5.0 (compatible; bingbot/2.0; +http://www.bing.com/bingbot.htm)"
149.37.222.138 - - [01/Feb/2026:10:30:58 +0000] "GET /feed.xml HTTP/1.1" 301 210 "-" "Mozilla/5.0 AppleWebKit/537.36 (compatible; GPTBot/1.3; +https://openai.com/gptbot)"
188.194.31.5 - - [01/Feb/2026:10:32:00 +0000] "GET /banner.jpg HTTP/1.1" 304 326 "-" "ClaudeBot/1.0 (+https://www.anthropic.com/claudebot)"
149.37.222.138 - - [01/Feb/2026:10:35:23 +0000] "GET /sitemap.xml HTTP/1.1" 404 300 "-" "ClaudeBot/1.0 (+https://www.anthropic.com/claudebot)"
141.57.250.8 - - [01/Feb/2026:10:45:58 +0000] "GET /feed.xml HTTP/1.1" 403 164 "-" "ClaudeBot/1.0 (+https://www.anthropic.com/claudebot)"
141.57.250.8 - - [01/Feb/2026:10:46:46 +0000] "GET /logo.png HTTP/1.1" 200 56425 "-" "Mozilla/5.0 (compatible; bingbot/2.0; +http://www.bing.com/bingbot.htm)"
60.241.196.176 - - [01/Feb/2026:10:51:35 +0000] "GET /style.css HTTP/1.1" 200 28440 "-" "Mozilla/5.0 (compatible; Googlebot/2.1; +http://www.google.com/bot.html)"
203.225.0.215 - - [01/Feb/2026:10:52:04 +0000] "GET /app.js HTTP/1.1" 200 59876 "-" "ClaudeBot/1.0 (+https://www.anthropic.com/claudebot)"
149.37.222.138 - - [01/Feb/2026:10:56:51 +0000] "GET /app.js HTTP/1.1" 200 69271 "-" "Mozilla/5.0 (compatible; Amazonbot/0.1; +https://developer.amazon.com/support/amazonbot)"
188.194.31.5 - - [01/Feb/2026:10:59:36 +0000] "GET /sitemap.xml HTTP/1.1" 200 36183 "-" "Mozilla/5.0 (compatible; bingbot/2.0; +http://www.bing.com/bingbot.htm)"
99.170.62.78 - - [01/Feb/2026:11:00:17 +0000] "GET /banner.jpg HTTP/1.1" 200 29726 "-" "Mozilla/5.0 (compatible; bingbot/2.0; +http://www.bing.com/bingbot.htm)"
60.241.196.176 - - [01/Feb/2026:11:02:47 +0000] "GET /sitemap.xml HTTP/1.1" 404 17 "-" "Mozilla/5.0 (compatible; Googlebot/2.1; +http://www.google.com/bot.html)"
141.57.250.8 - - [01/Feb/2026:11:03:14 +0000] "GET /style.css HTTP/1.1" 200 83434 "-" "Mozilla/5.0 (compatible; bingbot/2.0; +http://www.bing.com/bingbot.htm)"
60.241.196.176 - - [01/Feb/2026:11:04:35 +0000] "GET /app.js HTTP/1.1" 200 83398 "-" "Mozilla/5.0 (compatible; Amazonbot/0.1; +https://developer.amazon.com/support/amazonbot)"
82.35.167.49 - - [01/Feb/2026:11:05:00 +0000] "GET /about.html HTTP/1.1" 404 347 "-" "Mozilla/5.0 (compatible; bingbot/2.0; +http://www.bing.com/bingbot.htm)"
71.138.7.233 - - [01/Feb/2026:11:11:26 +0000] "GET /data.json HTTP/1.1" 200 64403 "-" "ClaudeBot/1.0 (+https://www.anthropic.com/claudebot)"
82.35.167.49 - - [01/Feb/2026:11:12:04 +0000] "GET /sitemap.xml HTTP/1.1" 200 3022 "-" "ClaudeBot/1.0 (+https://www.anthropic.com/claudebot)"
122.96.81.102 - - [01/Feb/2026:11:12:16 +0000] "GET /feed.xml HTTP/1.1" 200 133563 "-" "Mozilla/5.0 (compatible; Amazonbot/0.1; +https://developer.amazon.com/support/amazonbot)"
99.170.62.78 - - [01/Feb/2026:11:12:58 +0000] "GET / HTTP/1.1" 200 21947 "-" "Mozilla/5.0 AppleWebKit/537.36 (compatible; GPTBot/1.3; +https://openai.com/gptbot)"
122.96.81.102 - - [01/Feb/2026:11:15:42 +0000] "GET /index.html HTTP/1.1" 200 56150 "-" "Mozilla/5.0 (compatible; Amazonbot/0.1; +https://developer.amazon.com/support/amazonbot)"
188.194.31.5 - - [01/Feb/2026:11:16:03 +0000] "GET /data.json HTTP/1.1" 403 471 "-" "Mozilla/5.0 (compatible; Amazonbot/0.1; +https://developer.amazon.com/support/amazonbot)"
203.225.0.215 - - [01/Feb/2026:11:23:09 +0000] "GET /config HTTP/1.1" 200 87725 "-" "Mozilla/5.0 (compatible; Amazonbot/0.1; +https://developer.amazon.com/support/amazonbot)"
203.225.0.215 - - [01/Feb/2026:11:23:25 +0000] "GET /style.css HTTP/1.1" 200 84909 "-" "Mozilla/5.0 AppleWebKit/537.36 (compatible; GPTBot/1.3; +https://openai.com/gptbot)"
203.225.0.215 - - [01/Feb/2026:11:24:38 +0000] "GET /style.css HTTP/1.1" 200 59489 "-" "Mozilla/5.0 AppleWebKit/537.36 (compatible; GPTBot/1.3; +https://openai.com/gptbot)"
99.132.12.102 - - [01/Feb/2026:11:25:40 +0000] "GET /config HTTP/1.1" 200 137469 "-" "Mozilla/5.0 (compatible; Googlebot/2.1; +http://www.google.com/bot.html)"
99.170.62.78 - - [01/Feb/2026:11:31:02 +0000] "GET /sitemap.xml HTTP/1.1" 200 125897 "-" "Mozilla/5.0 (compatible; Amazonbot/0.1; +https://developer.amazon.com/support/amazonbot)"
99.170.62.78 - - [01/Feb/2026:11:31:37 +0000] "GET /feed.xml HTTP/1.1" 404 283 "-" "ClaudeBot/1.0 (+https://www.anthropic.com/claudebot)"
99.170.62.78 - - [01/Feb/2026:11:31:54 +0000] "GET /index.html HTTP/1.1" 301 37 "-" "Mozilla/5.0 (compatible; Amazonbot/0.1; +https://developer.amazon.com/support/amazonbot)"
188.194.31.5 - - [01/Feb/2026:11:33:36 +0000] "GET / HTTP/1.1" 200 111104 "-" "ClaudeBot/1.0 (+https://www.anthropic.com/claudebot)"
60.241.196.176 - - [01/Feb/2026:11:35:09 +0000] "GET /data.json HTTP/1.1" 200 65843 "-" "Mozilla/5.0 (compatible; Googlebot/2.1; +http://www.google.com/bot.html)"
171.133.45.213 - - [01/Feb/2026:11:36:49 +0000] "GET /sitemap.xml HTTP/1.1" 304 473 "-" "Mozilla/5.0 (compatible; bingbot/2.0; +http://www.bing.com/bingbot.htm)"
188.194.31.5 - - [01/Feb/2026:11:38:02 +0000] "GET /index.html HTTP/1.1" 200 131220 "-" "Mozilla/5.0 (compatible; bingbot/2.0; +http://www.bing.com/bingbot.htm)"
99.150.211.250 - - [01/Feb/2026:11:38:31 +0000] "GET /readme.txt HTTP/1.1" 200 129753 "-" "Mozilla/5.0 (compatible; Googlebot/2.1; +http://www.google.com/bot.html)"
60.241.196.176 - - [01/Feb/2026:11:40:23 +0000] "GET /feed.xml HTTP/1.1" 301 100 "-" "Mozilla/5.0 AppleWebKit/537.36 (compatible; GPTBot/1.3; +https://openai.com/gptbot)"
141.57.250.8 - - [01/Feb/2026:11:40:31 +0000] "GET /config HTTP/1.1" 200 70586 "-" "Mozilla/5.0 (compatible; bingbot/2.0; +http://www.bing.com/bingbot.htm)"
203.225.0.215 - - [01/Feb/2026:11:43:17 +0000] "GET /about.html HTTP/1.1" 200 112168 "-" "Mozilla/5.0 AppleWebKit/537.36 (compatible; GPTBot/1.3; +https://openai.com/gptbot)"
149.37.222.138 - - [01/Feb/2026:11:44:28 +0000] "GET /banner.jpg HTTP/1.1" 404 299 "-" "Mozilla/5.0 (compatible; bingbot/2.0; +http://www.bing.com/bingbot.htm)"
99.132.12.102 - - [01/Feb/2026:11:45:37 +0000] "GET /about.html HTTP/1.1" 200 75696 "-" "Mozilla/5.0 AppleWebKit/537.36 (compatible; GPTBot/1.3; +https://openai.com/gptbot)"
99.170.62.78 - - [01/Feb/2026:11:47:19 +0000] "GET / HTTP/1.1" 304 282 "-" "ClaudeBot/1.0 (+https://www.anthropic.com/claudebot)"
203.225.0.215 - - [01/Feb/2026:11:55:47 +0000] "GET /logo.png HTTP/1.1" 200 140165 "-" "Mozilla/5.0 (compatible; bingbot/2.0; +http://www.bing.com/bingbot.htm)"
71.138.7.233 - - [01/Feb/2026:11:57:39 +0000] "GET /sitemap.xml HTTP/1.1" 404 395 "-" "Mozilla/5.0 (compatible; Amazonbot/0.1; +https://developer.amazon.com/support/amazonbot)"
99.132.12.102 - - [01/Feb/2026:12:01:17 +0000] "GET /readme.txt HTTP/1.1" 304 104 "-" "Mozilla/5.0 (compatible; Googlebot/2.1; +http://www.google.com/bot.html)"
60.241.196.176 - - [01/Feb/2026:12:04:48 +0000] "GET /config HTTP/1.1" 200 26064 "-" "Mozilla/5.0 (compatible; Amazonbot/0.1; +https://developer.amazon.com/support/amazonbot)"
149.37.222.138 - - [01/Feb/2026:12:09:20 +0000] "GET /index.html HTTP/1.1" 200 75000 "-" "Mozilla/5.0 (compatible; Googlebot/2.1; +http://www.google.com/bot.html)"
82.35.167.49 - - [01/Feb/2026:12:16:19 +0000] "GET /config HTTP/1.1" 200 81479 "-" "Mozilla/5.0 (compatible; Amazonbot/0.1; +https://developer.amazon.com/support/amazonbot)"
188.194.31.5 - - [01/Feb/2026:12:19:06 +0000] "GET /feed.xml HTTP/1.1" 304 64 "-" "ClaudeBot/1.0 (+https://www.anthropic.com/claudebot)"
171.133.45.213 - - [01/Feb/2026:12:19:10 +0000] "GET / HTTP/1.1" 200 72847 "-" "Mozilla/5.0 (compatible; bingbot/2.0; +http://www.bing.com/bingbot.htm)"
203.225.0.215 - - [01/Feb/2026:12:20:28 +0000] "GET /banner.jpg HTTP/1.1" 304 125 "-" "Mozilla/5.0 (compatible; Amazonbot/0.1; +https://developer.amazon.com/support/amazonbot)"
82.35.167.49 - - [01/Feb/2026:12:24:11 +0000] "GET /app.js HTTP/1.1" 200 18509 "-" "ClaudeBot/1.0 (+https://www.anthropic.com/claudebot)"
60.241.196.176 - - [01/Feb/2026:12:30:53 +0000] "GET /config HTTP/1.1" 304 434 "-" "Mozilla/5.0 AppleWebKit/537.36 (compatible; GPTBot/1.3; +https://openai.com/gptbot)"
149.37.222.138 - - [01/Feb/2026:12:32:34 +0000] "GET /style.css HTTP/1.1" 302 350 "-" "Mozilla/5.0 (compatible; Googlebot/2.1; +http://www.google.com/bot.html)"
60.241.196.176 - - [01/Feb/2026:12:35:11 +0000] "GET /readme.txt HTTP/1.1" 200 98002 "-" "Mozilla/5.0 AppleWebKit/537.36 (compatible; GPTBot/1.3; +https://openai.com/gptbot)"
71.138.7.233 - - [01/Feb/2026:12:37:21 +0000] "GET /banner.jpg HTTP/1.1" 200 15108 "-" "ClaudeBot/1.0 (+https://www.anthropic.com/claudebot)"
141.57.250.8 - - [01/Feb/2026:12:38:20 +0000] "GET /feed.xml HTTP/1.1" 304 35 "-" "Mozilla/5.0 (compatible; bingbot/2.0; +http://www.bing.com/bingbot.htm)"
99.132.12.102 - - [01/Feb/2026:12:43:03 +0000] "GET /style.css HTTP/1.1" 301 188 "-" "Mozilla/5.0 (compatible; Googlebot/2.1; +http://www.google.com/bot.html)"
60.241.196.176 - - [01/Feb/2026:12:43:23 +0000] "GET /feed.xml HTTP/1.1" 200 85052 "-" "Mozilla/5.0 (compatible; Googlebot/2.1; +http://www.google.com/bot.html)"
188.194.31.5 - - [01/Feb/2026:12:47:34 +0000] "GET /banner.jpg HTTP/1.1" 301 81 "-" "Mozilla/5.0 AppleWebKit/537.36 (compatible; GPTBot/1.3; +https://openai.com/gptbot)"
71.138.7.233 - - [01/Feb/2026:12:49:06 +0000] "GET /about.html HTTP/1.1" 403 165 "-" "Mozilla/5.0 AppleWebKit/537.36 (compatible; GPTBot/1.3; +https://openai.com/gptbot)"
188.194.31.5 - - [01/Feb/2026:12:49:34 +0000] "GET /app.js HTTP/1.1" 200 127239 "-" "Mozilla/5.0 (compatible; Amazonbot/0.1; +https://developer.amazon.com/support/amazonbot)"
60.241.196.176 - - [01/Feb/2026:12:50:05 +0000] "GET /about.html HTTP/1.1" 404 98 "-" "Mozilla/5.0 (compatible; Googlebot/2.1; +http://www.google.com/bot.html)"
122.96.81.102 - - [01/Feb/2026:12:50:18 +0000] "GET / HTTP/1.1" 304 475 "-" "Mozilla/5.0 (compatible; Googlebot/2.1; +http://www.google.com/bot.html)"
122.96.81.102 - - [01/Feb/2026:12:52:37 +0000] "GET /sitemap.xml HTTP/1.1" 301 280 "-" "ClaudeBot/1.0 (+https://www.anthropic.com/claudebot)"
141.57.250.8 - - [01/Feb/2026:12:55:47 +0000] "GET /feed.xml HTTP/1.1" 200 140708 "-" "Mozilla/5.0 (compatible; Amazonbot/0.1; +https://developer.amazon.com/support/amazonbot)"
203.225.0.215 - - [01/Feb/2026:12:59:58 +0000] "GET /app.js HTTP/1.1" 200 57156 "-" "Mozilla/5.0 (compatible; Googlebot/2.1; +http://www.google.com/bot.html)"
122.96.81.102 - - [01/Feb/2026:13:05:16 +0000] "GET /index.html HTTP/1.1" 301 491 "-" "Mozilla/5.0 (compatible; Amazonbot/0.1; +https://developer.amazon.com/support/amazonbot)"
141.57.250.8 - - [01/Feb/2026:13:05:46 +0000] "GET /logo.png HTTP/1.1" 200 42583 "-" "Mozilla/5.0 (compatible; Googlebot/2.1; +http://www.google.com/bot.html)"
82.35.167.49 - - [01/Feb/2026:13:15:19 +0000] "GET /config HTTP/1.1" 304 301 "-" "Mozilla/5.0 (compatible; bingbot/2.0; +http://www.bing.com/bingbot.htm)"
203.225.0.215 - - [01/Feb/2026:13:17:50 +0000] "GET /sitemap.xml HTTP/1.1" 200 36477 "-" "Mozilla/5.0 AppleWebKit/537.36 (compatible; GPTBot/1.3; +https://openai.com/gptbot)"
82.35.167.49 - - [01/Feb/2026:13:19:08 +0000] "GET /feed.xml HTTP/1.1" 200 148326 "-" "Mozilla/5.0 (compatible; Amazonbot/0.1; +https://developer.amazon.com/support/amazonbot)"
99.150.211.250 - - [01/Feb/2026:13:23:08 +0000] "GET /index.html HTTP/1.1" 200 21520 "-" "Mozilla/5.0 (compatible; Googlebot/2.1; +http://www.google.com/bot.html)"
60.241.196.176 - - [01/Feb/2026:13:24:01 +0000] "GET /readme.txt HTTP/1.1" 404 104 "-" "ClaudeBot/1.0 (+https://www.anthropic.com/claudebot)"
99.132.12.102 - - [01/Feb/2026:13:24:15 +0000] "GET /logo.png HTTP/1.1" 404 118 "-" "Mozilla/5.0 AppleWebKit/537.36 (compatible; GPTBot/1.3; +https://openai.com/gptbot)"
171.133.45.213 - - [01/Feb/2026:13:24:40 +0000] "GET /logo.png HTTP/1.1" 200 145522 "-" "ClaudeBot/1.0 (+https://www.anthropic.com/claudebot)"
71.138.7.233 - - [01/Feb/2026:13:26:46 +0000] "GET /banner.jpg HTTP/1.1" 200 44654 "-" "Mozilla/5.0 (compatible; Amazonbot/0.1; +https://developer.amazon.com/support/amazonbot)"
82.35.167.49 - - [01/Feb/2026:13:30:29 +0000] "GET /config HTTP/1.1" 404 116 "-" "Mozilla/5.0 (compatible; Amazonbot/0.1; +https://developer.amazon.com/support/amazonbot)"
99.132.12.102 - - [01/Feb/2026:13:35:40 +0000] "GET /banner.jpg HTTP/1.1" 404 442 "-" "Mozilla/5.0 (compatible; bingbot/2.0; +http://www.bing.com/bingbot.htm)"
171.133.45.213 - - [01/Feb/2026:13:35:43 +0000] "GET /index.html HTTP/1.1" 200 16789 "-" "Mozilla/5.0 (compatible; Amazonbot/0.1; +https://developer.amazon.com/support/amazonbot)"
122.96.81.102 - - [01/Feb/2026:13:43:11 +0000] "GET /feed.xml HTTP/1.1" 404 329 "-" "ClaudeBot/1.0 (+https://www.anthropic.com/claudebot)"
171.133.45.213 - - [01/Feb/2026:13:48:22 +0000] "GET /data.json HTTP/1.1" 200 1152 "-" "Mozilla/5.0 (compatible; Amazonbot/0.1; +https://developer.amazon.com/support/amazonbot)"
99.132.12.102 - - [01/Feb/2026:13:48:28 +0000] "GET /config HTTP/1.1" 304 484 "-" "Mozilla/5.0 (compatible; bingbot/2.0; +http://www.bing.com/bingbot.htm)"
71.138.7.233 - - [01/Feb/2026:13:52:03 +0000] "GET /readme.txt HTTP/1.1" 304 397 "-" "ClaudeBot/1.0 (+https://www.anthropic.com/claudebot)"
149.37.222.138 - - [01/Feb/2026:13:54:25 +0000] "GET /banner.jpg HTTP/1.1" 200 91170 "-" "Mozilla/5.0 AppleWebKit/537.36 (compatible; GPTBot/1.3; +https://openai.com/gptbot)"
60.241.196.176 - - [01/Feb/2026:13:58:49 +0000] "GET /sitemap.xml HTTP/1.1" 200 138284 "-" "Mozilla/5.0 AppleWebKit/537.36 (compatible; GPTBot/1.3; +https://openai.com/gptbot)"
141.57.250.8 - - [01/Feb/2026:14:00:19 +0000] "GET /banner.jpg HTTP/1.1" 304 79 "-" "Mozilla/5.0 (compatible; Googlebot/2.1; +http://www.google.com/bot.html)"
171.133.45.213 - - [01/Feb/2026:14:05:44 +0000] "GET /data.json HTTP/1.1" 200 134148 "-" "Mozilla/5.0 (compatible; Amazonbot/0.1; +https://developer.amazon.com/support/amazonbot)"
171.133.45.213 - - [01/Feb/2026:14:08:47 +0000] "GET /logo.png HTTP/1.1" 200 104511 "-" "Mozilla/5.0 AppleWebKit/537.36 (compatible; GPTBot/1.3; +https://openai.com/gptbot)"
71.138.7.233 - - [01/Feb/2026:14:12:05 +0000] "GET / HTTP/1.1" 200 27089 "-" "Mozilla/5.0 (compatible; Amazonbot/0.1; +https://developer.amazon.com/support/amazonbot)"
122.96.81.102 - - [01/Feb/2026:14:13:52 +0000] "GET /index.html HTTP/1.1" 403 148 "-" "Mozilla/5.0 (compatible; Amazonbot/0.1; +https://developer.amazon.com/support/amazonbot)"
99.150.211.250 - - [01/Feb/2026:14:14:00 +0000] "GET /readme.txt HTTP/1.1" 200 42168 "-" "Mozilla/5.0 (compatible; bingbot/2.0; +http://www.bing.com/bingbot.htm)"
141.57.250.8 - - [01/Feb/2026:14:14:11 +0000] "GET /index.html HTTP/1.1" 200 133638 "-" "Mozilla/5.0 (compatible; Amazonbot/0.1; +https://developer.amazon.com/support/amazonbot)"
60.241.196.176 - - [01/Feb/2026:14:17:51 +0000] "GET /style.css HTTP/1.1" 200 106788 "-" "Mozilla/5.0 AppleWebKit/537.36 (compatible; GPTBot/1.3; +https://openai.com/gptbot)"
99.150.211.250 - - [01/Feb/2026:14:19:59 +0000] "GET /feed.xml HTTP/1.1" 404 105 "-" "ClaudeBot/1.0 (+https://www.anthropic.com/claudebot)"
99.150.211.250 - - [01/Feb/2026:14:20:53 +0000] "GET /about.html HTTP/1.1" 200 130913 "-" "Mozilla/5.0 (compatible; bingbot/2.0; +http://www.bing.com/bingbot.htm)"
99.132.12.102 - - [01/Feb/2026:14:22:15 +0000] "GET / HTTP/1.1" 304 84 "-" "Mozilla/5.0 (compatible; bingbot/2.0; +http://www.bing.com/bingbot.htm)"
188.194.31.5 - - [01/Feb/2026:14:24:10 +0000] "GET /sitemap.xml HTTP/1.1" 200 83051 "-" "Mozilla/5.0 AppleWebKit/537.36 (compatible; GPTBot/1.3; +https://openai.com/gptbot)"
71.138.7.233 - - [01/Feb/2026:14:24:36 +0000] "GET /style.css HTTP/1.1" 200 83467 "-" "Mozilla/5.0 (compatible; bingbot/2.0; +http://www.bing.com/bingbot.htm)"
71.138.7.233 - - [01/Feb/2026:14:26:05 +0000] "GET / HTTP/1.1" 200 146495 "-" "Mozilla/5.0 (compatible; bingbot/2.0; +http://www.bing.com/bingbot.htm)"
171.133.45.213 - - [01/Feb/2026:14:33:42 +0000] "GET /config HTTP/1.1" 404 302 "-" "Mozilla/5.0 AppleWebKit/537.36 (compatible; GPTBot/1.3; +https://openai.com/gptbot)"
99.132.12.102 - - [01/Feb/2026:14:38:16 +0000] "GET /sitemap.xml HTTP/1.1" 200 51778 "-" "Mozilla/5.0 AppleWebKit/537.36 (compatible; GPTBot/1.3; +https://openai.com/gptbot)"
99.150.211.250 - - [01/Feb/2026:14:45:16 +0000] "GET / HTTP/1.1" 200 4221 "-" "Mozilla/5.0 (compatible; Amazonbot/0.1; +https://developer.amazon.com/support/amazonbot)"
99.170.62.78 - - [01/Feb/2026:14:46:57 +0000] "GET /sitemap.xml HTTP/1.1" 200 113016 "-" "ClaudeBot/1.0 (+https://www.anthropic.com/claudebot)"
