188.194.31.5 - - [11/Feb/2026:18:49:32 +0000] "GET /index.html HTTP/1.1" 404 312 "-" "Mozilla/5.0 (compatible; Amazonbot/0.1; +https://developer.amazon.com/support/amazonbot)"
141.57.250.8 - - [11/Feb/2026:18:54:39 +0000] "GET /data.json HTTP/1.1" 200 97415 "-" "ClaudeBot/1.0 (+https://www.anthropic.com/claudebot)"
122.96.81.102 - - [11/Feb/2026:18:57:39 +0000] "GET /readme.txt HTTP/1.1" 304 102 "-" "Mozilla/5.0 (compatible; Amazonbot/0.1; +https://developer.amazon.com/support/amazonbot)"
203.225.0.215 - - [11/Feb/2026:19:02:58 +0000] "GET /style.css HTTP/1.1" 304 15 "-" "Mozilla/5.0 AppleWebKit/537.36 (compatible; GPTBot/1.3; +https://openai.com/gptbot)"
203.225.0.215 - - [11/Feb/2026:19:03:38 +0000] "GET /style.css HTTP/1.1" 404 220 "-" "ClaudeBot/1.0 (+https://www.anthropic.com/claudebot)"
149.37.222.138 - - [11/Feb/2026:19:06:14 +0000] "GET /style.css HTTP/1.1" 404 45 "-" "Mozilla/5.0 (compatible; bingbot/2.0; +http://www.bing.com/bingbot.htm)"
99.170.62.78 - - [11/Feb/2026:19:06:44 +0000] "GET /feed.xml HTTP/1.1" 200 91507 "-" "Mozilla/5.0 AppleWebKit/537.36 (compatible; GPTBot/1.3; +https://openai.com/gptbot)"
203.225.0.215 - - [11/Feb/2026:19:08:18 +0000] "GET /sitemap.xml HTTP/1.1" 404 468 "-" "Mozilla/5.0 AppleWebKit/537.36 (compatible; GPTBot/1.3; +https://openai.com/gptbot)"
188.194.31.5 - - [11/Feb/2026:19:10:31 +0000] "GET /app.js HTTP/1.1" 304 86 "-" "Mozilla/5.0 (compatible; bingbot/2.0; +http://www.bing.com/bingbot.htm)"
122.96.81.102 - - [11/Feb/2026:19:12:43 +0000] "GET /logo.png HTTP/1.1" 200 19507 "-" "ClaudeBot/1.0 (+https://www.anthropic.com/claudebot)"
60.241.196.176 - - [11/Feb/2026:19:17:12 +0000] "GET /feed.xml HTTP/1.1" 200 93139 "-" "Mozilla/5.0 (compatible; Googlebot/2.1; +http://www.google.com/bot.html)"
99.150.211.250 - - [11/Feb/2026:19:19:33 +0000] "GET /app.js HTTP/1.1" 404 309 "-" "Mozilla/5.0 (compatible; Googlebot/2.1; +http://www.google.com/bot.html)"
82.35.167.49 - - [11/Feb/2026:19:19:56 +0000] "GET /logo.png HTTP/1.1" 200 97358 "-" "Mozilla/5.0 (compatible; Googlebot/2.1; +http://www.google.com/bot.html)"
141.57.250.8 - - [11/Feb/2026:19:20:41 +0000] "GET / HTTP/1.1" 200 55415 "-" "Mozilla/5.0 (compatible; Googlebot/2.1; +http://www.google.com/bot.html)"
188.194.31.5 - - [11/Feb/2026:19:24:53 +0000] "GET /index.html HTTP/1.1" 200 72933 "-" "Mozilla/5.0 AppleWebKit/537.36 (compatible; GPTBot/1.3; +https://openai.com/gptbot)"
149.37.222.138 - - [11/Feb/2026:19:25:28 +0000] "GET / HTTP/1.1" 200 37077 "-" "Mozilla/5.0 (compatible; Googlebot/2.1; +http://www.google.com/bot.html)"
141.57.250.8 - - [11/Feb/2026:19:27:42 +0000] "GET /feed.xml HTTP/1.1" 200 86070 "-" "Mozilla/5.0 (compatible; bingbot/2.0; +http://www.bing.com/bingbot.htm)"
99.150.211.250 - - [11/Feb/2026:19:30:29 +0000] "GET /logo.png HTTP/1.1" 200 13351 "-" "Mozilla/5.0 (compatible; bingbot/2.0; +http://www.bing.com/bingbot.htm)"
171.133.45.213 - - [11/Feb/2026:19:30:48 +0000] "GET /banner.jpg HTTP/1.1" 200 73839 "-" "Mozilla/5.0 (compatible; Amazonbot/0.1; +https://developer.amazon.com/support/amazonbot)"
171.133.45.213 - - [11/Feb/2026:19:31:47 +0000] "GET /style.css HTTP/1.1" 200 110797 "-" "Mozilla/5.0 (compatible; bingbot/2.0; +http://www.bing.com/bingbot.htm)"
99.132.12.102 - - [11/Feb/2026:19:34:29 +0000] "GET /config HTTP/1.1" 404 425 "-" "Mozilla/5.0 (compatible; Googlebot/2.1; +http://www.google.com/bot.html)"
99.132.12.102 - - [11/Feb/2026:19:39:16 +0000] "GET /data.json HTTP/1.1" 200 112208 "-" "ClaudeBot/1.0 (+https://www.anthropic.com/claudebot)"
149.37.222.138 - - [11/Feb/2026:19:42:26 +0000] "GET /readme.txt HTTP/1.1" 200 4956 "-" "Mozilla/5.0 AppleWebKit/537.36 (compatible; GPTBot/1.3; +https://openai.com/gptbot)"
82.35.167.49 - - [11/Feb/2026:19:43:42 +0000] "GET / HTTP/1.1" 304 454 "-" "Mozilla/5.0 AppleWebKit/537.36 (compatible; GPTBot/1.3; +https://openai.com/gptbot)"
141.57.250.8 - - [11/Feb/2026:19:55:20 +0000] "GET /style.css HTTP/1.1" 200 26833 "-" "Mozilla/5.0 (compatible; Googlebot/2.1; +http://www.google.com/bot.html)"
99.150.211.250 - - [11/Feb/2026:19:56:39 +0000] "GET /data.json HTTP/1.1" 200 41198 "-" "ClaudeBot/1.0 (+https://www.anthropic.com/claudebot)"
141.57.250.8 - - [11/Feb/2026:19:58:40 +0000] "GET /data.json HTTP/1.1" 200 102559 "-" "ClaudeBot/1.0 (+https://www.anthropic.com/claudebot)"
82.35.167.49 - - [11/Feb/2026:19:59:45 +0000] "GET /sitemap.xml HTTP/1.1" 200 26961 "-" "Mozilla/5.0 (compatible; Googlebot/2.1; +http://www.google.com/bot.html)"
99.150.211.250 - - [11/Feb/2026:20:01:42 +0000] "GET / HTTP/1.1" 404 376 "-" "Mozilla/5.0 (compatible; Amazonbot/0.1; +https://developer.amazon.com/support/amazonbot)"
203.225.0.215 - - [11/Feb/2026:20:03:11 +0000] "GET /app.js HTTP/1.1" 403 207 "-" "ClaudeBot/1.0 (+https://www.anthropic.com/claudebot)"
141.57.250.8 - - [11/Feb/2026:20:05:51 +0000] "GET /logo.png HTTP/1.1" 200 117666 "-" "Mozilla/5.0 AppleWebKit/537.36 (compatible; GPTBot/1.3; +https://openai.com/gptbot)"
60.241.196.176 - - [11/Feb/2026:20:12:33 +0000] "GET /feed.xml HTTP/1.1" 200 130158 "-" "Mozilla/5.0 (compatible; Amazonbot/0.1; +https://developer.amazon.com/support/amazonbot)"
188.194.31.5 - - [11/Feb/2026:20:13:20 +0000] "GET /sitemap.xml HTTP/1.1" 200 128563 "-" "Mozilla/5.0 (compatible; Amazonbot/0.1; +https://developer.amazon.com/support/amazonbot)"
60.241.196.176 - - [11/Feb/2026:20:13:29 +0000] "GET /data.json HTTP/1.1" 200 120232 "-" "Mozilla/5.0 AppleWebKit/537.36 (compatible; GPTBot/1.3; +https://openai.com/gptbot)"
99.132.12.102 - - [11/Feb/2026:20:19:13 +0000] "GET /style.css HTTP/1.1" 200 131540 "-" "Mozilla/5.0 (compatible; Googlebot/2.1; +http://www.google.com/bot.html)"
99.150.211.250 - - [11/Feb/2026:20:20:49 +0000] "GET /data.json HTTP/1.1" 200 65910 "-" "ClaudeBot/1.0 (+https://www.anthropic.com/claudebot)"
141.57.250.8 - - [11/Feb/2026:20:22:50 +0000] "GET /about.html HTTP/1.1" 200 120439 "-" "ClaudeBot/1.0 (+https://www.anthropic.com/claudebot)"
99.132.12.102 - - [11/Feb/2026:20:35:19 +0000] "GET /config HTTP/1.1" 200 146746 "-" "Mozilla/5.0 (compatible; bingbot/2.0; +http://www.bing.com/bingbot.htm)"
149.37.222.138 - - [11/Feb/2026:20:37:28 +0000] "GET /style.css HTTP/1.1" 200 143527 "-" "Mozilla/5.0 AppleWebKit/537.36 (compatible; GPTBot/1.3; +https://openai.com/gptbot)"
149.37.222.138 - - [11/Feb/2026:20:40:07 +0000] "GET /banner.jpg HTTP/1.1" 200 133131 "-" "Mozilla/5.0 (compatible; bingbot/2.0; +http://www.bing.com/bingbot.htm)"
60.241.196.176 - - [11/Feb/2026:20:40:18 +0000] "GET /feed.xml HTTP/1.1" 302 485 "-" "ClaudeBot/1.0 (+https://www.anthropic.com/claudebot)"
82.35.167.49 - - [11/Feb/2026:20:50:46 +0000] "GET /style.css HTTP/1.1" 200 105694 "-" "Mozilla/5.0 (compatible; Googlebot/2.1; +http://www.google.com/bot.html)"
188.194.31.5 - - [11/Feb/2026:20:51:59 +0000] "GET /sitemap.xml HTTP/1.1" 200 141944 "-" "Mozilla/5.0 (compatible; Googlebot/2.1; +http://www.google.com/bot.html)"
99.132.12.102 - - [11/Feb/2026:20:59:44 +0000] "GET /app.js HTTP/1.1" 200 52102 "-" "Mozilla/5.0 AppleWebKit/537.36 (compatible; GPTBot/1.3; +https://openai.com/gptbot)"
141.57.250.8 - - [11/Feb/2026:20:59:48 +0000] "GET /logo.png HTTP/1.1" 200 13290 "-" "Mozilla/5.0 AppleWebKit/537.36 (compatible; GPTBot/1.3; +https://openai.com/gptbot)"
203.225.0.215 - - [11/Feb/2026:21:01:00 +0000] "GET /readme.txt HTTP/1.1" 404 231 "-" "Mozilla/5.0 (compatible; Googlebot/2.1; +http://www.google.com/bot.html)"
99.132.12.102 - - [11/Feb/2026:21:06:05 +0000] "GET /sitemap.xml HTTP/1.1" 200 125225 "-" "Mozilla/5.0 AppleWebKit/537.36 (compatible; GPTBot/1.3; +https://openai.com/gptbot)"
149.37.222.138 - - [11/Feb/2026:21:12:30 +0000] "GET /sitemap.xml HTTP/1.1" 200 145615 "-" "Mozilla/5.0 (compatible; bingbot/2.0; +http://www.bing.com/bingbot.htm)"
203.225.0.215 - - [11/Feb/2026:21:15:07 +0000] "GET /about.html HTTP/1.1" 200 19030 "-" "Mozilla/5.0 (compatible; Googlebot/2.1; +http://www.google.com/bot.html)"
141.57.250.8 - - [11/Feb/2026:21:17:07 +0000] "GET /readme.txt HTTP/1.1" 404 476 "-" "Mozilla/5.0 (compatible; bingbot/2.0; +http://www.bing.com/bingbot.htm)"
99.170.62.78 - - [11/Feb/2026:21:18:46 +0000] "GET /about.html HTTP/1.1" 404 488 "-" "Mozilla/5.0 (compatible; bingbot/2.0; +http://www.bing.com/bingbot.htm)"
171.133.45.213 - - [11/Feb/2026:21:20:23 +0000] "GET /readme.txt HTTP/1.1" 404 90 "-" "Mozilla/5.0 (compatible; Amazonbot/0.1; +https://developer.amazon.com/support/amazonbot)"
99.170.62.78 - - [11/Feb/2026:21:32:54 +0000] "GET / HTTP/1.1" 200 123307 "-" "Mozilla/5.0 (compatible; Googlebot/2.1; +http://www.google.com/bot.html)"
99.132.12.102 - - [11/Feb/2026:21:34:44 +0000] "GET /logo.png HTTP/1.1" 304 248 "-" "Mozilla/5.0 AppleWebKit/537.36 (compatible; GPTBot/1.3; +https://openai.com/gptbot)"
141.57.250.8 - - [11/Feb/2026:21:35:10 +0000] "GET /readme.txt HTTP/1.1" 304 377 "-" "Mozilla/5.0 (compatible; Amazonbot/0.1; +https://developer.amazon.com/support/amazonbot)"
99.132.12.102 - - [11/Feb/2026:21:38:28 +0000] "GET /feed.xml HTTP/1.1" 200 16342 "-" "Mozilla/5.0 (compatible; bingbot/2.0; +http://www.bing.com/bingbot.htm)"
60.241.196.176 - - [11/Feb/2026:21:39:45 +0000] "GET /config HTTP/1.1" 302 458 "-" "Mozilla/5.0 AppleWebKit/537.36 (compatible; GPTBot/1.3; +https://openai.com/gptbot)"
149.37.222.138 - - [11/Feb/2026:21:47:40 +0000] "GET / HTTP/1.1" 200 98341 "-" "Mozilla/5.0 (compatible; bingbot/2.0; +http://www.bing.com/bingbot.htm)"
99.170.62.78 - - [11/Feb/2026:21:48:47 +0000] "GET /data.json HTTP/1.1" 304 121 "-" "ClaudeBot/1.0 (+https://www.anthropic.com/claudebot)"
203.225.0.215 - - [11/Feb/2026:21:50:18 +0000] "GET / HTTP/1.1" 200 91608 "-" "ClaudeBot/1.0 (+https://www.anthropic.com/claudebot)"
149.37.222.138 - - [11/Feb/2026:22:02:04 +0000] "GET /readme.txt HTTP/1.1" 200 79247 "-" "Mozilla/5.0 (compatible; Googlebot/2.1; +http://www.google.com/bot.html)"
171.133.45.213 - - [11/Feb/2026:22:04:16 +0000] "GET /config HTTP/1.1" 404 22 "-" "Mozilla/5.0 (compatible; Googlebot/2.1; +http://www.google.com/bot.html)"
141.57.250.8 - - [11/Feb/2026:22:12:23 +0000] "GET /data.json HTTP/1.1" 302 320 "-" "Mozilla/5.0 (compatible; Googlebot/2.1; +http://www.google.com/bot.html)"
71.138.7.233 - - [11/Feb/2026:22:20:25 +0000] "GET /feed.xml HTTP/1.1" 200 114587 "-" "Mozilla/5.0 (compatible; Googlebot/2.1; +http://www.google.com/bot.html)"
149.37.222.138 - - [11/Feb/2026:22:21:03 +0000] "GET /index.html HTTP/1.1" 301 223 "-" "Mozilla/5.0 (compatible; Amazonbot/0.1; +https://developer.amazon.com/support/amazonbot)"
71.138.7.233 - - [11/Feb/2026:22:23:21 +0000] "GET /sitemap.xml HTTP/1.1" 200 14069 "-" "Mozilla/5.0 AppleWebKit/537.36 (compatible; GPTBot/1.3; +https://openai.com/gptbot)"
122.96.81.102 - - [11/Feb/2026:22:27:53 +0000] "GET /app.js HTTP/1.1" 200 22578 "-" "Mozilla/5.0 (compatible; bingbot/2.0; +http://www.bing.com/bingbot.htm)"
99.150.211.250 - - [11/Feb/2026:22:29:40 +0000] "GET /feed.xml HTTP/1.1" 304 409 "-" "ClaudeBot/1.0 (+https://www.anthropic.com/claudebot)"
149.37.222.138 - - [11/Feb/2026:22:30:47 +0000] "GET /readme.txt HTTP/1.1" 200 3886 "-" "Mozilla/5.0 (compatible; Googlebot/2.1; +http://www.google.com/bot.html)"
188.194.31.5 - - [11/Feb/2026:22:34:11 +0000] "GET /index.html HTTP/1.1" 404 46 "-" "Mozilla/5.0 AppleWebKit/537.36 (compatible; GPTBot/1.3; +https://openai.com/gptbot)"
188.194.31.5 - - [11/Feb/2026:22:35:21 +0000] "GET /index.html HTTP/1.1" 200 105596 "-" "Mozilla/5.0 AppleWebKit/537.36 (compatible; GPTBot/1.3; +https://openai.com/gptbot)"
60.241.196.176 - - [11/Feb/2026:22:35:32 +0000] "GET /banner.jpg HTTP/1.1" 200 78132 "-" "Mozilla/5.0 AppleWebKit/537.36 (compatible; GPTBot/1.3; +https://openai.com/gptbot)"
171.133.45.213 - - [11/Feb/2026:22:38:39 +0000] "GET /data.json HTTP/1.1" 200 58460 "-" "Mozilla/5.0 AppleWebKit/537.36 (compatible; GPTBot/1.3; +https://openai.com/gptbot)"
122.96.81.102 - - [11/Feb/2026:22:38:41 +0000] "GET /data.json HTTP/1.1" 200 80774 "-" "Mozilla/5.0 (compatible; Amazonbot/0.1; +https://developer.amazon.com/support/amazonbot)"
122.96.81.102 - - [11/Feb/2026:22:41:42 +0000] "GET /config HTTP/1.1" 404 213 "-" "Mozilla/5.0 (compatible; bingbot/2.0; +http://www.bing.com/bingbot.htm)"
99.132.12.102 - - [11/Feb/2026:22:41:55 +0000] "GET /style.css HTTP/1.1" 200 28453 "-" "Mozilla/5.0 (compatible; bingbot/2.0; +http://www.bing.com/bingbot.htm)"
71.138.7.233 - - [11/Feb/2026:22:54:52 +0000] "GET /banner.jpg HTTP/1.1" 200 145266 "-" "Mozilla/5.0 AppleWebKit/537.36 (compatible; GPTBot/1.3; +https://openai.com/gptbot)"
82.35.167.49 - - [11/Feb/2026:22:59:09 +0000] "GET / HTTP/1.1" 304 443 "-" "Mozilla/5.0 AppleWebKit/537.36 (compatible; GPTBot/1.3; +https://openai.com/gptbot)"
203.225.0.215 - - [11/Feb/2026:23:03:52 +0000] "GET /banner.jpg HTTP/1.1" 200 59027 "-" "ClaudeBot/1.0 (+https://www.anthropic.com/claudebot)"
149.37.222.138 - - [11/Feb/2026:23:08:10 +0000] "GET /app.js HTTP/1.1" 404 166 "-" "Mozilla/5.0 AppleWebKit/537.36 (compatible; GPTBot/1.3; +https://openai.com/gptbot)"
99.170.62.78 - - [11/Feb/2026:23:11:20 +0000] "GET /app.js HTTP/1.1" 304 159 "-" "Mozilla/5.0 (compatible; Amazonbot/0.1; +https://developer.amazon.com/support/amazonbot)"
99.132.12.102 - - [11/Feb/2026:23:11:56 +0000] "GET /feed.xml HTTP/1.1" 200 81996 "-" "Mozilla/5.0 (compatible; Amazonbot/0.1; +https://developer.amazon.com/support/amazonbot)"
149.37.222.138 - - [11/Feb/2026:23:14:41 +0000] "GET /index.html HTTP/1.1" 403 480 "-" "Mozilla/5.0 AppleWebKit/537.36 (compatible; GPTBot/1.3; +https://openai.com/gptbot)"
141.57.250.8 - - [11/Feb/2026:23:15:30 +0000] "GET /style.css HTTP/1.1" 304 36 "-" "Mozilla/5.0 AppleWebKit/537.36 (compatible; GPTBot/1.3; +https://openai.com/gptbot)"
122.96.81.102 - - [11/Feb/2026:23:20:13 +0000] "GET /app.js HTTP/1.1" 404 111 "-" "ClaudeBot/1.0 (+https://www.anthropic.com/claudebot)"
149.37.222.138 - - [11/Feb/2026:23:22:24 +0000] "GET /data.json HTTP/1.1" 200 96141 "-" "Mozilla/5.0 (compatible; bingbot/2.0; +http://www.bing.com/bingbot.htm)"
149.37.222.138 - - [11/Feb/2026:23:27:05 +0000] "GET /app.js HTTP/1.1" 403 74 "-" "Mozilla/5.0 (compatible; Googlebot/2.1; +http://www.google.com/bot.html)"
149.37.222.138 - - [11/Feb/2026:23:28:54 +0000] "GET /app.js HTTP/1.1" 301 198 "-" "Mozilla/5.0 (compatible; bingbot/2.0; +http://www.bing.com/bingbot.htm)"
82.35.167.49 - - [11/Feb/2026:23:30:56 +0000] "GET /style.css HTTP/1.1" 200 21162 "-" "ClaudeBot/1.0 (+https://www.anthropic.com/claudebot)"
99.150.211.250 - - [11/Feb/2026:23:38:21 +0000] "GET /index.html HTTP/1.1" 200 96997 "-" "Mozilla/5.0 (compatible; Amazonbot/0.1; +https://developer.amazon.com/support/amazonbot)"
171.133.45.213 - - [11/Feb/2026:23:38:29 +0000] "GET /data.json HTTP/1.1" 200 27825 "-" "ClaudeBot/1.0 (+https://www.anthropic.com/claudebot)"
99.132.12.102 - - [11/Feb/2026:23:39:19 +0000] "GET /data.json HTTP/1.1" 200 38118 "-" "Mozilla/5.0 (compatible; Amazonbot/0.1; +https://developer.amazon.com/support/amazonbot)"
188.194.31.5 - - [11/Feb/2026:23:40:53 +0000] "GET /readme.txt HTTP/1.1" 200 25954 "-" "Mozilla/5.0 (compatible; Googlebot/2.1; +http://www.google.com/bot.html)"
188.194.31.5 - - [11/Feb/2026:23:42:32 +0000] "GET /sitemap.xml HTTP/1.1" 304 40 "-" "Mozilla/5.0 AppleWebKit/537.36 (compatible; GPTBot/1.3; +https://openai.com/gptbot)"
141.57.250.8 - - [11/Feb/2026:23:45:45 +0000] "GET /sitemap.xml HTTP/1.1" 200 20180 "-" "Mozilla/5.0 (compatible; Googlebot/2.1; +http://www.google.com/bot.html)"
122.96.81.102 - - [11/Feb/2026:23:46:59 +0000] "GET /banner.jpg HTTP/1.1" 200 113386 "-" "Mozilla/5.0 (compatible; Amazonbot/0.1; +https://developer.amazon.com/support/amazonbot)"
99.150.211.250 - - [11/Feb/2026:23:48:56 +0000] "GET /config HTTP/1.1" 200 24592 "-" "ClaudeBot/1.0 (+https://www.anthropic.com/claudebot)"
82.35.167.49 - - [11/Feb/2026:23:50:34 +0000] "GET /sitemap.xml HTTP/1.1" 200 896 "-" "Mozilla/5.0 (compatible; Googlebot/2.1; +http://www.google.com/bot.html)"
99.150.211.250 - - [11/Feb/2026:23:51:52 +0000] "GET /feed.xml HTTP/1.1" 404 389 "-" "Mozilla/5.0 (compatible; Amazonbot/0.1; +https://developer.amazon.com/support/amazonbot)"
60.241.196.176 - - [11/Feb/2026:23:52:29 +0000] "GET /feed.xml HTTP/1.1" 200 88947 "-" "Mozilla/5.0 AppleWebKit/537.36 (compatible; GPTBot/1.3; +https://openai.com/gptbot)"
188.194.31.5 - - [11/Feb/2026:23:54:36 +0000] "GET /config HTTP/1.1" 200 97692 "-" "Mozilla/5.0 (compatible; Amazonbot/0.1; +https://developer.amazon.com/support/amazonbot)"
171.133.45.213 - - [12/Feb/2026:00:03:23 +0000] "GET /about.html HTTP/1.1" 404 19 "-" "Mozilla/5.0 (compatible; bingbot/2.0; +http://www.bing.com/bingbot.htm)"
171.133.45.213 - - [12/Feb/2026:00:03:37 +0000] "GET /about.html HTTP/1.1" 200 54493 "-" "Mozilla/5.0 (compatible; bingbot/2.0; +http://www.bing.com/bingbot.htm)"
149.37.222.138 - - [12/Feb/2026:00:05:01 +0000] "GET /sitemap.xml HTTP/1.1" 200 68521 "-" "Mozilla/5.0 (compatible; Googlebot/2.1; +http://www.google.com/bot.html)"
203.225.0.215 - - [12/Feb/2026:00:05:11 +0000] "GET / HTTP/1.1" 304 301 "-" "Mozilla/5.0 (compatible; Googlebot/2.1; +http://www.google.com/bot.html)"
60.241.196.176 - - [12/Feb/2026:00:05:52 +0000] "GET / HTTP/1.1" 200 26827 "-" "Mozilla/5.0 (compatible; Googlebot/2.1; +http://www.google.com/bot.html)"
71.138.7.233 - - [12/Feb/2026:00:07:52 +0000] "GET /style.css HTTP/1.1" 302 493 "-" "Mozilla/5.0 (compatible; Googlebot/2.1; +http://www.google.com/bot.html)"
171.133.45.213 - - [12/Feb/2026:00:10:44 +0000] "GET /config HTTP/1.1" 200 148258 "-" "Mozilla/5.0 (compatible; Amazonbot/0.1; +https://developer.amazon.com/support/amazonbot)"
60.241.196.176 - - [12/Feb/2026:00:10:55 +0000] "GET /logo.png HTTP/1.1" 200 80130 "-" "Mozilla/5.0 (compatible; Amazonbot/0.1; +https://developer.amazon.com/support/amazonbot)"
188.194.31.5 - - [12/Feb/2026:00:11:05 +0000] "GET /readme.txt HTTP/1.1" 200 135037 "-" "Mozilla/5.0 (compatible; Amazonbot/0.1; +https://developer.amazon.com/support/amazonbot)"
171.133.45.213 - - [12/Feb/2026:00:15:03 +0000] "GET / HTTP/1.1" 200 46566 "-" "ClaudeBot/1.0 (+https://www.anthropic.com/claudebot)"
71.138.7.233 - - [12/Feb/2026:00:16:01 +0000] "GET /style.css HTTP/1.1" 200 141369 "-" "Mozilla/5.0 (compatible; Googlebot/2.1; +http://www.google.com/bot.html)"
99.170.62.78 - - [12/Feb/2026:00:16:49 +0000] "GET /about.html HTTP/1.1" 304 58 "-" "Mozilla/5.0 (compatible; Googlebot/2.1; +http://www.google.com/bot.html)"
141.57.250.8 - - [12/Feb/2026:00:20:41 +0000] "GET /index.html HTTP/1.1" 200 7960 "-" "Mozilla/5.0 AppleWebKit/537.36 (compatible; GPTBot/1.3; +https://openai.com/gptbot)"
99.150.211.250 - - [12/Feb/2026:00:20:58 +0000] "GET /style.css HTTP/1.1" 200 140379 "-" "Mozilla/5.0 (compatible; bingbot/2.0; +http://www.bing.com/bingbot.htm)"
99.170.62.78 - - [12/Feb/2026:00:28:00 +0000] "GET /app.js HTTP/1.1" 304 366 "-" "Mozilla/5.0 AppleWebKit/537.36 (compatible; GPTBot/1.3; +https://openai.com/gptbot)"
149.37.222.138 - - [12/Feb/2026:00:28:18 +0000] "GET /index.html HTTP/1.1" 200 71161 "-" "Mozilla/5.0 (compatible; bingbot/2.0; +http://www.bing.com/bingbot.htm)"
60.241.196.176 - - [12/Feb/2026:00:38:41 +0000] "GET /logo.png HTTP/1.1" 404 81 "-" "Mozilla/5.0 AppleWebKit/537.36 (compatible; GPTBot/1.3; +https://openai.com/gptbot)"
149.37.222.138 - - [12/Feb/2026:00:44:17 +0000] "GET /readme.txt HTTP/1.1" 404 374 "-" "ClaudeBot/1.0 (+https://www.anthropic.com/claudebot)"
149.37.222.138 - - [12/Feb/2026:00:46:19 +0000] "GET /config HTTP/1.1" 200 9995 "-" "ClaudeBot/1.0 (+https://www.anthropic.com/claudebot)"
71.138.7.233 - - [12/Feb/2026:00:48:23 +0000] "GET /feed.xml HTTP/1.1" 200 123563 "-" "Mozilla/5.0 AppleWebKit/537.36 (compatible; GPTBot/1.3; +https://openai.com/gptbot)"
99.150.211.250 - - [12/Feb/2026:00:48:33 +0000] "GET /style.css HTTP/1.1" 200 131470 "-" "Mozilla/5.0 (compatible; Amazonbot/0.1; +https://developer.amazon.com/support/amazonbot)"
99.170.62.78 - - [12/Feb/2026:00:55:01 +0000] "GET / HTTP/1.1" 404 111 "-" "Mozilla/5.0 (compatible; bingbot/2.0; +http://www.bing.com/bingbot.htm)"
203.225.0.215 - - [12/Feb/2026:00:58:26 +0000] "GET /feed.xml HTTP/1.1" 200 80682 "-" "Mozilla/5.0 (compatible; Googlebot/2.1; +http://www.google.com/bot.html)"
122.96.81.102 - - [12/Feb/2026:00:58:39 +0000] "GET /data.json HTTP/1.1" 200 28487 "-" "Mozilla/5.0 (compatible; Googlebot/2.1; +http://www.google.com/bot.html)"
99.150.211.250 - - [12/Feb/2026:01:03:51 +0000] "GET /sitemap.xml HTTP/1.1" 304 45 "-" "Mozilla/5.0 AppleWebKit/537.36 (compatible; GPTBot/1.3; +https://openai.com/gptbot)"
122.96.81.102 - - [12/Feb/2026:01:07:28 +0000] "GET /index.html HTTP/1.1" 404 273 "-" "ClaudeBot/1.0 (+https://www.anthropic.com/claudebot)"
99.170.62.78 - - [12/Feb/2026:01:10:49 +0000] "GET / HTTP/1.1" 200 56355 "-" "Mozilla/5.0 AppleWebKit/537.36 (compatible; GPTBot/1.3; +https://openai.com/gptbot)"
149.37.222.138 - - [12/Feb/2026:01:13:50 +0000] "GET /banner.jpg HTTP/1.1" 302 285 "-" "Mozilla/5.0 (compatible; Amazonbot/0.1; +https://developer.amazon.com/support/amazonbot)"
203.225.0.215 - - [12/Feb/2026:01:17:36 +0000] "GET /index.html HTTP/1.1" 404 139 "-" "Mozilla/5.0 (compatible; bingbot/2.0; +http://www.bing.com/bingbot.htm)"
99.150.211.250 - - [12/Feb/2026:01:21:14 +0000] "GET /config HTTP/1.1" 404 459 "-" "Mozilla/5.0 (compatible; bingbot/2.0; +http://www.bing.com/bingbot.htm)"
141.57.250.8 - - [12/Feb/2026:01:22:35 +0000] "GET /config HTTP/1.1" 404 115 "-" "ClaudeBot/1.0 (+https://www.anthropic.com/claudebot)"
203.225.0.215 - - [12/Feb/2026:01:24:00 +0000] "GET /app.js HTTP/1.1" 200 73277 "-" "ClaudeBot/1.0 (+https://www.anthropic.com/claudebot)"
99.170.62.78 - - [12/Feb/2026:01:27:47 +0000] "GET /index.html HTTP/1.1" 200 139267 "-" "Mozilla/5.0 (compatible; Amazonbot/0.1; +https://developer.amazon.com/support/amazonbot)"
82.35.167.49 - - [12/Feb/2026:01:28:47 +0000] "GET /banner.jpg HTTP/1.1" 304 124 "-" "Mozilla/5.0 AppleWebKit/537.36 (compatible; GPTBot/1.3; +https://openai.com/gptbot)"
122.96.81.102 - - [12/Feb/2026:01:33:51 +0000] "GET / HTTP/1.1" 304 272 "-" "Mozilla/5.0 AppleWebKit/537.36 (compatible; GPTBot/1.3; +https://openai.com/gptbot)"
149.37.222.138 - - [12/Feb/2026:01:34:58 +0000] "GET /about.html HTTP/1.1" 200 137297 "-" "ClaudeBot/1.0 (+https://www.anthropic.com/claudebot)"
82.35.167.49 - - [12/Feb/2026:01:39:54 +0000] "GET /data.json HTTP/1.1" 200 68561 "-" "Mozilla/5.0 (compatible; Googlebot/2.1; +http://www.google.com/bot.html)"
99.150.211.250 - - [12/Feb/2026:01:43:42 +0000] "GET /banner.jpg HTTP/1.1" 404 498 "-" "Mozilla/5.0 (compatible; bingbot/2.0; +http://www.bing.com/bingbot.htm)"
60.241.196.176 - - [12/Feb/2026:01:44:45 +0000] "GET /banner.jpg HTTP/1.1" 200 117791 "-" "Mozilla/5.0 (compatible; Amazonbot/0.1; +https://developer.amazon.com/support/amazonbot)"
149.37.222.138 - - [12/Feb/2026:01:44:58 +0000] "GET /index.html HTTP/1.1" 200 6390 "-" "Mozilla/5.0 (compatible; Amazonbot/0.1; +https://developer.amazon.com/support/amazonbot)"
122.96.81.102 - - [12/Feb/2026:01:52:40 +0000] "GET / HTTP/1.1" 200 29443 "-" "Mozilla/5.0 (compatible; Amazonbot/0.1; +https://developer.amazon.com/support/amazonbot)"
99.150.211.250 - - [12/Feb/2026:01:55:56 +0000] "GET / HTTP/1.1" 200 35245 "-" "Mozilla/5.0 (compatible; bingbot/2.0; +http://www.bing.com/bingbot.htm)"
122.96.81.102 - - [12/Feb/2026:01:56:08 +0000] "GET /readme.txt HTTP/1.1" 200 38312 "-" "Mozilla/5.0 (compatible; Googlebot/2.1; +http://www.google.com/bot.html)"
149.37.222.138 - - [12/Feb/2026:01:56:46 +0000] "GET /style.css HTTP/1.1" 200 12712 "-" "Mozilla/5.0 AppleWebKit/537.36 (compatible; GPTBot/1.3; +https://openai.com/gptbot)"
171.133.45.213 - - [12/Feb/2026:01:57:58 +0000] "GET /sitemap.xml HTTP/1.1" 200 106971 "-" "Mozilla/5.0 (compatible; bingbot/2.0; +http://www.bing.com/bingbot.htm)"
141.57.250.8 - - [12/Feb/2026:02:00:35 +0000] "GET /config HTTP/1.1" 304 216 "-" "Mozilla/5.0 (compatible; Amazonbot/0.1; +https://developer.amazon.com/support/amazonbot)"
171.133.45.213 - - [12/Feb/2026:02:03:36 +0000] "GET /banner.jpg HTTP/1.1" 404 218 "-" "Mozilla/5.0 (compatible; Googlebot/2.1; +http://www.google.com/bot.html)"
60.241.196.176 - - [12/Feb/2026:02:11:52 +0000] "GET /feed.xml HTTP/1.1" 200 135299 "-" "Mozilla/5.0 AppleWebKit/537.36 (compatible; GPTBot/1.3; +https://openai.com/gptbot)"
188.194.31.5 - - [12/Feb/2026:02:21:34 +0000] "GET /app.js HTTP/1.1" 200 138687 "-" "ClaudeBot/1.0 (+https://www.anthropic.com/claudebot)"
141.57.250.8 - - [12/Feb/2026:02:24:26 +0000] "GET /sitemap.xml HTTP/1.1" 200 107888 "-" "Mozilla/5.0 (compatible; Googlebot/2.1; +http://www.google.com/bot.html)"
99.132.12.102 - - [12/Feb/2026:02:26:45 +0000] "GET /logo.png HTTP/1.1" 200 53465 "-" "Mozilla/5.0 AppleWebKit/537.36 (compatible; GPTBot/1.3; +https://openai.com/gptbot)"
149.37.222.138 - - [12/Feb/2026:02:28:27 +0000] "GET /index.html HTTP/1.1" 200 27291 "-" "ClaudeBot/1.0 (+https://www.anthropic.com/claudebot)"
99.150.211.250 - - [12/Feb/2026:02:35:54 +0000] "GET /logo.png HTTP/1.1" 304 65 "-" "Mozilla/5.0 (compatible; Amazonbot/0.1; +https://developer.amazon.com/support/amazonbot)"
60.241.196.176 - - [12/Feb/2026:02:36:36 +0000] "GET /readme.txt HTTP/1.1" 403 419 "-" "Mozilla/5.0 (compatible; Amazonbot/0.1; +https://developer.amazon.com/support/amazonbot)"
99.150.211.250 - - [12/Feb/2026:02:39:07 +0000] "GET /about.html HTTP/1.1" 200 91911 "-" "Mozilla/5.0 (compatible; Amazonbot/0.1; +https://developer.amazon.com/support/amazonbot)"
99.170.62.78 - - [12/Feb/2026:02:40:27 +0000] "GET /banner.jpg HTTP/1.1" 304 459 "-" "Mozilla/5.0 (compatible; bingbot/2.0; +http://www.bing.com/bingbot.htm)"
203.225.0.215 - - [12/Feb/2026:02:41:42 +0000] "GET /sitemap.xml HTTP/1.1" 302 139 "-" "Mozilla/5.0 AppleWebKit/537.36 (compatible; GPTBot/1.3; +https://openai.com/gptbot)"
99.170.62.78 - - [12/Feb/2026:02:46:07 +0000] "GET /index.html HTTP/1.1" 200 40717 "-" "Mozilla/5.0 (compatible; Googlebot/2.1; +http://www.google.com/bot.html)"
171.133.45.213 - - [12/Feb/2026:02:47:19 +0000] "GET /about.html HTTP/1.1" 200 137890 "-" "ClaudeBot/1.0 (+https://www.anthropic.com/claudebot)"
141.57.250.8 - - [12/Feb/2026:02:47:50 +0000] "GET /banner.jpg HTTP/1.1" 200 67343 "-" "Mozilla/5.0 AppleWebKit/537.36 (compatible; GPTBot/1.3; +https://openai.com/gptbot)"
99.170.62.78 - - [12/Feb/2026:02:49:55 +0000] "GET /about.html HTTP/1.1" 304 492 "-" "ClaudeBot/1.0 (+https://www.anthropic.com/claudebot)"
71.138.7.233 - - [12/Feb/2026:02:58:37 +0000] "GET /logo.png HTTP/1.1" 404 18 "-" "Mozilla/5.0 (compatible; bingbot/2.0; +http://www.bing.com/bingbot.htm)"
149.37.222.138 - - [12/Feb/2026:02:59:54 +0000] "GET /logo.png HTTP/1.1" 304 198 "-" "Mozilla/5.0 (compatible; Googlebot/2.1; +http://www.google.com/bot.html)"
188.194.31.5 - - [12/Feb/2026:03:01:50 +0000] "GET /sitemap.xml HTTP/1.1" 404 377 "-" "Mozilla/5.0 (compatible; bingbot/2.0; +http://www.bing.com/bingbot.htm)"
99.132.12.102 - - [12/Feb/2026:03:02:26 +0000] "GET /index.html HTTP/1.1" 301 192 "-" "Mozilla/5.0 (compatible; Amazonbot/0.1; +https://developer.amazon.com/support/amazonbot)"
71.138.7.233 - - [12/Feb/2026:03:08:58 +0000] "GET /style.css HTTP/1.1" 200 15087 "-" "ClaudeBot/1.0 (+https://www.anthropic.com/claudebot)"
141.57.250.8 - - [12/Feb/2026:03:09:12 +0000] "GET /banner.jpg HTTP/1.1" 200 149774 "-" "Mozilla/5.0 AppleWebKit/537.36 (compatible; GPTBot/1.3; +https://openai.com/gptbot)"
203.225.0.215 - - [12/Feb/2026:03:09:23 +0000] "GET /feed.xml HTTP/1.1" 200 61544 "-" "Mozilla/5.0 AppleWebKit/537.36 (compatible; GPTBot/1.3; +https://openai.com/gptbot)"
171.133.45.213 - - [12/Feb/2026:03:09:50 +0000] "GET /readme.txt HTTP/1.1" 200 133160 "-" "ClaudeBot/1.0 (+https://www.anthropic.com/claudebot)"
99.170.62.78 - - [12/Feb/2026:03:11:31 +0000] "GET /about.html HTTP/1.1" 200 114762 "-" "Mozilla/5.0 (compatible; Amazonbot/0.1; +https://developer.amazon.com/support/amazonbot)"
99.132.12.102 - - [12/Feb/2026:03:13:17 +0000] "GET /about.html HTTP/1.1" 404 141 "-" "Mozilla/5.0 (compatible; bingbot/2.0; +http://www.bing.com/bingbot.htm)"
188.194.31.5 - - [12/Feb/2026:03:13:59 +0000] "GET /logo.png HTTP/1.1" 200 44030 "-" "Mozilla/5.0 (compatible; Amazonbot/0.1; +https://developer.amazon.com/support/amazonbot)"
99.150.211.250 - - [12/Feb/2026:03:14:31 +0000] "GET /app.js HTTP/1.1" 200 38191 "-" "Mozilla/5.0 (compatible; Googlebot/2.1; +http://www.google.com/bot.html)"
149.37.222.138 - - [12/Feb/2026:03:15:12 +0000] "GET /readme.txt HTTP/1.1" 200 135612 "-" "Mozilla/5.0 (compatible; bingbot/2.0; +http://www.bing.com/bingbot.htm)"
203.225.0.215 - - [12/Feb/2026:03:17:34 +0000] "GET /readme.txt HTTP/1.1" 200 136529 "-" "Mozilla/5.0 (compatible; Amazonbot/0.1; +https://developer.amazon.com/support/amazonbot)"
99.170.62.78 - - [12/Feb/2026:03:17:49 +0000] "GET /sitemap.xml HTTP/1.1" 200 146159 "-" "Mozilla/5.0 (compatible; Googlebot/2.1; +http://www.google.com/bot.html)"
149.37.222.138 - - [12/Feb/2026:03:20:46 +0000] "GET /about.html HTTP/1.1" 200 74764 "-" "ClaudeBot/1.0 (+https://www.anthropic.com/claudebot)"
60.241.196.176 - - [12/Feb/2026:03:32:26 +0000] "GET /logo.png HTTP/1.1" 304 421 "-" "Mozilla/5.0 (compatible; Googlebot/2.1; +http://www.google.com/bot.html)"
99.132.12.102 - - [12/Feb/2026:03:36:02 +0000] "GET /data.json HTTP/1.1" 200 3439 "-" "Mozilla/5.0 (compatible; Googlebot/2.1; +http://www.google.com/bot.html)"
99.170.62.78 - - [12/Feb/2026:03:36:36 +0000] "GET /style.css HTTP/1.1" 404 291 "-" "ClaudeBot/1.0 (+https://www.anthropic.com/claudebot)"
82.35.167.49 - - [12/Feb/2026:03:39:05 +0000] "GET /config HTTP/1.1" 200 3785 "-" "Mozilla/5.0 AppleWebKit/537.36 (compatible; GPTBot/1.3; +https://openai.com/gptbot)"
71.138.7.233 - - [12/Feb/2026:03:44:30 +0000] "GET /feed.xml HTTP/1.1" 200 148385 "-" "ClaudeBot/1.0 (+https://www.anthropic.com/claudebot)"
122.96.81.102 - - [12/Feb/2026:03:53:17 +0000] "GET /data.json HTTP/1.1" 200 56601 "-" "Mozilla/5.0 (compatible; bingbot/2.0; +http://www.bing.com/bingbot.htm)"
60.241.196.176 - - [12/Feb/2026:04:02:40 +0000] "GET /logo.png HTTP/1.1" 200 23185 "-" "Mozilla/5.0 (compatible; bingbot/2.0; +http://www.bing.com/bingbot.htm)"
171.133.45.213 - - [12/Feb/2026:04:05:29 +0000] "GET /config HTTP/1.1" 200 76794 "-" "ClaudeBot/1.0 (+https://www.anthropic.com/claudebot)"
203.225.0.215 - - [12/Feb/2026:04:11:33 +0000] "GET /app.js HTTP/1.1" 304 189 "-" "Mozilla/5.0 (compatible; Googlebot/2.1; +http://www.google.com/bot.html)"
99.170.62.78 - - [12/Feb/2026:04:15:19 +0000] "GET /feed.xml HTTP/1.1" 200 107695 "-" "Mozilla/5.0 AppleWebKit/537.36 (compatible; GPTBot/1.3; +https://openai.com/gptbot)"
149.37.222.138 - - [12/Feb/2026:04:16:36 +0000] "GET /index.html HTTP/1.1" 200 139881 "-" "Mozilla/5.0 (compatible; Amazonbot/0.1; +https://developer.amazon.com/support/amazonbot)"
203.225.0.215 - - [12/Feb/2026:04:21:03 +0000] "GET /index.html HTTP/1.1" 404 333 "-" "ClaudeBot/1.0 (+https://www.anthropic.com/claudebot)"
203.225.0.215 - - [12/Feb/2026:04:26:09 +0000] "GET /data.json HTTP/1.1" 200 4872 "-" "Mozilla/5.0 (compatible; Amazonbot/0.1; +https://developer.amazon.com/support/amazonbot)"
171.133.45.213 - - [12/Feb/2026:04:26:47 +0000] "GET /app.js HTTP/1.1" 200 128805 "-" "Mozilla/5.0 (compatible; bingbot/2.0; +http://www.bing.com/bingbot.htm)"
99.132.12.102 - - [12/Feb/2026:04:31:31 +0000] "GET /banner.jpg HTTP/1.1" 200 29678 "-" "Mozilla/5.0 (compatible; Amazonbot/0.1; +https://developer.amazon.com/support/amazonbot)"
203.225.0.215 - - [12/Feb/2026:04:32:16 +0000] "GET /sitemap.xml HTTP/1.1" 200 30334 "-" "Mozilla/5.0 AppleWebKit/537.36 (compatible; GPTBot/1.3; +https://openai.com/gptbot)"
188.194.31.5 - - [12/Feb/2026:04:33:46 +0000] "GET /banner.jpg HTTP/1.1" 200 35251 "-" "Mozilla/5.0 AppleWebKit/537.36 (compatible; GPTBot/1.3; +https://openai.com/gptbot)"
188.194.31.5 - - [12/Feb/2026:04:38:44 +0000] "GET /about.html HTTP/1.1" 200 93187 "-" "Mozilla/5.0 AppleWebKit/537.36 (compatible; GPTBot/1.3; +https://openai.com/gptbot)"
188.194.31.5 - - [12/Feb/2026:04:40:13 +0000] "GET /app.js HTTP/1.1" 200 89000 "-" "Mozilla/5.0 (compatible; Googlebot/2.1; +http://www.google.com/bot.html)"
71.138.7.233 - - [12/Feb/2026:04:48:28 +0000] "GET /index.html HTTP/1.1" 200 50690 "-" "Mozilla/5.0 (compatible; Amazonbot/0.1; +https://developer.amazon.com/support/amazonbot)"
122.96.81.102 - - [12/Feb/2026:04:54:18 +0000] "GET /banner.jpg HTTP/1.1" 200 90925 "-" "Mozilla/5.0 (compatible; bingbot/2.0; +http://www.bing.com/bingbot.htm)"
122.96.81.102 - - [12/Feb/2026:04:56:31 +0000] "GET /index.html HTTP/1.1" 304 114 "-" "Mozilla/5.0 (compatible; Googlebot/2.1; +http://www.google.com/bot.html)"
99.150.211.250 - - [12/Feb/2026:04:56:55 +0000] "GET /config HTTP/1.1" 304 221 "-" "Mozilla/5.0 (compatible; Amazonbot/0.1; +https://developer.amazon.com/support/amazonbot)"
60.241.196.176 - - [12/Feb/2026:04:59:35 +0000] "GET /sitemap.xml HTTP/1.1" 200 80022 "-" "Mozilla/5.0 (compatible; bingbot/2.0; +http://www.bing.com/bingbot.htm)"
203.225.0.215 - - [12/Feb/2026:05:03:48 +0000] "GET /style.css HTTP/1.1" 200 59569 "-" "Mozilla/5.0 (compatible; Amazonbot/0.1; +https://developer.amazon.com/support/amazonbot)"
171.133.45.213 - - [12/Feb/2026:05:03:48 +0000] "GET /about.html HTTP/1.1" 200 75919 "-" "Mozilla/5.0 (compatible; bingbot/2.0; +http://www.bing.com/bingbot.htm)"
188.194.31.5 - - [12/Feb/2026:05:10:32 +0000] "GET /banner.jpg HTTP/1.1" 404 375 "-" "Mozilla/5.0 (compatible; bingbot/2.0; +http://www.bing.com/bingbot.htm)"
141.57.250.8 - - [12/Feb/2026:05:11:28 +0000] "GET /index.html HTTP/1.1" 200 14686 "-" "Mozilla/5.0 AppleWebKit/537.36 (compatible; GPTBot/1.3; +https://openai.com/gptbot)"
71.138.7.233 - - [12/Feb/2026:05:12:26 +0000] "GET /sitemap.xml HTTP/1.1" 404 299 "-" "ClaudeBot/1.0 (+https://www.anthropic.com/claudebot)"
188.194.31.5 - - [12/Feb/2026:05:14:44 +0000] "GET / HTTP/1.1" 200 2247 "-" "Mozilla/5.0 (compatible; bingbot/2.0; +http://www.bing.com/bingbot.htm)"
60.241.196.176 - - [12/Feb/2026:05:17:08 +0000] "GET /about.html HTTP/1.1" 200 68502 "-" "Mozilla/5.0 (compatible; Googlebot/2.1; +http://www.google.com/bot.html)"
60.241.196.176 - - [12/Feb/2026:05:17:15 +0000] "GET /config HTTP/1.1" 404 41 "-" "Mozilla/5.0 AppleWebKit/537.36 (compatible; GPTBot/1.3; +https://openai.com/gptbot)"
171.133.45.213 - - [12/Feb/2026:05:18:44 +0000] "GET /sitemap.xml HTTP/1.1" 200 11010 "-" "ClaudeBot/1.0 (+https://www.anthropic.com/claudebot)"
99.132.12.102 - - [12/Feb/2026:05:20:03 +0000] "GET /index.html HTTP/1.1" 200 134473 "-" "Mozilla/5.0 (compatible; bingbot/2.0; +http://www.bing.com/bingbot.htm)"
149.37.222.138 - - [12/Feb/2026:05:25:02 +0000] "GET /banner.jpg HTTP/1.1" 200 93721 "-" "Mozilla/5.0 (compatible; Amazonbot/0.1; +https://developer.amazon.com/support/amazonbot)"
171.133.45.213 - - [12/Feb/2026:05:27:41 +0000] "GET /config HTTP/1.1" 403 417 "-" "Mozilla/5.0 (compatible; Amazonbot/0.1; +https://developer.amazon.com/support/amazonbot)"
60.241.196.176 - - [12/Feb/2026:05:31:34 +0000] "GET / HTTP/1.1" 404 327 "-" "Mozilla/5.0 AppleWebKit/537.36 (compatible; GPTBot/1.3; +https://openai.com/gptbot)"
203.225.0.215 - - [12/Feb/2026:05:34:24 +0000] "GET /config HTTP/1.1" 200 53103 "-" "Mozilla/5.0 AppleWebKit/537.36 (compatible; GPTBot/1.3; +https://openai.com/gptbot)"
99.132.12.102 - - [12/Feb/2026:05:41:24 +0000] "GET /feed.xml HTTP/1.1" 200 86004 "-" "Mozilla/5.0 (compatible; Googlebot/2.1; +http://www.google.com/bot.html)"
188.194.31.5 - - [12/Feb/2026:05:42:55 +0000] "GET /data.json HTTP/1.1" 200 25388 "-" "ClaudeBot/1.0 (+https://www.anthropic.com/claudebot)"
82.35.167.49 - - [12/Feb/2026:05:46:00 +0000] "GET /data.json HTTP/1.1" 304 243 "-" "Mozilla/5.0 (compatible; Amazonbot/0.1; +https://developer.amazon.com/support/amazonbot)"
122.96.81.102 - - [12/Feb/2026:05:48:28 +0000] "GET /index.html HTTP/1.1" 200 65338 "-" "Mozilla/5.0 (compatible; bingbot/2.0; +http://www.bing.com/bingbot.htm)"
149.37.222.138 - - [12/Feb/2026:05:48:53 +0000] "GET /sitemap.xml HTTP/1.1" 200 45319 "-" "Mozilla/5.0 (compatible; Amazonbot/0.1; +https://developer.amazon.com/support/amazonbot)"
149.37.222.138 - - [12/Feb/2026:05:51:29 +0000] "GET /feed.xml HTTP/1.1" 200 144567 "-" "Mozilla/5.0 (compatible; Googlebot/2.1; +http://www.google.com/bot.html)"
141.57.250.8 - - [12/Feb/2026:05:54:36 +0000] "GET /sitemap.xml HTTP/1.1" 200 127869 "-" "Mozilla/5.0 (compatible; Googlebot/2.1; +http://www.google.com/bot.html)"
149.37.222.138 - - [12/Feb/2026:05:55:50 +0000] "GET /readme.txt HTTP/1.1" 200 97577 "-" "Mozilla/5.0 (compatible; Amazonbot/0.1; +https://developer.amazon.com/support/amazonbot)"
71.138.7.233 - - [12/Feb/2026:05:56:45 +0000] "GET /about.html HTTP/1.1" 404 169 "-" "Mozilla/5.0 (compatible; Googlebot/2.1; +http://www.google.com/bot.html)"
71.138.7.233 - - [12/Feb/2026:06:07:53 +0000] "GET / HTTP/1.1" 200 57729 "-" "Mozilla/5.0 AppleWebKit/537.36 (compatible; GPTBot/1.3; +https://openai.com/gptbot)"
122.96.81.102 - - [12/Feb/2026:06:08:40 +0000] "GET /sitemap.xml HTTP/1.1" 404 479 "-" "ClaudeBot/1.0 (+https://www.anthropic.com/claudebot)"
99.170.62.78 - - [12/Feb/2026:06:09:39 +0000] "GET /logo.png HTTP/1.1" 404 461 "-" "Mozilla/5.0 (compatible; Googlebot/2.1; +http://www.google.com/bot.html)"
71.138.7.233 - - [12/Feb/2026:06:11:20 +0000] "GET /app.js HTTP/1.1" 403 260 "-" "Mozilla/5.0 (compatible; Googlebot/2.1; +http://www.google.com/bot.html)"
149.37.222.138 - - [12/Feb/2026:06:17:45 +0000] "GET /sitemap.xml HTTP/1.1" 404 297 "-" "Mozilla/5.0 AppleWebKit/537.36 (compatible; GPTBot/1.3; +https://openai.com/gptbot)"
141.57.250.8 - - [12/Feb/2026:06:19:34 +0000] "GET /sitemap.xml HTTP/1.1" 200 36058 "-" "ClaudeBot/1.0 (+https://www.anthropic.com/claudebot)"
171.133.45.213 - - [12/Feb/2026:06:21:16 +0000] "GET /style.css HTTP/1.1" 200 128843 "-" "Mozilla/5.0 (compatible; Amazonbot/0.1; +https://developer.amazon.com/support/amazonbot)"
71.138.7.233 - - [12/Feb/2026:06:24:11 +0000] "GET /feed.xml HTTP/1.1" 200 127466 "-" "Mozilla/5.0 AppleWebKit/537.36 (compatible; GPTBot/1.3; +https://openai.com/gptbot)"
141.57.250.8 - - [12/Feb/2026:06:25:00 +0000] "GET /feed.xml HTTP/1.1" 200 4080 "-" "Mozilla/5.0 (compatible; bingbot/2.0; +http://www.bing.com/bingbot.htm)"
203.225.0.215 - - [12/Feb/2026:06:26:18 +0000] "GET /config HTTP/1.1" 404 107 "-" "Mozilla/5.0 (compatible; Amazonbot/0.1; +https://developer.amazon.com/support/amazonbot)"
149.37.222.138 - - [12/Feb/2026:06:27:01 +0000] "GET /logo.png HTTP/1.1" 200 106105 "-" "Mozilla/5.0 (compatible; Amazonbot/0.1; +https://developer.amazon.com/support/amazonbot)"
71.138.7.233 - - [12/Feb/2026:06:28:47 +0000] "GET /logo.png HTTP/1.1" 200 138405 "-" "Mozilla/5.0 AppleWebKit/537.36 (compatible; GPTBot/1.3; +https://openai.com/gptbot)"
99.132.12.102 - - [12/Feb/2026:06:29:08 +0000] "GET /feed.xml HTTP/1.1" 200 36016 "-" "Mozilla/5.0 (compatible; Googlebot/2.1; +http://www.google.com/bot.html)"
203.225.0.215 - - [12/Feb/2026:06:30:12 +0000] "GET /sitemap.xml HTTP/1.1" 304 39 "-" "Mozilla/5.0 (compatible; bingbot/2.0; +http://www.bing.com/bingbot.htm)"
203.225.0.215 - - [12/Feb/2026:06:31:12 +0000] "GET /readme.txt HTTP/1.1" 200 29145 "-" "Mozilla/5.0 (compatible; Googlebot/2.1; +http://www.google.com/bot.html)"
99.170.62.78 - - [12/Feb/2026:06:31:20 +0000] "GET /config HTTP/1.1" 404 316 "-" "Mozilla/5.0 (compatible; Amazonbot/0.1; +https://developer.amazon.com/support/amazonbot)"
82.35.167.49 - - [12/Feb/2026:06:32:42 +0000] "GET /sitemap.xml HTTP/1.1" 200 70556 "-" "Mozilla/5.0 (compatible; Amazonbot/0.1; +https://developer.amazon.com/support/amazonbot)"
122.96.81.102 - - [12/Feb/2026:06:35:17 +0000] "GET /index.html HTTP/1.1" 200 73116 "-" "Mozilla/5.0 AppleWebKit/537.36 (compatible; GPTBot/1.3; +https://openai.com/gptbot)"
99.150.211.250 - - [12/Feb/2026:06:36:31 +0000] "GET /logo.png HTTP/1.1" 200 56626 "-" "Mozilla/5.0 (compatible; Amazonbot/0.1; +https://developer.amazon.com/support/amazonbot)"
149.37.222.138 - - [12/Feb/2026:06:37:08 +0000] "GET /data.json HTTP/1.1" 200 38726 "-" "ClaudeBot/1.0 (+https://www.anthropic.com/claudebot)"
60.241.196.176 - - [12/Feb/2026:06:37:25 +0000] "GET /about.html HTTP/1.1" 200 34992 "-" "Mozilla/5.0 (compatible; Amazonbot/0.1; +https://developer.amazon.com/support/amazonbot)"
99.150.211.250 - - [12/Feb/2026:06:37:34 +0000] "GET /style.css HTTP/1.1" 200 108817 "-" "Mozilla/5.0 AppleWebKit/537.36 (compatible; GPTBot/1.3; +https://openai.com/gptbot)"
82.35.167.49 - - [12/Feb/2026:06:42:24 +0000] "GET /sitemap.xml HTTP/1.1" 200 19529 "-" "Mozilla/5.0 (compatible; Amazonbot/0.1; +https://developer.amazon.com/support/amazonbot)"
171.133.45.213 - - [12/Feb/2026:06:43:19 +0000] "GET /data.json HTTP/1.1" 200 89552 "-" "Mozilla/5.0 (compatible; bingbot/2.0; +http://www.bing.com/bingbot.htm)"
60.241.196.176 - - [12/Feb/2026:06:46:27 +0000] "GET /readme.txt HTTP/1.1" 200 139432 "-" "Mozilla/5.0 (compatible; Amazonbot/0.1; +https://developer.amazon.com/support/amazonbot)"
122.96.81.102 - - [12/Feb/2026:06:46:57 +0000] "GET /about.html HTTP/1.1" 200 33491 "-" "Mozilla/5.0 (compatible; bingbot/2.0; +http://www.bing.com/bingbot.htm)"
99.170.62.78 - - [12/Feb/2026:06:54:08 +0000] "GET /readme.txt HTTP/1.1" 200 141082 "-" "Mozilla/5.0 AppleWebKit/537.36 (compatible; GPTBot/1.3; +https://openai.com/gptbot)"
99.132.12.102 - - [12/Feb/2026:06:55:35 +0000] "GET /logo.png HTTP/1.1" 200 128775 "-" "Mozilla/5.0 (compatible; bingbot/2.0; +http://www.bing.com/bingbot.htm)"
82.35.167.49 - - [12/Feb/2026:06:56:09 +0000] "GET /feed.xml HTTP/1.1" 304 92 "-" "Mozilla/5.0 (compatible; bingbot/2.0; +http://www.bing.com/bingbot.htm)"
171.133.45.213 - - [12/Feb/2026:07:00:00 +0000] "GET /sitemap.xml HTTP/1.1" 200 49968 "-" "Mozilla/5.0 (compatible; bingbot/2.0; +http://www.bing.com/bingbot.htm)"
188.194.31.5 - - [12/Feb/2026:07:01:04 +0000] "GET /index.html HTTP/1.1" 200 105675 "-" "Mozilla/5.0 (compatible; bingbot/2.0; +http://www.bing.com/bingbot.htm)"
141.57.250.8 - - [12/Feb/2026:07:04:11 +0000] "GET /style.css HTTP/1.1" 200 140170 "-" "Mozilla/5.0 (compatible; Amazonbot/0.1; +https://developer.amazon.com/support/amazonbot)"
71.138.7.233 - - [12/Feb/2026:07:13:13 +0000] "GET /sitemap.xml HTTP/1.1" 200 90976 "-" "Mozilla/5.0 (compatible; bingbot/2.0; +http://www.bing.com/bingbot.htm)"
122.96.81.102 - - [12/Feb/2026:07:13:20 +0000] "GET /app.js HTTP/1.1" 200 60237 "-" "Mozilla/5.0 (compatible; bingbot/2.0; +http://www.bing.com/bingbot.htm)"
71.138.7.233 - - [12/Feb/2026:07:14:46 +0000] "GET /readme.txt HTTP/1.1" 200 124980 "-" "Mozilla/5.0 (compatible; bingbot/2.0; +http://www.bing.com/bingbot.htm)"
149.37.222.138 - - [12/Feb/2026:07:22:30 +0000] "GET /config HTTP/1.1" 200 15774 "-" "Mozilla/5.0 (compatible; bingbot/2.0; +http://www.bing.com/bingbot.htm)"
99.170.62.78 - - [12/Feb/2026:07:22:43 +0000] "GET /about.html HTTP/1.1" 404 171 "-" "Mozilla/5.0 AppleWebKit/537.36 (compatible; GPTBot/1.3; +https://openai.com/gptbot)"
188.194.31.5 - - [12/Feb/2026:07:23:30 +0000] "GET /about.html HTTP/1.1" 200 60216 "-" "Mozilla/5.0 (compatible; Amazonbot/0.1; +https://developer.amazon.com/support/amazonbot)"
71.138.7.233 - - [12/Feb/2026:07:24:13 +0000] "GET / HTTP/1.1" 302 330 "-" "ClaudeBot/1.0 (+https://www.anthropic.com/claudebot)"
188.194.31.5 - - [12/Feb/2026:07:33:42 +0000] "GET /banner.jpg HTTP/1.1" 301 292 "-" "Mozilla/5.0 (compatible; bingbot/2.0; +http://www.bing.com/bingbot.htm)"
122.96.81.102 - - [12/Feb/2026:07:34:40 +0000] "GET /app.js HTTP/1.1" 404 390 "-" "ClaudeBot/1.0 (+https://www.anthropic.com/claudebot)"
203.225.0.215 - - [12/Feb/2026:07:35:51 +0000] "GET /feed.xml HTTP/1.1" 404 432 "-" "Mozilla/5.0 (compatible; Googlebot/2.1; +http://www.google.com/bot.html)"
188.194.31.5 - - [12/Feb/2026:07:37:47 +0000] "GET /banner.jpg HTTP/1.1" 200 4570 "-" "Mozilla/5.0 (compatible; bingbot/2.0; +http://www.bing.com/bingbot.htm)"
149.37.222.138 - - [12/Feb/2026:07:39:33 +0000] "GET /feed.xml HTTP/1.1" 200 1664 "-" "Mozilla/5.0 AppleWebKit/537.36 (compatible; GPTBot/1.3; +https://openai.com/gptbot)"
203.225.0.215 - - [12/Feb/2026:07:41:25 +0000] "GET /banner.jpg HTTP/1.1" 200 5700 "-" "Mozilla/5.0 AppleWebKit/537.36 (compatible; GPTBot/1.3; +https://openai.com/gptbot)"
99.170.62.78 - - [12/Feb/2026:07:42:11 +0000] "GET /about.html HTTP/1.1" 404 206 "-" "Mozilla/5.0 (compatible; Amazonbot/0.1; +https://developer.amazon.com/support/amazonbot)"
149.37.222.138 - - [12/Feb/2026:07:42:45 +0000] "GET /index.html HTTP/1.1" 200 113037 "-" "Mozilla/5.0 (compatible; Googlebot/2.1; +http://www.google.com/bot.html)"
99.170.62.78 - - [12/Feb/2026:07:43:14 +0000] "GET / HTTP/1.1" 200 69480 "-" "Mozilla/5.0 (compatible; Amazonbot/0.1; +https://developer.amazon.com/support/amazonbot)"
82.35.167.49 - - [12/Feb/2026:07:44:55 +0000] "GET /config HTTP/1.1" 404 58 "-" "Mozilla/5.0 (compatible; Googlebot/2.1; +http://www.google.com/bot.html)"
188.194.31.5 - - [12/Feb/2026:07:48:02 +0000] "GET /feed.xml HTTP/1.1" 403 45 "-" "ClaudeBot/1.0 (+https://www.anthropic.com/claudebot)"
188.194.31.5 - - [12/Feb/2026:07:53:18 +0000] "GET /app.js HTTP/1.1" 304 163 "-" "Mozilla/5.0 (compatible; Googlebot/2.1; +http://www.google.com/bot.html)"
60.241.196.176 - - [12/Feb/2026:07:55:39 +0000] "GET /config HTTP/1.1" 200 122118 "-" "Mozilla/5.0 (compatible; bingbot/2.0; +http://www.bing.com/bingbot.htm)"
71.138.7.233 - - [12/Feb/2026:07:55:41 +0000] "GET /config HTTP/1.1" 404 393 "-" "ClaudeBot/1.0 (+https://www.anthropic.com/claudebot)"
82.35.167.49 - - [12/Feb/2026:07:57:16 +0000] "GET / HTTP/1.1" 200 35253 "-" "Mozilla/5.0 AppleWebKit/537.36 (compatible; GPTBot/1.3; +https://openai.com/gptbot)"
99.170.62.78 - - [12/Feb/2026:08:00:42 +0000] "GET /index.html HTTP/1.1" 200 28892 "-" "Mozilla/5.0 (compatible; bingbot/2.0; +http://www.bing.com/bingbot.htm)"
99.132.12.102 - - [12/Feb/2026:08:00:48 +0000] "GET /sitemap.xml HTTP/1.1" 200 66694 "-" "Mozilla/5.0 AppleWebKit/537.36 (compatible; GPTBot/1.3; +https://openai.com/gptbot)"
99.170.62.78 - - [12/Feb/2026:08:02:05 +0000] "GET /logo.png HTTP/1.1" 200 1817 "-" "Mozilla/5.0 (compatible; Googlebot/2.1; +http://www.google.com/bot.html)"
99.132.12.102 - - [12/Feb/2026:08:04:23 +0000] "GET /config HTTP/1.1" 200 77807 "-" "Mozilla/5.0 (compatible; Amazonbot/0.1; +https://developer.amazon.com/support/amazonbot)"
71.138.7.233 - - [12/Feb/2026:08:06:30 +0000] "GET /app.js HTTP/1.1" 200 50132 "-" "Mozilla/5.0 (compatible; Amazonbot/0.1; +https://developer.amazon.com/support/amazonbot)"
149.37.222.138 - - [12/Feb/2026:08:10:26 +0000] "GET /feed.xml HTTP/1.1" 404 193 "-" "ClaudeBot/1.0 (+https://www.anthropic.com/claudebot)"
188.194.31.5 - - [12/Feb/2026:08:12:25 +0000] "GET /config HTTP/1.1" 200 132838 "-" "Mozilla/5.0 (compatible; Amazonbot/0.1; +https://developer.amazon.com/support/amazonbot)"
82.35.167.49 - - [12/Feb/2026:08:17:23 +0000] "GET /style.css HTTP/1.1" 200 88185 "-" "Mozilla/5.0 (compatible; Googlebot/2.1; +http://www.google.com/bot.html)"
122.96.81.102 - - [12/Feb/2026:08:21:15 +0000] "GET / HTTP/1.1" 200 103884 "-" "Mozilla/5.0 (compatible; bingbot/2.0; +http://www.bing.com/bingbot.htm)"
171.133.45.213 - - [12/Feb/2026:08:23:33 +0000] "GET /index.html HTTP/1.1" 200 81865 "-" "Mozilla/5.0 (compatible; Googlebot/2.1; +http://www.google.com/bot.html)"
60.241.196.176 - - [12/Feb/2026:08:23:59 +0000] "GET /data.json HTTP/1.1" 304 3 "-" "Mozilla/5.0 (compatible; Amazonbot/0.1; +https://developer.amazon.com/support/amazonbot)"
149.37.222.138 - - [12/Feb/2026:08:31:41 +0000] "GET /sitemap.xml HTTP/1.1" 200 79020 "-" "Mozilla/5.0 (compatible; Googlebot/2.1; +http://www.google.com/bot.html)"
122.96.81.102 - - [12/Feb/2026:08:38:09 +0000] "GET /readme.txt HTTP/1.1" 304 199 "-" "Mozilla/5.0 (compatible; Amazonbot/0.1; +https://developer.amazon.com/support/amazonbot)"
71.138.7.233 - - [12/Feb/2026:08:39:19 +0000] "GET /index.html HTTP/1.1" 200 51250 "-" "Mozilla/5.0 AppleWebKit/537.36 (compatible; GPTBot/1.3; +https://openai.com/gptbot)"
122.96.81.102 - - [12/Feb/2026:08:44:38 +0000] "GET /sitemap.xml HTTP/1.1" 304 323 "-" "Mozilla/5.0 (compatible; Amazonbot/0.1; +https://developer.amazon.com/support/amazonbot)"
149.37.222.138 - - [12/Feb/2026:08:45:00 +0000] "GET /logo.png HTTP/1.1" 200 63497 "-" "Mozilla/5.0 AppleWebKit/537.36 (compatible; GPTBot/1.3; +https://openai.com/gptbot)"
149.37.222.138 - - [12/Feb/2026:08:46:28 +0000] "GET /style.css HTTP/1.1" 200 53623 "-" "Mozilla/5.0 (compatible; Amazonbot/0.1; +https://developer.amazon.com/support/amazonbot)"
71.138.7.233 - - [12/Feb/2026:08:47:42 +0000] "GET /logo.png HTTP/1.1" 200 62653 "-" "Mozilla/5.0 (compatible; Amazonbot/0.1; +https://developer.amazon.com/support/amazonbot)"
149.37.222.138 - - [12/Feb/2026:08:49:25 +0000] "GET /feed.xml HTTP/1.1" 200 47080 "-" "Mozilla/5.0 (compatible; Amazonbot/0.1; +https://developer.amazon.com/support/amazonbot)"
99.170.62.78 - - [12/Feb/2026:08:52:20 +0000] "GET /feed.xml HTTP/1.1" 200 45318 "-" "ClaudeBot/1.0 (+https://www.anthropic.com/claudebot)"
141.57.250.8 - - [12/Feb/2026:08:56:27 +0000] "GET /feed.xml HTTP/1.1" 200 27227 "-" "Mozilla/5.0 (compatible; Googlebot/2.1; +http://www.google.com/bot.html)"
82.35.167.49 - - [12/Feb/2026:08:56:53 +0000] "GET /app.js HTTP/1.1" 200 89541 "-" "Mozilla/5.0 (compatible; bingbot/2.0; +http://www.bing.com/bingbot.htm)"
203.225.0.215 - - [12/Feb/2026:09:07:15 +0000] "GET /banner.jpg HTTP/1.1" 200 130233 "-" "Mozilla/5.0 (compatible; Amazonbot/0.1; +https://developer.amazon.com/support/amazonbot)"
149.37.222.138 - - [12/Feb/2026:09:08:10 +0000] "GET /data.json HTTP/1.1" 200 33569 "-" "Mozilla/5.0 (compatible; Googlebot/2.1; +http://www.google.com/bot.html)"
60.241.196.176 - - [12/Feb/2026:09:10:54 +0000] "GET /data.json HTTP/1.1" 200 126575 "-" "Mozilla/5.0 (compatible; Googlebot/2.1; +http://www.google.com/bot.html)"
171.133.45.213 - - [12/Feb/2026:09:14:29 +0000] "GET /about.html HTTP/1.1" 200 62620 "-" "Mozilla/5.0 (compatible; Googlebot/2.1; +http://www.google.com/bot.html)"
60.241.196.176 - - [12/Feb/2026:09:14:45 +0000] "GET /style.css HTTP/1.1" 200 8491 "-" "ClaudeBot/1.0 (+https://www.anthropic.com/claudebot)"
