71.138.7.233 - - [18/Feb/2026:02:28:06 +0000] "GET /logo.png HTTP/1.1" 200 110723 "-" "Mozilla/5.0 (compatible; bingbot/2.0; +http://www.bing.com/bingbot.htm)"
71.138.7.233 - - [18/Feb/2026:02:35:03 +0000] "GET /feed.xml HTTP/1.1" 200 46039 "-" "Mozilla/5.0 (compatible; Googlebot/2.1; +http://www.google.com/bot.html)"
188.194.31.5 - - [18/Feb/2026:02:36:00 +0000] "GET /app.js HTTP/1.1" 404 134 "-" "Mozilla/5.0 (compatible; bingbot/2.0; +http://www.bing.com/bingbot.htm)"
122.96.81.102 - - [18/Feb/2026:02:37:06 +0000] "GET /style.css HTTP/1.1" 200 49934 "-" "Mozilla/5.0 AppleWebKit/537.36 (compatible; GPTBot/1.3; +https://openai.com/gptbot)"
171.133.45.213 - - [18/Feb/2026:02:37:19 +0000] "GET /style.css HTTP/1.1" 200 139455 "-" "Mozilla/5.0 AppleWebKit/537.36 (compatible; GPTBot/1.3; +https://openai.com/gptbot)"
71.138.7.233 - - [18/Feb/2026:02:39:14 +0000] "GET / HTTP/1.1" 304 93 "-" "ClaudeBot/1.0 (+https://www.anthropic.com/claudebot)"
141.57.250.8 - - [18/Feb/2026:02:42:46 +0000] "GET /data.json HTTP/1.1" 200 31171 "-" "Mozilla/5.0 (compatible; Googlebot/2.1; +http://www.google.com/bot.html)"
60.241.196.176 - - [18/Feb/2026:02:47:25 +0000] "GET /readme.txt HTTP/1.1" 200 33974 "-" "Mozilla/5.0 (compatible; Amazonbot/0.1; +https://developer.amazon.com/support/amazonbot)"
141.57.250.8 - - [18/Feb/2026:02:48:20 +0000] "GET /style.css HTTP/1.1" 200 5065 "-" "ClaudeBot/1.0 (+https://www.anthropic.com/claudebot)"
99.132.12.102 - - [18/Feb/2026:02:50:00 +0000] "GET /index.html HTTP/1.1" 200 126938 "-" "Mozilla/5.0 (compatible; Googlebot/2.1; +http://www.google.com/bot.html)"
122.96.81.102 - - [18/Feb/2026:02:51:40 +0000] "GET /sitemap.xml HTTP/1.1" 404 5 "-" "Mozilla/5.0 (compatible; Googlebot/2.1; +http://www.google.com/bot.html)"
99.170.62.78 - - [18/Feb/2026:02:52:34 +0000] "GET / HTTP/1.1" 304 336 "-" "Mozilla/5.0 (compatible; Googlebot/2.1; +http://www.google.com/bot.html)"
122.96.81.102 - - [18/Feb/2026:02:53:14 +0000] "GET /readme.txt HTTP/1.1" 200 6140 "-" "ClaudeBot/1.0 (+https://www.anthropic.com/claudebot)"
60.241.196.176 - - [18/Feb/2026:02:55:14 +0000] "GET /logo.png HTTP/1.1" 200 11258 "-" "ClaudeBot/1.0 (+https://www.anthropic.com/claudebot)"
99.170.62.78 - - [18/Feb/2026:02:57:50 +0000] "GET /style.css HTTP/1.1" 200 16252 "-" "ClaudeBot/1.0 (+https://www.anthropic.com/claudebot)"
99.132.12.102 - - [18/Feb/2026:02:58:44 +0000] "GET /logo.png HTTP/1.1" 200 149413 "-" "Mozilla/5.0 (compatible; Amazonbot/0.1; +https://developer.amazon.com/support/amazonbot)"
203.225.0.215 - - [18/Feb/2026:02:59:03 +0000] "GET /banner.jpg HTTP/1.1" 404 43 "-" "Mozilla/5.0 AppleWebKit/537.36 (compatible; GPTBot/1.3; +https://openai.com/gptbot)"
60.241.196.176 - - [18/Feb/2026:02:59:36 +0000] "GET /sitemap.xml HTTP/1.1" 404 451 "-" "Mozilla/5.0 (compatible; Amazonbot/0.1; +https://developer.amazon.com/support/amazonbot)"
82.35.167.49 - - [18/Feb/2026:03:01:33 +0000] "GET /index.html HTTP/1.1" 304 454 "-" "Mozilla/5.0 (compatible; Amazonbot/0.1; +https://developer.amazon.com/support/amazonbot)"
171.133.45.213 - - [18/Feb/2026:03:06:19 +0000] "GET /feed.xml HTTP/1.1" 404 317 "-" "Mozilla/5.0 (compatible; Amazonbot/0.1; +https://developer.amazon.com/support/amazonbot)"
188.194.31.5 - - [18/Feb/2026:03:10:17 +0000] "GET /banner.jpg HTTP/1.1" 200 131400 "-" "Mozilla/5.0 (compatible; bingbot/2.0; +http://www.bing.com/bingbot.htm)"
188.194.31.5 - - [18/Feb/2026:03:10:18 +0000] "GET /app.js HTTP/1.1" 403 36 "-" "Mozilla/5.0 (compatible; Googlebot/2.1; +http://www.google.com/bot.html)"
82.35.167.49 - - [18/Feb/2026:03:11:47 +0000] "GET /about.html HTTP/1.1" 200 64093 "-" "Mozilla/5.0 (compatible; Amazonbot/0.1; +https://developer.amazon.com/support/amazonbot)"
203.225.0.215 - - [18/Feb/2026:03:11:56 +0000] "GET /feed.xml HTTP/1.1" 301 455 "-" "Mozilla/5.0 AppleWebKit/537.36 (compatible; GPTBot/1.3; +https://openai.com/gptbot)"
149.37.222.138 - - [18/Feb/2026:03:13:22 +0000] "GET /style.css HTTP/1.1" 200 141756 "-" "Mozilla/5.0 (compatible; bingbot/2.0; +http://www.bing.com/bingbot.htm)"
203.225.0.215 - - [18/Feb/2026:03:13:40 +0000] "GET /sitemap.xml HTTP/1.1" 200 29015 "-" "Mozilla/5.0 (compatible; Googlebot/2.1; +http://www.google.com/bot.html)"
188.194.31.5 - - [18/Feb/2026:03:14:14 +0000] "GET /readme.txt HTTP/1.1" 304 315 "-" "ClaudeBot/1.0 (+https://www.anthropic.com/claudebot)"
99.132.12.102 - - [18/Feb/2026:03:18:09 +0000] "GET / HTTP/1.1" 200 23426 "-" "Mozilla/5.0 (compatible; Amazonbot/0.1; +https://developer.amazon.com/support/amazonbot)"
171.133.45.213 - - [18/Feb/2026:03:18:43 +0000] "GET /index.html HTTP/1.1" 200 39975 "-" "Mozilla/5.0 (compatible; Amazonbot/0.1; +https://developer.amazon.com/support/amazonbot)"
149.37.222.138 - - [18/Feb/2026:03:20:20 +0000] "GET /sitemap.xml HTTP/1.1" 302 65 "-" "Mozilla/5.0 AppleWebKit/537.36 (compatible; GPTBot/1.3; +https://openai.com/gptbot)"
99.170.62.78 - - [18/Feb/2026:03:20:30 +0000] "GET /feed.xml HTTP/1.1" 200 90137 "-" "Mozilla/5.0 (compatible; Amazonbot/0.1; +https://developer.amazon.com/support/amazonbot)"
122.96.81.102 - - [18/Feb/2026:03:22:30 +0000] "GET /style.css HTTP/1.1" 200 103701 "-" "Mozilla/5.0 AppleWebKit/537.36 (compatible; GPTBot/1.3; +https://openai.com/gptbot)"
99.150.211.250 - - [18/Feb/2026:03:22:41 +0000] "GET /style.css HTTP/1.1" 404 105 "-" "Mozilla/5.0 (compatible; Googlebot/2.1; +http://www.google.com/bot.html)"
60.241.196.176 - - [18/Feb/2026:03:23:22 +0000] "GET /sitemap.xml HTTP/1.1" 200 84571 "-" "Mozilla/5.0 AppleWebKit/537.36 (compatible; GPTBot/1.3; +https://openai.com/gptbot)"
99.150.211.250 - - [18/Feb/2026:03:23:30 +0000] "GET /config HTTP/1.1" 200 53356 "-" "Mozilla/5.0 (compatible; Googlebot/2.1; +http://www.google.com/bot.html)"
203.225.0.215 - - [18/Feb/2026:03:26:16 +0000] "GET /readme.txt HTTP/1.1" 304 484 "-" "Mozilla/5.0 (compatible; bingbot/2.0; +http://www.bing.com/bingbot.htm)"
99.132.12.102 - - [18/Feb/2026:03:30:49 +0000] "GET /logo.png HTTP/1.1" 200 114196 "-" "ClaudeBot/1.0 (+https://www.anthropic.com/claudebot)"
71.138.7.233 - - [18/Feb/2026:03:32:25 +0000] "GET /app.js HTTP/1.1" 200 17623 "-" "ClaudeBot/1.0 (+https://www.anthropic.com/claudebot)"
99.132.12.102 - - [18/Feb/2026:03:33:04 +0000] "GET /style.css HTTP/1.1" 200 98220 "-" "Mozilla/5.0 AppleWebKit/537.36 (compatible; GPTBot/1.3; +https://openai.com/gptbot)"
141.57.250.8 - - [18/Feb/2026:03:34:01 +0000] "GET /app.js HTTP/1.1" 404 124 "-" "Mozilla/5.0 (compatible; bingbot/2.0; +http://www.bing.com/bingbot.htm)"
203.225.0.215 - - [18/Feb/2026:03:35:12 +0000] "GET /feed.xml HTTP/1.1" 200 135476 "-" "ClaudeBot/1.0 (+https://www.anthropic.com/claudebot)"
188.194.31.5 - - [18/Feb/2026:03:39:37 +0000] "GET /about.html HTTP/1.1" 301 202 "-" "Mozilla/5.0 AppleWebKit/537.36 (compatible; GPTBot/1.3; +https://openai.com/gptbot)"
203.225.0.215 - - [18/Feb/2026:03:43:50 +0000] "GET /app.js HTTP/1.1" 200 65088 "-" "Mozilla/5.0 AppleWebKit/537.36 (compatible; GPTBot/1.3; +https://openai.com/gptbot)"
203.225.0.215 - - [18/Feb/2026:03:47:04 +0000] "GET /feed.xml HTTP/1.1" 200 99464 "-" "Mozilla/5.0 AppleWebKit/537.36 (compatible; GPTBot/1.3; +https://openai.com/gptbot)"
60.241.196.176 - - [18/Feb/2026:03:49:22 +0000] "GET /config HTTP/1.1" 200 78199 "-" "Mozilla/5.0 AppleWebKit/537.36 (compatible; GPTBot/1.3; +https://openai.com/gptbot)"
82.35.167.49 - - [18/Feb/2026:03:51:21 +0000] "GET /logo.png HTTP/1.1" 200 225 "-" "Mozilla/5.0 (compatible; Amazonbot/0.1; +https://developer.amazon.com/support/amazonbot)"
188.194.31.5 - - [18/Feb/2026:03:54:37 +0000] "GET /feed.xml HTTP/1.1" 200 46067 "-" "Mozilla/5.0 (compatible; bingbot/2.0; +http://www.bing.com/bingbot.htm)"
188.194.31.5 - - [18/Feb/2026:03:55:32 +0000] "GET /app.js HTTP/1.1" 200 23426 "-" "Mozilla/5.0 AppleWebKit/537.36 (compatible; GPTBot/1.3; +https://openai.com/gptbot)"
141.57.250.8 - - [18/Feb/2026:03:58:42 +0000] "GET /feed.xml HTTP/1.1" 200 73281 "-" "Mozilla/5.0 (compatible; Googlebot/2.1; +http://www.google.com/bot.html)"
71.138.7.233 - - [18/Feb/2026:04:01:27 +0000] "GET / HTTP/1.1" 200 103618 "-" "Mozilla/5.0 (compatible; bingbot/2.0; +http://www.bing.com/bingbot.htm)"
60.241.196.176 - - [18/Feb/2026:04:05:23 +0000] "GET /app.js HTTP/1.1" 200 2337 "-" "Mozilla/5.0 (compatible; Amazonbot/0.1; +https://developer.amazon.com/support/amazonbot)"
203.225.0.215 - - [18/Feb/2026:04:08:55 +0000] "GET /banner.jpg HTTP/1.1" 304 149 "-" "Mozilla/5.0 AppleWebKit/537.36 (compatible; GPTBot/1.3; +https://openai.com/gptbot)"
82.35.167.49 - - [18/Feb/2026:04:09:16 +0000] "GET / HTTP/1.1" 301 140 "-" "Mozilla/5.0 (compatible; Amazonbot/0.1; +https://developer.amazon.com/support/amazonbot)"
188.194.31.5 - - [18/Feb/2026:04:10:54 +0000] "GET /data.json HTTP/1.1" 200 18199 "-" "Mozilla/5.0 AppleWebKit/537.36 (compatible; GPTBot/1.3; +https://openai.com/gptbot)"
141.57.250.8 - - [18/Feb/2026:04:11:00 +0000] "GET /feed.xml HTTP/1.1" 404 231 "-" "Mozilla/5.0 AppleWebKit/537.36 (compatible; GPTBot/1.3; +https://openai.com/gptbot)"
203.225.0.215 - - [18/Feb/2026:04:13:41 +0000] "GET / HTTP/1.1" 200 95416 "-" "Mozilla/5.0 (compatible; Googlebot/2.1; +http://www.google.com/bot.html)"
99.150.211.250 - - [18/Feb/2026:04:13:47 +0000] "GET /logo.png HTTP/1.1" 304 450 "-" "Mozilla/5.0 (compatible; bingbot/2.0; +http://www.bing.com/bingbot.htm)"
82.35.167.49 - - [18/Feb/2026:04:14:40 +0000] "GET /style.css HTTP/1.1" 200 15145 "-" "Mozilla/5.0 (compatible; Googlebot/2.1; +http://www.google.com/bot.html)"
99.150.211.250 - - [18/Feb/2026:04:22:06 +0000] "GET /banner.jpg HTTP/1.1" 200 37674 "-" "Mozilla/5.0 (compatible; Amazonbot/0.1; +https://developer.amazon.com/support/amazonbot)"
99.170.62.78 - - [18/Feb/2026:04:29:05 +0000] "GET /about.html HTTP/1.1" 404 329 "-" "ClaudeBot/1.0 (+https://www.anthropic.com/claudebot)"
122.96.81.102 - - [18/Feb/2026:04:36:13 +0000] "GET /banner.jpg HTTP/1.1" 200 123311 "-" "Mozilla/5.0 (compatible; Googlebot/2.1; +http://www.google.com/bot.html)"
141.57.250.8 - - [18/Feb/2026:04:37:22 +0000] "GET /logo.png HTTP/1.1" 200 63960 "-" "ClaudeBot/1.0 (+https://www.anthropic.com/claudebot)"
149.37.222.138 - - [18/Feb/2026:04:37:56 +0000] "GET /sitemap.xml HTTP/1.1" 200 128542 "-" "Mozilla/5.0 (compatible; Googlebot/2.1; +http://www.google.com/bot.html)"
141.57.250.8 - - [18/Feb/2026:04:39:48 +0000] "GET /about.html HTTP/1.1" 200 140157 "-" "Mozilla/5.0 (compatible; bingbot/2.0; +http://www.bing.com/bingbot.htm)"
99.170.62.78 - - [18/Feb/2026:04:47:20 +0000] "GET /data.json HTTP/1.1" 200 88936 "-" "Mozilla/5.0 (compatible; Amazonbot/0.1; +https://developer.amazon.com/support/amazonbot)"
82.35.167.49 - - [18/Feb/2026:04:49:04 +0000] "GET /style.css HTTP/1.1" 403 486 "-" "Mozilla/5.0 AppleWebKit/537.36 (compatible; GPTBot/1.3; +https://openai.com/gptbot)"
82.35.167.49 - - [18/Feb/2026:04:51:17 +0000] "GET /index.html HTTP/1.1" 200 64043 "-" "Mozilla/5.0 (compatible; Googlebot/2.1; +http://www.google.com/bot.html)"
82.35.167.49 - - [18/Feb/2026:04:52:17 +0000] "GET /feed.xml HTTP/1.1" 200 51602 "-" "Mozilla/5.0 (compatible; bingbot/2.0; +http://www.bing.com/bingbot.htm)"
149.37.222.138 - - [18/Feb/2026:04:53:04 +0000] "GET /index.html HTTP/1.1" 404 432 "-" "ClaudeBot/1.0 (+https://www.anthropic.com/claudebot)"
203.225.0.215 - - [18/Feb/2026:04:54:09 +0000] "GET /banner.jpg HTTP/1.1" 200 36101 "-" "Mozilla/5.0 (compatible; Amazonbot/0.1; +https://developer.amazon.com/support/amazonbot)"
99.170.62.78 - - [18/Feb/2026:04:58:50 +0000] "GET /readme.txt HTTP/1.1" 200 38948 "-" "Mozilla/5.0 (compatible; bingbot/2.0; +http://www.bing.com/bingbot.htm)"
149.37.222.138 - - [18/Feb/2026:05:00:00 +0000] "GET /readme.txt HTTP/1.1" 200 12022 "-" "Mozilla/5.0 AppleWebKit/537.36 (compatible; GPTBot/1.3; +https://openai.com/gptbot)"
171.133.45.213 - - [18/Feb/2026:05:02:51 +0000] "GET / HTTP/1.1" 200 61393 "-" "Mozilla/5.0 (compatible; bingbot/2.0; +http://www.bing.com/bingbot.htm)"
99.132.12.102 - - [18/Feb/2026:05:03:44 +0000] "GET /index.html HTTP/1.1" 200 108870 "-" "ClaudeBot/1.0 (+https://www.anthropic.com/claudebot)"
82.35.167.49 - - [18/Feb/2026:05:04:46 +0000] "GET /app.js HTTP/1.1" 200 58377 "-" "ClaudeBot/1.0 (+https://www.anthropic.com/claudebot)"
188.194.31.5 - - [18/Feb/2026:05:10:33 +0000] "GET /readme.txt HTTP/1.1" 200 148982 "-" "Mozilla/5.0 AppleWebKit/537.36 (compatible; GPTBot/1.3; +https://openai.com/gptbot)"
203.225.0.215 - - [18/Feb/2026:05:12:17 +0000] "GET /logo.png HTTP/1.1" 200 149074 "-" "Mozilla/5.0 (compatible; Amazonbot/0.1; +https://developer.amazon.com/support/amazonbot)"
82.35.167.49 - - [18/Feb/2026:05:19:35 +0000] "GET /sitemap.xml HTTP/1.1" 404 221 "-" "ClaudeBot/1.0 (+https://www.anthropic.com/claudebot)"
82.35.167.49 - - [18/Feb/2026:05:20:48 +0000] "GET /data.json HTTP/1.1" 404 236 "-" "Mozilla/5.0 AppleWebKit/537.36 (compatible; GPTBot/1.3; +https://openai.com/gptbot)"
171.133.45.213 - - [18/Feb/2026:05:22:53 +0000] "GET /readme.txt HTTP/1.1" 200 108722 "-" "Mozilla/5.0 AppleWebKit/537.36 (compatible; GPTBot/1.3; +https://openai.com/gptbot)"
71.138.7.233 - - [18/Feb/2026:05:24:35 +0000] "GET /app.js HTTP/1.1" 200 123534 "-" "Mozilla/5.0 (compatible; Amazonbot/0.1; +https://developer.amazon.com/support/amazonbot)"
141.57.250.8 - - [18/Feb/2026:05:27:42 +0000] "GET /app.js HTTP/1.1" 200 104501 "-" "Mozilla/5.0 (compatible; Googlebot/2.1; +http://www.google.com/bot.html)"
60.241.196.176 - - [18/Feb/2026:05:29:10 +0000] "GET /about.html HTTP/1.1" 200 78885 "-" "Mozilla/5.0 (compatible; Amazonbot/0.1; +https://developer.amazon.com/support/amazonbot)"
141.57.250.8 - - [18/Feb/2026:05:29:48 +0000] "GET /app.js HTTP/1.1" 404 160 "-" "Mozilla/5.0 AppleWebKit/537.36 (compatible; GPTBot/1.3; +https://openai.com/gptbot)"
149.37.222.138 - - [18/Feb/2026:05:37:17 +0000] "GET /banner.jpg HTTP/1.1" 304 109 "-" "Mozilla/5.0 (compatible; Amazonbot/0.1; +https://developer.amazon.com/support/amazonbot)"
141.57.250.8 - - [18/Feb/2026:05:38:03 +0000] "GET /banner.jpg HTTP/1.1" 200 115339 "-" "Mozilla/5.0 (compatible; bingbot/2.0; +http://www.bing.com/bingbot.htm)"
99.170.62.78 - - [18/Feb/2026:05:41:01 +0000] "GET /logo.png HTTP/1.1" 200 86289 "-" "Mozilla/5.0 (compatible; Amazonbot/0.1; +https://developer.amazon.com/support/amazonbot)"
203.225.0.215 - - [18/Feb/2026:05:45:46 +0000] "GET /about.html HTTP/1.1" 404 338 "-" "Mozilla/5.0 (compatible; Googlebot/2.1; +http://www.google.com/bot.html)"
188.194.31.5 - - [18/Feb/2026:05:49:54 +0000] "GET /data.json HTTP/1.1" 200 133097 "-" "Mozilla/5.0 AppleWebKit/537.36 (compatible; GPTBot/1.3; +https://openai.com/gptbot)"
71.138.7.233 - - [18/Feb/2026:05:52:39 +0000] "GET /logo.png HTTP/1.1" 200 139416 "-" "ClaudeBot/1.0 (+https://www.anthropic.com/claudebot)"
99.150.211.250 - - [18/Feb/2026:05:57:21 +0000] "GET /style.css HTTP/1.1" 200 20209 "-" "Mozilla/5.0 AppleWebKit/537.36 (compatible; GPTBot/1.3; +https://openai.com/gptbot)"
203.225.0.215 - - [18/Feb/2026:05:59:29 +0000] "GET /data.json HTTP/1.1" 304 314 "-" "Mozilla/5.0 (compatible; Googlebot/2.1; +http://www.google.com/bot.html)"
203.225.0.215 - - [18/Feb/2026:06:01:13 +0000] "GET /logo.png HTTP/1.1" 404 99 "-" "Mozilla/5.0 (compatible; bingbot/2.0; +http://www.bing.com/bingbot.htm)"
82.35.167.49 - - [18/Feb/2026:06:03:17 +0000] "GET /style.css HTTP/1.1" 200 69770 "-" "Mozilla/5.0 AppleWebKit/537.36 (compatible; GPTBot/1.3; +https://openai.com/gptbot)"
171.133.45.213 - - [18/Feb/2026:06:04:54 +0000] "GET /index.html HTTP/1.1" 403 73 "-" "Mozilla/5.0 (compatible; Googlebot/2.1; +http://www.google.com/bot.html)"
171.133.45.213 - - [18/Feb/2026:06:06:33 +0000] "GET /config HTTP/1.1" 200 48322 "-" "Mozilla/5.0 (compatible; Googlebot/2.1; +http://www.google.com/bot.html)"
188.194.31.5 - - [18/Feb/2026:06:09:29 +0000] "GET /sitemap.xml HTTP/1.1" 404 110 "-" "ClaudeBot/1.0 (+https://www.anthropic.com/claudebot)"
71.138.7.233 - - [18/Feb/2026:06:10:53 +0000] "GET /data.json HTTP/1.1" 404 124 "-" "Mozilla/5.0 (compatible; bingbot/2.0; +http://www.bing.com/bingbot.htm)"
149.37.222.138 - - [18/Feb/2026:06:11:20 +0000] "GET /style.css HTTP/1.1" 200 81602 "-" "Mozilla/5.0 AppleWebKit/537.36 (compatible; GPTBot/1.3; +https://openai.com/gptbot)"
82.35.167.49 - - [18/Feb/2026:06:12:25 +0000] "GET /about.html HTTP/1.1" 304 457 "-" "Mozilla/5.0 AppleWebKit/537.36 (compatible; GPTBot/1.3; +https://openai.com/gptbot)"
82.35.167.49 - - [18/Feb/2026:06:14:15 +0000] "GET /data.json HTTP/1.1" 301 161 "-" "Mozilla/5.0 AppleWebKit/537.36 (compatible; GPTBot/1.3; +https://openai.com/gptbot)"
149.37.222.138 - - [18/Feb/2026:06:20:24 +0000] "GET /banner.jpg HTTP/1.1" 403 355 "-" "Mozilla/5.0 (compatible; bingbot/2.0; +http://www.bing.com/bingbot.htm)"
99.150.211.250 - - [18/Feb/2026:06:22:58 +0000] "GET /about.html HTTP/1.1" 304 201 "-" "Mozilla/5.0 (compatible; Amazonbot/0.1; +https://developer.amazon.com/support/amazonbot)"
82.35.167.49 - - [18/Feb/2026:06:24:26 +0000] "GET /sitemap.xml HTTP/1.1" 304 112 "-" "Mozilla/5.0 (compatible; Amazonbot/0.1; +https://developer.amazon.com/support/amazonbot)"
99.150.211.250 - - [18/Feb/2026:06:24:56 +0000] "GET /index.html HTTP/1.1" 200 89824 "-" "Mozilla/5.0 AppleWebKit/537.36 (compatible; GPTBot/1.3; +https://openai.com/gptbot)"
149.37.222.138 - - [18/Feb/2026:06:25:31 +0000] "GET /banner.jpg HTTP/1.1" 200 118934 "-" "Mozilla/5.0 (compatible; Googlebot/2.1; +http://www.google.com/bot.html)"
122.96.81.102 - - [18/Feb/2026:06:28:33 +0000] "GET /sitemap.xml HTTP/1.1" 304 129 "-" "Mozilla/5.0 AppleWebKit/537.36 (compatible; GPTBot/1.3; +https://openai.com/gptbot)"
141.57.250.8 - - [18/Feb/2026:06:30:04 +0000] "GET /app.js HTTP/1.1" 200 42454 "-" "Mozilla/5.0 (compatible; Amazonbot/0.1; +https://developer.amazon.com/support/amazonbot)"
188.194.31.5 - - [18/Feb/2026:06:39:34 +0000] "GET /feed.xml HTTP/1.1" 200 36097 "-" "Mozilla/5.0 (compatible; bingbot/2.0; +http://www.bing.com/bingbot.htm)"
171.133.45.213 - - [18/Feb/2026:06:42:29 +0000] "GET /about.html HTTP/1.1" 200 62366 "-" "ClaudeBot/1.0 (+https://www.anthropic.com/claudebot)"
99.132.12.102 - - [18/Feb/2026:06:46:46 +0000] "GET /feed.xml HTTP/1.1" 200 28476 "-" "ClaudeBot/1.0 (+https://www.anthropic.com/claudebot)"
171.133.45.213 - - [18/Feb/2026:06:47:07 +0000] "GET /config HTTP/1.1" 200 50428 "-" "Mozilla/5.0 (compatible; Amazonbot/0.1; +https://developer.amazon.com/support/amazonbot)"
82.35.167.49 - - [18/Feb/2026:06:47:44 +0000] "GET /app.js HTTP/1.1" 403 155 "-" "Mozilla/5.0 (compatible; Googlebot/2.1; +http://www.google.com/bot.html)"
60.241.196.176 - - [18/Feb/2026:06:52:47 +0000] "GET /feed.xml HTTP/1.1" 200 41633 "-" "Mozilla/5.0 (compatible; Googlebot/2.1; +http://www.google.com/bot.html)"
99.150.211.250 - - [18/Feb/2026:06:53:12 +0000] "GET / HTTP/1.1" 200 22149 "-" "Mozilla/5.0 (compatible; Amazonbot/0.1; +https://developer.amazon.com/support/amazonbot)"
99.150.211.250 - - [18/Feb/2026:06:54:24 +0000] "GET /app.js HTTP/1.1" 200 52964 "-" "Mozilla/5.0 (compatible; bingbot/2.0; +http://www.bing.com/bingbot.htm)"
99.150.211.250 - - [18/Feb/2026:06:54:57 +0000] "GET / HTTP/1.1" 404 485 "-" "ClaudeBot/1.0 (+https://www.anthropic.com/claudebot)"
203.225.0.215 - - [18/Feb/2026:06:56:07 +0000] "GET /sitemap.xml HTTP/1.1" 200 134151 "-" "ClaudeBot/1.0 (+https://www.anthropic.com/claudebot)"
99.170.62.78 - - [18/Feb/2026:06:59:21 +0000] "GET /readme.txt HTTP/1.1" 404 0 "-" "Mozilla/5.0 (compatible; Amazonbot/0.1; +https://developer.amazon.com/support/amazonbot)"
71.138.7.233 - - [18/Feb/2026:07:02:30 +0000] "GET /style.css HTTP/1.1" 200 14882 "-" "Mozilla/5.0 (compatible; Googlebot/2.1; +http://www.google.com/bot.html)"
141.57.250.8 - - [18/Feb/2026:07:05:36 +0000] "GET /sitemap.xml HTTP/1.1" 200 13952 "-" "Mozilla/5.0 (compatible; bingbot/2.0; +http://www.bing.com/bingbot.htm)"
141.57.250.8 - - [18/Feb/2026:07:08:44 +0000] "GET /config HTTP/1.1" 200 85197 "-" "ClaudeBot/1.0 (+https://www.anthropic.com/claudebot)"
141.57.250.8 - - [18/Feb/2026:07:10:40 +0000] "GET /about.html HTTP/1.1" 200 97869 "-" "Mozilla/5.0 (compatible; Amazonbot/0.1; +https://developer.amazon.com/support/amazonbot)"
149.37.222.138 - - [18/Feb/2026:07:11:38 +0000] "GET /readme.txt HTTP/1.1" 304 280 "-" "Mozilla/5.0 (compatible; Googlebot/2.1; +http://www.google.com/bot.html)"
99.132.12.102 - - [18/Feb/2026:07:12:57 +0000] "GET /feed.xml HTTP/1.1" 200 137219 "-" "Mozilla/5.0 (compatible; Googlebot/2.1; +http://www.google.com/bot.html)"
149.37.222.138 - - [18/Feb/2026:07:13:29 +0000] "GET /about.html HTTP/1.1" 200 107079 "-" "Mozilla/5.0 (compatible; bingbot/2.0; +http://www.bing.com/bingbot.htm)"
203.225.0.215 - - [18/Feb/2026:07:14:07 +0000] "GET /config HTTP/1.1" 200 104954 "-" "ClaudeBot/1.0 (+https://www.anthropic.com/claudebot)"
99.170.62.78 - - [18/Feb/2026:07:19:59 +0000] "GET /index.html HTTP/1.1" 200 137535 "-" "Mozilla/5.0 AppleWebKit/537.36 (compatible; GPTBot/1.3; +https://openai.com/gptbot)"
149.37.222.138 - - [18/Feb/2026:07:20:18 +0000] "GET /index.html HTTP/1.1" 200 6577 "-" "Mozilla/5.0 (compatible; Amazonbot/0.1; +https://developer.amazon.com/support/amazonbot)"
188.194.31.5 - - [18/Feb/2026:07:21:24 +0000] "GET /about.html HTTP/1.1" 200 105082 "-" "Mozilla/5.0 (compatible; Amazonbot/0.1; +https://developer.amazon.com/support/amazonbot)"
99.170.62.78 - - [18/Feb/2026:07:22:26 +0000] "GET / HTTP/1.1" 200 133615 "-" "Mozilla/5.0 AppleWebKit/537.36 (compatible; GPTBot/1.3; +https://openai.com/gptbot)"
71.138.7.233 - - [18/Feb/2026:07:23:24 +0000] "GET /sitemap.xml HTTP/1.1" 200 123508 "-" "ClaudeBot/1.0 (+https://www.anthropic.com/claudebot)"
122.96.81.102 - - [18/Feb/2026:07:25:59 +0000] "GET /config HTTP/1.1" 200 144345 "-" "ClaudeBot/1.0 (+https://www.anthropic.com/claudebot)"
99.170.62.78 - - [18/Feb/2026:07:28:25 +0000] "GET /data.json HTTP/1.1" 304 53 "-" "Mozilla/5.0 (compatible; bingbot/2.0; +http://www.bing.com/bingbot.htm)"
122.96.81.102 - - [18/Feb/2026:07:28:44 +0000] "GET /sitemap.xml HTTP/1.1" 200 50697 "-" "Mozilla/5.0 (compatible; Googlebot/2.1; +http://www.google.com/bot.html)"
60.241.196.176 - - [18/Feb/2026:07:30:29 +0000] "GET / HTTP/1.1" 200 22888 "-" "Mozilla/5.0 (compatible; Amazonbot/0.1; +https://developer.amazon.com/support/amazonbot)"
203.225.0.215 - - [18/Feb/2026:07:37:43 +0000] "GET /index.html HTTP/1.1" 200 142324 "-" "Mozilla/5.0 (compatible; Amazonbot/0.1; +https://developer.amazon.com/support/amazonbot)"
82.35.167.49 - - [18/Feb/2026:07:40:05 +0000] "GET / HTTP/1.1" 200 37818 "-" "Mozilla/5.0 (compatible; Amazonbot/0.1; +https://developer.amazon.com/support/amazonbot)"
99.150.211.250 - - [18/Feb/2026:07:44:02 +0000] "GET /sitemap.xml HTTP/1.1" 200 25547 "-" "Mozilla/5.0 (compatible; bingbot/2.0; +http://www.bing.com/bingbot.htm)"
99.150.211.250 - - [18/Feb/2026:07:46:51 +0000] "GET /data.json HTTP/1.1" 304 254 "-" "Mozilla/5.0 (compatible; Amazonbot/0.1; +https://developer.amazon.com/support/amazonbot)"
203.225.0.215 - - [18/Feb/2026:07:47:02 +0000] "GET /feed.xml HTTP/1.1" 200 63733 "-" "Mozilla/5.0 (compatible; bingbot/2.0; +http://www.bing.com/bingbot.htm)"
149.37.222.138 - - [18/Feb/2026:07:47:04 +0000] "GET /app.js HTTP/1.1" 200 93259 "-" "Mozilla/5.0 (compatible; bingbot/2.0; +http://www.bing.com/bingbot.htm)"
60.241.196.176 - - [18/Feb/2026:07:48:20 +0000] "GET /app.js HTTP/1.1" 200 134401 "-" "Mozilla/5.0 (compatible; bingbot/2.0; +http://www.bing.com/bingbot.htm)"
99.132.12.102 - - [18/Feb/2026:07:48:38 +0000] "GET /data.json HTTP/1.1" 302 160 "-" "Mozilla/5.0 (compatible; Amazonbot/0.1; +https://developer.amazon.com/support/amazonbot)"
82.35.167.49 - - [18/Feb/2026:07:48:46 +0000] "GET / HTTP/1.1" 301 269 "-" "ClaudeBot/1.0 (+https://www.anthropic.com/claudebot)"
149.37.222.138 - - [18/Feb/2026:07:49:58 +0000] "GET / HTTP/1.1" 302 409 "-" "Mozilla/5.0 AppleWebKit/537.36 (compatible; GPTBot/1.3; +https://openai.com/gptbot)"
99.132.12.102 - - [18/Feb/2026:07:50:43 +0000] "GET /style.css HTTP/1.1" 200 74770 "-" "Mozilla/5.0 AppleWebKit/537.36 (compatible; GPTBot/1.3; +https://openai.com/gptbot)"
60.241.196.176 - - [18/Feb/2026:07:51:05 +0000] "GET /index.html HTTP/1.1" 404 473 "-" "Mozilla/5.0 (compatible; Googlebot/2.1; +http://www.google.com/bot.html)"
203.225.0.215 - - [18/Feb/2026:07:53:22 +0000] "GET /style.css HTTP/1.1" 404 57 "-" "ClaudeBot/1.0 (+https://www.anthropic.com/claudebot)"
141.57.250.8 - - [18/Feb/2026:07:55:14 +0000] "GET /readme.txt HTTP/1.1" 200 121595 "-" "Mozilla/5.0 AppleWebKit/537.36 (compatible; GPTBot/1.3; +https://openai.com/gptbot)"
203.225.0.215 - - [18/Feb/2026:07:57:54 +0000] "GET /data.json HTTP/1.1" 304 494 "-" "Mozilla/5.0 (compatible; Amazonbot/0.1; +https://developer.amazon.com/support/amazonbot)"
99.132.12.102 - - [18/Feb/2026:08:09:37 +0000] "GET /data.json HTTP/1.1" 404 59 "-" "ClaudeBot/1.0 (+https://www.anthropic.com/claudebot)"
71.138.7.233 - - [18/Feb/2026:08:10:10 +0000] "GET /logo.png HTTP/1.1" 200 37059 "-" "Mozilla/5.0 (compatible; bingbot/2.0; +http://www.bing.com/bingbot.htm)"
99.170.62.78 - - [18/Feb/2026:08:13:32 +0000] "GET /config HTTP/1.1" 200 11646 "-" "Mozilla/5.0 (compatible; Googlebot/2.1; +http://www.google.com/bot.html)"
171.133.45.213 - - [18/Feb/2026:08:17:55 +0000] "GET /style.css HTTP/1.1" 200 36705 "-" "ClaudeBot/1.0 (+https://www.anthropic.com/claudebot)"
122.96.81.102 - - [18/Feb/2026:08:18:13 +0000] "GET /sitemap.xml HTTP/1.1" 200 101768 "-" "ClaudeBot/1.0 (+https://www.anthropic.com/claudebot)"
188.194.31.5 - - [18/Feb/2026:08:21:01 +0000] "GET / HTTP/1.1" 200 104198 "-" "ClaudeBot/1.0 (+https://www.anthropic.com/claudebot)"
99.150.211.250 - - [18/Feb/2026:08:26:30 +0000] "GET /sitemap.xml HTTP/1.1" 200 25222 "-" "ClaudeBot/1.0 (+https://www.anthropic.com/claudebot)"
141.57.250.8 - - [18/Feb/2026:08:26:50 +0000] "GET /readme.txt HTTP/1.1" 200 86861 "-" "ClaudeBot/1.0 (+https://www.anthropic.com/claudebot)"
99.150.211.250 - - [18/Feb/2026:08:29:07 +0000] "GET / HTTP/1.1" 200 84814 "-" "Mozilla/5.0 (compatible; bingbot/2.0; +http://www.bing.com/bingbot.htm)"
122.96.81.102 - - [18/Feb/2026:08:33:47 +0000] "GET /config HTTP/1.1" 200 54392 "-" "Mozilla/5.0 (compatible; bingbot/2.0; +http://www.bing.com/bingbot.htm)"
188.194.31.5 - - [18/Feb/2026:08:34:52 +0000] "GET /banner.jpg HTTP/1.1" 200 72438 "-" "Mozilla/5.0 (compatible; bingbot/2.0; +http://www.bing.com/bingbot.htm)"
188.194.31.5 - - [18/Feb/2026:08:44:49 +0000] "GET /data.json HTTP/1.1" 200 45193 "-" "Mozilla/5.0 (compatible; Amazonbot/0.1; +https://developer.amazon.com/support/amazonbot)"
203.225.0.215 - - [18/Feb/2026:08:47:10 +0000] "GET /config HTTP/1.1" 404 6 "-" "Mozilla/5.0 (compatible; Amazonbot/0.1; +https://developer.amazon.com/support/amazonbot)"
122.96.81.102 - - [18/Feb/2026:08:49:28 +0000] "GET / HTTP/1.1" 200 20451 "-" "Mozilla/5.0 AppleWebKit/537.36 (compatible; GPTBot/1.3; +https://openai.com/gptbot)"
122.96.81.102 - - [18/Feb/2026:08:50:01 +0000] "GET /data.json HTTP/1.1" 200 73872 "-" "ClaudeBot/1.0 (+https://www.anthropic.com/claudebot)"
203.225.0.215 - - [18/Feb/2026:08:51:07 +0000] "GET /readme.txt HTTP/1.1" 200 24682 "-" "ClaudeBot/1.0 (+https://www.anthropic.com/claudebot)"
141.57.250.8 - - [18/Feb/2026:08:52:17 +0000] "GET /style.css HTTP/1.1" 304 139 "-" "Mozilla/5.0 (compatible; Amazonbot/0.1; +https://developer.amazon.com/support/amazonbot)"
99.132.12.102 - - [18/Feb/2026:08:53:01 +0000] "GET /feed.xml HTTP/1.1" 200 86298 "-" "Mozilla/5.0 (compatible; Amazonbot/0.1; +https://developer.amazon.com/support/amazonbot)"
149.37.222.138 - - [18/Feb/2026:08:56:46 +0000] "GET /logo.png HTTP/1.1" 200 137378 "-" "Mozilla/5.0 (compatible; Googlebot/2.1; +http://www.google.com/bot.html)"
99.170.62.78 - - [18/Feb/2026:08:58:36 +0000] "GET /about.html HTTP/1.1" 304 42 "-" "ClaudeBot/1.0 (+https://www.anthropic.com/claudebot)"
99.170.62.78 - - [18/Feb/2026:09:08:46 +0000] "GET /config HTTP/1.1" 200 139241 "-" "Mozilla/5.0 (compatible; Amazonbot/0.1; +https://developer.amazon.com/support/amazonbot)"
122.96.81.102 - - [18/Feb/2026:09:15:22 +0000] "GET /app.js HTTP/1.1" 200 99152 "-" "Mozilla/5.0 (compatible; Amazonbot/0.1; +https://developer.amazon.com/support/amazonbot)"
122.96.81.102 - - [18/Feb/2026:09:15:30 +0000] "GET / HTTP/1.1" 200 605 "-" "Mozilla/5.0 (compatible; Googlebot/2.1; +http://www.google.com/bot.html)"
82.35.167.49 - - [18/Feb/2026:09:22:29 +0000] "GET /config HTTP/1.1" 301 115 "-" "Mozilla/5.0 (compatible; Googlebot/2.1; +http://www.google.com/bot.html)"
203.225.0.215 - - [18/Feb/2026:09:23:32 +0000] "GET /feed.xml HTTP/1.1" 200 63252 "-" "ClaudeBot/1.0 (+https://www.anthropic.com/claudebot)"
60.241.196.176 - - [18/Feb/2026:09:26:14 +0000] "GET /config HTTP/1.1" 200 109161 "-" "Mozilla/5.0 (compatible; Amazonbot/0.1; +https://developer.amazon.com/support/amazonbot)"
122.96.81.102 - - [18/Feb/2026:09:28:21 +0000] "GET / HTTP/1.1" 302 464 "-" "ClaudeBot/1.0 (+https://www.anthropic.com/claudebot)"
203.225.0.215 - - [18/Feb/2026:09:29:29 +0000] "GET /logo.png HTTP/1.1" 404 98 "-" "Mozilla/5.0 (compatible; Amazonbot/0.1; +https://developer.amazon.com/support/amazonbot)"
99.150.211.250 - - [18/Feb/2026:09:31:34 +0000] "GET /readme.txt HTTP/1.1" 200 146668 "-" "Mozilla/5.0 AppleWebKit/537.36 (compatible; GPTBot/1.3; +https://openai.com/gptbot)"
99.170.62.78 - - [18/Feb/2026:09:34:28 +0000] "GET /banner.jpg HTTP/1.1" 403 483 "-" "Mozilla/5.0 (compatible; Googlebot/2.1; +http://www.google.com/bot.html)"
99.170.62.78 - - [18/Feb/2026:09:41:55 +0000] "GET /app.js HTTP/1.1" 301 272 "-" "Mozilla/5.0 (compatible; Amazonbot/0.1; +https://developer.amazon.com/support/amazonbot)"
171.133.45.213 - - [18/Feb/2026:09:43:47 +0000] "GET /readme.txt HTTP/1.1" 200 7022 "-" "ClaudeBot/1.0 (+https://www.anthropic.com/claudebot)"
188.194.31.5 - - [18/Feb/2026:09:43:55 +0000] "GET /feed.xml HTTP/1.1" 200 15815 "-" "Mozilla/5.0 (compatible; Amazonbot/0.1; +https://developer.amazon.com/support/amazonbot)"
188.194.31.5 - - [18/Feb/2026:09:44:13 +0000] "GET /about.html HTTP/1.1" 200 122453 "-" "ClaudeBot/1.0 (+https://www.anthropic.com/claudebot)"
60.241.196.176 - - [18/Feb/2026:09:47:53 +0000] "GET /banner.jpg HTTP/1.1" 200 69108 "-" "Mozilla/5.0 (compatible; bingbot/2.0; +http://www.bing.com/bingbot.htm)"
99.170.62.78 - - [18/Feb/2026:10:08:54 +0000] "GET /logo.png HTTP/1.1" 200 59272 "-" "Mozilla/5.0 (compatible; Googlebot/2.1; +http://www.google.com/bot.html)"
60.241.196.176 - - [18/Feb/2026:10:11:50 +0000] "GET /readme.txt HTTP/1.1" 200 16516 "-" "ClaudeBot/1.0 (+https://www.anthropic.com/claudebot)"
141.57.250.8 - - [18/Feb/2026:10:13:26 +0000] "GET /logo.png HTTP/1.1" 200 117275 "-" "ClaudeBot/1.0 (+https://www.anthropic.com/claudebot)"
99.132.12.102 - - [18/Feb/2026:10:31:33 +0000] "GET /readme.txt HTTP/1.1" 200 125703 "-" "ClaudeBot/1.0 (+https://www.anthropic.com/claudebot)"
203.225.0.215 - - [18/Feb/2026:10:35:45 +0000] "GET /feed.xml HTTP/1.1" 200 84250 "-" "Mozilla/5.0 (compatible; Googlebot/2.1; +http://www.google.com/bot.html)"
122.96.81.102 - - [18/Feb/2026:10:40:51 +0000] "GET /style.css HTTP/1.1" 200 111419 "-" "Mozilla/5.0 (compatible; Googlebot/2.1; +http://www.google.com/bot.html)"
71.138.7.233 - - [18/Feb/2026:10:45:22 +0000] "GET / HTTP/1.1" 200 60259 "-" "ClaudeBot/1.0 (+https://www.anthropic.com/claudebot)"
203.225.0.215 - - [18/Feb/2026:10:46:02 +0000] "GET /feed.xml HTTP/1.1" 200 52924 "-" "Mozilla/5.0 (compatible; bingbot/2.0; +http://www.bing.com/bingbot.htm)"
82.35.167.49 - - [18/Feb/2026:10:55:02 +0000] "GET /data.json HTTP/1.1" 200 109155 "-" "Mozilla/5.0 (compatible; Amazonbot/0.1; +https://developer.amazon.com/support/amazonbot)"
99.132.12.102 - - [18/Feb/2026:11:04:36 +0000] "GET /style.css HTTP/1.1" 200 13056 "-" "Mozilla/5.0 AppleWebKit/537.36 (compatible; GPTBot/1.3; +https://openai.com/gptbot)"
188.194.31.5 - - [18/Feb/2026:11:15:48 +0000] "GET /app.js HTTP/1.1" 200 73998 "-" "Mozilla/5.0 (compatible; Amazonbot/0.1; +https://developer.amazon.com/support/amazonbot)"
141.57.250.8 - - [18/Feb/2026:11:18:53 +0000] "GET / HTTP/1.1" 403 116 "-" "Mozilla/5.0 (compatible; Amazonbot/0.1; +https://developer.amazon.com/support/amazonbot)"
171.133.45.213 - - [18/Feb/2026:11:24:56 +0000] "GET /feed.xml HTTP/1.1" 200 60181 "-" "Mozilla/5.0 (compatible; Googlebot/2.1; +http://www.google.com/bot.html)"
99.170.62.78 - - [18/Feb/2026:11:24:57 +0000] "GET /banner.jpg HTTP/1.1" 200 429 "-" "Mozilla/5.0 AppleWebKit/537.36 (compatible; GPTBot/1.3; +https://openai.com/gptbot)"
60.241.196.176 - - [18/Feb/2026:11:25:55 +0000] "GET /banner.jpg HTTP/1.1" 200 1576 "-" "Mozilla/5.0 (compatible; Googlebot/2.1; +http://www.google.com/bot.html)"
99.150.211.250 - - [18/Feb/2026:11:31:10 +0000] "GET /config HTTP/1.1" 304 97 "-" "Mozilla/5.0 AppleWebKit/537.36 (compatible; GPTBot/1.3; +https://openai.com/gptbot)"
188.194.31.5 - - [18/Feb/2026:11:39:58 +0000] "GET / HTTP/1.1" 304 466 "-" "Mozilla/5.0 (compatible; bingbot/2.0; +http://www.bing.com/bingbot.htm)"
149.37.222.138 - - [18/Feb/2026:11:51:21 +0000] "GET /app.js HTTP/1.1" 200 20562 "-" "Mozilla/5.0 (compatible; Amazonbot/0.1; +https://developer.amazon.com/support/amazonbot)"
171.133.45.213 - - [18/Feb/2026:11:51:35 +0000] "GET /index.html HTTP/1.1" 200 6518 "-" "ClaudeBot/1.0 (+https://www.anthropic.com/claudebot)"
99.132.12.102 - - [18/Feb/2026:11:55:07 +0000] "GET /config HTTP/1.1" 200 117278 "-" "Mozilla/5.0 (compatible; bingbot/2.0; +http://www.bing.com/bingbot.htm)"
71.138.7.233 - - [18/Feb/2026:11:59:01 +0000] "GET /app.js HTTP/1.1" 200 11180 "-" "ClaudeBot/1.0 (+https://www.anthropic.com/claudebot)"
99.132.12.102 - - [18/Feb/2026:12:11:07 +0000] "GET /config HTTP/1.1" 304 281 "-" "Mozilla/5.0 (compatible; Amazonbot/0.1; +https://developer.amazon.com/support/amazonbot)"
99.132.12.102 - - [18/Feb/2026:12:12:39 +0000] "GET / HTTP/1.1" 200 59575 "-" "Mozilla/5.0 AppleWebKit/537.36 (compatible; GPTBot/1.3; +https://openai.com/gptbot)"
71.138.7.233 - - [18/Feb/2026:12:13:11 +0000] "GET / HTTP/1.1" 200 79494 "-" "Mozilla/5.0 (compatible; Amazonbot/0.1; +https://developer.amazon.com/support/amazonbot)"
99.132.12.102 - - [18/Feb/2026:12:13:56 +0000] "GET /feed.xml HTTP/1.1" 404 434 "-" "Mozilla/5.0 (compatible; Amazonbot/0.1; +https://developer.amazon.com/support/amazonbot)"
99.132.12.102 - - [18/Feb/2026:12:14:28 +0000] "GET /index.html HTTP/1.1" 200 107857 "-" "ClaudeBot/1.0 (+https://www.anthropic.com/claudebot)"
71.138.7.233 - - [18/Feb/2026:12:16:17 +0000] "GET /app.js HTTP/1.1" 200 149005 "-" "ClaudeBot/1.0 (+https://www.anthropic.com/claudebot)"
122.96.81.102 - - [18/Feb/2026:12:16:57 +0000] "GET /banner.jpg HTTP/1.1" 200 5434 "-" "ClaudeBot/1.0 (+https://www.anthropic.com/claudebot)"
99.170.62.78 - - [18/Feb/2026:12:22:54 +0000] "GET /banner.jpg HTTP/1.1" 200 138112 "-" "Mozilla/5.0 (compatible; Amazonbot/0.1; +https://developer.amazon.com/support/amazonbot)"
71.138.7.233 - - [18/Feb/2026:12:24:50 +0000] "GET /style.css HTTP/1.1" 200 72244 "-" "Mozilla/5.0 (compatible; Googlebot/2.1; +http://www.google.com/bot.html)"
99.170.62.78 - - [18/Feb/2026:12:25:43 +0000] "GET /app.js HTTP/1.1" 304 380 "-" "Mozilla/5.0 AppleWebKit/537.36 (compatible; GPTBot/1.3; +https://openai.com/gptbot)"
99.132.12.102 - - [18/Feb/2026:12:26:36 +0000] "GET /logo.png HTTP/1.1" 200 67850 "-" "Mozilla/5.0 (compatible; bingbot/2.0; +http://www.bing.com/bingbot.htm)"
82.35.167.49 - - [18/Feb/2026:12:31:09 +0000] "GET /about.html HTTP/1.1" 200 94562 "-" "Mozilla/5.0 (compatible; Googlebot/2.1; +http://www.google.com/bot.html)"
141.57.250.8 - - [18/Feb/2026:12:33:04 +0000] "GET /readme.txt HTTP/1.1" 200 20260 "-" "Mozilla/5.0 AppleWebKit/537.36 (compatible; GPTBot/1.3; +https://openai.com/gptbot)"
71.138.7.233 - - [18/Feb/2026:12:36:38 +0000] "GET /logo.png HTTP/1.1" 304 439 "-" "ClaudeBot/1.0 (+https://www.anthropic.com/claudebot)"
203.225.0.215 - - [18/Feb/2026:12:40:23 +0000] "GET /banner.jpg HTTP/1.1" 200 131183 "-" "Mozilla/5.0 (compatible; bingbot/2.0; +http://www.bing.com/bingbot.htm)"
99.132.12.102 - - [18/Feb/2026:12:41:56 +0000] "GET /readme.txt HTTP/1.1" 304 220 "-" "Mozilla/5.0 (compatible; bingbot/2.0; +http://www.bing.com/bingbot.htm)"
141.57.250.8 - - [18/Feb/2026:12:45:11 +0000] "GET /feed.xml HTTP/1.1" 304 69 "-" "Mozilla/5.0 AppleWebKit/537.36 (compatible; GPTBot/1.3; +https://openai.com/gptbot)"
203.225.0.215 - - [18/Feb/2026:12:50:35 +0000] "GET /sitemap.xml HTTP/1.1" 200 132906 "-" "Mozilla/5.0 (compatible; Googlebot/2.1; +http://www.google.com/bot.html)"
122.96.81.102 - - [18/Feb/2026:12:51:48 +0000] "GET /app.js HTTP/1.1" 200 131543 "-" "Mozilla/5.0 (compatible; Googlebot/2.1; +http://www.google.com/bot.html)"
171.133.45.213 - - [18/Feb/2026:12:51:56 +0000] "GET /data.json HTTP/1.1" 404 362 "-" "Mozilla/5.0 (compatible; Googlebot/2.1; +http://www.google.com/bot.html)"
188.194.31.5 - - [18/Feb/2026:12:55:59 +0000] "GET /config HTTP/1.1" 404 256 "-" "Mozilla/5.0 (compatible; Googlebot/2.1; +http://www.google.com/bot.html)"
99.170.62.78 - - [18/Feb/2026:12:56:50 +0000] "GET /logo.png HTTP/1.1" 200 46133 "-" "ClaudeBot/1.0 (+https://www.anthropic.com/claudebot)"
141.57.250.8 - - [18/Feb/2026:12:59:36 +0000] "GET /style.css HTTP/1.1" 200 51542 "-" "ClaudeBot/1.0 (+https://www.anthropic.com/claudebot)"
188.194.31.5 - - [18/Feb/2026:13:00:49 +0000] "GET /sitemap.xml HTTP/1.1" 200 26953 "-" "Mozilla/5.0 AppleWebKit/537.36 (compatible; GPTBot/1.3; +https://openai.com/gptbot)"
99.132.12.102 - - [18/Feb/2026:13:01:19 +0000] "GET /data.json HTTP/1.1" 200 56274 "-" "Mozilla/5.0 (compatible; Googlebot/2.1; +http://www.google.com/bot.html)"
171.133.45.213 - - [18/Feb/2026:13:06:31 +0000] "GET /feed.xml HTTP/1.1" 200 102517 "-" "Mozilla/5.0 AppleWebKit/537.36 (compatible; GPTBot/1.3; +https://openai.com/gptbot)"
122.96.81.102 - - [18/Feb/2026:13:07:02 +0000] "GET /app.js HTTP/1.1" 200 47012 "-" "Mozilla/5.0 AppleWebKit/537.36 (compatible; GPTBot/1.3; +https://openai.com/gptbot)"
82.35.167.49 - - [18/Feb/2026:13:08:02 +0000] "GET /sitemap.xml HTTP/1.1" 200 84208 "-" "Mozilla/5.0 (compatible; bingbot/2.0; +http://www.bing.com/bingbot.htm)"
99.170.62.78 - - [18/Feb/2026:13:10:52 +0000] "GET /feed.xml HTTP/1.1" 302 79 "-" "ClaudeBot/1.0 (+https://www.anthropic.com/claudebot)"
141.57.250.8 - - [18/Feb/2026:13:14:59 +0000] "GET / HTTP/1.1" 200 149545 "-" "Mozilla/5.0 (compatible; Googlebot/2.1; +http://www.google.com/bot.html)"
122.96.81.102 - - [18/Feb/2026:13:15:02 +0000] "GET /config HTTP/1.1" 404 345 "-" "Mozilla/5.0 (compatible; Googlebot/2.1; +http://www.google.com/bot.html)"
141.57.250.8 - - [18/Feb/2026:13:16:00 +0000] "GET / HTTP/1.1" 200 36947 "-" "Mozilla/5.0 (compatible; bingbot/2.0; +http://www.bing.com/bingbot.htm)"
188.194.31.5 - - [18/Feb/2026:13:16:18 +0000] "GET /banner.jpg HTTP/1.1" 200 89223 "-" "ClaudeBot/1.0 (+https://www.anthropic.com/claudebot)"
141.57.250.8 - - [18/Feb/2026:13:22:11 +0000] "GET /banner.jpg HTTP/1.1" 200 94128 "-" "Mozilla/5.0 (compatible; Amazonbot/0.1; +https://developer.amazon.com/support/amazonbot)"
141.57.250.8 - - [18/Feb/2026:13:22:53 +0000] "GET /logo.png HTTP/1.1" 200 51552 "-" "Mozilla/5.0 (compatible; bingbot/2.0; +http://www.bing.com/bingbot.htm)"
99.150.211.250 - - [18/Feb/2026:13:23:21 +0000] "GET /config HTTP/1.1" 200 71127 "-" "ClaudeBot/1.0 (+https://www.anthropic.com/claudebot)"
149.37.222.138 - - [18/Feb/2026:13:30:23 +0000] "GET /data.json HTTP/1.1" 200 49696 "-" "Mozilla/5.0 (compatible; Amazonbot/0.1; +https://developer.amazon.com/support/amazonbot)"
99.170.62.78 - - [18/Feb/2026:13:30:30 +0000] "GET /data.json HTTP/1.1" 200 113016 "-" "Mozilla/5.0 AppleWebKit/537.36 (compatible; GPTBot/1.3; +https://openai.com/gptbot)"
149.37.222.138 - - [18/Feb/2026:13:33:46 +0000] "GET /readme.txt HTTP/1.1" 200 115174 "-" "Mozilla/5.0 AppleWebKit/537.36 (compatible; GPTBot/1.3; +https://openai.com/gptbot)"
71.138.7.233 - - [18/Feb/2026:13:34:01 +0000] "GET / HTTP/1.1" 200 114847 "-" "ClaudeBot/1.0 (+https://www.anthropic.com/claudebot)"
99.132.12.102 - - [18/Feb/2026:13:36:21 +0000] "GET /app.js HTTP/1.1" 301 390 "-" "ClaudeBot/1.0 (+https://www.anthropic.com/claudebot)"
71.138.7.233 - - [18/Feb/2026:13:39:54 +0000] "GET /style.css HTTP/1.1" 200 36327 "-" "Mozilla/5.0 (compatible; Amazonbot/0.1; +https://developer.amazon.com/support/amazonbot)"
141.57.250.8 - - [18/Feb/2026:13:41:34 +0000] "GET /app.js HTTP/1.1" 200 72024 "-" "Mozilla/5.0 (compatible; Googlebot/2.1; +http://www.google.com/bot.html)"
122.96.81.102 - - [18/Feb/2026:14:01:30 +0000] "GET /style.css HTTP/1.1" 200 62323 "-" "Mozilla/5.0 AppleWebKit/537.36 (compatible; GPTBot/1.3; +https://openai.com/gptbot)"
99.150.211.250 - - [18/Feb/2026:14:08:52 +0000] "GET /logo.png HTTP/1.1" 200 97335 "-" "Mozilla/5.0 AppleWebKit/537.36 (compatible; GPTBot/1.3; +https://openai.com/gptbot)"
71.138.7.233 - - [18/Feb/2026:14:08:54 +0000] "GET /banner.jpg HTTP/1.1" 404 155 "-" "Mozilla/5.0 (compatible; Amazonbot/0.1; +https://developer.amazon.com/support/amazonbot)"
171.133.45.213 - - [18/Feb/2026:14:11:15 +0000] "GET /app.js HTTP/1.1" 404 92 "-" "ClaudeBot/1.0 (+https://www.anthropic.com/claudebot)"
203.225.0.215 - - [18/Feb/2026:14:11:54 +0000] "GET /sitemap.xml HTTP/1.1" 200 13747 "-" "Mozilla/5.0 (compatible; Googlebot/2.1; +http://www.google.com/bot.html)"
99.170.62.78 - - [18/Feb/2026:14:14:29 +0000] "GET /logo.png HTTP/1.1" 404 348 "-" "Mozilla/5.0 (compatible; bingbot/2.0; +http://www.bing.com/bingbot.htm)"
203.225.0.215 - - [18/Feb/2026:14:20:47 +0000] "GET /logo.png HTTP/1.1" 200 138579 "-" "Mozilla/5.0 AppleWebKit/537.36 (compatible; GPTBot/1.3; +https://openai.com/gptbot)"
82.35.167.49 - - [18/Feb/2026:14:25:54 +0000] "GET /banner.jpg HTTP/1.1" 200 26965 "-" "ClaudeBot/1.0 (+https://www.anthropic.com/claudebot)"
171.133.45.213 - - [18/Feb/2026:14:27:18 +0000] "GET /style.css HTTP/1.1" 200 118779 "-" "Mozilla/5.0 AppleWebKit/537.36 (compatible; GPTBot/1.3; +https://openai.com/gptbot)"
60.241.196.176 - - [18/Feb/2026:14:28:36 +0000] "GET /readme.txt HTTP/1.1" 200 87792 "-" "Mozilla/5.0 (compatible; Amazonbot/0.1; +https://developer.amazon.com/support/amazonbot)"
99.170.62.78 - - [18/Feb/2026:14:35:53 +0000] "GET /logo.png HTTP/1.1" 200 85000 "-" "ClaudeBot/1.0 (+https://www.anthropic.com/claudebot)"
60.241.196.176 - - [18/Feb/2026:14:44:27 +0000] "GET /banner.jpg HTTP/1.1" 200 112355 "-" "Mozilla/5.0 (compatible; Amazonbot/0.1; +https://developer.amazon.com/support/amazonbot)"
99.170.62.78 - - [18/Feb/2026:14:49:18 +0000] "GET /sitemap.xml HTTP/1.1" 200 30743 "-" "Mozilla/5.0 (compatible; bingbot/2.0; +http://www.bing.com/bingbot.htm)"
99.132.12.102 - - [18/Feb/2026:15:02:13 +0000] "GET /logo.png HTTP/1.1" 200 106180 "-" "Mozilla/5.0 (compatible; Googlebot/2.1; +http://www.google.com/bot.html)"
99.132.12.102 - - [18/Feb/2026:15:06:30 +0000] "GET / HTTP/1.1" 200 37174 "-" "ClaudeBot/1.0 (+https://www.anthropic.com/claudebot)"
60.241.196.176 - - [18/Feb/2026:15:08:47 +0000] "GET /banner.jpg HTTP/1.1" 200 99513 "-" "Mozilla/5.0 AppleWebKit/537.36 (compatible; GPTBot/1.3; +https://openai.com/gptbot)"
188.194.31.5 - - [18/Feb/2026:15:09:58 +0000] "GET /data.json HTTP/1.1" 304 179 "-" "ClaudeBot/1.0 (+https://www.anthropic.com/claudebot)"
188.194.31.5 - - [18/Feb/2026:15:15:38 +0000] "GET /style.css HTTP/1.1" 403 391 "-" "Mozilla/5.0 AppleWebKit/537.36 (compatible; GPTBot/1.3; +https://openai.com/gptbot)"
149.37.222.138 - - [18/Feb/2026:15:18:59 +0000] "GET /style.css HTTP/1.1" 304 180 "-" "Mozilla/5.0 (compatible; Googlebot/2.1; +http://www.google.com/bot.html)"
141.57.250.8 - - [18/Feb/2026:15:22:46 +0000] "GET /config HTTP/1.1" 200 2559 "-" "ClaudeBot/1.0 (+https://www.anthropic.com/claudebot)"
99.132.12.102 - - [18/Feb/2026:15:30:57 +0000] "GET / HTTP/1.1" 200 113681 "-" "ClaudeBot/1.0 (+https://www.anthropic.com/claudebot)"
171.133.45.213 - - [18/Feb/2026:15:33:45 +0000] "GET /style.css HTTP/1.1" 200 143043 "-" "Mozilla/5.0 AppleWebKit/537.36 (compatible; GPTBot/1.3; +https://openai.com/gptbot)"
203.225.0.215 - - [18/Feb/2026:15:45:54 +0000] "GET /data.json HTTP/1.1" 200 11641 "-" "Mozilla/5.0 (compatible; Googlebot/2.1; +http://www.google.com/bot.html)"
141.57.250.8 - - [18/Feb/2026:15:48:02 +0000] "GET /style.css HTTP/1.1" 301 11 "-" "Mozilla/5.0 (compatible; bingbot/2.0; +http://www.bing.com/bingbot.htm)"
99.170.62.78 - - [18/Feb/2026:15:48:08 +0000] "GET / HTTP/1.1" 200 25238 "-" "Mozilla/5.0 AppleWebKit/537.36 (compatible; GPTBot/1.3; +https://openai.com/gptbot)"
122.96.81.102 - - [18/Feb/2026:15:52:50 +0000] "GET /sitemap.xml HTTP/1.1" 404 396 "-" "Mozilla/5.0 (compatible; Googlebot/2.1; +http://www.google.com/bot.html)"
141.57.250.8 - - [18/Feb/2026:15:55:05 +0000] "GET / HTTP/1.1" 200 28668 "-" "Mozilla/5.0 (compatible; bingbot/2.0; +http://www.bing.com/bingbot.htm)"
141.57.250.8 - - [18/Feb/2026:15:59:40 +0000] "GET /logo.png HTTP/1.1" 200 32612 "-" "Mozilla/5.0 (compatible; Googlebot/2.1; +http://www.google.com/bot.html)"
149.37.222.138 - - [18/Feb/2026:16:02:01 +0000] "GET /style.css HTTP/1.1" 200 21019 "-" "Mozilla/5.0 (compatible; Amazonbot/0.1; +https://developer.amazon.com/support/amazonbot)"
203.225.0.215 - - [18/Feb/2026:16:10:42 +0000] "GET /app.js HTTP/1.1" 200 65874 "-" "Mozilla/5.0 (compatible; Amazonbot/0.1; +https://developer.amazon.com/support/amazonbot)"
122.96.81.102 - - [18/Feb/2026:16:10:59 +0000] "GET /config HTTP/1.1" 200 7782 "-" "Mozilla/5.0 (compatible; Googlebot/2.1; +http://www.google.com/bot.html)"
99.132.12.102 - - [18/Feb/2026:16:11:36 +0000] "GET /style.css HTTP/1.1" 200 93496 "-" "Mozilla/5.0 AppleWebKit/537.36 (compatible; GPTBot/1.3; +https://openai.com/gptbot)"
141.57.250.8 - - [18/Feb/2026:16:12:07 +0000] "GET /banner.jpg HTTP/1.1" 200 18354 "-" "Mozilla/5.0 (compatible; Googlebot/2.1; +http://www.google.com/bot.html)"
71.138.7.233 - - [18/Feb/2026:16:13:59 +0000] "GET /app.js HTTP/1.1" 200 42170 "-" "Mozilla/5.0 (compatible; Googlebot/2.1; +http://www.google.com/bot.html)"
188.194.31.5 - - [18/Feb/2026:16:14:13 +0000] "GET /feed.xml HTTP/1.1" 200 53916 "-" "ClaudeBot/1.0 (+https://www.anthropic.com/claudebot)"
82.35.167.49 - - [18/Feb/2026:16:15:36 +0000] "GET /readme.txt HTTP/1.1" 200 18115 "-" "ClaudeBot/1.0 (+https://www.anthropic.com/claudebot)"
122.96.81.102 - - [18/Feb/2026:16:18:57 +0000] "GET /readme.txt HTTP/1.1" 200 94255 "-" "ClaudeBot/1.0 (+https://www.anthropic.com/claudebot)"
141.57.250.8 - - [18/Feb/2026:16:23:27 +0000] "GET /config HTTP/1.1" 200 125767 "-" "Mozilla/5.0 (compatible; Amazonbot/0.1; +https://developer.amazon.com/support/amazonbot)"
99.170.62.78 - - [18/Feb/2026:16:33:00 +0000] "GET /logo.png HTTP/1.1" 200 69630 "-" "ClaudeBot/1.0 (+https://www.anthropic.com/claudebot)"
141.57.250.8 - - [18/Feb/2026:16:35:27 +0000] "GET /sitemap.xml HTTP/1.1" 200 18158 "-" "Mozilla/5.0 (compatible; bingbot/2.0; +http://www.bing.com/bingbot.htm)"
82.35.167.49 - - [18/Feb/2026:16:36:24 +0000] "GET /feed.xml HTTP/1.1" 304 16 "-" "Mozilla/5.0 (compatible; Amazonbot/0.1; +https://developer.amazon.com/support/amazonbot)"
60.241.196.176 - - [18/Feb/2026:16:38:44 +0000] "GET /app.js HTTP/1.1" 200 35938 "-" "Mozilla/5.0 (compatible; Googlebot/2.1; +http://www.google.com/bot.html)"
99.170.62.78 - - [18/Feb/2026:16:42:44 +0000] "GET /data.json HTTP/1.1" 304 113 "-" "Mozilla/5.0 AppleWebKit/537.36 (compatible; GPTBot/1.3; +https://openai.com/gptbot)"
149.37.222.138 - - [18/Feb/2026:16:47:23 +0000] "GET /about.html HTTP/1.1" 304 439 "-" "Mozilla/5.0 AppleWebKit/537.36 (compatible; GPTBot/1.3; +https://openai.com/gptbot)"
99.132.12.102 - - [18/Feb/2026:16:53:12 +0000] "GET / HTTP/1.1" 200 7616 "-" "Mozilla/5.0 (compatible; bingbot/2.0; +http://www.bing.com/bingbot.htm)"
82.35.167.49 - - [18/Feb/2026:16:55:55 +0000] "GET /about.html HTTP/1.1" 200 115042 "-" "ClaudeBot/1.0 (+https://www.anthropic.com/claudebot)"
99.132.12.102 - - [18/Feb/2026:16:58:22 +0000] "GET /data.json HTTP/1.1" 200 126408 "-" "Mozilla/5.0 (compatible; Googlebot/2.1; +http://www.google.com/bot.html)"
99.150.211.250 - - [18/Feb/2026:17:01:36 +0000] "GET / HTTP/1.1" 200 105340 "-" "Mozilla/5.0 (compatible; Googlebot/2.1; +http://www.google.com/bot.html)"
122.96.81.102 - - [18/Feb/2026:17:03:10 +0000] "GET /about.html HTTP/1.1" 200 48981 "-" "Mozilla/5.0 AppleWebKit/537.36 (compatible; GPTBot/1.3; +https://openai.com/gptbot)"
99.132.12.102 - - [18/Feb/2026:17:10:23 +0000] "GET /banner.jpg HTTP/1.1" 200 27879 "-" "Mozilla/5.0 (compatible; Amazonbot/0.1; +https://developer.amazon.com/support/amazonbot)"
99.150.211.250 - - [18/Feb/2026:17:14:30 +0000] "GET /data.json HTTP/1.1" 200 33963 "-" "ClaudeBot/1.0 (+https://www.anthropic.com/claudebot)"
141.57.250.8 - - [18/Feb/2026:17:22:05 +0000] "GET /readme.txt HTTP/1.1" 200 59716 "-" "Mozilla/5.0 (compatible; Googlebot/2.1; +http://www.google.com/bot.html)"
188.194.31.5 - - [18/Feb/2026:17:31:31 +0000] "GET /style.css HTTP/1.1" 200 35616 "-" "Mozilla/5.0 (compatible; Amazonbot/0.1; +https://developer.amazon.com/support/amazonbot)"
99.132.12.102 - - [18/Feb/2026:17:40:25 +0000] "GET /banner.jpg HTTP/1.1" 404 25 "-" "Mozilla/5.0 (compatible; Amazonbot/0.1; +https://developer.amazon.com/support/amazonbot)"
122.96.81.102 - - [18/Feb/2026:17:40:48 +0000] "GET /about.html HTTP/1.1" 304 268 "-" "Mozilla/5.0 AppleWebKit/537.36 (compatible; GPTBot/1.3; +https://openai.com/gptbot)"
60.241.196.176 - - [18/Feb/2026:17:42:15 +0000] "GET /app.js HTTP/1.1" 200 94225 "-" "ClaudeBot/1.0 (+https://www.anthropic.com/claudebot)"
71.138.7.233 - - [18/Feb/2026:17:49:09 +0000] "GET /about.html HTTP/1.1" 200 149689 "-" "ClaudeBot/1.0 (+https://www.anthropic.com/claudebot)"
171.133.45.213 - - [18/Feb/2026:17:52:50 +0000] "GET /app.js HTTP/1.1" 200 99941 "-" "Mozilla/5.0 (compatible; Amazonbot/0.1; +https://developer.amazon.com/support/amazonbot)"
60.241.196.176 - - [18/Feb/2026:17:56:03 +0000] "GET /logo.png HTTP/1.1" 304 376 "-" "Mozilla/5.0 (compatible; Googlebot/2.1; +http://www.google.com/bot.html)"
188.194.31.5 - - [18/Feb/2026:17:56:17 +0000] "GET /config HTTP/1.1" 200 82417 "-" "ClaudeBot/1.0 (+https://www.anthropic.com/claudebot)"
