99.150.211.250 - - [03/Feb/2026:21:44:34 +0000] "GET /index.html HTTP/1.1" 404 0 "-" "ClaudeBot/1.0 (+https://www.anthropic.com/claudebot)"
82.35.167.49 - - [03/Feb/2026:21:45:17 +0000] "GET /about.html HTTP/1.1" 200 97263 "-" "ClaudeBot/1.0 (+https://www.anthropic.com/claudebot)"
99.170.62.78 - - [03/Feb/2026:21:46:25 +0000] "GET /logo.png HTTP/1.1" 200 100886 "-" "Mozilla/5.0 (compatible; Googlebot/2.1; +http://www.google.com/bot.html)"
99.132.12.102 - - [03/Feb/2026:21:47:21 +0000] "GET /readme.txt HTTP/1.1" 304 317 "-" "Mozilla/5.0 AppleWebKit/537.36 (compatible; GPTBot/1.3; +https://openai.com/gptbot)"
99.132.12.102 - - [03/Feb/2026:21:49:32 +0000] "GET /logo.png HTTP/1.1" 200 123723 "-" "Mozilla/5.0 (compatible; Googlebot/2.1; +http://www.google.com/bot.html)"
122.96.81.102 - - [03/Feb/2026:21:53:36 +0000] "GET /logo.png HTTP/1.1" 404 9 "-" "Mozilla/5.0 (compatible; Amazonbot/0.1; +https://developer.amazon.com/support/amazonbot)"
203.225.0.215 - - [03/Feb/2026:21:59:42 +0000] "GET /sitemap.xml HTTP/1.1" 304 255 "-" "Mozilla/5.0 (compatible; Amazonbot/0.1; +https://developer.amazon.com/support/amazonbot)"
60.241.196.176 - - [03/Feb/2026:22:03:53 +0000] "GET /feed.xml HTTP/1.1" 200 21585 "-" "Mozilla/5.0 (compatible; Googlebot/2.1; +http://www.google.com/bot.html)"
99.170.62.78 - - [03/Feb/2026:22:05:37 +0000] "GET /banner.jpg HTTP/1.1" 200 111907 "-" "ClaudeBot/1.0 (+https://www.anthropic.com/claudebot)"
99.132.12.102 - - [03/Feb/2026:22:06:48 +0000] "GET /readme.txt HTTP/1.1" 200 99658 "-" "Mozilla/5.0 (compatible; Amazonbot/0.1; +https://developer.amazon.com/support/amazonbot)"
99.150.211.250 - - [03/Feb/2026:22:13:12 +0000] "GET /readme.txt HTTP/1.1" 200 20997 "-" "Mozilla/5.0 (compatible; bingbot/2.0; +http://www.bing.com/bingbot.htm)"
82.35.167.49 - - [03/Feb/2026:22:21:18 +0000] "GET /banner.jpg HTTP/1.1" 200 18520 "-" "Mozilla/5.0 AppleWebKit/537.36 (compatible; GPTBot/1.3; +https://openai.com/gptbot)"
171.133.45.213 - - [03/Feb/2026:22:27:50 +0000] "GET /app.js HTTP/1.1" 302 208 "-" "Mozilla/5.0 AppleWebKit/537.36 (compatible; GPTBot/1.3; +https://openai.com/gptbot)"
149.37.222.138 - - [03/Feb/2026:22:29:17 +0000] "GET / HTTP/1.1" 200 127422 "-" "Mozilla/5.0 AppleWebKit/537.36 (compatible; GPTBot/1.3; +https://openai.com/gptbot)"
188.194.31.5 - - [03/Feb/2026:22:35:44 +0000] "GET /index.html HTTP/1.1" 200 67712 "-" "Mozilla/5.0 (compatible; bingbot/2.0; +http://www.bing.com/bingbot.htm)"
99.170.62.78 - - [03/Feb/2026:22:35:49 +0000] "GET /config HTTP/1.1" 200 138781 "-" "Mozilla/5.0 (compatible; Googlebot/2.1; +http://www.google.com/bot.html)"
203.225.0.215 - - [03/Feb/2026:22:43:46 +0000] "GET / HTTP/1.1" 200 77184 "-" "Mozilla/5.0 (compatible; Amazonbot/0.1; +https://developer.amazon.com/support/amazonbot)"
171.133.45.213 - - [03/Feb/2026:22:45:38 +0000] "GET /feed.xml HTTP/1.1" 302 357 "-" "ClaudeBot/1.0 (+https://www.anthropic.com/claudebot)"
99.150.211.250 - - [03/Feb/2026:22:46:29 +0000] "GET /sitemap.xml HTTP/1.1" 200 62159 "-" "ClaudeBot/1.0 (+https://www.anthropic.com/claudebot)"
82.35.167.49 - - [03/Feb/2026:22:47:51 +0000] "GET /logo.png HTTP/1.1" 200 91822 "-" "Mozilla/5.0 (compatible; bingbot/2.0; +http://www.bing.com/bingbot.htm)"
188.194.31.5 - - [03/Feb/2026:22:47:53 +0000] "GET /logo.png HTTP/1.1" 304 17 "-" "Mozilla/5.0 AppleWebKit/537.36 (compatible; GPTBot/1.3; +https://openai.com/gptbot)"
188.194.31.5 - - [03/Feb/2026:22:49:47 +0000] "GET /feed.xml HTTP/1.1" 200 93530 "-" "ClaudeBot/1.0 (+https://www.anthropic.com/claudebot)"
188.194.31.5 - - [03/Feb/2026:22:49:51 +0000] "GET /feed.xml HTTP/1.1" 200 145324 "-" "Mozilla/5.0 AppleWebKit/537.36 (compatible; GPTBot/1.3; +https://openai.com/gptbot)"
60.241.196.176 - - [03/Feb/2026:22:51:12 +0000] "GET /logo.png HTTP/1.1" 200 5300 "-" "Mozilla/5.0 (compatible; Googlebot/2.1; +http://www.google.com/bot.html)"
99.170.62.78 - - [03/Feb/2026:22:51:46 +0000] "GET /feed.xml HTTP/1.1" 200 13247 "-" "ClaudeBot/1.0 (+https://www.anthropic.com/claudebot)"
99.150.211.250 - - [03/Feb/2026:22:55:08 +0000] "GET /style.css HTTP/1.1" 304 472 "-" "ClaudeBot/1.0 (+https://www.anthropic.com/claudebot)"
82.35.167.49 - - [03/Feb/2026:22:56:51 +0000] "GET /data.json HTTP/1.1" 200 72373 "-" "ClaudeBot/1.0 (+https://www.anthropic.com/claudebot)"
203.225.0.215 - - [03/Feb/2026:22:57:47 +0000] "GET /config HTTP/1.1" 200 56534 "-" "Mozilla/5.0 AppleWebKit/537.36 (compatible; GPTBot/1.3; +https://openai.com/gptbot)"
99.132.12.102 - - [03/Feb/2026:23:02:23 +0000] "GET /sitemap.xml HTTP/1.1" 200 70982 "-" "Mozilla/5.0 (compatible; bingbot/2.0; +http://www.bing.com/bingbot.htm)"
99.170.62.78 - - [03/Feb/2026:23:02:50 +0000] "GET /logo.png HTTP/1.1" 404 33 "-" "Mozilla/5.0 AppleWebKit/537.36 (compatible; GPTBot/1.3; +https://openai.com/gptbot)"
82.35.167.49 - - [03/Feb/2026:23:06:28 +0000] "GET /app.js HTTP/1.1" 302 31 "-" "ClaudeBot/1.0 (+https://www.anthropic.com/claudebot)"
122.96.81.102 - - [03/Feb/2026:23:07:24 +0000] "GET /config HTTP/1.1" 200 120938 "-" "Mozilla/5.0 (compatible; Amazonbot/0.1; +https://developer.amazon.com/support/amazonbot)"
60.241.196.176 - - [03/Feb/2026:23:10:09 +0000] "GET /about.html HTTP/1.1" 200 9104 "-" "ClaudeBot/1.0 (+https://www.anthropic.com/claudebot)"
82.35.167.49 - - [03/Feb/2026:23:10:26 +0000] "GET /app.js HTTP/1.1" 200 120531 "-" "Mozilla/5.0 (compatible; Googlebot/2.1; +http://www.google.com/bot.html)"
99.150.211.250 - - [03/Feb/2026:23:12:56 +0000] "GET /data.json HTTP/1.1" 200 99793 "-" "ClaudeBot/1.0 (+https://www.anthropic.com/claudebot)"
149.37.222.138 - - [03/Feb/2026:23:14:01 +0000] "GET /style.css HTTP/1.1" 304 281 "-" "Mozilla/5.0 (compatible; Amazonbot/0.1; +https://developer.amazon.com/support/amazonbot)"
203.225.0.215 - - [03/Feb/2026:23:19:37 +0000] "GET /readme.txt HTTP/1.1" 200 25853 "-" "Mozilla/5.0 (compatible; bingbot/2.0; +http://www.bing.com/bingbot.htm)"
99.170.62.78 - - [03/Feb/2026:23:19:48 +0000] "GET /readme.txt HTTP/1.1" 200 35459 "-" "ClaudeBot/1.0 (+https://www.anthropic.com/claudebot)"
188.194.31.5 - - [03/Feb/2026:23:26:33 +0000] "GET /index.html HTTP/1.1" 200 124590 "-" "Mozilla/5.0 (compatible; Amazonbot/0.1; +https://developer.amazon.com/support/amazonbot)"
149.37.222.138 - - [03/Feb/2026:23:30:10 +0000] "GET /index.html HTTP/1.1" 200 23156 "-" "Mozilla/5.0 (compatible; Amazonbot/0.1; +https://developer.amazon.com/support/amazonbot)"
99.132.12.102 - - [03/Feb/2026:23:30:45 +0000] "GET /style.css HTTP/1.1" 200 139256 "-" "ClaudeBot/1.0 (+https://www.anthropic.com/claudebot)"
71.138.7.233 - - [03/Feb/2026:23:39:25 +0000] "GET /sitemap.xml HTTP/1.1" 404 178 "-" "Mozilla/5.0 AppleWebKit/537.36 (compatible; GPTBot/1.3; +https://openai.com/gptbot)"
71.138.7.233 - - [03/Feb/2026:23:40:47 +0000] "GET /index.html HTTP/1.1" 200 127995 "-" "Mozilla/5.0 (compatible; bingbot/2.0; +http://www.bing.com/bingbot.htm)"
122.96.81.102 - - [03/Feb/2026:23:41:49 +0000] "GET /style.css HTTP/1.1" 301 69 "-" "ClaudeBot/1.0 (+https://www.anthropic.com/claudebot)"
141.57.250.8 - - [03/Feb/2026:23:45:32 +0000] "GET /banner.jpg HTTP/1.1" 200 133686 "-" "Mozilla/5.0 (compatible; Googlebot/2.1; +http://www.google.com/bot.html)"
188.194.31.5 - - [03/Feb/2026:23:47:38 +0000] "GET /banner.jpg HTTP/1.1" 404 378 "-" "Mozilla/5.0 (compatible; Googlebot/2.1; +http://www.google.com/bot.html)"
149.37.222.138 - - [03/Feb/2026:23:53:02 +0000] "GET /logo.png HTTP/1.1" 404 160 "-" "Mozilla/5.0 (compatible; Amazonbot/0.1; +https://developer.amazon.com/support/amazonbot)"
99.132.12.102 - - [04/Feb/2026:00:03:21 +0000] "GET /app.js HTTP/1.1" 200 30134 "-" "Mozilla/5.0 (compatible; bingbot/2.0; +http://www.bing.com/bingbot.htm)"
149.37.222.138 - - [04/Feb/2026:00:03:22 +0000] "GET /logo.png HTTP/1.1" 200 32903 "-" "Mozilla/5.0 (compatible; bingbot/2.0; +http://www.bing.com/bingbot.htm)"
99.170.62.78 - - [04/Feb/2026:00:04:42 +0000] "GET /feed.xml HTTP/1.1" 403 366 "-" "Mozilla/5.0 (compatible; bingbot/2.0; +http://www.bing.com/bingbot.htm)"
171.133.45.213 - - [04/Feb/2026:00:05:43 +0000] "GET /config HTTP/1.1" 200 42025 "-" "ClaudeBot/1.0 (+https://www.anthropic.com/claudebot)"
203.225.0.215 - - [04/Feb/2026:00:08:21 +0000] "GET /about.html HTTP/1.1" 302 416 "-" "Mozilla/5.0 (compatible; Amazonbot/0.1; +https://developer.amazon.com/support/amazonbot)"
60.241.196.176 - - [04/Feb/2026:00:11:16 +0000] "GET / HTTP/1.1" 200 50987 "-" "Mozilla/5.0 (compatible; bingbot/2.0; +http://www.bing.com/bingbot.htm)"
141.57.250.8 - - [04/Feb/2026:00:13:43 +0000] "GET /about.html HTTP/1.1" 304 132 "-" "Mozilla/5.0 (compatible; Googlebot/2.1; +http://www.google.com/bot.html)"
60.241.196.176 - - [04/Feb/2026:00:18:23 +0000] "GET /app.js HTTP/1.1" 200 145774 "-" "Mozilla/5.0 (compatible; Amazonbot/0.1; +https://developer.amazon.com/support/amazonbot)"
71.138.7.233 - - [04/Feb/2026:00:21:00 +0000] "GET /app.js HTTP/1.1" 404 64 "-" "Mozilla/5.0 (compatible; bingbot/2.0; +http://www.bing.com/bingbot.htm)"
149.37.222.138 - - [04/Feb/2026:00:25:55 +0000] "GET /data.json HTTP/1.1" 200 137493 "-" "Mozilla/5.0 (compatible; Amazonbot/0.1; +https://developer.amazon.com/support/amazonbot)"
141.57.250.8 - - [04/Feb/2026:00:27:51 +0000] "GET /data.json HTTP/1.1" 200 14093 "-" "Mozilla/5.0 (compatible; Googlebot/2.1; +http://www.google.com/bot.html)"
149.37.222.138 - - [04/Feb/2026:00:30:24 +0000] "GET /config HTTP/1.1" 200 1776 "-" "Mozilla/5.0 (compatible; bingbot/2.0; +http://www.bing.com/bingbot.htm)"
99.170.62.78 - - [04/Feb/2026:00:34:01 +0000] "GET /data.json HTTP/1.1" 302 267 "-" "Mozilla/5.0 (compatible; Amazonbot/0.1; +https://developer.amazon.com/support/amazonbot)"
188.194.31.5 - - [04/Feb/2026:00:34:38 +0000] "GET /app.js HTTP/1.1" 304 4 "-" "Mozilla/5.0 (compatible; bingbot/2.0; +http://www.bing.com/bingbot.htm)"
99.170.62.78 - - [04/Feb/2026:00:41:33 +0000] "GET /about.html HTTP/1.1" 200 139964 "-" "Mozilla/5.0 AppleWebKit/537.36 (compatible; GPTBot/1.3; +https://openai.com/gptbot)"
99.132.12.102 - - [04/Feb/2026:00:43:58 +0000] "GET /data.json HTTP/1.1" 200 50478 "-" "Mozilla/5.0 (compatible; Googlebot/2.1; +http://www.google.com/bot.html)"
188.194.31.5 - - [04/Feb/2026:00:45:15 +0000] "GET / HTTP/1.1" 200 104701 "-" "Mozilla/5.0 (compatible; Amazonbot/0.1; +https://developer.amazon.com/support/amazonbot)"
122.96.81.102 - - [04/Feb/2026:00:48:24 +0000] "GET /index.html HTTP/1.1" 200 66965 "-" "Mozilla/5.0 (compatible; Googlebot/2.1; +http://www.google.com/bot.html)"
71.138.7.233 - - [04/Feb/2026:00:50:37 +0000] "GET /sitemap.xml HTTP/1.1" 304 247 "-" "Mozilla/5.0 AppleWebKit/537.36 (compatible; GPTBot/1.3; +https://openai.com/gptbot)"
60.241.196.176 - - [04/Feb/2026:00:56:45 +0000] "GET /readme.txt HTTP/1.1" 200 66293 "-" "Mozilla/5.0 (compatible; Googlebot/2.1; +http://www.google.com/bot.html)"
99.150.211.250 - - [04/Feb/2026:00:56:47 +0000] "GET /readme.txt HTTP/1.1" 200 136258 "-" "ClaudeBot/1.0 (+https://www.anthropic.com/claudebot)"
149.37.222.138 - - [04/Feb/2026:00:57:11 +0000] "GET /style.css HTTP/1.1" 200 71774 "-" "Mozilla/5.0 (compatible; Googlebot/2.1; +http://www.google.com/bot.html)"
71.138.7.233 - - [04/Feb/2026:01:00:07 +0000] "GET /config HTTP/1.1" 200 108786 "-" "Mozilla/5.0 (compatible; Googlebot/2.1; +http://www.google.com/bot.html)"
99.132.12.102 - - [04/Feb/2026:01:02:08 +0000] "GET / HTTP/1.1" 404 215 "-" "Mozilla/5.0 (compatible; bingbot/2.0; +http://www.bing.com/bingbot.htm)"
122.96.81.102 - - [04/Feb/2026:01:09:12 +0000] "GET /config HTTP/1.1" 404 181 "-" "Mozilla/5.0 AppleWebKit/537.36 (compatible; GPTBot/1.3; +https://openai.com/gptbot)"
122.96.81.102 - - [04/Feb/2026:01:13:35 +0000] "GET /readme.txt HTTP/1.1" 200 57706 "-" "Mozilla/5.0 (compatible; bingbot/2.0; +http://www.bing.com/bingbot.htm)"
99.150.211.250 - - [04/Feb/2026:01:16:22 +0000] "GET /feed.xml HTTP/1.1" 200 48494 "-" "Mozilla/5.0 AppleWebKit/537.36 (compatible; GPTBot/1.3; +https://openai.com/gptbot)"
60.241.196.176 - - [04/Feb/2026:01:24:59 +0000] "GET /feed.xml HTTP/1.1" 404 178 "-" "Mozilla/5.0 AppleWebKit/537.36 (compatible; GPTBot/1.3; +https://openai.com/gptbot)"
71.138.7.233 - - [04/Feb/2026:01:25:33 +0000] "GET /readme.txt HTTP/1.1" 304 68 "-" "ClaudeBot/1.0 (+https://www.anthropic.com/claudebot)"
188.194.31.5 - - [04/Feb/2026:01:30:51 +0000] "GET /about.html HTTP/1.1" 200 70780 "-" "Mozilla/5.0 (compatible; Googlebot/2.1; +http://www.google.com/bot.html)"
71.138.7.233 - - [04/Feb/2026:01:34:29 +0000] "GET / HTTP/1.1" 302 91 "-" "Mozilla/5.0 (compatible; bingbot/2.0; +http://www.bing.com/bingbot.htm)"
141.57.250.8 - - [04/Feb/2026:01:36:50 +0000] "GET /sitemap.xml HTTP/1.1" 200 73582 "-" "Mozilla/5.0 AppleWebKit/537.36 (compatible; GPTBot/1.3; +https://openai.com/gptbot)"
141.57.250.8 - - [04/Feb/2026:01:48:12 +0000] "GET /app.js HTTP/1.1" 200 5213 "-" "Mozilla/5.0 (compatible; bingbot/2.0; +http://www.bing.com/bingbot.htm)"
171.133.45.213 - - [04/Feb/2026:01:48:34 +0000] "GET /app.js HTTP/1.1" 200 29555 "-" "ClaudeBot/1.0 (+https://www.anthropic.com/claudebot)"
99.170.62.78 - - [04/Feb/2026:01:54:01 +0000] "GET /banner.jpg HTTP/1.1" 404 131 "-" "Mozilla/5.0 (compatible; Googlebot/2.1; +http://www.google.com/bot.html)"
99.150.211.250 - - [04/Feb/2026:01:54:29 +0000] "GET /banner.jpg HTTP/1.1" 304 452 "-" "Mozilla/5.0 (compatible; Googlebot/2.1; +http://www.google.com/bot.html)"
149.37.222.138 - - [04/Feb/2026:01:59:12 +0000] "GET /data.json HTTP/1.1" 200 25284 "-" "Mozilla/5.0 (compatible; bingbot/2.0; +http://www.bing.com/bingbot.htm)"
171.133.45.213 - - [04/Feb/2026:02:04:44 +0000] "GET /about.html HTTP/1.1" 200 103522 "-" "Mozilla/5.0 (compatible; bingbot/2.0; +http://www.bing.com/bingbot.htm)"
99.132.12.102 - - [04/Feb/2026:02:11:12 +0000] "GET /data.json HTTP/1.1" 200 63771 "-" "ClaudeBot/1.0 (+https://www.anthropic.com/claudebot)"
188.194.31.5 - - [04/Feb/2026:02:11:16 +0000] "GET /sitemap.xml HTTP/1.1" 200 11889 "-" "Mozilla/5.0 AppleWebKit/537.36 (compatible; GPTBot/1.3; +https://openai.com/gptbot)"
141.57.250.8 - - [04/Feb/2026:02:11:19 +0000] "GET /logo.png HTTP/1.1" 404 274 "-" "Mozilla/5.0 AppleWebKit/537.36 (compatible; GPTBot/1.3; +https://openai.com/gptbot)"
149.37.222.138 - - [04/Feb/2026:02:17:24 +0000] "GET /app.js HTTP/1.1" 200 70213 "-" "Mozilla/5.0 (compatible; Amazonbot/0.1; +https://developer.amazon.com/support/amazonbot)"
60.241.196.176 - - [04/Feb/2026:02:18:17 +0000] "GET /readme.txt HTTP/1.1" 200 9501 "-" "Mozilla/5.0 (compatible; Amazonbot/0.1; +https://developer.amazon.com/support/amazonbot)"
203.225.0.215 - - [04/Feb/2026:02:22:13 +0000] "GET / HTTP/1.1" 200 41822 "-" "Mozilla/5.0 AppleWebKit/537.36 (compatible; GPTBot/1.3; +https://openai.com/gptbot)"
203.225.0.215 - - [04/Feb/2026:02:28:09 +0000] "GET /banner.jpg HTTP/1.1" 200 41697 "-" "Mozilla/5.0 (compatible; bingbot/2.0; +http://www.bing.com/bingbot.htm)"
149.37.222.138 - - [04/Feb/2026:02:35:34 +0000] "GET / HTTP/1.1" 200 145294 "-" "Mozilla/5.0 (compatible; bingbot/2.0; +http://www.bing.com/bingbot.htm)"
141.57.250.8 - - [04/Feb/2026:02:37:37 +0000] "GET / HTTP/1.1" 304 46 "-" "Mozilla/5.0 (compatible; Googlebot/2.1; +http://www.google.com/bot.html)"
99.132.12.102 - - [04/Feb/2026:02:39:46 +0000] "GET /style.css HTTP/1.1" 200 14640 "-" "Mozilla/5.0 (compatible; bingbot/2.0; +http://www.bing.com/bingbot.htm)"
203.225.0.215 - - [04/Feb/2026:02:43:18 +0000] "GET /logo.png HTTP/1.1" 200 67966 "-" "ClaudeBot/1.0 (+https://www.anthropic.com/claudebot)"
203.225.0.215 - - [04/Feb/2026:02:50:23 +0000] "GET /app.js HTTP/1.1" 200 137132 "-" "Mozilla/5.0 (compatible; Amazonbot/0.1; +https://developer.amazon.com/support/amazonbot)"
71.138.7.233 - - [04/Feb/2026:02:51:01 +0000] "GET / HTTP/1.1" 200 49268 "-" "Mozilla/5.0 (compatible; bingbot/2.0; +http://www.bing.com/bingbot.htm)"
71.138.7.233 - - [04/Feb/2026:02:54:13 +0000] "GET /readme.txt HTTP/1.1" 200 28089 "-" "Mozilla/5.0 (compatible; bingbot/2.0; +http://www.bing.com/bingbot.htm)"
60.241.196.176 - - [04/Feb/2026:03:01:21 +0000] "GET /data.json HTTP/1.1" 200 69592 "-" "Mozilla/5.0 (compatible; Googlebot/2.1; +http://www.google.com/bot.html)"
71.138.7.233 - - [04/Feb/2026:03:06:55 +0000] "GET /sitemap.xml HTTP/1.1" 200 125095 "-" "Mozilla/5.0 (compatible; Googlebot/2.1; +http://www.google.com/bot.html)"
171.133.45.213 - - [04/Feb/2026:03:07:09 +0000] "GET /banner.jpg HTTP/1.1" 404 323 "-" "ClaudeBot/1.0 (+https://www.anthropic.com/claudebot)"
60.241.196.176 - - [04/Feb/2026:03:13:14 +0000] "GET /readme.txt HTTP/1.1" 200 134609 "-" "Mozilla/5.0 AppleWebKit/537.36 (compatible; GPTBot/1.3; +https://openai.com/gptbot)"
171.133.45.213 - - [04/Feb/2026:03:15:27 +0000] "GET /style.css HTTP/1.1" 200 81165 "-" "Mozilla/5.0 (compatible; Googlebot/2.1; +http://www.google.com/bot.html)"
171.133.45.213 - - [04/Feb/2026:03:18:32 +0000] "GET /style.css HTTP/1.1" 200 59872 "-" "Mozilla/5.0 AppleWebKit/537.36 (compatible; GPTBot/1.3; +https://openai.com/gptbot)"
203.225.0.215 - - [04/Feb/2026:03:19:04 +0000] "GET /data.json HTTP/1.1" 404 130 "-" "ClaudeBot/1.0 (+https://www.anthropic.com/claudebot)"
141.57.250.8 - - [04/Feb/2026:03:24:23 +0000] "GET / HTTP/1.1" 200 51473 "-" "Mozilla/5.0 (compatible; bingbot/2.0; +http://www.bing.com/bingbot.htm)"
171.133.45.213 - - [04/Feb/2026:03:30:37 +0000] "GET /app.js HTTP/1.1" 200 89389 "-" "Mozilla/5.0 (compatible; bingbot/2.0; +http://www.bing.com/bingbot.htm)"
171.133.45.213 - - [04/Feb/2026:03:31:41 +0000] "GET /logo.png HTTP/1.1" 200 65447 "-" "Mozilla/5.0 (compatible; Amazonbot/0.1; +https://developer.amazon.com/support/amazonbot)"
82.35.167.49 - - [04/Feb/2026:03:32:27 +0000] "GET / HTTP/1.1" 200 19662 "-" "Mozilla/5.0 (compatible; Googlebot/2.1; +http://www.google.com/bot.html)"
149.37.222.138 - - [04/Feb/2026:03:32:33 +0000] "GET /sitemap.xml HTTP/1.1" 304 37 "-" "ClaudeBot/1.0 (+https://www.anthropic.com/claudebot)"
122.96.81.102 - - [04/Feb/2026:03:39:26 +0000] "GET /config HTTP/1.1" 200 105763 "-" "Mozilla/5.0 AppleWebKit/537.36 (compatible; GPTBot/1.3; +https://openai.com/gptbot)"
141.57.250.8 - - [04/Feb/2026:03:41:56 +0000] "GET /data.json HTTP/1.1" 200 63618 "-" "Mozilla/5.0 (compatible; Amazonbot/0.1; +https://developer.amazon.com/support/amazonbot)"
82.35.167.49 - - [04/Feb/2026:04:02:14 +0000] "GET /index.html HTTP/1.1" 304 91 "-" "Mozilla/5.0 AppleWebKit/537.36 (compatible; GPTBot/1.3; +https://openai.com/gptbot)"
82.35.167.49 - - [04/Feb/2026:04:06:15 +0000] "GET /banner.jpg HTTP/1.1" 200 16024 "-" "Mozilla/5.0 (compatible; Googlebot/2.1; +http://www.google.com/bot.html)"
71.138.7.233 - - [04/Feb/2026:04:07:08 +0000] "GET / HTTP/1.1" 200 139848 "-" "Mozilla/5.0 AppleWebKit/537.36 (compatible; GPTBot/1.3; +https://openai.com/gptbot)"
60.241.196.176 - - [04/Feb/2026:04:07:09 +0000] "GET /about.html HTTP/1.1" 404 498 "-" "Mozilla/5.0 (compatible; Amazonbot/0.1; +https://developer.amazon.com/support/amazonbot)"
203.225.0.215 - - [04/Feb/2026:04:08:06 +0000] "GET /logo.png HTTP/1.1" 200 64289 "-" "Mozilla/5.0 AppleWebKit/537.36 (compatible; GPTBot/1.3; +https://openai.com/gptbot)"
171.133.45.213 - - [04/Feb/2026:04:17:00 +0000] "GET /sitemap.xml HTTP/1.1" 200 59025 "-" "Mozilla/5.0 (compatible; Googlebot/2.1; +http://www.google.com/bot.html)"
203.225.0.215 - - [04/Feb/2026:04:20:27 +0000] "GET /style.css HTTP/1.1" 200 86235 "-" "ClaudeBot/1.0 (+https://www.anthropic.com/claudebot)"
203.225.0.215 - - [04/Feb/2026:04:21:13 +0000] "GET /config HTTP/1.1" 200 126781 "-" "ClaudeBot/1.0 (+https://www.anthropic.com/claudebot)"
203.225.0.215 - - [04/Feb/2026:04:23:43 +0000] "GET /banner.jpg HTTP/1.1" 200 134101 "-" "ClaudeBot/1.0 (+https://www.anthropic.com/claudebot)"
171.133.45.213 - - [04/Feb/2026:04:31:30 +0000] "GET /app.js HTTP/1.1" 200 138056 "-" "ClaudeBot/1.0 (+https://www.anthropic.com/claudebot)"
60.241.196.176 - - [04/Feb/2026:04:31:56 +0000] "GET /about.html HTTP/1.1" 200 32663 "-" "Mozilla/5.0 AppleWebKit/537.36 (compatible; GPTBot/1.3; +https://openai.com/gptbot)"
149.37.222.138 - - [04/Feb/2026:04:32:31 +0000] "GET /sitemap.xml HTTP/1.1" 304 375 "-" "Mozilla/5.0 (compatible; bingbot/2.0; +http://www.bing.com/bingbot.htm)"
82.35.167.49 - - [04/Feb/2026:04:35:16 +0000] "GET / HTTP/1.1" 200 62735 "-" "ClaudeBot/1.0 (+https://www.anthropic.com/claudebot)"
71.138.7.233 - - [04/Feb/2026:04:35:45 +0000] "GET /feed.xml HTTP/1.1" 200 43906 "-" "ClaudeBot/1.0 (+https://www.anthropic.com/claudebot)"
203.225.0.215 - - [04/Feb/2026:04:41:28 +0000] "GET / HTTP/1.1" 200 113659 "-" "Mozilla/5.0 (compatible; Googlebot/2.1; +http://www.google.com/bot.html)"
99.170.62.78 - - [04/Feb/2026:04:45:47 +0000] "GET /index.html HTTP/1.1" 200 92437 "-" "Mozilla/5.0 (compatible; Amazonbot/0.1; +https://developer.amazon.com/support/amazonbot)"
60.241.196.176 - - [04/Feb/2026:04:46:23 +0000] "GET /app.js HTTP/1.1" 200 147663 "-" "Mozilla/5.0 AppleWebKit/537.36 (compatible; GPTBot/1.3; +https://openai.com/gptbot)"
82.35.167.49 - - [04/Feb/2026:04:46:58 +0000] "GET /style.css HTTP/1.1" 302 180 "-" "Mozilla/5.0 (compatible; Googlebot/2.1; +http://www.google.com/bot.html)"
60.241.196.176 - - [04/Feb/2026:04:48:23 +0000] "GET /sitemap.xml HTTP/1.1" 200 134008 "-" "Mozilla/5.0 (compatible; bingbot/2.0; +http://www.bing.com/bingbot.htm)"
99.170.62.78 - - [04/Feb/2026:04:51:43 +0000] "GET / HTTP/1.1" 200 74278 "-" "Mozilla/5.0 (compatible; Googlebot/2.1; +http://www.google.com/bot.html)"
122.96.81.102 - - [04/Feb/2026:04:51:51 +0000] "GET /config HTTP/1.1" 200 67940 "-" "Mozilla/5.0 AppleWebKit/537.36 (compatible; GPTBot/1.3; +https://openai.com/gptbot)"
99.170.62.78 - - [04/Feb/2026:04:53:46 +0000] "GET /sitemap.xml HTTP/1.1" 200 75320 "-" "Mozilla/5.0 (compatible; Amazonbot/0.1; +https://developer.amazon.com/support/amazonbot)"
99.170.62.78 - - [04/Feb/2026:04:57:01 +0000] "GET /data.json HTTP/1.1" 200 60580 "-" "Mozilla/5.0 AppleWebKit/537.36 (compatible; GPTBot/1.3; +https://openai.com/gptbot)"
82.35.167.49 - - [04/Feb/2026:04:58:24 +0000] "GET /data.json HTTP/1.1" 200 37899 "-" "Mozilla/5.0 AppleWebKit/537.36 (compatible; GPTBot/1.3; +https://openai.com/gptbot)"
99.170.62.78 - - [04/Feb/2026:05:00:29 +0000] "GET /config HTTP/1.1" 200 62665 "-" "Mozilla/5.0 (compatible; bingbot/2.0; +http://www.bing.com/bingbot.htm)"
82.35.167.49 - - [04/Feb/2026:05:03:30 +0000] "GET /index.html HTTP/1.1" 200 94235 "-" "Mozilla/5.0 (compatible; Googlebot/2.1; +http://www.google.com/bot.html)"
203.225.0.215 - - [04/Feb/2026:05:03:58 +0000] "GET /index.html HTTP/1.1" 200 143251 "-" "Mozilla/5.0 (compatible; bingbot/2.0; +http://www.bing.com/bingbot.htm)"
99.150.211.250 - - [04/Feb/2026:05:11:37 +0000] "GET /about.html HTTP/1.1" 200 78399 "-" "ClaudeBot/1.0 (+https://www.anthropic.com/claudebot)"
203.225.0.215 - - [04/Feb/2026:05:12:55 +0000] "GET /sitemap.xml HTTP/1.1" 200 37905 "-" "Mozilla/5.0 (compatible; Googlebot/2.1; +http://www.google.com/bot.html)"
60.241.196.176 - - [04/Feb/2026:05:13:10 +0000] "GET /logo.png HTTP/1.1" 200 100891 "-" "Mozilla/5.0 (compatible; Amazonbot/0.1; +https://developer.amazon.com/support/amazonbot)"
99.150.211.250 - - [04/Feb/2026:05:13:37 +0000] "GET /logo.png HTTP/1.1" 404 402 "-" "Mozilla/5.0 (compatible; bingbot/2.0; +http://www.bing.com/bingbot.htm)"
149.37.222.138 - - [04/Feb/2026:05:14:08 +0000] "GET /feed.xml HTTP/1.1" 200 113351 "-" "Mozilla/5.0 (compatible; Googlebot/2.1; +http://www.google.com/bot.html)"
141.57.250.8 - - [04/Feb/2026:05:16:27 +0000] "GET /style.css HTTP/1.1" 200 93441 "-" "Mozilla/5.0 AppleWebKit/537.36 (compatible; GPTBot/1.3; +https://openai.com/gptbot)"
60.241.196.176 - - [04/Feb/2026:05:18:57 +0000] "GET / HTTP/1.1" 404 196 "-" "Mozilla/5.0 (compatible; Amazonbot/0.1; +https://developer.amazon.com/support/amazonbot)"
99.150.211.250 - - [04/Feb/2026:05:19:23 +0000] "GET /config HTTP/1.1" 200 83139 "-" "Mozilla/5.0 (compatible; bingbot/2.0; +http://www.bing.com/bingbot.htm)"
149.37.222.138 - - [04/Feb/2026:05:20:40 +0000] "GET /style.css HTTP/1.1" 200 148754 "-" "Mozilla/5.0 AppleWebKit/537.36 (compatible; GPTBot/1.3; +https://openai.com/gptbot)"
99.170.62.78 - - [04/Feb/2026:05:21:42 +0000] "GET /about.html HTTP/1.1" 200 52538 "-" "Mozilla/5.0 AppleWebKit/537.36 (compatible; GPTBot/1.3; +https://openai.com/gptbot)"
60.241.196.176 - - [04/Feb/2026:05:32:36 +0000] "GET /style.css HTTP/1.1" 404 201 "-" "Mozilla/5.0 (compatible; Amazonbot/0.1; +https://developer.amazon.com/support/amazonbot)"
99.150.211.250 - - [04/Feb/2026:05:35:45 +0000] "GET /sitemap.xml HTTP/1.1" 200 31998 "-" "ClaudeBot/1.0 (+https://www.anthropic.com/claudebot)"
203.225.0.215 - - [04/Feb/2026:05:36:28 +0000] "GET /about.html HTTP/1.1" 200 3275 "-" "Mozilla/5.0 (compatible; bingbot/2.0; +http://www.bing.com/bingbot.htm)"
71.138.7.233 - - [04/Feb/2026:05:36:42 +0000] "GET /feed.xml HTTP/1.1" 200 55406 "-" "Mozilla/5.0 AppleWebKit/537.36 (compatible; GPTBot/1.3; +https://openai.com/gptbot)"
60.241.196.176 - - [04/Feb/2026:05:44:52 +0000] "GET / HTTP/1.1" 304 283 "-" "Mozilla/5.0 AppleWebKit/537.36 (compatible; GPTBot/1.3; +https://openai.com/gptbot)"
141.57.250.8 - - [04/Feb/2026:05:55:13 +0000] "GET /style.css HTTP/1.1" 200 117904 "-" "ClaudeBot/1.0 (+https://www.anthropic.com/claudebot)"
99.170.62.78 - - [04/Feb/2026:05:56:31 +0000] "GET /style.css HTTP/1.1" 404 464 "-" "Mozilla/5.0 AppleWebKit/537.36 (compatible; GPTBot/1.3; +https://openai.com/gptbot)"
99.150.211.250 - - [04/Feb/2026:05:57:38 +0000] "GET /sitemap.xml HTTP/1.1" 200 85424 "-" "Mozilla/5.0 (compatible; Googlebot/2.1; +http://www.google.com/bot.html)"
99.150.211.250 - - [04/Feb/2026:05:59:16 +0000] "GET /data.json HTTP/1.1" 200 98540 "-" "Mozilla/5.0 (compatible; Amazonbot/0.1; +https://developer.amazon.com/support/amazonbot)"
99.132.12.102 - - [04/Feb/2026:06:02:36 +0000] "GET /about.html HTTP/1.1" 302 280 "-" "Mozilla/5.0 (compatible; Googlebot/2.1; +http://www.google.com/bot.html)"
171.133.45.213 - - [04/Feb/2026:06:13:02 +0000] "GET /app.js HTTP/1.1" 200 86712 "-" "ClaudeBot/1.0 (+https://www.anthropic.com/claudebot)"
82.35.167.49 - - [04/Feb/2026:06:22:25 +0000] "GET /banner.jpg HTTP/1.1" 200 113527 "-" "Mozilla/5.0 (compatible; Googlebot/2.1; +http://www.google.com/bot.html)"
99.170.62.78 - - [04/Feb/2026:06:23:53 +0000] "GET /sitemap.xml HTTP/1.1" 200 23262 "-" "Mozilla/5.0 (compatible; bingbot/2.0; +http://www.bing.com/bingbot.htm)"
99.150.211.250 - - [04/Feb/2026:06:30:11 +0000] "GET /readme.txt HTTP/1.1" 200 57951 "-" "Mozilla/5.0 (compatible; bingbot/2.0; +http://www.bing.com/bingbot.htm)"
99.150.211.250 - - [04/Feb/2026:06:34:43 +0000] "GET / HTTP/1.1" 301 197 "-" "Mozilla/5.0 (compatible; Amazonbot/0.1; +https://developer.amazon.com/support/amazonbot)"
171.133.45.213 - - [04/Feb/2026:06:37:18 +0000] "GET /index.html HTTP/1.1" 304 67 "-" "Mozilla/5.0 (compatible; Googlebot/2.1; +http://www.google.com/bot.html)"
60.241.196.176 - - [04/Feb/2026:06:38:28 +0000] "GET /about.html HTTP/1.1" 200 49274 "-" "ClaudeBot/1.0 (+https://www.anthropic.com/claudebot)"
99.132.12.102 - - [04/Feb/2026:06:43:54 +0000] "GET /style.css HTTP/1.1" 200 61639 "-" "Mozilla/5.0 (compatible; bingbot/2.0; +http://www.bing.com/bingbot.htm)"
99.132.12.102 - - [04/Feb/2026:06:44:05 +0000] "GET /app.js HTTP/1.1" 200 36473 "-" "Mozilla/5.0 AppleWebKit/537.36 (compatible; GPTBot/1.3; +https://openai.com/gptbot)"
122.96.81.102 - - [04/Feb/2026:06:49:49 +0000] "GET /readme.txt HTTP/1.1" 200 85523 "-" "Mozilla/5.0 (compatible; Amazonbot/0.1; +https://developer.amazon.com/support/amazonbot)"
188.194.31.5 - - [04/Feb/2026:06:53:50 +0000] "GET /app.js HTTP/1.1" 200 144695 "-" "Mozilla/5.0 (compatible; Googlebot/2.1; +http://www.google.com/bot.html)"
203.225.0.215 - - [04/Feb/2026:06:55:02 +0000] "GET /sitemap.xml HTTP/1.1" 200 49284 "-" "ClaudeBot/1.0 (+https://www.anthropic.com/claudebot)"
82.35.167.49 - - [04/Feb/2026:06:55:18 +0000] "GET /config HTTP/1.1" 200 109241 "-" "Mozilla/5.0 (compatible; bingbot/2.0; +http://www.bing.com/bingbot.htm)"
99.170.62.78 - - [04/Feb/2026:06:55:20 +0000] "GET /style.css HTTP/1.1" 200 90377 "-" "Mozilla/5.0 (compatible; Googlebot/2.1; +http://www.google.com/bot.html)"
99.170.62.78 - - [04/Feb/2026:06:58:21 +0000] "GET /about.html HTTP/1.1" 200 19084 "-" "Mozilla/5.0 (compatible; Amazonbot/0.1; +https://developer.amazon.com/support/amazonbot)"
171.133.45.213 - - [04/Feb/2026:06:59:10 +0000] "GET /data.json HTTP/1.1" 200 108698 "-" "Mozilla/5.0 (compatible; Googlebot/2.1; +http://www.google.com/bot.html)"
203.225.0.215 - - [04/Feb/2026:07:03:35 +0000] "GET /style.css HTTP/1.1" 200 133949 "-" "Mozilla/5.0 (compatible; bingbot/2.0; +http://www.bing.com/bingbot.htm)"
71.138.7.233 - - [04/Feb/2026:07:03:52 +0000] "GET /style.css HTTP/1.1" 304 173 "-" "Mozilla/5.0 (compatible; Amazonbot/0.1; +https://developer.amazon.com/support/amazonbot)"
203.225.0.215 - - [04/Feb/2026:07:06:27 +0000] "GET / HTTP/1.1" 200 105353 "-" "Mozilla/5.0 AppleWebKit/537.36 (compatible; GPTBot/1.3; +https://openai.com/gptbot)"
203.225.0.215 - - [04/Feb/2026:07:09:07 +0000] "GET / HTTP/1.1" 200 77707 "-" "Mozilla/5.0 AppleWebKit/537.36 (compatible; GPTBot/1.3; +https://openai.com/gptbot)"
149.37.222.138 - - [04/Feb/2026:07:14:15 +0000] "GET /logo.png HTTP/1.1" 200 67099 "-" "Mozilla/5.0 (compatible; Googlebot/2.1; +http://www.google.com/bot.html)"
60.241.196.176 - - [04/Feb/2026:07:16:20 +0000] "GET /config HTTP/1.1" 200 143066 "-" "Mozilla/5.0 (compatible; Amazonbot/0.1; +https://developer.amazon.com/support/amazonbot)"
99.170.62.78 - - [04/Feb/2026:07:21:01 +0000] "GET /index.html HTTP/1.1" 200 93186 "-" "ClaudeBot/1.0 (+https://www.anthropic.com/claudebot)"
99.132.12.102 - - [04/Feb/2026:07:24:42 +0000] "GET /sitemap.xml HTTP/1.1" 200 128106 "-" "Mozilla/5.0 (compatible; Googlebot/2.1; +http://www.google.com/bot.html)"
82.35.167.49 - - [04/Feb/2026:07:27:29 +0000] "GET /data.json HTTP/1.1" 200 104318 "-" "ClaudeBot/1.0 (+https://www.anthropic.com/claudebot)"
122.96.81.102 - - [04/Feb/2026:07:29:25 +0000] "GET /about.html HTTP/1.1" 200 122085 "-" "ClaudeBot/1.0 (+https://www.anthropic.com/claudebot)"
99.150.211.250 - - [04/Feb/2026:07:30:50 +0000] "GET /logo.png HTTP/1.1" 304 131 "-" "Mozilla/5.0 AppleWebKit/537.36 (compatible; GPTBot/1.3; +https://openai.com/gptbot)"
99.132.12.102 - - [04/Feb/2026:07:30:58 +0000] "GET /logo.png HTTP/1.1" 200 122937 "-" "Mozilla/5.0 AppleWebKit/537.36 (compatible; GPTBot/1.3; +https://openai.com/gptbot)"
149.37.222.138 - - [04/Feb/2026:07:34:10 +0000] "GET /banner.jpg HTTP/1.1" 200 111604 "-" "Mozilla/5.0 (compatible; Googlebot/2.1; +http://www.google.com/bot.html)"
203.225.0.215 - - [04/Feb/2026:07:35:22 +0000] "GET / HTTP/1.1" 200 20282 "-" "ClaudeBot/1.0 (+https://www.anthropic.com/claudebot)"
149.37.222.138 - - [04/Feb/2026:07:38:08 +0000] "GET /readme.txt HTTP/1.1" 200 32130 "-" "Mozilla/5.0 (compatible; Amazonbot/0.1; +https://developer.amazon.com/support/amazonbot)"
60.241.196.176 - - [04/Feb/2026:07:39:02 +0000] "GET /sitemap.xml HTTP/1.1" 200 69648 "-" "Mozilla/5.0 (compatible; bingbot/2.0; +http://www.bing.com/bingbot.htm)"
99.150.211.250 - - [04/Feb/2026:07:39:33 +0000] "GET /about.html HTTP/1.1" 200 4964 "-" "Mozilla/5.0 (compatible; Googlebot/2.1; +http://www.google.com/bot.html)"
99.170.62.78 - - [04/Feb/2026:07:42:22 +0000] "GET /config HTTP/1.1" 200 93186 "-" "Mozilla/5.0 (compatible; Googlebot/2.1; +http://www.google.com/bot.html)"
60.241.196.176 - - [04/Feb/2026:07:46:47 +0000] "GET /config HTTP/1.1" 200 14966 "-" "Mozilla/5.0 (compatible; bingbot/2.0; +http://www.bing.com/bingbot.htm)"
122.96.81.102 - - [04/Feb/2026:07:47:10 +0000] "GET /readme.txt HTTP/1.1" 304 112 "-" "Mozilla/5.0 (compatible; Amazonbot/0.1; +https://developer.amazon.com/support/amazonbot)"
99.170.62.78 - - [04/Feb/2026:07:50:37 +0000] "GET /style.css HTTP/1.1" 200 139597 "-" "Mozilla/5.0 (compatible; bingbot/2.0; +http://www.bing.com/bingbot.htm)"
99.150.211.250 - - [04/Feb/2026:07:56:56 +0000] "GET /feed.xml HTTP/1.1" 200 107983 "-" "Mozilla/5.0 (compatible; Amazonbot/0.1; +https://developer.amazon.com/support/amazonbot)"
203.225.0.215 - - [04/Feb/2026:07:57:31 +0000] "GET /index.html HTTP/1.1" 200 67002 "-" "Mozilla/5.0 (compatible; Amazonbot/0.1; +https://developer.amazon.com/support/amazonbot)"
99.150.211.250 - - [04/Feb/2026:07:59:51 +0000] "GET /config HTTP/1.1" 200 78136 "-" "ClaudeBot/1.0 (+https://www.anthropic.com/claudebot)"
82.35.167.49 - - [04/Feb/2026:08:04:14 +0000] "GET /style.css HTTP/1.1" 200 21199 "-" "Mozilla/5.0 (compatible; bingbot/2.0; +http://www.bing.com/bingbot.htm)"
71.138.7.233 - - [04/Feb/2026:08:05:48 +0000] "GET /banner.jpg HTTP/1.1" 200 88719 "-" "Mozilla/5.0 AppleWebKit/537.36 (compatible; GPTBot/1.3; +https://openai.com/gptbot)"
82.35.167.49 - - [04/Feb/2026:08:06:28 +0000] "GET /feed.xml HTTP/1.1" 304 100 "-" "Mozilla/5.0 (compatible; bingbot/2.0; +http://www.bing.com/bingbot.htm)"
82.35.167.49 - - [04/Feb/2026:08:08:14 +0000] "GET /index.html HTTP/1.1" 304 458 "-" "ClaudeBot/1.0 (+https://www.anthropic.com/claudebot)"
99.132.12.102 - - [04/Feb/2026:08:15:59 +0000] "GET /feed.xml HTTP/1.1" 200 19702 "-" "Mozilla/5.0 AppleWebKit/537.36 (compatible; GPTBot/1.3; +https://openai.com/gptbot)"
188.194.31.5 - - [04/Feb/2026:08:23:06 +0000] "GET /readme.txt HTTP/1.1" 404 175 "-" "Mozilla/5.0 (compatible; Googlebot/2.1; +http://www.google.com/bot.html)"
149.37.222.138 - - [04/Feb/2026:08:26:07 +0000] "GET / HTTP/1.1" 404 484 "-" "Mozilla/5.0 (compatible; Amazonbot/0.1; +https://developer.amazon.com/support/amazonbot)"
122.96.81.102 - - [04/Feb/2026:08:28:01 +0000] "GET /style.css HTTP/1.1" 200 57365 "-" "ClaudeBot/1.0 (+https://www.anthropic.com/claudebot)"
122.96.81.102 - - [04/Feb/2026:08:29:01 +0000] "GET /config HTTP/1.1" 200 76987 "-" "ClaudeBot/1.0 (+https://www.anthropic.com/claudebot)"
188.194.31.5 - - [04/Feb/2026:08:32:16 +0000] "GET /banner.jpg HTTP/1.1" 200 125516 "-" "Mozilla/5.0 (compatible; Amazonbot/0.1; +https://developer.amazon.com/support/amazonbot)"
99.150.211.250 - - [04/Feb/2026:08:42:32 +0000] "GET /readme.txt HTTP/1.1" 200 143934 "-" "Mozilla/5.0 (compatible; bingbot/2.0; +http://www.bing.com/bingbot.htm)"
82.35.167.49 - - [04/Feb/2026:08:43:27 +0000] "GET /style.css HTTP/1.1" 200 71172 "-" "ClaudeBot/1.0 (+https://www.anthropic.com/claudebot)"
99.132.12.102 - - [04/Feb/2026:08:44:23 +0000] "GET /readme.txt HTTP/1.1" 200 104259 "-" "Mozilla/5.0 (compatible; Googlebot/2.1; +http://www.google.com/bot.html)"
99.132.12.102 - - [04/Feb/2026:08:45:37 +0000] "GET /config HTTP/1.1" 200 145263 "-" "Mozilla/5.0 (compatible; Googlebot/2.1; +http://www.google.com/bot.html)"
149.37.222.138 - - [04/Feb/2026:08:47:04 +0000] "GET /readme.txt HTTP/1.1" 302 328 "-" "ClaudeBot/1.0 (+https://www.anthropic.com/claudebot)"
60.241.196.176 - - [04/Feb/2026:08:47:43 +0000] "GET /style.css HTTP/1.1" 404 119 "-" "ClaudeBot/1.0 (+https://www.anthropic.com/claudebot)"
82.35.167.49 - - [04/Feb/2026:08:48:34 +0000] "GET /readme.txt HTTP/1.1" 200 146857 "-" "ClaudeBot/1.0 (+https://www.anthropic.com/claudebot)"
122.96.81.102 - - [04/Feb/2026:08:48:54 +0000] "GET /index.html HTTP/1.1" 200 55611 "-" "Mozilla/5.0 AppleWebKit/537.36 (compatible; GPTBot/1.3; +https://openai.com/gptbot)"
71.138.7.233 - - [04/Feb/2026:08:50:26 +0000] "GET /index.html HTTP/1.1" 200 76803 "-" "Mozilla/5.0 AppleWebKit/537.36 (compatible; GPTBot/1.3; +https://openai.com/gptbot)"
99.170.62.78 - - [04/Feb/2026:08:51:56 +0000] "GET /logo.png HTTP/1.1" 200 7077 "-" "ClaudeBot/1.0 (+https://www.anthropic.com/claudebot)"
203.225.0.215 - - [04/Feb/2026:08:53:29 +0000] "GET /feed.xml HTTP/1.1" 200 7843 "-" "Mozilla/5.0 (compatible; Googlebot/2.1; +http://www.google.com/bot.html)"
141.57.250.8 - - [04/Feb/2026:09:01:30 +0000] "GET /app.js HTTP/1.1" 200 74683 "-" "Mozilla/5.0 (compatible; bingbot/2.0; +http://www.bing.com/bingbot.htm)"
141.57.250.8 - - [04/Feb/2026:09:01:40 +0000] "GET /banner.jpg HTTP/1.1" 304 193 "-" "Mozilla/5.0 (compatible; Amazonbot/0.1; +https://developer.amazon.com/support/amazonbot)"
82.35.167.49 - - [04/Feb/2026:09:02:58 +0000] "GET /readme.txt HTTP/1.1" 404 265 "-" "Mozilla/5.0 (compatible; bingbot/2.0; +http://www.bing.com/bingbot.htm)"
188.194.31.5 - - [04/Feb/2026:09:03:03 +0000] "GET /readme.txt HTTP/1.1" 200 71723 "-" "Mozilla/5.0 (compatible; Googlebot/2.1; +http://www.google.com/bot.html)"
60.241.196.176 - - [04/Feb/2026:09:04:09 +0000] "GET /config HTTP/1.1" 200 96071 "-" "Mozilla/5.0 AppleWebKit/537.36 (compatible; GPTBot/1.3; +https://openai.com/gptbot)"
141.57.250.8 - - [04/Feb/2026:09:04:15 +0000] "GET /readme.txt HTTP/1.1" 200 58116 "-" "ClaudeBot/1.0 (+https://www.anthropic.com/claudebot)"
71.138.7.233 - - [04/Feb/2026:09:14:23 +0000] "GET /config HTTP/1.1" 200 72203 "-" "ClaudeBot/1.0 (+https://www.anthropic.com/claudebot)"
122.96.81.102 - - [04/Feb/2026:09:16:31 +0000] "GET /feed.xml HTTP/1.1" 200 49388 "-" "Mozilla/5.0 AppleWebKit/537.36 (compatible; GPTBot/1.3; +https://openai.com/gptbot)"
149.37.222.138 - - [04/Feb/2026:09:19:43 +0000] "GET /data.json HTTP/1.1" 200 14962 "-" "Mozilla/5.0 (compatible; Amazonbot/0.1; +https://developer.amazon.com/support/amazonbot)"
141.57.250.8 - - [04/Feb/2026:09:21:15 +0000] "GET /sitemap.xml HTTP/1.1" 200 1328 "-" "Mozilla/5.0 (compatible; Googlebot/2.1; +http://www.google.com/bot.html)"
82.35.167.49 - - [04/Feb/2026:09:23:37 +0000] "GET /sitemap.xml HTTP/1.1" 200 61603 "-" "Mozilla/5.0 AppleWebKit/537.36 (compatible; GPTBot/1.3; +https://openai.com/gptbot)"
171.133.45.213 - - [04/Feb/2026:09:25:56 +0000] "GET /feed.xml HTTP/1.1" 200 106466 "-" "Mozilla/5.0 AppleWebKit/537.36 (compatible; GPTBot/1.3; +https://openai.com/gptbot)"
60.241.196.176 - - [04/Feb/2026:09:30:04 +0000] "GET /data.json HTTP/1.1" 404 64 "-" "ClaudeBot/1.0 (+https://www.anthropic.com/claudebot)"
149.37.222.138 - - [04/Feb/2026:09:34:12 +0000] "GET /readme.txt HTTP/1.1" 404 158 "-" "ClaudeBot/1.0 (+https://www.anthropic.com/claudebot)"
149.37.222.138 - - [04/Feb/2026:09:34:25 +0000] "GET / HTTP/1.1" 403 471 "-" "Mozilla/5.0 (compatible; bingbot/2.0; +http://www.bing.com/bingbot.htm)"
82.35.167.49 - - [04/Feb/2026:09:39:04 +0000] "GET /feed.xml HTTP/1.1" 200 55038 "-" "Mozilla/5.0 AppleWebKit/537.36 (compatible; GPTBot/1.3; +https://openai.com/gptbot)"
99.170.62.78 - - [04/Feb/2026:09:45:04 +0000] "GET /banner.jpg HTTP/1.1" 200 107407 "-" "Mozilla/5.0 (compatible; bingbot/2.0; +http://www.bing.com/bingbot.htm)"
188.194.31.5 - - [04/Feb/2026:09:51:00 +0000] "GET /config HTTP/1.1" 302 376 "-" "Mozilla/5.0 AppleWebKit/537.36 (compatible; GPTBot/1.3; +https://openai.com/gptbot)"
82.35.167.49 - - [04/Feb/2026:09:56:52 +0000] "GET / HTTP/1.1" 200 77654 "-" "Mozilla/5.0 (compatible; Googlebot/2.1; +http://www.google.com/bot.html)"
203.225.0.215 - - [04/Feb/2026:10:00:36 +0000] "GET /index.html HTTP/1.1" 200 46697 "-" "Mozilla/5.0 (compatible; bingbot/2.0; +http://www.bing.com/bingbot.htm)"
82.35.167.49 - - [04/Feb/2026:10:01:50 +0000] "GET /readme.txt HTTP/1.1" 200 93125 "-" "Mozilla/5.0 (compatible; Amazonbot/0.1; +https://developer.amazon.com/support/amazonbot)"
188.194.31.5 - - [04/Feb/2026:10:09:02 +0000] "GET / HTTP/1.1" 301 79 "-" "Mozilla/5.0 AppleWebKit/537.36 (compatible; GPTBot/1.3; +https://openai.com/gptbot)"
188.194.31.5 - - [04/Feb/2026:10:14:57 +0000] "GET /readme.txt HTTP/1.1" 200 30803 "-" "Mozilla/5.0 (compatible; bingbot/2.0; +http://www.bing.com/bingbot.htm)"
60.241.196.176 - - [04/Feb/2026:10:19:07 +0000] "GET /data.json HTTP/1.1" 200 54585 "-" "ClaudeBot/1.0 (+https://www.anthropic.com/claudebot)"
122.96.81.102 - - [04/Feb/2026:10:19:49 +0000] "GET /style.css HTTP/1.1" 200 107032 "-" "Mozilla/5.0 AppleWebKit/537.36 (compatible; GPTBot/1.3; +https://openai.com/gptbot)"
99.150.211.250 - - [04/Feb/2026:10:21:47 +0000] "GET /sitemap.xml HTTP/1.1" 200 12621 "-" "ClaudeBot/1.0 (+https://www.anthropic.com/claudebot)"
171.133.45.213 - - [04/Feb/2026:10:23:44 +0000] "GET /index.html HTTP/1.1" 200 131423 "-" "Mozilla/5.0 (compatible; bingbot/2.0; +http://www.bing.com/bingbot.htm)"
203.225.0.215 - - [04/Feb/2026:10:24:35 +0000] "GET /feed.xml HTTP/1.1" 304 233 "-" "Mozilla/5.0 (compatible; Googlebot/2.1; +http://www.google.com/bot.html)"
203.225.0.215 - - [04/Feb/2026:10:28:59 +0000] "GET /app.js HTTP/1.1" 200 73153 "-" "Mozilla/5.0 AppleWebKit/537.36 (compatible; GPTBot/1.3; +https://openai.com/gptbot)"
141.57.250.8 - - [04/Feb/2026:10:31:47 +0000] "GET /data.json HTTP/1.1" 200 92057 "-" "Mozilla/5.0 (compatible; bingbot/2.0; +http://www.bing.com/bingbot.htm)"
203.225.0.215 - - [04/Feb/2026:10:33:04 +0000] "GET /index.html HTTP/1.1" 200 14937 "-" "Mozilla/5.0 (compatible; Amazonbot/0.1; +https://developer.amazon.com/support/amazonbot)"
171.133.45.213 - - [04/Feb/2026:10:35:05 +0000] "GET / HTTP/1.1" 200 15179 "-" "Mozilla/5.0 (compatible; bingbot/2.0; +http://www.bing.com/bingbot.htm)"
99.170.62.78 - - [04/Feb/2026:10:39:04 +0000] "GET /style.css HTTP/1.1" 200 71870 "-" "Mozilla/5.0 (compatible; Googlebot/2.1; +http://www.google.com/bot.html)"
71.138.7.233 - - [04/Feb/2026:10:43:30 +0000] "GET /data.json HTTP/1.1" 200 113733 "-" "Mozilla/5.0 (compatible; bingbot/2.0; +http://www.bing.com/bingbot.htm)"
60.241.196.176 - - [04/Feb/2026:10:53:46 +0000] "GET /app.js HTTP/1.1" 200 8003 "-" "Mozilla/5.0 (compatible; Googlebot/2.1; +http://www.google.com/bot.html)"
99.132.12.102 - - [04/Feb/2026:10:54:56 +0000] "GET /about.html HTTP/1.1" 302 251 "-" "ClaudeBot/1.0 (+https://www.anthropic.com/claudebot)"
141.57.250.8 - - [04/Feb/2026:10:56:14 +0000] "GET / HTTP/1.1" 200 131273 "-" "Mozilla/5.0 (compatible; Amazonbot/0.1; +https://developer.amazon.com/support/amazonbot)"
99.170.62.78 - - [04/Feb/2026:11:02:42 +0000] "GET /readme.txt HTTP/1.1" 404 307 "-" "Mozilla/5.0 AppleWebKit/537.36 (compatible; GPTBot/1.3; +https://openai.com/gptbot)"
82.35.167.49 - - [04/Feb/2026:11:04:41 +0000] "GET /banner.jpg HTTP/1.1" 403 116 "-" "ClaudeBot/1.0 (+https://www.anthropic.com/claudebot)"
60.241.196.176 - - [04/Feb/2026:11:05:20 +0000] "GET / HTTP/1.1" 200 24763 "-" "Mozilla/5.0 (compatible; Googlebot/2.1; +http://www.google.com/bot.html)"
203.225.0.215 - - [04/Feb/2026:11:06:32 +0000] "GET /style.css HTTP/1.1" 200 8619 "-" "Mozilla/5.0 (compatible; Googlebot/2.1; +http://www.google.com/bot.html)"
203.225.0.215 - - [04/Feb/2026:11:12:17 +0000] "GET /feed.xml HTTP/1.1" 200 146887 "-" "ClaudeBot/1.0 (+https://www.anthropic.com/claudebot)"
149.37.222.138 - - [04/Feb/2026:11:13:26 +0000] "GET /logo.png HTTP/1.1" 200 135686 "-" "ClaudeBot/1.0 (+https://www.anthropic.com/claudebot)"
71.138.7.233 - - [04/Feb/2026:11:14:34 +0000] "GET /index.html HTTP/1.1" 404 245 "-" "Mozilla/5.0 (compatible; Googlebot/2.1; +http://www.google.com/bot.html)"
99.170.62.78 - - [04/Feb/2026:11:17:56 +0000] "GET /readme.txt HTTP/1.1" 404 193 "-" "Mozilla/5.0 (compatible; bingbot/2.0; +http://www.bing.com/bingbot.htm)"
171.133.45.213 - - [04/Feb/2026:11:19:28 +0000] "GET /sitemap.xml HTTP/1.1" 403 466 "-" "Mozilla/5.0 (compatible; Googlebot/2.1; +http://www.google.com/bot.html)"
99.132.12.102 - - [04/Feb/2026:11:19:41 +0000] "GET /style.css HTTP/1.1" 304 434 "-" "Mozilla/5.0 (compatible; Googlebot/2.1; +http://www.google.com/bot.html)"
122.96.81.102 - - [04/Feb/2026:11:20:16 +0000] "GET /about.html HTTP/1.1" 200 7760 "-" "Mozilla/5.0 (compatible; Amazonbot/0.1; +https://developer.amazon.com/support/amazonbot)"
141.57.250.8 - - [04/Feb/2026:11:24:10 +0000] "GET /config HTTP/1.1" 200 96671 "-" "Mozilla/5.0 (compatible; Googlebot/2.1; +http://www.google.com/bot.html)"
71.138.7.233 - - [04/Feb/2026:11:25:39 +0000] "GET /about.html HTTP/1.1" 200 63092 "-" "Mozilla/5.0 (compatible; bingbot/2.0; +http://www.bing.com/bingbot.htm)"
171.133.45.213 - - [04/Feb/2026:11:27:39 +0000] "GET /sitemap.xml HTTP/1.1" 200 78381 "-" "Mozilla/5.0 (compatible; bingbot/2.0; +http://www.bing.com/bingbot.htm)"
188.194.31.5 - - [04/Feb/2026:11:29:33 +0000] "GET /index.html HTTP/1.1" 200 30712 "-" "Mozilla/5.0 (compatible; bingbot/2.0; +http://www.bing.com/bingbot.htm)"
203.225.0.215 - - [04/Feb/2026:11:29:35 +0000] "GET /app.js HTTP/1.1" 200 120377 "-" "Mozilla/5.0 (compatible; bingbot/2.0; +http://www.bing.com/bingbot.htm)"
82.35.167.49 - - [04/Feb/2026:11:33:40 +0000] "GET /data.json HTTP/1.1" 200 36323 "-" "Mozilla/5.0 AppleWebKit/537.36 (compatible; GPTBot/1.3; +https://openai.com/gptbot)"
141.57.250.8 - - [04/Feb/2026:11:36:44 +0000] "GET /feed.xml HTTP/1.1" 200 118339 "-" "Mozilla/5.0 AppleWebKit/537.36 (compatible; GPTBot/1.3; +https://openai.com/gptbot)"
188.194.31.5 - - [04/Feb/2026:11:37:58 +0000] "GET /style.css HTTP/1.1" 200 101543 "-" "Mozilla/5.0 AppleWebKit/537.36 (compatible; GPTBot/1.3; +https://openai.com/gptbot)"
99.170.62.78 - - [04/Feb/2026:11:44:43 +0000] "GET /index.html HTTP/1.1" 200 130339 "-" "Mozilla/5.0 (compatible; bingbot/2.0; +http://www.bing.com/bingbot.htm)"
171.133.45.213 - - [04/Feb/2026:11:46:06 +0000] "GET /app.js HTTP/1.1" 404 76 "-" "Mozilla/5.0 (compatible; Amazonbot/0.1; +https://developer.amazon.com/support/amazonbot)"
82.35.167.49 - - [04/Feb/2026:11:47:35 +0000] "GET /sitemap.xml HTTP/1.1" 200 71461 "-" "Mozilla/5.0 (compatible; bingbot/2.0; +http://www.bing.com/bingbot.htm)"
171.133.45.213 - - [04/Feb/2026:11:47:53 +0000] "GET /about.html HTTP/1.1" 200 74419 "-" "Mozilla/5.0 (compatible; Amazonbot/0.1; +https://developer.amazon.com/support/amazonbot)"
188.194.31.5 - - [04/Feb/2026:11:51:56 +0000] "GET /readme.txt HTTP/1.1" 302 118 "-" "Mozilla/5.0 (compatible; bingbot/2.0; +http://www.bing.com/bingbot.htm)"
141.57.250.8 - - [04/Feb/2026:11:57:13 +0000] "GET /data.json HTTP/1.1" 301 193 "-" "Mozilla/5.0 (compatible; Googlebot/2.1; +http://www.google.com/bot.html)"
203.225.0.215 - - [04/Feb/2026:12:07:07 +0000] "GET /logo.png HTTP/1.1" 200 16347 "-" "Mozilla/5.0 AppleWebKit/537.36 (compatible; GPTBot/1.3; +https://openai.com/gptbot)"
71.138.7.233 - - [04/Feb/2026:12:08:35 +0000] "GET /banner.jpg HTTP/1.1" 200 50287 "-" "Mozilla/5.0 (compatible; Googlebot/2.1; +http://www.google.com/bot.html)"
99.170.62.78 - - [04/Feb/2026:12:18:48 +0000] "GET /config HTTP/1.1" 304 365 "-" "Mozilla/5.0 (compatible; Amazonbot/0.1; +https://developer.amazon.com/support/amazonbot)"
99.170.62.78 - - [04/Feb/2026:12:25:09 +0000] "GET /banner.jpg HTTP/1.1" 200 116535 "-" "Mozilla/5.0 (compatible; bingbot/2.0; +http://www.bing.com/bingbot.htm)"
99.132.12.102 - - [04/Feb/2026:12:27:38 +0000] "GET /banner.jpg HTTP/1.1" 200 4627 "-" "Mozilla/5.0 (compatible; bingbot/2.0; +http://www.bing.com/bingbot.htm)"
171.133.45.213 - - [04/Feb/2026:12:29:20 +0000] "GET / HTTP/1.1" 404 160 "-" "Mozilla/5.0 AppleWebKit/537.36 (compatible; GPTBot/1.3; +https://openai.com/gptbot)"
122.96.81.102 - - [04/Feb/2026:12:35:55 +0000] "GET /style.css HTTP/1.1" 301 364 "-" "Mozilla/5.0 (compatible; bingbot/2.0; +http://www.bing.com/bingbot.htm)"
141.57.250.8 - - [04/Feb/2026:12:37:02 +0000] "GET /app.js HTTP/1.1" 200 127559 "-" "Mozilla/5.0 AppleWebKit/537.36 (compatible; GPTBot/1.3; +https://openai.com/gptbot)"
99.132.12.102 - - [04/Feb/2026:12:41:37 +0000] "GET /config HTTP/1.1" 200 67595 "-" "ClaudeBot/1.0 (+https://www.anthropic.com/claudebot)"
171.133.45.213 - - [04/Feb/2026:12:41:43 +0000] "GET /feed.xml HTTP/1.1" 200 58156 "-" "Mozilla/5.0 AppleWebKit/537.36 (compatible; GPTBot/1.3; +https://openai.com/gptbot)"
141.57.250.8 - - [04/Feb/2026:12:44:14 +0000] "GET /readme.txt HTTP/1.1" 304 336 "-" "Mozilla/5.0 (compatible; Googlebot/2.1; +http://www.google.com/bot.html)"
99.132.12.102 - - [04/Feb/2026:12:47:15 +0000] "GET /app.js HTTP/1.1" 200 107238 "-" "Mozilla/5.0 (compatible; Amazonbot/0.1; +https://developer.amazon.com/support/amazonbot)"
71.138.7.233 - - [04/Feb/2026:12:50:34 +0000] "GET /sitemap.xml HTTP/1.1" 200 3477 "-" "Mozilla/5.0 (compatible; bingbot/2.0; +http://www.bing.com/bingbot.htm)"
171.133.45.213 - - [04/Feb/2026:12:52:40 +0000] "GET /readme.txt HTTP/1.1" 200 114636 "-" "ClaudeBot/1.0 (+https://www.anthropic.com/claudebot)"
99.150.211.250 - - [04/Feb/2026:12:54:30 +0000] "GET /about.html HTTP/1.1" 200 141166 "-" "Mozilla/5.0 (compatible; bingbot/2.0; +http://www.bing.com/bingbot.htm)"
99.170.62.78 - - [04/Feb/2026:12:55:47 +0000] "GET /banner.jpg HTTP/1.1" 200 31753 "-" "Mozilla/5.0 (compatible; bingbot/2.0; +http://www.bing.com/bingbot.htm)"
99.132.12.102 - - [04/Feb/2026:12:57:14 +0000] "GET /feed.xml HTTP/1.1" 200 56141 "-" "Mozilla/5.0 AppleWebKit/537.36 (compatible; GPTBot/1.3; +https://openai.com/gptbot)"
188.194.31.5 - - [04/Feb/2026:13:01:10 +0000] "GET /banner.jpg HTTP/1.1" 200 108133 "-" "Mozilla/5.0 (compatible; Googlebot/2.1; +http://www.google.com/bot.html)"
71.138.7.233 - - [04/Feb/2026:13:02:03 +0000] "GET /sitemap.xml HTTP/1.1" 200 14741 "-" "Mozilla/5.0 (compatible; Amazonbot/0.1; +https://developer.amazon.com/support/amazonbot)"
122.96.81.102 - - [04/Feb/2026:13:04:16 +0000] "GET /logo.png HTTP/1.1" 200 94255 "-" "ClaudeBot/1.0 (+https://www.anthropic.com/claudebot)"
122.96.81.102 - - [04/Feb/2026:13:07:17 +0000] "GET /banner.jpg HTTP/1.1" 200 54985 "-" "Mozilla/5.0 (compatible; bingbot/2.0; +http://www.bing.com/bingbot.htm)"
82.35.167.49 - - [04/Feb/2026:13:16:17 +0000] "GET /data.json HTTP/1.1" 404 430 "-" "Mozilla/5.0 AppleWebKit/537.36 (compatible; GPTBot/1.3; +https://openai.com/gptbot)"
99.170.62.78 - - [04/Feb/2026:13:16:46 +0000] "GET /sitemap.xml HTTP/1.1" 200 67381 "-" "Mozilla/5.0 (compatible; bingbot/2.0; +http://www.bing.com/bingbot.htm)"
149.37.222.138 - - [04/Feb/2026:13:23:31 +0000] "GET /data.json HTTP/1.1" 200 46053 "-" "Mozilla/5.0 (compatible; bingbot/2.0; +http://www.bing.com/bingbot.htm)"
99.132.12.102 - - [04/Feb/2026:13:24:12 +0000] "GET /sitemap.xml HTTP/1.1" 200 102693 "-" "ClaudeBot/1.0 (+https://www.anthropic.com/claudebot)"
122.96.81.102 - - [04/Feb/2026:13:25:32 +0000] "GET /banner.jpg HTTP/1.1" 200 110259 "-" "Mozilla/5.0 (compatible; Googlebot/2.1; +http://www.google.com/bot.html)"
203.225.0.215 - - [04/Feb/2026:13:27:13 +0000] "GET /config HTTP/1.1" 404 281 "-" "Mozilla/5.0 (compatible; Amazonbot/0.1; +https://developer.amazon.com/support/amazonbot)"
