71.138.7.233 - - [22/Feb/2026:09:38:16 +0000] "GET /index.html HTTP/1.1" 200 47833 "-" "Mozilla/5.0 (compatible; Amazonbot/0.1; +https://developer.amazon.com/support/amazonbot)"
71.138.7.233 - - [22/Feb/2026:09:40:43 +0000] "GET /index.html HTTP/1.1" 200 21433 "-" "Mozilla/5.0 (compatible; bingbot/2.0; +http://www.bing.com/bingbot.htm)"
99.132.12.102 - - [22/Feb/2026:09:43:14 +0000] "GET /sitemap.xml HTTP/1.1" 200 78375 "-" "Mozilla/5.0 (compatible; Googlebot/2.1; +http://www.google.com/bot.html)"
82.35.167.49 - - [22/Feb/2026:09:47:48 +0000] "GET /index.html HTTP/1.1" 404 106 "-" "Mozilla/5.0 AppleWebKit/537.36 (compatible; GPTBot/1.3; +https://openai.com/gptbot)"
141.57.250.8 - - [22/Feb/2026:09:49:17 +0000] "GET /feed.xml HTTP/1.1" 200 27026 "-" "Mozilla/5.0 AppleWebKit/537.36 (compatible; GPTBot/1.3; +https://openai.com/gptbot)"
203.225.0.215 - - [22/Feb/2026:09:51:56 +0000] "GET /index.html HTTP/1.1" 200 145429 "-" "Mozilla/5.0 (compatible; bingbot/2.0; +http://www.bing.com/bingbot.htm)"
188.194.31.5 - - [22/Feb/2026:09:56:12 +0000] "GET /feed.xml HTTP/1.1" 200 142194 "-" "Mozilla/5.0 AppleWebKit/537.36 (compatible; GPTBot/1.3; +https://openai.com/gptbot)"
122.96.81.102 - - [22/Feb/2026:10:02:07 +0000] "GET /style.css HTTP/1.1" 200 92568 "-" "Mozilla/5.0 (compatible; Amazonbot/0.1; +https://developer.amazon.com/support/amazonbot)"
188.194.31.5 - - [22/Feb/2026:10:05:29 +0000] "GET /banner.jpg HTTP/1.1" 200 68287 "-" "ClaudeBot/1.0 (+https://www.anthropic.com/claudebot)"
171.133.45.213 - - [22/Feb/2026:10:07:03 +0000] "GET /banner.jpg HTTP/1.1" 200 12585 "-" "Mozilla/5.0 (compatible; Amazonbot/0.1; +https://developer.amazon.com/support/amazonbot)"
60.241.196.176 - - [22/Feb/2026:10:12:04 +0000] "GET /about.html HTTP/1.1" 200 118756 "-" "Mozilla/5.0 (compatible; bingbot/2.0; +http://www.bing.com/bingbot.htm)"
82.35.167.49 - - [22/Feb/2026:10:12:23 +0000] "GET /banner.jpg HTTP/1.1" 200 148322 "-" "ClaudeBot/1.0 (+https://www.anthropic.com/claudebot)"
71.138.7.233 - - [22/Feb/2026:10:15:39 +0000] "GET /sitemap.xml HTTP/1.1" 200 116605 "-" "Mozilla/5.0 (compatible; Amazonbot/0.1; +https://developer.amazon.com/support/amazonbot)"
171.133.45.213 - - [22/Feb/2026:10:17:08 +0000] "GET /data.json HTTP/1.1" 200 149032 "-" "Mozilla/5.0 (compatible; Googlebot/2.1; +http://www.google.com/bot.html)"
188.194.31.5 - - [22/Feb/2026:10:20:39 +0000] "GET /about.html HTTP/1.1" 302 419 "-" "Mozilla/5.0 (compatible; bingbot/2.0; +http://www.bing.com/bingbot.htm)"
71.138.7.233 - - [22/Feb/2026:10:26:42 +0000] "GET /index.html HTTP/1.1" 200 56659 "-" "Mozilla/5.0 (compatible; bingbot/2.0; +http://www.bing.com/bingbot.htm)"
188.194.31.5 - - [22/Feb/2026:10:29:43 +0000] "GET /readme.txt HTTP/1.1" 304 429 "-" "Mozilla/5.0 (compatible; Googlebot/2.1; +http://www.google.com/bot.html)"
82.35.167.49 - - [22/Feb/2026:10:31:18 +0000] "GET /feed.xml HTTP/1.1" 200 64560 "-" "Mozilla/5.0 AppleWebKit/537.36 (compatible; GPTBot/1.3; +https://openai.com/gptbot)"
99.132.12.102 - - [22/Feb/2026:10:33:10 +0000] "GET /banner.jpg HTTP/1.1" 200 22893 "-" "Mozilla/5.0 (compatible; Googlebot/2.1; +http://www.google.com/bot.html)"
82.35.167.49 - - [22/Feb/2026:10:35:20 +0000] "GET /banner.jpg HTTP/1.1" 200 50641 "-" "Mozilla/5.0 (compatible; bingbot/2.0; +http://www.bing.com/bingbot.htm)"
99.150.211.250 - - [22/Feb/2026:10:39:26 +0000] "GET /feed.xml HTTP/1.1" 304 108 "-" "Mozilla/5.0 AppleWebKit/537.36 (compatible; GPTBot/1.3; +https://openai.com/gptbot)"
203.225.0.215 - - [22/Feb/2026:10:39:31 +0000] "GET /logo.png HTTP/1.1" 200 36879 "-" "Mozilla/5.0 (compatible; bingbot/2.0; +http://www.bing.com/bingbot.htm)"
149.37.222.138 - - [22/Feb/2026:10:41:54 +0000] "GET / HTTP/1.1" 200 103637 "-" "Mozilla/5.0 (compatible; bingbot/2.0; +http://www.bing.com/bingbot.htm)"
203.225.0.215 - - [22/Feb/2026:10:49:42 +0000] "GET / HTTP/1.1" 200 49325 "-" "ClaudeBot/1.0 (+https://www.anthropic.com/claudebot)"
203.225.0.215 - - [22/Feb/2026:10:49:58 +0000] "GET /style.css HTTP/1.1" 301 62 "-" "Mozilla/5.0 AppleWebKit/537.36 (compatible; GPTBot/1.3; +https://openai.com/gptbot)"
60.241.196.176 - - [22/Feb/2026:10:52:16 +0000] "GET /index.html HTTP/1.1" 301 443 "-" "Mozilla/5.0 (compatible; Googlebot/2.1; +http://www.google.com/bot.html)"
122.96.81.102 - - [22/Feb/2026:10:58:02 +0000] "GET /sitemap.xml HTTP/1.1" 200 48469 "-" "ClaudeBot/1.0 (+https://www.anthropic.com/claudebot)"
99.170.62.78 - - [22/Feb/2026:10:59:52 +0000] "GET /about.html HTTP/1.1" 200 35737 "-" "Mozilla/5.0 AppleWebKit/537.36 (compatible; GPTBot/1.3; +https://openai.com/gptbot)"
71.138.7.233 - - [22/Feb/2026:11:08:18 +0000] "GET /app.js HTTP/1.1" 200 136882 "-" "ClaudeBot/1.0 (+https://www.anthropic.com/claudebot)"
60.241.196.176 - - [22/Feb/2026:11:08:26 +0000] "GET /app.js HTTP/1.1" 304 204 "-" "Mozilla/5.0 (compatible; Googlebot/2.1; +http://www.google.com/bot.html)"
149.37.222.138 - - [22/Feb/2026:11:10:43 +0000] "GET /app.js HTTP/1.1" 200 32621 "-" "Mozilla/5.0 (compatible; Amazonbot/0.1; +https://developer.amazon.com/support/amazonbot)"
149.37.222.138 - - [22/Feb/2026:11:14:04 +0000] "GET /sitemap.xml HTTP/1.1" 200 88125 "-" "Mozilla/5.0 (compatible; Amazonbot/0.1; +https://developer.amazon.com/support/amazonbot)"
149.37.222.138 - - [22/Feb/2026:11:15:16 +0000] "GET /feed.xml HTTP/1.1" 200 128924 "-" "Mozilla/5.0 (compatible; bingbot/2.0; +http://www.bing.com/bingbot.htm)"
82.35.167.49 - - [22/Feb/2026:11:18:05 +0000] "GET /app.js HTTP/1.1" 200 39704 "-" "Mozilla/5.0 AppleWebKit/537.36 (compatible; GPTBot/1.3; +https://openai.com/gptbot)"
203.225.0.215 - - [22/Feb/2026:11:20:46 +0000] "GET /readme.txt HTTP/1.1" 200 18455 "-" "Mozilla/5.0 (compatible; bingbot/2.0; +http://www.bing.com/bingbot.htm)"
188.194.31.5 - - [22/Feb/2026:11:22:06 +0000] "GET /readme.txt HTTP/1.1" 200 13073 "-" "Mozilla/5.0 (compatible; Amazonbot/0.1; +https://developer.amazon.com/support/amazonbot)"
99.150.211.250 - - [22/Feb/2026:11:24:14 +0000] "GET /feed.xml HTTP/1.1" 200 26954 "-" "Mozilla/5.0 (compatible; bingbot/2.0; +http://www.bing.com/bingbot.htm)"
188.194.31.5 - - [22/Feb/2026:11:35:15 +0000] "GET /data.json HTTP/1.1" 200 16334 "-" "Mozilla/5.0 (compatible; Googlebot/2.1; +http://www.google.com/bot.html)"
99.150.211.250 - - [22/Feb/2026:11:37:35 +0000] "GET /style.css HTTP/1.1" 200 77347 "-" "Mozilla/5.0 (compatible; Amazonbot/0.1; +https://developer.amazon.com/support/amazonbot)"
71.138.7.233 - - [22/Feb/2026:11:39:43 +0000] "GET /feed.xml HTTP/1.1" 200 100074 "-" "Mozilla/5.0 (compatible; bingbot/2.0; +http://www.bing.com/bingbot.htm)"
141.57.250.8 - - [22/Feb/2026:11:40:01 +0000] "GET /app.js HTTP/1.1" 200 139683 "-" "Mozilla/5.0 AppleWebKit/537.36 (compatible; GPTBot/1.3; +https://openai.com/gptbot)"
99.170.62.78 - - [22/Feb/2026:11:40:07 +0000] "GET /feed.xml HTTP/1.1" 200 60262 "-" "Mozilla/5.0 (compatible; bingbot/2.0; +http://www.bing.com/bingbot.htm)"
71.138.7.233 - - [22/Feb/2026:11:40:58 +0000] "GET /app.js HTTP/1.1" 200 136096 "-" "ClaudeBot/1.0 (+https://www.anthropic.com/claudebot)"
82.35.167.49 - - [22/Feb/2026:11:47:35 +0000] "GET /banner.jpg HTTP/1.1" 200 2637 "-" "Mozilla/5.0 AppleWebKit/537.36 (compatible; GPTBot/1.3; +https://openai.com/gptbot)"
99.150.211.250 - - [22/Feb/2026:11:48:07 +0000] "GET /config HTTP/1.1" 304 455 "-" "Mozilla/5.0 AppleWebKit/537.36 (compatible; GPTBot/1.3; +https://openai.com/gptbot)"
122.96.81.102 - - [22/Feb/2026:11:48:58 +0000] "GET /banner.jpg HTTP/1.1" 200 61098 "-" "Mozilla/5.0 (compatible; Googlebot/2.1; +http://www.google.com/bot.html)"
99.132.12.102 - - [22/Feb/2026:11:49:07 +0000] "GET /data.json HTTP/1.1" 200 75079 "-" "Mozilla/5.0 (compatible; Googlebot/2.1; +http://www.google.com/bot.html)"
99.150.211.250 - - [22/Feb/2026:11:50:10 +0000] "GET /logo.png HTTP/1.1" 200 71822 "-" "Mozilla/5.0 AppleWebKit/537.36 (compatible; GPTBot/1.3; +https://openai.com/gptbot)"
82.35.167.49 - - [22/Feb/2026:11:52:12 +0000] "GET /app.js HTTP/1.1" 200 17384 "-" "Mozilla/5.0 (compatible; Amazonbot/0.1; +https://developer.amazon.com/support/amazonbot)"
122.96.81.102 - - [22/Feb/2026:11:57:13 +0000] "GET /feed.xml HTTP/1.1" 200 3105 "-" "Mozilla/5.0 (compatible; Googlebot/2.1; +http://www.google.com/bot.html)"
99.170.62.78 - - [22/Feb/2026:11:57:32 +0000] "GET /config HTTP/1.1" 200 9521 "-" "Mozilla/5.0 (compatible; bingbot/2.0; +http://www.bing.com/bingbot.htm)"
203.225.0.215 - - [22/Feb/2026:11:59:21 +0000] "GET / HTTP/1.1" 200 65913 "-" "Mozilla/5.0 AppleWebKit/537.36 (compatible; GPTBot/1.3; +https://openai.com/gptbot)"
171.133.45.213 - - [22/Feb/2026:12:05:04 +0000] "GET /index.html HTTP/1.1" 200 92170 "-" "Mozilla/5.0 AppleWebKit/537.36 (compatible; GPTBot/1.3; +https://openai.com/gptbot)"
60.241.196.176 - - [22/Feb/2026:12:08:05 +0000] "GET /readme.txt HTTP/1.1" 200 83731 "-" "ClaudeBot/1.0 (+https://www.anthropic.com/claudebot)"
171.133.45.213 - - [22/Feb/2026:12:10:21 +0000] "GET /logo.png HTTP/1.1" 200 22470 "-" "Mozilla/5.0 (compatible; bingbot/2.0; +http://www.bing.com/bingbot.htm)"
141.57.250.8 - - [22/Feb/2026:12:19:08 +0000] "GET /banner.jpg HTTP/1.1" 403 195 "-" "Mozilla/5.0 AppleWebKit/537.36 (compatible; GPTBot/1.3; +https://openai.com/gptbot)"
171.133.45.213 - - [22/Feb/2026:12:21:32 +0000] "GET /sitemap.xml HTTP/1.1" 404 52 "-" "Mozilla/5.0 (compatible; bingbot/2.0; +http://www.bing.com/bingbot.htm)"
60.241.196.176 - - [22/Feb/2026:12:22:00 +0000] "GET /banner.jpg HTTP/1.1" 200 116998 "-" "Mozilla/5.0 (compatible; bingbot/2.0; +http://www.bing.com/bingbot.htm)"
141.57.250.8 - - [22/Feb/2026:12:23:33 +0000] "GET /index.html HTTP/1.1" 404 246 "-" "Mozilla/5.0 (compatible; Googlebot/2.1; +http://www.google.com/bot.html)"
188.194.31.5 - - [22/Feb/2026:12:23:40 +0000] "GET /sitemap.xml HTTP/1.1" 302 370 "-" "ClaudeBot/1.0 (+https://www.anthropic.com/claudebot)"
149.37.222.138 - - [22/Feb/2026:12:24:47 +0000] "GET /index.html HTTP/1.1" 302 480 "-" "ClaudeBot/1.0 (+https://www.anthropic.com/claudebot)"
60.241.196.176 - - [22/Feb/2026:12:26:29 +0000] "GET /data.json HTTP/1.1" 200 99864 "-" "Mozilla/5.0 (compatible; Googlebot/2.1; +http://www.google.com/bot.html)"
188.194.31.5 - - [22/Feb/2026:12:27:45 +0000] "GET /logo.png HTTP/1.1" 200 108748 "-" "Mozilla/5.0 AppleWebKit/537.36 (compatible; GPTBot/1.3; +https://openai.com/gptbot)"
171.133.45.213 - - [22/Feb/2026:12:28:14 +0000] "GET /config HTTP/1.1" 200 57934 "-" "ClaudeBot/1.0 (+https://www.anthropic.com/claudebot)"
82.35.167.49 - - [22/Feb/2026:12:28:45 +0000] "GET /banner.jpg HTTP/1.1" 200 65804 "-" "ClaudeBot/1.0 (+https://www.anthropic.com/claudebot)"
60.241.196.176 - - [22/Feb/2026:12:32:23 +0000] "GET /sitemap.xml HTTP/1.1" 200 132150 "-" "Mozilla/5.0 AppleWebKit/537.36 (compatible; GPTBot/1.3; +https://openai.com/gptbot)"
99.132.12.102 - - [22/Feb/2026:12:37:23 +0000] "GET /feed.xml HTTP/1.1" 200 86906 "-" "Mozilla/5.0 (compatible; bingbot/2.0; +http://www.bing.com/bingbot.htm)"
99.150.211.250 - - [22/Feb/2026:12:38:40 +0000] "GET /config HTTP/1.1" 200 6062 "-" "Mozilla/5.0 AppleWebKit/537.36 (compatible; GPTBot/1.3; +https://openai.com/gptbot)"
122.96.81.102 - - [22/Feb/2026:12:40:37 +0000] "GET /about.html HTTP/1.1" 301 230 "-" "Mozilla/5.0 (compatible; Amazonbot/0.1; +https://developer.amazon.com/support/amazonbot)"
82.35.167.49 - - [22/Feb/2026:12:49:29 +0000] "GET /index.html HTTP/1.1" 200 103478 "-" "Mozilla/5.0 (compatible; Googlebot/2.1; +http://www.google.com/bot.html)"
141.57.250.8 - - [22/Feb/2026:12:52:25 +0000] "GET /feed.xml HTTP/1.1" 200 12873 "-" "ClaudeBot/1.0 (+https://www.anthropic.com/claudebot)"
188.194.31.5 - - [22/Feb/2026:12:58:46 +0000] "GET /about.html HTTP/1.1" 200 143549 "-" "ClaudeBot/1.0 (+https://www.anthropic.com/claudebot)"
141.57.250.8 - - [22/Feb/2026:13:01:44 +0000] "GET /feed.xml HTTP/1.1" 200 76364 "-" "Mozilla/5.0 (compatible; Googlebot/2.1; +http://www.google.com/bot.html)"
188.194.31.5 - - [22/Feb/2026:13:02:04 +0000] "GET /banner.jpg HTTP/1.1" 200 49519 "-" "Mozilla/5.0 (compatible; bingbot/2.0; +http://www.bing.com/bingbot.htm)"
99.170.62.78 - - [22/Feb/2026:13:03:16 +0000] "GET /readme.txt HTTP/1.1" 304 184 "-" "Mozilla/5.0 (compatible; Amazonbot/0.1; +https://developer.amazon.com/support/amazonbot)"
141.57.250.8 - - [22/Feb/2026:13:03:32 +0000] "GET /readme.txt HTTP/1.1" 200 83886 "-" "Mozilla/5.0 AppleWebKit/537.36 (compatible; GPTBot/1.3; +https://openai.com/gptbot)"
60.241.196.176 - - [22/Feb/2026:13:11:11 +0000] "GET /app.js HTTP/1.1" 304 30 "-" "Mozilla/5.0 AppleWebKit/537.36 (compatible; GPTBot/1.3; +https://openai.com/gptbot)"
99.132.12.102 - - [22/Feb/2026:13:12:19 +0000] "GET /sitemap.xml HTTP/1.1" 200 79494 "-" "Mozilla/5.0 (compatible; bingbot/2.0; +http://www.bing.com/bingbot.htm)"
171.133.45.213 - - [22/Feb/2026:13:16:19 +0000] "GET /readme.txt HTTP/1.1" 200 19998 "-" "Mozilla/5.0 (compatible; bingbot/2.0; +http://www.bing.com/bingbot.htm)"
60.241.196.176 - - [22/Feb/2026:13:17:10 +0000] "GET /banner.jpg HTTP/1.1" 302 399 "-" "Mozilla/5.0 (compatible; Googlebot/2.1; +http://www.google.com/bot.html)"
149.37.222.138 - - [22/Feb/2026:13:18:14 +0000] "GET /logo.png HTTP/1.1" 403 325 "-" "Mozilla/5.0 (compatible; Amazonbot/0.1; +https://developer.amazon.com/support/amazonbot)"
99.150.211.250 - - [22/Feb/2026:13:19:16 +0000] "GET /index.html HTTP/1.1" 200 88947 "-" "Mozilla/5.0 AppleWebKit/537.36 (compatible; GPTBot/1.3; +https://openai.com/gptbot)"
99.150.211.250 - - [22/Feb/2026:13:26:43 +0000] "GET /index.html HTTP/1.1" 200 18788 "-" "Mozilla/5.0 (compatible; bingbot/2.0; +http://www.bing.com/bingbot.htm)"
203.225.0.215 - - [22/Feb/2026:13:27:18 +0000] "GET /style.css HTTP/1.1" 304 496 "-" "Mozilla/5.0 (compatible; Amazonbot/0.1; +https://developer.amazon.com/support/amazonbot)"
141.57.250.8 - - [22/Feb/2026:13:29:25 +0000] "GET / HTTP/1.1" 200 3756 "-" "ClaudeBot/1.0 (+https://www.anthropic.com/claudebot)"
203.225.0.215 - - [22/Feb/2026:13:37:17 +0000] "GET /index.html HTTP/1.1" 200 54231 "-" "Mozilla/5.0 (compatible; Amazonbot/0.1; +https://developer.amazon.com/support/amazonbot)"
141.57.250.8 - - [22/Feb/2026:13:40:24 +0000] "GET /style.css HTTP/1.1" 200 72757 "-" "Mozilla/5.0 AppleWebKit/537.36 (compatible; GPTBot/1.3; +https://openai.com/gptbot)"
188.194.31.5 - - [22/Feb/2026:13:45:08 +0000] "GET /feed.xml HTTP/1.1" 200 57914 "-" "Mozilla/5.0 AppleWebKit/537.36 (compatible; GPTBot/1.3; +https://openai.com/gptbot)"
188.194.31.5 - - [22/Feb/2026:13:47:41 +0000] "GET /feed.xml HTTP/1.1" 404 215 "-" "Mozilla/5.0 (compatible; Amazonbot/0.1; +https://developer.amazon.com/support/amazonbot)"
82.35.167.49 - - [22/Feb/2026:13:52:08 +0000] "GET /feed.xml HTTP/1.1" 200 90459 "-" "Mozilla/5.0 (compatible; Amazonbot/0.1; +https://developer.amazon.com/support/amazonbot)"
141.57.250.8 - - [22/Feb/2026:13:58:56 +0000] "GET /readme.txt HTTP/1.1" 200 55663 "-" "Mozilla/5.0 (compatible; Googlebot/2.1; +http://www.google.com/bot.html)"
99.150.211.250 - - [22/Feb/2026:14:00:36 +0000] "GET /feed.xml HTTP/1.1" 304 364 "-" "Mozilla/5.0 AppleWebKit/537.36 (compatible; GPTBot/1.3; +https://openai.com/gptbot)"
203.225.0.215 - - [22/Feb/2026:14:03:06 +0000] "GET /about.html HTTP/1.1" 301 24 "-" "Mozilla/5.0 (compatible; Amazonbot/0.1; +https://developer.amazon.com/support/amazonbot)"
71.138.7.233 - - [22/Feb/2026:14:04:42 +0000] "GET /app.js HTTP/1.1" 200 116223 "-" "Mozilla/5.0 (compatible; Amazonbot/0.1; +https://developer.amazon.com/support/amazonbot)"
82.35.167.49 - - [22/Feb/2026:14:06:37 +0000] "GET /readme.txt HTTP/1.1" 200 33824 "-" "Mozilla/5.0 AppleWebKit/537.36 (compatible; GPTBot/1.3; +https://openai.com/gptbot)"
171.133.45.213 - - [22/Feb/2026:14:08:22 +0000] "GET /logo.png HTTP/1.1" 200 144096 "-" "Mozilla/5.0 (compatible; Googlebot/2.1; +http://www.google.com/bot.html)"
99.150.211.250 - - [22/Feb/2026:14:10:35 +0000] "GET /sitemap.xml HTTP/1.1" 304 83 "-" "ClaudeBot/1.0 (+https://www.anthropic.com/claudebot)"
122.96.81.102 - - [22/Feb/2026:14:16:06 +0000] "GET /logo.png HTTP/1.1" 200 75769 "-" "Mozilla/5.0 (compatible; bingbot/2.0; +http://www.bing.com/bingbot.htm)"
99.170.62.78 - - [22/Feb/2026:14:18:36 +0000] "GET /about.html HTTP/1.1" 304 461 "-" "Mozilla/5.0 AppleWebKit/537.36 (compatible; GPTBot/1.3; +https://openai.com/gptbot)"
203.225.0.215 - - [22/Feb/2026:14:23:28 +0000] "GET /banner.jpg HTTP/1.1" 200 138268 "-" "Mozilla/5.0 AppleWebKit/537.36 (compatible; GPTBot/1.3; +https://openai.com/gptbot)"
99.170.62.78 - - [22/Feb/2026:14:30:57 +0000] "GET /app.js HTTP/1.1" 200 14544 "-" "Mozilla/5.0 (compatible; Amazonbot/0.1; +https://developer.amazon.com/support/amazonbot)"
71.138.7.233 - - [22/Feb/2026:14:31:04 +0000] "GET /app.js HTTP/1.1" 200 58882 "-" "ClaudeBot/1.0 (+https://www.anthropic.com/claudebot)"
99.132.12.102 - - [22/Feb/2026:14:32:07 +0000] "GET /logo.png HTTP/1.1" 200 142405 "-" "Mozilla/5.0 (compatible; Googlebot/2.1; +http://www.google.com/bot.html)"
99.150.211.250 - - [22/Feb/2026:14:32:32 +0000] "GET /readme.txt HTTP/1.1" 200 105283 "-" "ClaudeBot/1.0 (+https://www.anthropic.com/claudebot)"
171.133.45.213 - - [22/Feb/2026:14:32:45 +0000] "GET /banner.jpg HTTP/1.1" 200 82970 "-" "Mozilla/5.0 (compatible; Amazonbot/0.1; +https://developer.amazon.com/support/amazonbot)"
71.138.7.233 - - [22/Feb/2026:14:43:48 +0000] "GET / HTTP/1.1" 200 43640 "-" "Mozilla/5.0 AppleWebKit/537.36 (compatible; GPTBot/1.3; +https://openai.com/gptbot)"
99.170.62.78 - - [22/Feb/2026:14:46:08 +0000] "GET /about.html HTTP/1.1" 404 466 "-" "Mozilla/5.0 (compatible; Googlebot/2.1; +http://www.google.com/bot.html)"
203.225.0.215 - - [22/Feb/2026:14:47:02 +0000] "GET /index.html HTTP/1.1" 304 180 "-" "Mozilla/5.0 (compatible; Googlebot/2.1; +http://www.google.com/bot.html)"
99.170.62.78 - - [22/Feb/2026:14:49:34 +0000] "GET /index.html HTTP/1.1" 200 87374 "-" "Mozilla/5.0 (compatible; Googlebot/2.1; +http://www.google.com/bot.html)"
122.96.81.102 - - [22/Feb/2026:14:52:46 +0000] "GET /about.html HTTP/1.1" 200 138241 "-" "Mozilla/5.0 AppleWebKit/537.36 (compatible; GPTBot/1.3; +https://openai.com/gptbot)"
188.194.31.5 - - [22/Feb/2026:15:02:22 +0000] "GET /config HTTP/1.1" 200 67512 "-" "Mozilla/5.0 AppleWebKit/537.36 (compatible; GPTBot/1.3; +https://openai.com/gptbot)"
149.37.222.138 - - [22/Feb/2026:15:05:56 +0000] "GET /config HTTP/1.1" 200 4494 "-" "ClaudeBot/1.0 (+https://www.anthropic.com/claudebot)"
203.225.0.215 - - [22/Feb/2026:15:07:48 +0000] "GET /banner.jpg HTTP/1.1" 200 132113 "-" "ClaudeBot/1.0 (+https://www.anthropic.com/claudebot)"
122.96.81.102 - - [22/Feb/2026:15:08:31 +0000] "GET /sitemap.xml HTTP/1.1" 200 533 "-" "Mozilla/5.0 (compatible; Googlebot/2.1; +http://www.google.com/bot.html)"
82.35.167.49 - - [22/Feb/2026:15:08:50 +0000] "GET /readme.txt HTTP/1.1" 200 19005 "-" "Mozilla/5.0 (compatible; bingbot/2.0; +http://www.bing.com/bingbot.htm)"
203.225.0.215 - - [22/Feb/2026:15:09:10 +0000] "GET /config HTTP/1.1" 304 423 "-" "Mozilla/5.0 AppleWebKit/537.36 (compatible; GPTBot/1.3; +https://openai.com/gptbot)"
122.96.81.102 - - [22/Feb/2026:15:10:20 +0000] "GET /config HTTP/1.1" 200 18820 "-" "Mozilla/5.0 (compatible; bingbot/2.0; +http://www.bing.com/bingbot.htm)"
99.132.12.102 - - [22/Feb/2026:15:11:50 +0000] "GET /data.json HTTP/1.1" 404 415 "-" "Mozilla/5.0 (compatible; bingbot/2.0; +http://www.bing.com/bingbot.htm)"
141.57.250.8 - - [22/Feb/2026:15:18:06 +0000] "GET /banner.jpg HTTP/1.1" 200 2722 "-" "Mozilla/5.0 (compatible; Googlebot/2.1; +http://www.google.com/bot.html)"
122.96.81.102 - - [22/Feb/2026:15:20:28 +0000] "GET /feed.xml HTTP/1.1" 200 4497 "-" "Mozilla/5.0 (compatible; bingbot/2.0; +http://www.bing.com/bingbot.htm)"
71.138.7.233 - - [22/Feb/2026:15:20:59 +0000] "GET / HTTP/1.1" 304 103 "-" "Mozilla/5.0 (compatible; bingbot/2.0; +http://www.bing.com/bingbot.htm)"
99.132.12.102 - - [22/Feb/2026:15:25:15 +0000] "GET /sitemap.xml HTTP/1.1" 200 22846 "-" "Mozilla/5.0 AppleWebKit/537.36 (compatible; GPTBot/1.3; +https://openai.com/gptbot)"
99.170.62.78 - - [22/Feb/2026:15:27:04 +0000] "GET /data.json HTTP/1.1" 200 105592 "-" "Mozilla/5.0 (compatible; bingbot/2.0; +http://www.bing.com/bingbot.htm)"
99.170.62.78 - - [22/Feb/2026:15:27:07 +0000] "GET /sitemap.xml HTTP/1.1" 200 72737 "-" "Mozilla/5.0 (compatible; Googlebot/2.1; +http://www.google.com/bot.html)"
99.150.211.250 - - [22/Feb/2026:15:31:40 +0000] "GET / HTTP/1.1" 404 263 "-" "Mozilla/5.0 AppleWebKit/537.36 (compatible; GPTBot/1.3; +https://openai.com/gptbot)"
149.37.222.138 - - [22/Feb/2026:15:33:40 +0000] "GET /config HTTP/1.1" 200 61836 "-" "Mozilla/5.0 (compatible; Googlebot/2.1; +http://www.google.com/bot.html)"
122.96.81.102 - - [22/Feb/2026:15:34:12 +0000] "GET /data.json HTTP/1.1" 200 68873 "-" "Mozilla/5.0 AppleWebKit/537.36 (compatible; GPTBot/1.3; +https://openai.com/gptbot)"
60.241.196.176 - - [22/Feb/2026:15:34:14 +0000] "GET /readme.txt HTTP/1.1" 200 120915 "-" "Mozilla/5.0 AppleWebKit/537.36 (compatible; GPTBot/1.3; +https://openai.com/gptbot)"
149.37.222.138 - - [22/Feb/2026:15:34:21 +0000] "GET /banner.jpg HTTP/1.1" 404 141 "-" "Mozilla/5.0 (compatible; bingbot/2.0; +http://www.bing.com/bingbot.htm)"
60.241.196.176 - - [22/Feb/2026:15:34:42 +0000] "GET /index.html HTTP/1.1" 404 105 "-" "Mozilla/5.0 (compatible; Googlebot/2.1; +http://www.google.com/bot.html)"
60.241.196.176 - - [22/Feb/2026:15:34:49 +0000] "GET /about.html HTTP/1.1" 200 20993 "-" "Mozilla/5.0 (compatible; Googlebot/2.1; +http://www.google.com/bot.html)"
203.225.0.215 - - [22/Feb/2026:15:34:57 +0000] "GET / HTTP/1.1" 200 74447 "-" "ClaudeBot/1.0 (+https://www.anthropic.com/claudebot)"
82.35.167.49 - - [22/Feb/2026:15:39:27 +0000] "GET /feed.xml HTTP/1.1" 200 21550 "-" "ClaudeBot/1.0 (+https://www.anthropic.com/claudebot)"
99.132.12.102 - - [22/Feb/2026:15:39:43 +0000] "GET /logo.png HTTP/1.1" 200 141952 "-" "Mozilla/5.0 AppleWebKit/537.36 (compatible; GPTBot/1.3; +https://openai.com/gptbot)"
71.138.7.233 - - [22/Feb/2026:15:40:41 +0000] "GET /style.css HTTP/1.1" 200 47041 "-" "ClaudeBot/1.0 (+https://www.anthropic.com/claudebot)"
188.194.31.5 - - [22/Feb/2026:15:41:23 +0000] "GET /index.html HTTP/1.1" 200 67399 "-" "ClaudeBot/1.0 (+https://www.anthropic.com/claudebot)"
203.225.0.215 - - [22/Feb/2026:15:45:07 +0000] "GET /feed.xml HTTP/1.1" 200 81891 "-" "Mozilla/5.0 (compatible; Amazonbot/0.1; +https://developer.amazon.com/support/amazonbot)"
171.133.45.213 - - [22/Feb/2026:15:47:24 +0000] "GET / HTTP/1.1" 200 52134 "-" "Mozilla/5.0 (compatible; bingbot/2.0; +http://www.bing.com/bingbot.htm)"
99.132.12.102 - - [22/Feb/2026:15:48:32 +0000] "GET /config HTTP/1.1" 200 38869 "-" "Mozilla/5.0 (compatible; Googlebot/2.1; +http://www.google.com/bot.html)"
171.133.45.213 - - [22/Feb/2026:15:53:41 +0000] "GET /readme.txt HTTP/1.1" 200 88797 "-" "Mozilla/5.0 AppleWebKit/537.36 (compatible; GPTBot/1.3; +https://openai.com/gptbot)"
122.96.81.102 - - [22/Feb/2026:15:55:23 +0000] "GET / HTTP/1.1" 200 28579 "-" "Mozilla/5.0 (compatible; Googlebot/2.1; +http://www.google.com/bot.html)"
71.138.7.233 - - [22/Feb/2026:16:04:54 +0000] "GET /data.json HTTP/1.1" 200 104234 "-" "ClaudeBot/1.0 (+https://www.anthropic.com/claudebot)"
99.150.211.250 - - [22/Feb/2026:16:08:12 +0000] "GET /app.js HTTP/1.1" 200 8420 "-" "ClaudeBot/1.0 (+https://www.anthropic.com/claudebot)"
71.138.7.233 - - [22/Feb/2026:16:09:00 +0000] "GET /style.css HTTP/1.1" 200 119770 "-" "Mozilla/5.0 (compatible; bingbot/2.0; +http://www.bing.com/bingbot.htm)"
203.225.0.215 - - [22/Feb/2026:16:10:12 +0000] "GET /feed.xml HTTP/1.1" 200 74084 "-" "Mozilla/5.0 AppleWebKit/537.36 (compatible; GPTBot/1.3; +https://openai.com/gptbot)"
171.133.45.213 - - [22/Feb/2026:16:10:24 +0000] "GET /readme.txt HTTP/1.1" 200 71493 "-" "Mozilla/5.0 (compatible; bingbot/2.0; +http://www.bing.com/bingbot.htm)"
71.138.7.233 - - [22/Feb/2026:16:12:40 +0000] "GET /app.js HTTP/1.1" 404 165 "-" "ClaudeBot/1.0 (+https://www.anthropic.com/claudebot)"
82.35.167.49 - - [22/Feb/2026:16:13:39 +0000] "GET /feed.xml HTTP/1.1" 200 28782 "-" "Mozilla/5.0 AppleWebKit/537.36 (compatible; GPTBot/1.3; +https://openai.com/gptbot)"
99.150.211.250 - - [22/Feb/2026:16:15:59 +0000] "GET /banner.jpg HTTP/1.1" 200 141039 "-" "Mozilla/5.0 (compatible; Amazonbot/0.1; +https://developer.amazon.com/support/amazonbot)"
99.170.62.78 - - [22/Feb/2026:16:16:50 +0000] "GET /style.css HTTP/1.1" 200 30975 "-" "Mozilla/5.0 (compatible; bingbot/2.0; +http://www.bing.com/bingbot.htm)"
71.138.7.233 - - [22/Feb/2026:16:17:31 +0000] "GET /logo.png HTTP/1.1" 404 386 "-" "Mozilla/5.0 AppleWebKit/537.36 (compatible; GPTBot/1.3; +https://openai.com/gptbot)"
60.241.196.176 - - [22/Feb/2026:16:29:37 +0000] "GET /style.css HTTP/1.1" 200 22411 "-" "Mozilla/5.0 (compatible; Googlebot/2.1; +http://www.google.com/bot.html)"
203.225.0.215 - - [22/Feb/2026:16:31:25 +0000] "GET /feed.xml HTTP/1.1" 404 371 "-" "Mozilla/5.0 AppleWebKit/537.36 (compatible; GPTBot/1.3; +https://openai.com/gptbot)"
99.170.62.78 - - [22/Feb/2026:16:32:29 +0000] "GET /readme.txt HTTP/1.1" 200 9092 "-" "Mozilla/5.0 (compatible; Amazonbot/0.1; +https://developer.amazon.com/support/amazonbot)"
99.170.62.78 - - [22/Feb/2026:16:33:16 +0000] "GET /config HTTP/1.1" 404 263 "-" "Mozilla/5.0 AppleWebKit/537.36 (compatible; GPTBot/1.3; +https://openai.com/gptbot)"
188.194.31.5 - - [22/Feb/2026:16:36:23 +0000] "GET /logo.png HTTP/1.1" 200 4836 "-" "Mozilla/5.0 (compatible; Amazonbot/0.1; +https://developer.amazon.com/support/amazonbot)"
171.133.45.213 - - [22/Feb/2026:16:38:13 +0000] "GET /style.css HTTP/1.1" 304 207 "-" "Mozilla/5.0 (compatible; bingbot/2.0; +http://www.bing.com/bingbot.htm)"
122.96.81.102 - - [22/Feb/2026:16:41:57 +0000] "GET /style.css HTTP/1.1" 200 75566 "-" "Mozilla/5.0 (compatible; bingbot/2.0; +http://www.bing.com/bingbot.htm)"
99.150.211.250 - - [22/Feb/2026:16:47:33 +0000] "GET /feed.xml HTTP/1.1" 200 137937 "-" "Mozilla/5.0 (compatible; bingbot/2.0; +http://www.bing.com/bingbot.htm)"
188.194.31.5 - - [22/Feb/2026:16:47:39 +0000] "GET /config HTTP/1.1" 200 91739 "-" "Mozilla/5.0 (compatible; Googlebot/2.1; +http://www.google.com/bot.html)"
99.132.12.102 - - [22/Feb/2026:16:47:44 +0000] "GET /readme.txt HTTP/1.1" 200 149817 "-" "Mozilla/5.0 (compatible; bingbot/2.0; +http://www.bing.com/bingbot.htm)"
203.225.0.215 - - [22/Feb/2026:16:51:36 +0000] "GET /banner.jpg HTTP/1.1" 200 2094 "-" "ClaudeBot/1.0 (+https://www.anthropic.com/claudebot)"
171.133.45.213 - - [22/Feb/2026:16:59:21 +0000] "GET /feed.xml HTTP/1.1" 200 49808 "-" "Mozilla/5.0 (compatible; Googlebot/2.1; +http://www.google.com/bot.html)"
188.194.31.5 - - [22/Feb/2026:17:02:15 +0000] "GET /about.html HTTP/1.1" 404 220 "-" "Mozilla/5.0 AppleWebKit/537.36 (compatible; GPTBot/1.3; +https://openai.com/gptbot)"
99.150.211.250 - - [22/Feb/2026:17:03:34 +0000] "GET /readme.txt HTTP/1.1" 304 205 "-" "Mozilla/5.0 AppleWebKit/537.36 (compatible; GPTBot/1.3; +https://openai.com/gptbot)"
99.170.62.78 - - [22/Feb/2026:17:04:25 +0000] "GET /sitemap.xml HTTP/1.1" 200 28109 "-" "Mozilla/5.0 (compatible; Googlebot/2.1; +http://www.google.com/bot.html)"
71.138.7.233 - - [22/Feb/2026:17:05:27 +0000] "GET /banner.jpg HTTP/1.1" 200 3966 "-" "Mozilla/5.0 (compatible; Googlebot/2.1; +http://www.google.com/bot.html)"
149.37.222.138 - - [22/Feb/2026:17:05:46 +0000] "GET /data.json HTTP/1.1" 200 106558 "-" "Mozilla/5.0 (compatible; Googlebot/2.1; +http://www.google.com/bot.html)"
122.96.81.102 - - [22/Feb/2026:17:07:02 +0000] "GET /feed.xml HTTP/1.1" 200 19243 "-" "Mozilla/5.0 (compatible; Amazonbot/0.1; +https://developer.amazon.com/support/amazonbot)"
122.96.81.102 - - [22/Feb/2026:17:13:51 +0000] "GET /about.html HTTP/1.1" 304 148 "-" "ClaudeBot/1.0 (+https://www.anthropic.com/claudebot)"
141.57.250.8 - - [22/Feb/2026:17:14:27 +0000] "GET /about.html HTTP/1.1" 200 27226 "-" "Mozilla/5.0 AppleWebKit/537.36 (compatible; GPTBot/1.3; +https://openai.com/gptbot)"
99.132.12.102 - - [22/Feb/2026:17:17:10 +0000] "GET / HTTP/1.1" 404 423 "-" "Mozilla/5.0 (compatible; Googlebot/2.1; +http://www.google.com/bot.html)"
99.150.211.250 - - [22/Feb/2026:17:19:27 +0000] "GET /config HTTP/1.1" 200 103679 "-" "Mozilla/5.0 (compatible; bingbot/2.0; +http://www.bing.com/bingbot.htm)"
141.57.250.8 - - [22/Feb/2026:17:21:43 +0000] "GET /feed.xml HTTP/1.1" 200 96619 "-" "Mozilla/5.0 AppleWebKit/537.36 (compatible; GPTBot/1.3; +https://openai.com/gptbot)"
171.133.45.213 - - [22/Feb/2026:17:23:53 +0000] "GET /sitemap.xml HTTP/1.1" 200 96147 "-" "Mozilla/5.0 AppleWebKit/537.36 (compatible; GPTBot/1.3; +https://openai.com/gptbot)"
99.132.12.102 - - [22/Feb/2026:17:29:07 +0000] "GET /banner.jpg HTTP/1.1" 200 139030 "-" "ClaudeBot/1.0 (+https://www.anthropic.com/claudebot)"
60.241.196.176 - - [22/Feb/2026:17:29:08 +0000] "GET / HTTP/1.1" 200 104309 "-" "Mozilla/5.0 AppleWebKit/537.36 (compatible; GPTBot/1.3; +https://openai.com/gptbot)"
60.241.196.176 - - [22/Feb/2026:17:33:18 +0000] "GET /data.json HTTP/1.1" 200 87918 "-" "Mozilla/5.0 (compatible; Googlebot/2.1; +http://www.google.com/bot.html)"
99.132.12.102 - - [22/Feb/2026:17:34:32 +0000] "GET /config HTTP/1.1" 200 129206 "-" "Mozilla/5.0 AppleWebKit/537.36 (compatible; GPTBot/1.3; +https://openai.com/gptbot)"
122.96.81.102 - - [22/Feb/2026:17:34:40 +0000] "GET /feed.xml HTTP/1.1" 200 20063 "-" "Mozilla/5.0 AppleWebKit/537.36 (compatible; GPTBot/1.3; +https://openai.com/gptbot)"
122.96.81.102 - - [22/Feb/2026:17:36:07 +0000] "GET /readme.txt HTTP/1.1" 200 37965 "-" "Mozilla/5.0 (compatible; Googlebot/2.1; +http://www.google.com/bot.html)"
99.170.62.78 - - [22/Feb/2026:17:46:32 +0000] "GET /banner.jpg HTTP/1.1" 200 65040 "-" "Mozilla/5.0 (compatible; Amazonbot/0.1; +https://developer.amazon.com/support/amazonbot)"
122.96.81.102 - - [22/Feb/2026:17:51:24 +0000] "GET /logo.png HTTP/1.1" 304 435 "-" "ClaudeBot/1.0 (+https://www.anthropic.com/claudebot)"
82.35.167.49 - - [22/Feb/2026:17:51:38 +0000] "GET /feed.xml HTTP/1.1" 304 453 "-" "ClaudeBot/1.0 (+https://www.anthropic.com/claudebot)"
188.194.31.5 - - [22/Feb/2026:17:55:03 +0000] "GET /about.html HTTP/1.1" 200 19367 "-" "ClaudeBot/1.0 (+https://www.anthropic.com/claudebot)"
141.57.250.8 - - [22/Feb/2026:17:57:45 +0000] "GET /index.html HTTP/1.1" 200 27728 "-" "Mozilla/5.0 (compatible; Amazonbot/0.1; +https://developer.amazon.com/support/amazonbot)"
141.57.250.8 - - [22/Feb/2026:18:02:11 +0000] "GET /style.css HTTP/1.1" 200 149129 "-" "Mozilla/5.0 (compatible; Amazonbot/0.1; +https://developer.amazon.com/support/amazonbot)"
99.150.211.250 - - [22/Feb/2026:18:09:14 +0000] "GET /sitemap.xml HTTP/1.1" 200 90922 "-" "Mozilla/5.0 AppleWebKit/537.36 (compatible; GPTBot/1.3; +https://openai.com/gptbot)"
82.35.167.49 - - [22/Feb/2026:18:11:22 +0000] "GET /logo.png HTTP/1.1" 200 92022 "-" "Mozilla/5.0 (compatible; bingbot/2.0; +http://www.bing.com/bingbot.htm)"
149.37.222.138 - - [22/Feb/2026:18:12:25 +0000] "GET /about.html HTTP/1.1" 301 201 "-" "ClaudeBot/1.0 (+https://www.anthropic.com/claudebot)"
122.96.81.102 - - [22/Feb/2026:18:13:46 +0000] "GET / HTTP/1.1" 302 65 "-" "Mozilla/5.0 AppleWebKit/537.36 (compatible; GPTBot/1.3; +https://openai.com/gptbot)"
60.241.196.176 - - [22/Feb/2026:18:17:21 +0000] "GET /about.html HTTP/1.1" 200 131334 "-" "Mozilla/5.0 (compatible; bingbot/2.0; +http://www.bing.com/bingbot.htm)"
71.138.7.233 - - [22/Feb/2026:18:17:33 +0000] "GET /sitemap.xml HTTP/1.1" 403 115 "-" "Mozilla/5.0 AppleWebKit/537.36 (compatible; GPTBot/1.3; +https://openai.com/gptbot)"
71.138.7.233 - - [22/Feb/2026:18:18:14 +0000] "GET /feed.xml HTTP/1.1" 200 92314 "-" "Mozilla/5.0 AppleWebKit/537.36 (compatible; GPTBot/1.3; +https://openai.com/gptbot)"
82.35.167.49 - - [22/Feb/2026:18:24:26 +0000] "GET /app.js HTTP/1.1" 200 47021 "-" "Mozilla/5.0 (compatible; bingbot/2.0; +http://www.bing.com/bingbot.htm)"
141.57.250.8 - - [22/Feb/2026:18:26:02 +0000] "GET /banner.jpg HTTP/1.1" 200 40065 "-" "Mozilla/5.0 (compatible; Googlebot/2.1; +http://www.google.com/bot.html)"
99.170.62.78 - - [22/Feb/2026:18:35:19 +0000] "GET /index.html HTTP/1.1" 200 112603 "-" "Mozilla/5.0 AppleWebKit/537.36 (compatible; GPTBot/1.3; +https://openai.com/gptbot)"
99.132.12.102 - - [22/Feb/2026:18:35:46 +0000] "GET /banner.jpg HTTP/1.1" 200 118042 "-" "Mozilla/5.0 (compatible; Amazonbot/0.1; +https://developer.amazon.com/support/amazonbot)"
203.225.0.215 - - [22/Feb/2026:18:40:13 +0000] "GET /config HTTP/1.1" 403 169 "-" "ClaudeBot/1.0 (+https://www.anthropic.com/claudebot)"
60.241.196.176 - - [22/Feb/2026:18:40:18 +0000] "GET /sitemap.xml HTTP/1.1" 200 16617 "-" "Mozilla/5.0 (compatible; bingbot/2.0; +http://www.bing.com/bingbot.htm)"
82.35.167.49 - - [22/Feb/2026:18:45:18 +0000] "GET /data.json HTTP/1.1" 200 125567 "-" "Mozilla/5.0 AppleWebKit/537.36 (compatible; GPTBot/1.3; +https://openai.com/gptbot)"
203.225.0.215 - - [22/Feb/2026:18:48:53 +0000] "GET /app.js HTTP/1.1" 301 264 "-" "ClaudeBot/1.0 (+https://www.anthropic.com/claudebot)"
60.241.196.176 - - [22/Feb/2026:18:49:30 +0000] "GET /about.html HTTP/1.1" 301 240 "-" "Mozilla/5.0 (compatible; Googlebot/2.1; +http://www.google.com/bot.html)"
60.241.196.176 - - [22/Feb/2026:18:49:42 +0000] "GET /sitemap.xml HTTP/1.1" 200 98792 "-" "Mozilla/5.0 (compatible; Amazonbot/0.1; +https://developer.amazon.com/support/amazonbot)"
99.132.12.102 - - [22/Feb/2026:18:50:42 +0000] "GET /sitemap.xml HTTP/1.1" 200 111571 "-" "Mozilla/5.0 (compatible; Googlebot/2.1; +http://www.google.com/bot.html)"
99.132.12.102 - - [22/Feb/2026:18:55:09 +0000] "GET /index.html HTTP/1.1" 200 74587 "-" "Mozilla/5.0 (compatible; bingbot/2.0; +http://www.bing.com/bingbot.htm)"
99.132.12.102 - - [22/Feb/2026:18:56:36 +0000] "GET /style.css HTTP/1.1" 200 86081 "-" "Mozilla/5.0 (compatible; Googlebot/2.1; +http://www.google.com/bot.html)"
82.35.167.49 - - [22/Feb/2026:19:02:27 +0000] "GET /sitemap.xml HTTP/1.1" 200 136717 "-" "Mozilla/5.0 (compatible; Googlebot/2.1; +http://www.google.com/bot.html)"
99.132.12.102 - - [22/Feb/2026:19:08:43 +0000] "GET /style.css HTTP/1.1" 404 236 "-" "Mozilla/5.0 (compatible; Amazonbot/0.1; +https://developer.amazon.com/support/amazonbot)"
99.150.211.250 - - [22/Feb/2026:19:09:11 +0000] "GET /banner.jpg HTTP/1.1" 200 106147 "-" "Mozilla/5.0 (compatible; Amazonbot/0.1; +https://developer.amazon.com/support/amazonbot)"
122.96.81.102 - - [22/Feb/2026:19:12:14 +0000] "GET /style.css HTTP/1.1" 302 384 "-" "Mozilla/5.0 AppleWebKit/537.36 (compatible; GPTBot/1.3; +https://openai.com/gptbot)"
171.133.45.213 - - [22/Feb/2026:19:14:50 +0000] "GET /about.html HTTP/1.1" 200 112047 "-" "Mozilla/5.0 AppleWebKit/537.36 (compatible; GPTBot/1.3; +https://openai.com/gptbot)"
71.138.7.233 - - [22/Feb/2026:19:15:12 +0000] "GET /index.html HTTP/1.1" 200 36657 "-" "Mozilla/5.0 (compatible; bingbot/2.0; +http://www.bing.com/bingbot.htm)"
203.225.0.215 - - [22/Feb/2026:19:18:04 +0000] "GET /app.js HTTP/1.1" 302 443 "-" "Mozilla/5.0 (compatible; Amazonbot/0.1; +https://developer.amazon.com/support/amazonbot)"
141.57.250.8 - - [22/Feb/2026:19:18:37 +0000] "GET /banner.jpg HTTP/1.1" 200 80775 "-" "Mozilla/5.0 AppleWebKit/537.36 (compatible; GPTBot/1.3; +https://openai.com/gptbot)"
71.138.7.233 - - [22/Feb/2026:19:19:19 +0000] "GET /app.js HTTP/1.1" 404 270 "-" "Mozilla/5.0 (compatible; bingbot/2.0; +http://www.bing.com/bingbot.htm)"
141.57.250.8 - - [22/Feb/2026:19:21:42 +0000] "GET /logo.png HTTP/1.1" 200 40225 "-" "Mozilla/5.0 (compatible; Googlebot/2.1; +http://www.google.com/bot.html)"
203.225.0.215 - - [22/Feb/2026:19:23:36 +0000] "GET /about.html HTTP/1.1" 200 72138 "-" "Mozilla/5.0 (compatible; bingbot/2.0; +http://www.bing.com/bingbot.htm)"
60.241.196.176 - - [22/Feb/2026:19:26:27 +0000] "GET /data.json HTTP/1.1" 200 107429 "-" "Mozilla/5.0 (compatible; Amazonbot/0.1; +https://developer.amazon.com/support/amazonbot)"
171.133.45.213 - - [22/Feb/2026:19:27:17 +0000] "GET /app.js HTTP/1.1" 200 6996 "-" "ClaudeBot/1.0 (+https://www.anthropic.com/claudebot)"
99.170.62.78 - - [22/Feb/2026:19:27:59 +0000] "GET /logo.png HTTP/1.1" 200 16085 "-" "ClaudeBot/1.0 (+https://www.anthropic.com/claudebot)"
99.170.62.78 - - [22/Feb/2026:19:30:22 +0000] "GET /style.css HTTP/1.1" 200 11159 "-" "Mozilla/5.0 AppleWebKit/537.36 (compatible; GPTBot/1.3; +https://openai.com/gptbot)"
188.194.31.5 - - [22/Feb/2026:19:32:36 +0000] "GET /about.html HTTP/1.1" 200 145475 "-" "Mozilla/5.0 (compatible; Amazonbot/0.1; +https://developer.amazon.com/support/amazonbot)"
99.150.211.250 - - [22/Feb/2026:19:35:10 +0000] "GET /app.js HTTP/1.1" 200 70730 "-" "Mozilla/5.0 (compatible; Amazonbot/0.1; +https://developer.amazon.com/support/amazonbot)"
71.138.7.233 - - [22/Feb/2026:19:36:02 +0000] "GET /style.css HTTP/1.1" 304 347 "-" "ClaudeBot/1.0 (+https://www.anthropic.com/claudebot)"
82.35.167.49 - - [22/Feb/2026:19:41:59 +0000] "GET /config HTTP/1.1" 200 76884 "-" "ClaudeBot/1.0 (+https://www.anthropic.com/claudebot)"
99.150.211.250 - - [22/Feb/2026:19:42:44 +0000] "GET /feed.xml HTTP/1.1" 200 135584 "-" "ClaudeBot/1.0 (+https://www.anthropic.com/claudebot)"
188.194.31.5 - - [22/Feb/2026:19:43:01 +0000] "GET /config HTTP/1.1" 200 57906 "-" "Mozilla/5.0 (compatible; bingbot/2.0; +http://www.bing.com/bingbot.htm)"
171.133.45.213 - - [22/Feb/2026:19:45:00 +0000] "GET /style.css HTTP/1.1" 200 117861 "-" "ClaudeBot/1.0 (+https://www.anthropic.com/claudebot)"
149.37.222.138 - - [22/Feb/2026:19:47:57 +0000] "GET /config HTTP/1.1" 200 94749 "-" "Mozilla/5.0 AppleWebKit/537.36 (compatible; GPTBot/1.3; +https://openai.com/gptbot)"
71.138.7.233 - - [22/Feb/2026:19:48:53 +0000] "GET /style.css HTTP/1.1" 404 14 "-" "Mozilla/5.0 (compatible; Googlebot/2.1; +http://www.google.com/bot.html)"
99.132.12.102 - - [22/Feb/2026:19:52:44 +0000] "GET /banner.jpg HTTP/1.1" 200 116789 "-" "Mozilla/5.0 (compatible; Amazonbot/0.1; +https://developer.amazon.com/support/amazonbot)"
99.150.211.250 - - [22/Feb/2026:19:53:15 +0000] "GET /style.css HTTP/1.1" 200 924 "-" "Mozilla/5.0 (compatible; Amazonbot/0.1; +https://developer.amazon.com/support/amazonbot)"
141.57.250.8 - - [22/Feb/2026:19:56:38 +0000] "GET /about.html HTTP/1.1" 302 357 "-" "Mozilla/5.0 (compatible; Googlebot/2.1; +http://www.google.com/bot.html)"
71.138.7.233 - - [22/Feb/2026:20:04:21 +0000] "GET /config HTTP/1.1" 304 326 "-" "Mozilla/5.0 (compatible; Amazonbot/0.1; +https://developer.amazon.com/support/amazonbot)"
188.194.31.5 - - [22/Feb/2026:20:06:52 +0000] "GET / HTTP/1.1" 304 117 "-" "Mozilla/5.0 (compatible; Googlebot/2.1; +http://www.google.com/bot.html)"
71.138.7.233 - - [22/Feb/2026:20:07:02 +0000] "GET /app.js HTTP/1.1" 302 100 "-" "Mozilla/5.0 (compatible; Googlebot/2.1; +http://www.google.com/bot.html)"
60.241.196.176 - - [22/Feb/2026:20:09:30 +0000] "GET / HTTP/1.1" 200 15996 "-" "ClaudeBot/1.0 (+https://www.anthropic.com/claudebot)"
188.194.31.5 - - [22/Feb/2026:20:11:46 +0000] "GET /app.js HTTP/1.1" 301 31 "-" "Mozilla/5.0 (compatible; Amazonbot/0.1; +https://developer.amazon.com/support/amazonbot)"
188.194.31.5 - - [22/Feb/2026:20:14:57 +0000] "GET /about.html HTTP/1.1" 200 129873 "-" "Mozilla/5.0 (compatible; bingbot/2.0; +http://www.bing.com/bingbot.htm)"
171.133.45.213 - - [22/Feb/2026:20:16:55 +0000] "GET /index.html HTTP/1.1" 404 361 "-" "Mozilla/5.0 AppleWebKit/537.36 (compatible; GPTBot/1.3; +https://openai.com/gptbot)"
188.194.31.5 - - [22/Feb/2026:20:21:09 +0000] "GET /config HTTP/1.1" 200 14705 "-" "Mozilla/5.0 (compatible; Googlebot/2.1; +http://www.google.com/bot.html)"
149.37.222.138 - - [22/Feb/2026:20:22:56 +0000] "GET / HTTP/1.1" 304 256 "-" "Mozilla/5.0 (compatible; Googlebot/2.1; +http://www.google.com/bot.html)"
99.132.12.102 - - [22/Feb/2026:20:23:20 +0000] "GET / HTTP/1.1" 200 123971 "-" "Mozilla/5.0 (compatible; Googlebot/2.1; +http://www.google.com/bot.html)"
71.138.7.233 - - [22/Feb/2026:20:24:01 +0000] "GET /config HTTP/1.1" 304 56 "-" "Mozilla/5.0 (compatible; Googlebot/2.1; +http://www.google.com/bot.html)"
149.37.222.138 - - [22/Feb/2026:20:34:29 +0000] "GET /logo.png HTTP/1.1" 200 61082 "-" "Mozilla/5.0 AppleWebKit/537.36 (compatible; GPTBot/1.3; +https://openai.com/gptbot)"
149.37.222.138 - - [22/Feb/2026:20:37:42 +0000] "GET /banner.jpg HTTP/1.1" 200 85259 "-" "ClaudeBot/1.0 (+https://www.anthropic.com/claudebot)"
71.138.7.233 - - [22/Feb/2026:20:43:13 +0000] "GET /index.html HTTP/1.1" 200 117585 "-" "Mozilla/5.0 AppleWebKit/537.36 (compatible; GPTBot/1.3; +https://openai.com/gptbot)"
99.150.211.250 - - [22/Feb/2026:20:46:12 +0000] "GET /about.html HTTP/1.1" 200 90400 "-" "Mozilla/5.0 (compatible; Googlebot/2.1; +http://www.google.com/bot.html)"
149.37.222.138 - - [22/Feb/2026:20:46:39 +0000] "GET /sitemap.xml HTTP/1.1" 200 132582 "-" "Mozilla/5.0 (compatible; Googlebot/2.1; +http://www.google.com/bot.html)"
122.96.81.102 - - [22/Feb/2026:20:47:17 +0000] "GET /data.json HTTP/1.1" 200 109575 "-" "Mozilla/5.0 (compatible; Googlebot/2.1; +http://www.google.com/bot.html)"
188.194.31.5 - - [22/Feb/2026:20:47:57 +0000] "GET /sitemap.xml HTTP/1.1" 200 129099 "-" "Mozilla/5.0 (compatible; bingbot/2.0; +http://www.bing.com/bingbot.htm)"
141.57.250.8 - - [22/Feb/2026:20:50:36 +0000] "GET /index.html HTTP/1.1" 200 61025 "-" "Mozilla/5.0 (compatible; Amazonbot/0.1; +https://developer.amazon.com/support/amazonbot)"
149.37.222.138 - - [22/Feb/2026:20:51:32 +0000] "GET /feed.xml HTTP/1.1" 403 27 "-" "Mozilla/5.0 (compatible; bingbot/2.0; +http://www.bing.com/bingbot.htm)"
171.133.45.213 - - [22/Feb/2026:20:54:07 +0000] "GET /config HTTP/1.1" 200 89137 "-" "Mozilla/5.0 AppleWebKit/537.36 (compatible; GPTBot/1.3; +https://openai.com/gptbot)"
71.138.7.233 - - [22/Feb/2026:20:55:53 +0000] "GET /config HTTP/1.1" 200 73103 "-" "ClaudeBot/1.0 (+https://www.anthropic.com/claudebot)"
71.138.7.233 - - [22/Feb/2026:20:57:50 +0000] "GET /logo.png HTTP/1.1" 302 263 "-" "Mozilla/5.0 (compatible; Googlebot/2.1; +http://www.google.com/bot.html)"
99.132.12.102 - - [22/Feb/2026:20:58:27 +0000] "GET /index.html HTTP/1.1" 200 71044 "-" "Mozilla/5.0 (compatible; Amazonbot/0.1; +https://developer.amazon.com/support/amazonbot)"
71.138.7.233 - - [22/Feb/2026:21:04:10 +0000] "GET /index.html HTTP/1.1" 200 111644 "-" "Mozilla/5.0 (compatible; bingbot/2.0; +http://www.bing.com/bingbot.htm)"
188.194.31.5 - - [22/Feb/2026:21:06:21 +0000] "GET /logo.png HTTP/1.1" 404 276 "-" "Mozilla/5.0 (compatible; Googlebot/2.1; +http://www.google.com/bot.html)"
82.35.167.49 - - [22/Feb/2026:21:06:32 +0000] "GET /index.html HTTP/1.1" 200 84417 "-" "Mozilla/5.0 (compatible; Googlebot/2.1; +http://www.google.com/bot.html)"
122.96.81.102 - - [22/Feb/2026:21:11:32 +0000] "GET /data.json HTTP/1.1" 404 439 "-" "Mozilla/5.0 AppleWebKit/537.36 (compatible; GPTBot/1.3; +https://openai.com/gptbot)"
82.35.167.49 - - [22/Feb/2026:21:12:05 +0000] "GET /index.html HTTP/1.1" 302 165 "-" "Mozilla/5.0 (compatible; Amazonbot/0.1; +https://developer.amazon.com/support/amazonbot)"
171.133.45.213 - - [22/Feb/2026:21:14:47 +0000] "GET /readme.txt HTTP/1.1" 304 157 "-" "ClaudeBot/1.0 (+https://www.anthropic.com/claudebot)"
188.194.31.5 - - [22/Feb/2026:21:16:39 +0000] "GET /feed.xml HTTP/1.1" 404 244 "-" "Mozilla/5.0 (compatible; Amazonbot/0.1; +https://developer.amazon.com/support/amazonbot)"
99.170.62.78 - - [22/Feb/2026:21:18:39 +0000] "GET /data.json HTTP/1.1" 404 26 "-" "Mozilla/5.0 (compatible; Amazonbot/0.1; +https://developer.amazon.com/support/amazonbot)"
99.132.12.102 - - [22/Feb/2026:21:23:05 +0000] "GET / HTTP/1.1" 200 87158 "-" "Mozilla/5.0 AppleWebKit/537.36 (compatible; GPTBot/1.3; +https://openai.com/gptbot)"
141.57.250.8 - - [22/Feb/2026:21:24:43 +0000] "GET /logo.png HTTP/1.1" 404 153 "-" "Mozilla/5.0 (compatible; Googlebot/2.1; +http://www.google.com/bot.html)"
99.170.62.78 - - [22/Feb/2026:21:27:15 +0000] "GET /style.css HTTP/1.1" 200 84405 "-" "Mozilla/5.0 AppleWebKit/537.36 (compatible; GPTBot/1.3; +https://openai.com/gptbot)"
203.225.0.215 - - [22/Feb/2026:21:28:45 +0000] "GET /banner.jpg HTTP/1.1" 200 12560 "-" "Mozilla/5.0 (compatible; bingbot/2.0; +http://www.bing.com/bingbot.htm)"
149.37.222.138 - - [22/Feb/2026:21:30:09 +0000] "GET /index.html HTTP/1.1" 200 145673 "-" "Mozilla/5.0 AppleWebKit/537.36 (compatible; GPTBot/1.3; +https://openai.com/gptbot)"
171.133.45.213 - - [22/Feb/2026:21:31:25 +0000] "GET / HTTP/1.1" 200 82000 "-" "Mozilla/5.0 (compatible; bingbot/2.0; +http://www.bing.com/bingbot.htm)"
60.241.196.176 - - [22/Feb/2026:21:35:12 +0000] "GET /logo.png HTTP/1.1" 200 65025 "-" "ClaudeBot/1.0 (+https://www.anthropic.com/claudebot)"
71.138.7.233 - - [22/Feb/2026:21:37:50 +0000] "GET /logo.png HTTP/1.1" 200 39144 "-" "Mozilla/5.0 (compatible; Amazonbot/0.1; +https://developer.amazon.com/support/amazonbot)"
99.170.62.78 - - [22/Feb/2026:21:46:57 +0000] "GET /feed.xml HTTP/1.1" 200 34603 "-" "Mozilla/5.0 AppleWebKit/537.36 (compatible; GPTBot/1.3; +https://openai.com/gptbot)"
99.150.211.250 - - [22/Feb/2026:21:47:09 +0000] "GET /readme.txt HTTP/1.1" 200 109237 "-" "Mozilla/5.0 (compatible; Amazonbot/0.1; +https://developer.amazon.com/support/amazonbot)"
149.37.222.138 - - [22/Feb/2026:21:49:30 +0000] "GET /config HTTP/1.1" 404 213 "-" "Mozilla/5.0 (compatible; Googlebot/2.1; +http://www.google.com/bot.html)"
99.170.62.78 - - [22/Feb/2026:21:55:54 +0000] "GET /readme.txt HTTP/1.1" 200 133035 "-" "Mozilla/5.0 AppleWebKit/537.36 (compatible; GPTBot/1.3; +https://openai.com/gptbot)"
122.96.81.102 - - [22/Feb/2026:21:56:44 +0000] "GET /app.js HTTP/1.1" 200 30303 "-" "Mozilla/5.0 (compatible; bingbot/2.0; +http://www.bing.com/bingbot.htm)"
149.37.222.138 - - [22/Feb/2026:21:58:00 +0000] "GET /about.html HTTP/1.1" 404 18 "-" "Mozilla/5.0 (compatible; Amazonbot/0.1; +https://developer.amazon.com/support/amazonbot)"
149.37.222.138 - - [22/Feb/2026:21:59:29 +0000] "GET /readme.txt HTTP/1.1" 404 289 "-" "ClaudeBot/1.0 (+https://www.anthropic.com/claudebot)"
71.138.7.233 - - [22/Feb/2026:22:04:37 +0000] "GET /banner.jpg HTTP/1.1" 200 38248 "-" "Mozilla/5.0 AppleWebKit/537.36 (compatible; GPTBot/1.3; +https://openai.com/gptbot)"
99.132.12.102 - - [22/Feb/2026:22:06:30 +0000] "GET / HTTP/1.1" 200 110649 "-" "Mozilla/5.0 (compatible; Amazonbot/0.1; +https://developer.amazon.com/support/amazonbot)"
122.96.81.102 - - [22/Feb/2026:22:07:32 +0000] "GET /style.css HTTP/1.1" 200 67371 "-" "Mozilla/5.0 (compatible; Googlebot/2.1; +http://www.google.com/bot.html)"
141.57.250.8 - - [22/Feb/2026:22:10:25 +0000] "GET /feed.xml HTTP/1.1" 200 130491 "-" "Mozilla/5.0 (compatible; Googlebot/2.1; +http://www.google.com/bot.html)"
203.225.0.215 - - [22/Feb/2026:22:12:58 +0000] "GET /config HTTP/1.1" 302 75 "-" "Mozilla/5.0 (compatible; bingbot/2.0; +http://www.bing.com/bingbot.htm)"
99.132.12.102 - - [22/Feb/2026:22:15:33 +0000] "GET /index.html HTTP/1.1" 200 74824 "-" "Mozilla/5.0 (compatible; bingbot/2.0; +http://www.bing.com/bingbot.htm)"
171.133.45.213 - - [22/Feb/2026:22:16:06 +0000] "GET /logo.png HTTP/1.1" 200 76783 "-" "Mozilla/5.0 (compatible; Amazonbot/0.1; +https://developer.amazon.com/support/amazonbot)"
99.170.62.78 - - [22/Feb/2026:22:16:21 +0000] "GET /banner.jpg HTTP/1.1" 200 12383 "-" "ClaudeBot/1.0 (+https://www.anthropic.com/claudebot)"
60.241.196.176 - - [22/Feb/2026:22:24:41 +0000] "GET /style.css HTTP/1.1" 200 81209 "-" "Mozilla/5.0 (compatible; bingbot/2.0; +http://www.bing.com/bingbot.htm)"
188.194.31.5 - - [22/Feb/2026:22:25:08 +0000] "GET / HTTP/1.1" 403 421 "-" "Mozilla/5.0 (compatible; Googlebot/2.1; +http://www.google.com/bot.html)"
203.225.0.215 - - [22/Feb/2026:22:28:25 +0000] "GET /style.css HTTP/1.1" 200 16979 "-" "ClaudeBot/1.0 (+https://www.anthropic.com/claudebot)"
188.194.31.5 - - [22/Feb/2026:22:30:16 +0000] "GET /config HTTP/1.1" 304 357 "-" "Mozilla/5.0 AppleWebKit/537.36 (compatible; GPTBot/1.3; +https://openai.com/gptbot)"
122.96.81.102 - - [22/Feb/2026:22:34:29 +0000] "GET /style.css HTTP/1.1" 304 352 "-" "ClaudeBot/1.0 (+https://www.anthropic.com/claudebot)"
99.170.62.78 - - [22/Feb/2026:22:44:09 +0000] "GET /about.html HTTP/1.1" 200 43139 "-" "Mozilla/5.0 (compatible; Amazonbot/0.1; +https://developer.amazon.com/support/amazonbot)"
99.132.12.102 - - [22/Feb/2026:22:45:52 +0000] "GET /about.html HTTP/1.1" 200 10727 "-" "Mozilla/5.0 (compatible; bingbot/2.0; +http://www.bing.com/bingbot.htm)"
99.150.211.250 - - [22/Feb/2026:22:49:44 +0000] "GET / HTTP/1.1" 404 144 "-" "ClaudeBot/1.0 (+https://www.anthropic.com/claudebot)"
203.225.0.215 - - [22/Feb/2026:22:50:27 +0000] "GET /readme.txt HTTP/1.1" 200 53979 "-" "ClaudeBot/1.0 (+https://www.anthropic.com/claudebot)"
122.96.81.102 - - [22/Feb/2026:22:53:41 +0000] "GET /index.html HTTP/1.1" 200 14981 "-" "Mozilla/5.0 (compatible; bingbot/2.0; +http://www.bing.com/bingbot.htm)"
99.150.211.250 - - [22/Feb/2026:22:53:55 +0000] "GET /config HTTP/1.1" 200 146343 "-" "Mozilla/5.0 (compatible; Googlebot/2.1; +http://www.google.com/bot.html)"
188.194.31.5 - - [22/Feb/2026:22:59:26 +0000] "GET /about.html HTTP/1.1" 200 11168 "-" "Mozilla/5.0 (compatible; bingbot/2.0; +http://www.bing.com/bingbot.htm)"
188.194.31.5 - - [22/Feb/2026:22:59:28 +0000] "GET / HTTP/1.1" 200 34579 "-" "Mozilla/5.0 (compatible; Googlebot/2.1; +http://www.google.com/bot.html)"
99.132.12.102 - - [22/Feb/2026:23:03:37 +0000] "GET /app.js HTTP/1.1" 304 372 "-" "Mozilla/5.0 (compatible; Googlebot/2.1; +http://www.google.com/bot.html)"
71.138.7.233 - - [22/Feb/2026:23:04:46 +0000] "GET /app.js HTTP/1.1" 200 135680 "-" "Mozilla/5.0 AppleWebKit/537.36 (compatible; GPTBot/1.3; +https://openai.com/gptbot)"
99.170.62.78 - - [22/Feb/2026:23:05:47 +0000] "GET / HTTP/1.1" 302 497 "-" "Mozilla/5.0 (compatible; Googlebot/2.1; +http://www.google.com/bot.html)"
71.138.7.233 - - [22/Feb/2026:23:06:48 +0000] "GET /app.js HTTP/1.1" 200 117122 "-" "ClaudeBot/1.0 (+https://www.anthropic.com/claudebot)"
99.170.62.78 - - [22/Feb/2026:23:14:12 +0000] "GET /banner.jpg HTTP/1.1" 200 140976 "-" "Mozilla/5.0 (compatible; Amazonbot/0.1; +https://developer.amazon.com/support/amazonbot)"
71.138.7.233 - - [22/Feb/2026:23:15:19 +0000] "GET /config HTTP/1.1" 200 69997 "-" "Mozilla/5.0 (compatible; Amazonbot/0.1; +https://developer.amazon.com/support/amazonbot)"
