149.37.222.138 - - [22/Feb/2026:23:15:52 +0000] "GET /app.js HTTP/1.1" 200 23486 "-" "Mozilla/5.0 (compatible; Amazonbot/0.1; +https://developer.amazon.com/support/amazonbot)"
171.133.45.213 - - [22/Feb/2026:23:16:46 +0000] "GET /readme.txt HTTP/1.1" 200 54931 "-" "Mozilla/5.0 (compatible; Amazonbot/0.1; +https://developer.amazon.com/support/amazonbot)"
188.194.31.5 - - [22/Feb/2026:23:18:32 +0000] "GET /about.html HTTP/1.1" 200 61926 "-" "ClaudeBot/1.0 (+https://www.anthropic.com/claudebot)"
149.37.222.138 - - [22/Feb/2026:23:19:35 +0000] "GET /logo.png HTTP/1.1" 200 136262 "-" "ClaudeBot/1.0 (+https://www.anthropic.com/claudebot)"
203.225.0.215 - - [22/Feb/2026:23:19:51 +0000] "GET /data.json HTTP/1.1" 404 330 "-" "Mozilla/5.0 (compatible; Amazonbot/0.1; +https://developer.amazon.com/support/amazonbot)"
171.133.45.213 - - [22/Feb/2026:23:20:32 +0000] "GET /index.html HTTP/1.1" 200 58303 "-" "Mozilla/5.0 AppleWebKit/537.36 (compatible; GPTBot/1.3; +https://openai.com/gptbot)"
149.37.222.138 - - [22/Feb/2026:23:21:03 +0000] "GET /about.html HTTP/1.1" 200 25779 "-" "Mozilla/5.0 (compatible; bingbot/2.0; +http://www.bing.com/bingbot.htm)"
188.194.31.5 - - [22/Feb/2026:23:21:23 +0000] "GET / HTTP/1.1" 403 361 "-" "Mozilla/5.0 (compatible; Googlebot/2.1; +http://www.google.com/bot.html)"
71.138.7.233 - - [22/Feb/2026:23:32:42 +0000] "GET /sitemap.xml HTTP/1.1" 304 212 "-" "Mozilla/5.0 AppleWebKit/537.36 (compatible; GPTBot/1.3; +https://openai.com/gptbot)"
203.225.0.215 - - [22/Feb/2026:23:39:43 +0000] "GET /banner.jpg HTTP/1.1" 200 128638 "-" "Mozilla/5.0 (compatible; Amazonbot/0.1; +https://developer.amazon.com/support/amazonbot)"
99.170.62.78 - - [22/Feb/2026:23:41:25 +0000] "GET /config HTTP/1.1" 404 447 "-" "Mozilla/5.0 (compatible; Amazonbot/0.1; +https://developer.amazon.com/support/amazonbot)"
99.132.12.102 - - [22/Feb/2026:23:41:42 +0000] "GET /readme.txt HTTP/1.1" 404 148 "-" "Mozilla/5.0 (compatible; Googlebot/2.1; +http://www.google.com/bot.html)"
99.132.12.102 - - [22/Feb/2026:23:43:04 +0000] "GET /index.html HTTP/1.1" 200 120903 "-" "Mozilla/5.0 AppleWebKit/537.36 (compatible; GPTBot/1.3; +https://openai.com/gptbot)"
203.225.0.215 - - [22/Feb/2026:23:46:51 +0000] "GET /readme.txt HTTP/1.1" 200 120116 "-" "Mozilla/5.0 (compatible; bingbot/2.0; +http://www.bing.com/bingbot.htm)"
149.37.222.138 - - [22/Feb/2026:23:52:19 +0000] "GET /readme.txt HTTP/1.1" 200 31168 "-" "ClaudeBot/1.0 (+https://www.anthropic.com/claudebot)"
122.96.81.102 - - [22/Feb/2026:23:56:44 +0000] "GET /feed.xml HTTP/1.1" 200 62527 "-" "Mozilla/5.0 AppleWebKit/537.36 (compatible; GPTBot/1.3; +https://openai.com/gptbot)"
99.170.62.78 - - [23/Feb/2026:00:02:33 +0000] "GET /feed.xml HTTP/1.1" 200 45260 "-" "Mozilla/5.0 (compatible; bingbot/2.0; +http://www.bing.com/bingbot.htm)"
99.170.62.78 - - [23/Feb/2026:00:03:52 +0000] "GET /index.html HTTP/1.1" 200 62795 "-" "Mozilla/5.0 AppleWebKit/537.36 (compatible; GPTBot/1.3; +https://openai.com/gptbot)"
82.35.167.49 - - [23/Feb/2026:00:04:04 +0000] "GET / HTTP/1.1" 200 59299 "-" "Mozilla/5.0 (compatible; Amazonbot/0.1; +https://developer.amazon.com/support/amazonbot)"
141.57.250.8 - - [23/Feb/2026:00:05:18 +0000] "GET /style.css HTTP/1.1" 404 47 "-" "Mozilla/5.0 (compatible; Amazonbot/0.1; +https://developer.amazon.com/support/amazonbot)"
99.132.12.102 - - [23/Feb/2026:00:08:49 +0000] "GET /app.js HTTP/1.1" 200 104175 "-" "Mozilla/5.0 AppleWebKit/537.36 (compatible; GPTBot/1.3; +https://openai.com/gptbot)"
141.57.250.8 - - [23/Feb/2026:00:10:01 +0000] "GET /app.js HTTP/1.1" 200 46031 "-" "ClaudeBot/1.0 (+https://www.anthropic.com/claudebot)"
171.133.45.213 - - [23/Feb/2026:00:10:06 +0000] "GET /logo.png HTTP/1.1" 200 89992 "-" "ClaudeBot/1.0 (+https://www.anthropic.com/claudebot)"
71.138.7.233 - - [23/Feb/2026:00:12:32 +0000] "GET /banner.jpg HTTP/1.1" 200 22984 "-" "ClaudeBot/1.0 (+https://www.anthropic.com/claudebot)"
99.132.12.102 - - [23/Feb/2026:00:12:42 +0000] "GET /about.html HTTP/1.1" 301 117 "-" "ClaudeBot/1.0 (+https://www.anthropic.com/claudebot)"
71.138.7.233 - - [23/Feb/2026:00:14:23 +0000] "GET /index.html HTTP/1.1" 200 4199 "-" "Mozilla/5.0 (compatible; bingbot/2.0; +http://www.bing.com/bingbot.htm)"
60.241.196.176 - - [23/Feb/2026:00:14:43 +0000] "GET /config HTTP/1.1" 200 102029 "-" "ClaudeBot/1.0 (+https://www.anthropic.com/claudebot)"
203.225.0.215 - - [23/Feb/2026:00:15:33 +0000] "GET /sitemap.xml HTTP/1.1" 200 20002 "-" "Mozilla/5.0 AppleWebKit/537.36 (compatible; GPTBot/1.3; +https://openai.com/gptbot)"
82.35.167.49 - - [23/Feb/2026:00:17:27 +0000] "GET /sitemap.xml HTTP/1.1" 200 54047 "-" "Mozilla/5.0 (compatible; Googlebot/2.1; +http://www.google.com/bot.html)"
60.241.196.176 - - [23/Feb/2026:00:18:07 +0000] "GET /style.css HTTP/1.1" 200 546 "-" "ClaudeBot/1.0 (+https://www.anthropic.com/claudebot)"
99.150.211.250 - - [23/Feb/2026:00:18:28 +0000] "GET /feed.xml HTTP/1.1" 304 169 "-" "Mozilla/5.0 (compatible; Amazonbot/0.1; +https://developer.amazon.com/support/amazonbot)"
171.133.45.213 - - [23/Feb/2026:00:22:36 +0000] "GET /app.js HTTP/1.1" 200 48568 "-" "Mozilla/5.0 (compatible; Amazonbot/0.1; +https://developer.amazon.com/support/amazonbot)"
149.37.222.138 - - [23/Feb/2026:00:25:00 +0000] "GET /app.js HTTP/1.1" 200 137403 "-" "Mozilla/5.0 (compatible; Amazonbot/0.1; +https://developer.amazon.com/support/amazonbot)"
60.241.196.176 - - [23/Feb/2026:00:26:28 +0000] "GET /about.html HTTP/1.1" 200 57407 "-" "Mozilla/5.0 AppleWebKit/537.36 (compatible; GPTBot/1.3; +https://openai.com/gptbot)"
203.225.0.215 - - [23/Feb/2026:00:27:29 +0000] "GET /sitemap.xml HTTP/1.1" 200 21541 "-" "Mozilla/5.0 (compatible; Amazonbot/0.1; +https://developer.amazon.com/support/amazonbot)"
99.150.211.250 - - [23/Feb/2026:00:32:21 +0000] "GET /feed.xml HTTP/1.1" 200 39317 "-" "Mozilla/5.0 AppleWebKit/537.36 (compatible; GPTBot/1.3; +https://openai.com/gptbot)"
188.194.31.5 - - [23/Feb/2026:00:32:38 +0000] "GET /feed.xml HTTP/1.1" 200 2822 "-" "Mozilla/5.0 (compatible; Amazonbot/0.1; +https://developer.amazon.com/support/amazonbot)"
60.241.196.176 - - [23/Feb/2026:00:32:45 +0000] "GET /about.html HTTP/1.1" 200 72624 "-" "Mozilla/5.0 (compatible; bingbot/2.0; +http://www.bing.com/bingbot.htm)"
99.150.211.250 - - [23/Feb/2026:00:35:11 +0000] "GET /sitemap.xml HTTP/1.1" 200 33921 "-" "Mozilla/5.0 (compatible; Googlebot/2.1; +http://www.google.com/bot.html)"
122.96.81.102 - - [23/Feb/2026:00:38:12 +0000] "GET /app.js HTTP/1.1" 200 106355 "-" "ClaudeBot/1.0 (+https://www.anthropic.com/claudebot)"
149.37.222.138 - - [23/Feb/2026:00:40:03 +0000] "GET /feed.xml HTTP/1.1" 200 20248 "-" "Mozilla/5.0 (compatible; Googlebot/2.1; +http://www.google.com/bot.html)"
99.150.211.250 - - [23/Feb/2026:00:41:21 +0000] "GET /banner.jpg HTTP/1.1" 200 134428 "-" "Mozilla/5.0 (compatible; Googlebot/2.1; +http://www.google.com/bot.html)"
141.57.250.8 - - [23/Feb/2026:00:45:34 +0000] "GET /feed.xml HTTP/1.1" 200 78210 "-" "Mozilla/5.0 (compatible; bingbot/2.0; +http://www.bing.com/bingbot.htm)"
99.170.62.78 - - [23/Feb/2026:00:59:20 +0000] "GET /feed.xml HTTP/1.1" 404 64 "-" "Mozilla/5.0 (compatible; Amazonbot/0.1; +https://developer.amazon.com/support/amazonbot)"
188.194.31.5 - - [23/Feb/2026:00:59:57 +0000] "GET /config HTTP/1.1" 304 244 "-" "Mozilla/5.0 (compatible; Amazonbot/0.1; +https://developer.amazon.com/support/amazonbot)"
149.37.222.138 - - [23/Feb/2026:01:00:31 +0000] "GET /logo.png HTTP/1.1" 304 427 "-" "Mozilla/5.0 (compatible; bingbot/2.0; +http://www.bing.com/bingbot.htm)"
149.37.222.138 - - [23/Feb/2026:01:03:26 +0000] "GET / HTTP/1.1" 304 50 "-" "Mozilla/5.0 (compatible; Googlebot/2.1; +http://www.google.com/bot.html)"
203.225.0.215 - - [23/Feb/2026:01:05:34 +0000] "GET /style.css HTTP/1.1" 200 134796 "-" "Mozilla/5.0 AppleWebKit/537.36 (compatible; GPTBot/1.3; +https://openai.com/gptbot)"
99.170.62.78 - - [23/Feb/2026:01:05:55 +0000] "GET /config HTTP/1.1" 301 386 "-" "Mozilla/5.0 (compatible; Amazonbot/0.1; +https://developer.amazon.com/support/amazonbot)"
188.194.31.5 - - [23/Feb/2026:01:29:12 +0000] "GET /logo.png HTTP/1.1" 200 68175 "-" "Mozilla/5.0 AppleWebKit/537.36 (compatible; GPTBot/1.3; +https://openai.com/gptbot)"
188.194.31.5 - - [23/Feb/2026:01:31:59 +0000] "GET /sitemap.xml HTTP/1.1" 200 6693 "-" "Mozilla/5.0 (compatible; Amazonbot/0.1; +https://developer.amazon.com/support/amazonbot)"
71.138.7.233 - - [23/Feb/2026:01:39:20 +0000] "GET / HTTP/1.1" 403 376 "-" "Mozilla/5.0 AppleWebKit/537.36 (compatible; GPTBot/1.3; +https://openai.com/gptbot)"
141.57.250.8 - - [23/Feb/2026:01:49:54 +0000] "GET /feed.xml HTTP/1.1" 200 62560 "-" "Mozilla/5.0 (compatible; Amazonbot/0.1; +https://developer.amazon.com/support/amazonbot)"
203.225.0.215 - - [23/Feb/2026:01:54:40 +0000] "GET /sitemap.xml HTTP/1.1" 304 319 "-" "Mozilla/5.0 (compatible; bingbot/2.0; +http://www.bing.com/bingbot.htm)"
60.241.196.176 - - [23/Feb/2026:01:54:50 +0000] "GET /style.css HTTP/1.1" 200 126550 "-" "ClaudeBot/1.0 (+https://www.anthropic.com/claudebot)"
60.241.196.176 - - [23/Feb/2026:01:57:08 +0000] "GET /about.html HTTP/1.1" 403 92 "-" "Mozilla/5.0 (compatible; Amazonbot/0.1; +https://developer.amazon.com/support/amazonbot)"
122.96.81.102 - - [23/Feb/2026:01:58:01 +0000] "GET /sitemap.xml HTTP/1.1" 200 3459 "-" "Mozilla/5.0 (compatible; Amazonbot/0.1; +https://developer.amazon.com/support/amazonbot)"
99.132.12.102 - - [23/Feb/2026:02:01:59 +0000] "GET /style.css HTTP/1.1" 200 1929 "-" "Mozilla/5.0 AppleWebKit/537.36 (compatible; GPTBot/1.3; +https://openai.com/gptbot)"
122.96.81.102 - - [23/Feb/2026:02:02:03 +0000] "GET / HTTP/1.1" 200 52928 "-" "Mozilla/5.0 (compatible; Googlebot/2.1; +http://www.google.com/bot.html)"
188.194.31.5 - - [23/Feb/2026:02:05:23 +0000] "GET /app.js HTTP/1.1" 200 129297 "-" "Mozilla/5.0 (compatible; Amazonbot/0.1; +https://developer.amazon.com/support/amazonbot)"
60.241.196.176 - - [23/Feb/2026:02:12:52 +0000] "GET /logo.png HTTP/1.1" 403 26 "-" "Mozilla/5.0 (compatible; bingbot/2.0; +http://www.bing.com/bingbot.htm)"
99.170.62.78 - - [23/Feb/2026:02:13:19 +0000] "GET /readme.txt HTTP/1.1" 200 27368 "-" "Mozilla/5.0 (compatible; Googlebot/2.1; +http://www.google.com/bot.html)"
122.96.81.102 - - [23/Feb/2026:02:13:27 +0000] "GET /style.css HTTP/1.1" 200 79637 "-" "Mozilla/5.0 (compatible; bingbot/2.0; +http://www.bing.com/bingbot.htm)"
99.170.62.78 - - [23/Feb/2026:02:13:41 +0000] "GET /index.html HTTP/1.1" 200 67698 "-" "Mozilla/5.0 (compatible; bingbot/2.0; +http://www.bing.com/bingbot.htm)"
141.57.250.8 - - [23/Feb/2026:02:16:41 +0000] "GET /index.html HTTP/1.1" 200 27643 "-" "Mozilla/5.0 (compatible; bingbot/2.0; +http://www.bing.com/bingbot.htm)"
149.37.222.138 - - [23/Feb/2026:02:21:25 +0000] "GET /index.html HTTP/1.1" 200 126634 "-" "Mozilla/5.0 (compatible; Googlebot/2.1; +http://www.google.com/bot.html)"
99.132.12.102 - - [23/Feb/2026:02:25:15 +0000] "GET /logo.png HTTP/1.1" 200 110709 "-" "Mozilla/5.0 AppleWebKit/537.36 (compatible; GPTBot/1.3; +https://openai.com/gptbot)"
141.57.250.8 - - [23/Feb/2026:02:27:29 +0000] "GET /style.css HTTP/1.1" 200 69201 "-" "Mozilla/5.0 (compatible; Amazonbot/0.1; +https://developer.amazon.com/support/amazonbot)"
188.194.31.5 - - [23/Feb/2026:02:28:48 +0000] "GET /feed.xml HTTP/1.1" 200 59255 "-" "Mozilla/5.0 AppleWebKit/537.36 (compatible; GPTBot/1.3; +https://openai.com/gptbot)"
122.96.81.102 - - [23/Feb/2026:02:36:58 +0000] "GET /readme.txt HTTP/1.1" 200 45952 "-" "Mozilla/5.0 AppleWebKit/537.36 (compatible; GPTBot/1.3; +https://openai.com/gptbot)"
188.194.31.5 - - [23/Feb/2026:02:42:07 +0000] "GET /index.html HTTP/1.1" 200 107650 "-" "Mozilla/5.0 (compatible; bingbot/2.0; +http://www.bing.com/bingbot.htm)"
99.132.12.102 - - [23/Feb/2026:02:48:32 +0000] "GET /index.html HTTP/1.1" 200 95270 "-" "Mozilla/5.0 (compatible; bingbot/2.0; +http://www.bing.com/bingbot.htm)"
203.225.0.215 - - [23/Feb/2026:02:49:11 +0000] "GET /readme.txt HTTP/1.1" 301 222 "-" "ClaudeBot/1.0 (+https://www.anthropic.com/claudebot)"
60.241.196.176 - - [23/Feb/2026:02:53:02 +0000] "GET /app.js HTTP/1.1" 200 40201 "-" "ClaudeBot/1.0 (+https://www.anthropic.com/claudebot)"
99.150.211.250 - - [23/Feb/2026:02:53:11 +0000] "GET /banner.jpg HTTP/1.1" 404 360 "-" "Mozilla/5.0 (compatible; Googlebot/2.1; +http://www.google.com/bot.html)"
99.132.12.102 - - [23/Feb/2026:02:54:46 +0000] "GET /config HTTP/1.1" 200 1643 "-" "Mozilla/5.0 (compatible; Googlebot/2.1; +http://www.google.com/bot.html)"
203.225.0.215 - - [23/Feb/2026:02:56:36 +0000] "GET /feed.xml HTTP/1.1" 200 71163 "-" "Mozilla/5.0 (compatible; bingbot/2.0; +http://www.bing.com/bingbot.htm)"
171.133.45.213 - - [23/Feb/2026:02:58:02 +0000] "GET /banner.jpg HTTP/1.1" 302 488 "-" "Mozilla/5.0 (compatible; bingbot/2.0; +http://www.bing.com/bingbot.htm)"
82.35.167.49 - - [23/Feb/2026:03:00:01 +0000] "GET /banner.jpg HTTP/1.1" 200 143999 "-" "Mozilla/5.0 (compatible; Googlebot/2.1; +http://www.google.com/bot.html)"
188.194.31.5 - - [23/Feb/2026:03:04:30 +0000] "GET /readme.txt HTTP/1.1" 200 88118 "-" "Mozilla/5.0 (compatible; Amazonbot/0.1; +https://developer.amazon.com/support/amazonbot)"
99.170.62.78 - - [23/Feb/2026:03:05:14 +0000] "GET /style.css HTTP/1.1" 200 126879 "-" "Mozilla/5.0 (compatible; Amazonbot/0.1; +https://developer.amazon.com/support/amazonbot)"
149.37.222.138 - - [23/Feb/2026:03:09:07 +0000] "GET /config HTTP/1.1" 304 275 "-" "Mozilla/5.0 (compatible; Googlebot/2.1; +http://www.google.com/bot.html)"
149.37.222.138 - - [23/Feb/2026:03:09:09 +0000] "GET /feed.xml HTTP/1.1" 200 135958 "-" "Mozilla/5.0 AppleWebKit/537.36 (compatible; GPTBot/1.3; +https://openai.com/gptbot)"
188.194.31.5 - - [23/Feb/2026:03:10:36 +0000] "GET / HTTP/1.1" 200 16064 "-" "Mozilla/5.0 AppleWebKit/537.36 (compatible; GPTBot/1.3; +https://openai.com/gptbot)"
99.170.62.78 - - [23/Feb/2026:03:12:34 +0000] "GET /app.js HTTP/1.1" 200 146881 "-" "Mozilla/5.0 (compatible; Googlebot/2.1; +http://www.google.com/bot.html)"
122.96.81.102 - - [23/Feb/2026:03:14:29 +0000] "GET /feed.xml HTTP/1.1" 302 274 "-" "Mozilla/5.0 (compatible; Amazonbot/0.1; +https://developer.amazon.com/support/amazonbot)"
99.170.62.78 - - [23/Feb/2026:03:16:02 +0000] "GET /banner.jpg HTTP/1.1" 404 201 "-" "Mozilla/5.0 (compatible; Amazonbot/0.1; +https://developer.amazon.com/support/amazonbot)"
99.150.211.250 - - [23/Feb/2026:03:17:37 +0000] "GET /about.html HTTP/1.1" 200 115777 "-" "Mozilla/5.0 AppleWebKit/537.36 (compatible; GPTBot/1.3; +https://openai.com/gptbot)"
188.194.31.5 - - [23/Feb/2026:03:24:48 +0000] "GET /banner.jpg HTTP/1.1" 200 77766 "-" "Mozilla/5.0 (compatible; bingbot/2.0; +http://www.bing.com/bingbot.htm)"
99.150.211.250 - - [23/Feb/2026:03:25:23 +0000] "GET /logo.png HTTP/1.1" 302 151 "-" "Mozilla/5.0 (compatible; Amazonbot/0.1; +https://developer.amazon.com/support/amazonbot)"
171.133.45.213 - - [23/Feb/2026:03:25:40 +0000] "GET /banner.jpg HTTP/1.1" 200 51699 "-" "Mozilla/5.0 (compatible; Googlebot/2.1; +http://www.google.com/bot.html)"
60.241.196.176 - - [23/Feb/2026:03:27:08 +0000] "GET / HTTP/1.1" 304 178 "-" "ClaudeBot/1.0 (+https://www.anthropic.com/claudebot)"
149.37.222.138 - - [23/Feb/2026:03:34:58 +0000] "GET /readme.txt HTTP/1.1" 200 36112 "-" "Mozilla/5.0 (compatible; Googlebot/2.1; +http://www.google.com/bot.html)"
82.35.167.49 - - [23/Feb/2026:03:36:30 +0000] "GET /feed.xml HTTP/1.1" 200 43702 "-" "ClaudeBot/1.0 (+https://www.anthropic.com/claudebot)"
82.35.167.49 - - [23/Feb/2026:03:38:33 +0000] "GET /logo.png HTTP/1.1" 304 352 "-" "ClaudeBot/1.0 (+https://www.anthropic.com/claudebot)"
171.133.45.213 - - [23/Feb/2026:03:44:01 +0000] "GET /style.css HTTP/1.1" 304 401 "-" "Mozilla/5.0 (compatible; bingbot/2.0; +http://www.bing.com/bingbot.htm)"
203.225.0.215 - - [23/Feb/2026:03:44:49 +0000] "GET /data.json HTTP/1.1" 200 55521 "-" "Mozilla/5.0 (compatible; bingbot/2.0; +http://www.bing.com/bingbot.htm)"
99.170.62.78 - - [23/Feb/2026:03:45:24 +0000] "GET /banner.jpg HTTP/1.1" 200 141988 "-" "Mozilla/5.0 AppleWebKit/537.36 (compatible; GPTBot/1.3; +https://openai.com/gptbot)"
99.132.12.102 - - [23/Feb/2026:03:45:34 +0000] "GET /banner.jpg HTTP/1.1" 403 191 "-" "Mozilla/5.0 AppleWebKit/537.36 (compatible; GPTBot/1.3; +https://openai.com/gptbot)"
141.57.250.8 - - [23/Feb/2026:03:47:56 +0000] "GET /app.js HTTP/1.1" 200 27719 "-" "Mozilla/5.0 (compatible; Amazonbot/0.1; +https://developer.amazon.com/support/amazonbot)"
141.57.250.8 - - [23/Feb/2026:03:48:52 +0000] "GET /logo.png HTTP/1.1" 404 249 "-" "Mozilla/5.0 AppleWebKit/537.36 (compatible; GPTBot/1.3; +https://openai.com/gptbot)"
99.132.12.102 - - [23/Feb/2026:03:49:54 +0000] "GET /about.html HTTP/1.1" 200 81051 "-" "Mozilla/5.0 (compatible; bingbot/2.0; +http://www.bing.com/bingbot.htm)"
203.225.0.215 - - [23/Feb/2026:03:50:19 +0000] "GET /config HTTP/1.1" 200 49413 "-" "Mozilla/5.0 (compatible; bingbot/2.0; +http://www.bing.com/bingbot.htm)"
99.170.62.78 - - [23/Feb/2026:03:51:16 +0000] "GET /sitemap.xml HTTP/1.1" 200 1747 "-" "Mozilla/5.0 (compatible; Amazonbot/0.1; +https://developer.amazon.com/support/amazonbot)"
99.150.211.250 - - [23/Feb/2026:03:52:12 +0000] "GET /banner.jpg HTTP/1.1" 200 58665 "-" "Mozilla/5.0 (compatible; Amazonbot/0.1; +https://developer.amazon.com/support/amazonbot)"
203.225.0.215 - - [23/Feb/2026:03:57:14 +0000] "GET /config HTTP/1.1" 301 270 "-" "Mozilla/5.0 (compatible; Amazonbot/0.1; +https://developer.amazon.com/support/amazonbot)"
203.225.0.215 - - [23/Feb/2026:04:04:17 +0000] "GET /banner.jpg HTTP/1.1" 200 15467 "-" "Mozilla/5.0 (compatible; Googlebot/2.1; +http://www.google.com/bot.html)"
99.132.12.102 - - [23/Feb/2026:04:04:56 +0000] "GET /readme.txt HTTP/1.1" 200 77229 "-" "Mozilla/5.0 (compatible; bingbot/2.0; +http://www.bing.com/bingbot.htm)"
99.170.62.78 - - [23/Feb/2026:04:05:40 +0000] "GET /style.css HTTP/1.1" 200 96562 "-" "Mozilla/5.0 AppleWebKit/537.36 (compatible; GPTBot/1.3; +https://openai.com/gptbot)"
99.170.62.78 - - [23/Feb/2026:04:16:32 +0000] "GET /sitemap.xml HTTP/1.1" 200 47214 "-" "Mozilla/5.0 (compatible; bingbot/2.0; +http://www.bing.com/bingbot.htm)"
71.138.7.233 - - [23/Feb/2026:04:22:08 +0000] "GET /index.html HTTP/1.1" 200 148878 "-" "Mozilla/5.0 (compatible; Googlebot/2.1; +http://www.google.com/bot.html)"
82.35.167.49 - - [23/Feb/2026:04:26:55 +0000] "GET /about.html HTTP/1.1" 200 24339 "-" "Mozilla/5.0 (compatible; Googlebot/2.1; +http://www.google.com/bot.html)"
203.225.0.215 - - [23/Feb/2026:04:28:07 +0000] "GET /feed.xml HTTP/1.1" 403 398 "-" "Mozilla/5.0 AppleWebKit/537.36 (compatible; GPTBot/1.3; +https://openai.com/gptbot)"
203.225.0.215 - - [23/Feb/2026:04:28:53 +0000] "GET /readme.txt HTTP/1.1" 200 3098 "-" "Mozilla/5.0 (compatible; bingbot/2.0; +http://www.bing.com/bingbot.htm)"
60.241.196.176 - - [23/Feb/2026:04:30:05 +0000] "GET /readme.txt HTTP/1.1" 200 124931 "-" "ClaudeBot/1.0 (+https://www.anthropic.com/claudebot)"
82.35.167.49 - - [23/Feb/2026:04:32:29 +0000] "GET /about.html HTTP/1.1" 200 48984 "-" "ClaudeBot/1.0 (+https://www.anthropic.com/claudebot)"
99.170.62.78 - - [23/Feb/2026:04:32:44 +0000] "GET /style.css HTTP/1.1" 200 70063 "-" "Mozilla/5.0 AppleWebKit/537.36 (compatible; GPTBot/1.3; +https://openai.com/gptbot)"
171.133.45.213 - - [23/Feb/2026:04:38:54 +0000] "GET / HTTP/1.1" 304 93 "-" "Mozilla/5.0 (compatible; Googlebot/2.1; +http://www.google.com/bot.html)"
60.241.196.176 - - [23/Feb/2026:04:45:56 +0000] "GET /banner.jpg HTTP/1.1" 200 115465 "-" "Mozilla/5.0 AppleWebKit/537.36 (compatible; GPTBot/1.3; +https://openai.com/gptbot)"
122.96.81.102 - - [23/Feb/2026:04:46:20 +0000] "GET / HTTP/1.1" 200 98987 "-" "Mozilla/5.0 (compatible; bingbot/2.0; +http://www.bing.com/bingbot.htm)"
171.133.45.213 - - [23/Feb/2026:04:47:46 +0000] "GET /config HTTP/1.1" 404 276 "-" "ClaudeBot/1.0 (+https://www.anthropic.com/claudebot)"
171.133.45.213 - - [23/Feb/2026:04:54:20 +0000] "GET /readme.txt HTTP/1.1" 304 240 "-" "Mozilla/5.0 AppleWebKit/537.36 (compatible; GPTBot/1.3; +https://openai.com/gptbot)"
99.150.211.250 - - [23/Feb/2026:04:54:54 +0000] "GET /style.css HTTP/1.1" 404 301 "-" "ClaudeBot/1.0 (+https://www.anthropic.com/claudebot)"
99.132.12.102 - - [23/Feb/2026:04:58:07 +0000] "GET /app.js HTTP/1.1" 304 84 "-" "Mozilla/5.0 (compatible; Amazonbot/0.1; +https://developer.amazon.com/support/amazonbot)"
71.138.7.233 - - [23/Feb/2026:05:01:36 +0000] "GET /feed.xml HTTP/1.1" 404 327 "-" "Mozilla/5.0 AppleWebKit/537.36 (compatible; GPTBot/1.3; +https://openai.com/gptbot)"
82.35.167.49 - - [23/Feb/2026:05:16:52 +0000] "GET /sitemap.xml HTTP/1.1" 404 10 "-" "ClaudeBot/1.0 (+https://www.anthropic.com/claudebot)"
82.35.167.49 - - [23/Feb/2026:05:17:17 +0000] "GET /config HTTP/1.1" 200 138758 "-" "ClaudeBot/1.0 (+https://www.anthropic.com/claudebot)"
99.170.62.78 - - [23/Feb/2026:05:20:57 +0000] "GET /sitemap.xml HTTP/1.1" 200 32323 "-" "ClaudeBot/1.0 (+https://www.anthropic.com/claudebot)"
71.138.7.233 - - [23/Feb/2026:05:21:11 +0000] "GET / HTTP/1.1" 304 381 "-" "Mozilla/5.0 AppleWebKit/537.36 (compatible; GPTBot/1.3; +https://openai.com/gptbot)"
99.150.211.250 - - [23/Feb/2026:05:26:55 +0000] "GET /index.html HTTP/1.1" 404 376 "-" "Mozilla/5.0 (compatible; bingbot/2.0; +http://www.bing.com/bingbot.htm)"
99.132.12.102 - - [23/Feb/2026:05:29:25 +0000] "GET /style.css HTTP/1.1" 200 107476 "-" "Mozilla/5.0 (compatible; bingbot/2.0; +http://www.bing.com/bingbot.htm)"
99.132.12.102 - - [23/Feb/2026:05:32:47 +0000] "GET /feed.xml HTTP/1.1" 200 44159 "-" "ClaudeBot/1.0 (+https://www.anthropic.com/claudebot)"
60.241.196.176 - - [23/Feb/2026:05:37:33 +0000] "GET /data.json HTTP/1.1" 200 148650 "-" "Mozilla/5.0 (compatible; Googlebot/2.1; +http://www.google.com/bot.html)"
99.150.211.250 - - [23/Feb/2026:05:39:04 +0000] "GET /about.html HTTP/1.1" 200 68557 "-" "Mozilla/5.0 (compatible; Amazonbot/0.1; +https://developer.amazon.com/support/amazonbot)"
82.35.167.49 - - [23/Feb/2026:05:43:51 +0000] "GET /readme.txt HTTP/1.1" 304 442 "-" "Mozilla/5.0 (compatible; Amazonbot/0.1; +https://developer.amazon.com/support/amazonbot)"
60.241.196.176 - - [23/Feb/2026:05:45:35 +0000] "GET /sitemap.xml HTTP/1.1" 200 25395 "-" "Mozilla/5.0 (compatible; Googlebot/2.1; +http://www.google.com/bot.html)"
122.96.81.102 - - [23/Feb/2026:05:46:05 +0000] "GET /feed.xml HTTP/1.1" 200 145204 "-" "Mozilla/5.0 (compatible; bingbot/2.0; +http://www.bing.com/bingbot.htm)"
99.170.62.78 - - [23/Feb/2026:05:47:32 +0000] "GET /config HTTP/1.1" 304 265 "-" "ClaudeBot/1.0 (+https://www.anthropic.com/claudebot)"
141.57.250.8 - - [23/Feb/2026:05:50:04 +0000] "GET /about.html HTTP/1.1" 200 61441 "-" "Mozilla/5.0 AppleWebKit/537.36 (compatible; GPTBot/1.3; +https://openai.com/gptbot)"
99.170.62.78 - - [23/Feb/2026:05:52:55 +0000] "GET /sitemap.xml HTTP/1.1" 200 58618 "-" "Mozilla/5.0 (compatible; Amazonbot/0.1; +https://developer.amazon.com/support/amazonbot)"
188.194.31.5 - - [23/Feb/2026:05:55:05 +0000] "GET /config HTTP/1.1" 200 6756 "-" "Mozilla/5.0 (compatible; Googlebot/2.1; +http://www.google.com/bot.html)"
60.241.196.176 - - [23/Feb/2026:05:56:21 +0000] "GET /config HTTP/1.1" 200 41290 "-" "Mozilla/5.0 (compatible; Amazonbot/0.1; +https://developer.amazon.com/support/amazonbot)"
188.194.31.5 - - [23/Feb/2026:05:56:52 +0000] "GET /sitemap.xml HTTP/1.1" 304 322 "-" "Mozilla/5.0 AppleWebKit/537.36 (compatible; GPTBot/1.3; +https://openai.com/gptbot)"
203.225.0.215 - - [23/Feb/2026:05:59:42 +0000] "GET /banner.jpg HTTP/1.1" 200 12196 "-" "Mozilla/5.0 AppleWebKit/537.36 (compatible; GPTBot/1.3; +https://openai.com/gptbot)"
171.133.45.213 - - [23/Feb/2026:05:59:50 +0000] "GET /style.css HTTP/1.1" 200 88874 "-" "Mozilla/5.0 (compatible; bingbot/2.0; +http://www.bing.com/bingbot.htm)"
171.133.45.213 - - [23/Feb/2026:06:00:59 +0000] "GET /index.html HTTP/1.1" 200 19471 "-" "Mozilla/5.0 (compatible; bingbot/2.0; +http://www.bing.com/bingbot.htm)"
99.150.211.250 - - [23/Feb/2026:06:02:46 +0000] "GET /about.html HTTP/1.1" 200 73228 "-" "Mozilla/5.0 (compatible; Googlebot/2.1; +http://www.google.com/bot.html)"
99.150.211.250 - - [23/Feb/2026:06:03:01 +0000] "GET /data.json HTTP/1.1" 404 255 "-" "Mozilla/5.0 (compatible; Amazonbot/0.1; +https://developer.amazon.com/support/amazonbot)"
71.138.7.233 - - [23/Feb/2026:06:03:16 +0000] "GET /banner.jpg HTTP/1.1" 304 161 "-" "Mozilla/5.0 (compatible; bingbot/2.0; +http://www.bing.com/bingbot.htm)"
149.37.222.138 - - [23/Feb/2026:06:11:32 +0000] "GET /feed.xml HTTP/1.1" 200 50152 "-" "Mozilla/5.0 (compatible; Googlebot/2.1; +http://www.google.com/bot.html)"
203.225.0.215 - - [23/Feb/2026:06:11:52 +0000] "GET /data.json HTTP/1.1" 200 44256 "-" "Mozilla/5.0 (compatible; bingbot/2.0; +http://www.bing.com/bingbot.htm)"
71.138.7.233 - - [23/Feb/2026:06:13:19 +0000] "GET /style.css HTTP/1.1" 404 422 "-" "Mozilla/5.0 AppleWebKit/537.36 (compatible; GPTBot/1.3; +https://openai.com/gptbot)"
122.96.81.102 - - [23/Feb/2026:06:16:22 +0000] "GET /data.json HTTP/1.1" 200 118094 "-" "Mozilla/5.0 (compatible; Googlebot/2.1; +http://www.google.com/bot.html)"
71.138.7.233 - - [23/Feb/2026:06:23:45 +0000] "GET /style.css HTTP/1.1" 403 259 "-" "ClaudeBot/1.0 (+https://www.anthropic.com/claudebot)"
60.241.196.176 - - [23/Feb/2026:06:24:44 +0000] "GET /index.html HTTP/1.1" 404 279 "-" "ClaudeBot/1.0 (+https://www.anthropic.com/claudebot)"
122.96.81.102 - - [23/Feb/2026:06:26:49 +0000] "GET /index.html HTTP/1.1" 200 58714 "-" "Mozilla/5.0 (compatible; Googlebot/2.1; +http://www.google.com/bot.html)"
99.132.12.102 - - [23/Feb/2026:06:28:24 +0000] "GET / HTTP/1.1" 302 341 "-" "Mozilla/5.0 AppleWebKit/537.36 (compatible; GPTBot/1.3; +https://openai.com/gptbot)"
82.35.167.49 - - [23/Feb/2026:06:28:54 +0000] "GET /data.json HTTP/1.1" 200 126877 "-" "ClaudeBot/1.0 (+https://www.anthropic.com/claudebot)"
99.150.211.250 - - [23/Feb/2026:06:33:05 +0000] "GET /about.html HTTP/1.1" 200 62790 "-" "Mozilla/5.0 (compatible; bingbot/2.0; +http://www.bing.com/bingbot.htm)"
82.35.167.49 - - [23/Feb/2026:06:34:57 +0000] "GET /sitemap.xml HTTP/1.1" 304 478 "-" "Mozilla/5.0 (compatible; bingbot/2.0; +http://www.bing.com/bingbot.htm)"
99.150.211.250 - - [23/Feb/2026:06:35:24 +0000] "GET /config HTTP/1.1" 200 129840 "-" "Mozilla/5.0 (compatible; Googlebot/2.1; +http://www.google.com/bot.html)"
60.241.196.176 - - [23/Feb/2026:06:38:54 +0000] "GET /readme.txt HTTP/1.1" 304 147 "-" "Mozilla/5.0 (compatible; Googlebot/2.1; +http://www.google.com/bot.html)"
99.132.12.102 - - [23/Feb/2026:06:42:58 +0000] "GET /about.html HTTP/1.1" 200 117424 "-" "Mozilla/5.0 AppleWebKit/537.36 (compatible; GPTBot/1.3; +https://openai.com/gptbot)"
122.96.81.102 - - [23/Feb/2026:06:43:22 +0000] "GET /logo.png HTTP/1.1" 304 3 "-" "ClaudeBot/1.0 (+https://www.anthropic.com/claudebot)"
82.35.167.49 - - [23/Feb/2026:06:43:42 +0000] "GET /about.html HTTP/1.1" 200 146043 "-" "ClaudeBot/1.0 (+https://www.anthropic.com/claudebot)"
122.96.81.102 - - [23/Feb/2026:06:48:06 +0000] "GET /data.json HTTP/1.1" 404 412 "-" "ClaudeBot/1.0 (+https://www.anthropic.com/claudebot)"
188.194.31.5 - - [23/Feb/2026:06:48:49 +0000] "GET /readme.txt HTTP/1.1" 200 45833 "-" "Mozilla/5.0 (compatible; bingbot/2.0; +http://www.bing.com/bingbot.htm)"
171.133.45.213 - - [23/Feb/2026:06:48:56 +0000] "GET /sitemap.xml HTTP/1.1" 200 117531 "-" "ClaudeBot/1.0 (+https://www.anthropic.com/claudebot)"
171.133.45.213 - - [23/Feb/2026:06:52:06 +0000] "GET /sitemap.xml HTTP/1.1" 302 224 "-" "ClaudeBot/1.0 (+https://www.anthropic.com/claudebot)"
122.96.81.102 - - [23/Feb/2026:06:52:10 +0000] "GET /banner.jpg HTTP/1.1" 404 235 "-" "Mozilla/5.0 (compatible; Amazonbot/0.1; +https://developer.amazon.com/support/amazonbot)"
82.35.167.49 - - [23/Feb/2026:07:00:07 +0000] "GET /about.html HTTP/1.1" 404 422 "-" "Mozilla/5.0 AppleWebKit/537.36 (compatible; GPTBot/1.3; +https://openai.com/gptbot)"
71.138.7.233 - - [23/Feb/2026:07:00:53 +0000] "GET /about.html HTTP/1.1" 200 120392 "-" "Mozilla/5.0 (compatible; Googlebot/2.1; +http://www.google.com/bot.html)"
71.138.7.233 - - [23/Feb/2026:07:01:35 +0000] "GET /banner.jpg HTTP/1.1" 200 14100 "-" "Mozilla/5.0 (compatible; bingbot/2.0; +http://www.bing.com/bingbot.htm)"
99.150.211.250 - - [23/Feb/2026:07:02:25 +0000] "GET /app.js HTTP/1.1" 304 416 "-" "ClaudeBot/1.0 (+https://www.anthropic.com/claudebot)"
203.225.0.215 - - [23/Feb/2026:07:10:23 +0000] "GET /readme.txt HTTP/1.1" 200 137379 "-" "ClaudeBot/1.0 (+https://www.anthropic.com/claudebot)"
149.37.222.138 - - [23/Feb/2026:07:14:47 +0000] "GET /banner.jpg HTTP/1.1" 200 114756 "-" "ClaudeBot/1.0 (+https://www.anthropic.com/claudebot)"
171.133.45.213 - - [23/Feb/2026:07:17:54 +0000] "GET /config HTTP/1.1" 200 92701 "-" "Mozilla/5.0 (compatible; Googlebot/2.1; +http://www.google.com/bot.html)"
171.133.45.213 - - [23/Feb/2026:07:21:20 +0000] "GET /config HTTP/1.1" 304 1 "-" "Mozilla/5.0 (compatible; Amazonbot/0.1; +https://developer.amazon.com/support/amazonbot)"
188.194.31.5 - - [23/Feb/2026:07:23:15 +0000] "GET /logo.png HTTP/1.1" 200 76175 "-" "Mozilla/5.0 (compatible; Googlebot/2.1; +http://www.google.com/bot.html)"
99.150.211.250 - - [23/Feb/2026:07:24:11 +0000] "GET /about.html HTTP/1.1" 200 131755 "-" "Mozilla/5.0 (compatible; Googlebot/2.1; +http://www.google.com/bot.html)"
122.96.81.102 - - [23/Feb/2026:07:26:38 +0000] "GET /data.json HTTP/1.1" 200 142582 "-" "Mozilla/5.0 AppleWebKit/537.36 (compatible; GPTBot/1.3; +https://openai.com/gptbot)"
141.57.250.8 - - [23/Feb/2026:07:29:56 +0000] "GET /readme.txt HTTP/1.1" 200 65806 "-" "Mozilla/5.0 AppleWebKit/537.36 (compatible; GPTBot/1.3; +https://openai.com/gptbot)"
149.37.222.138 - - [23/Feb/2026:07:33:32 +0000] "GET /index.html HTTP/1.1" 200 130381 "-" "Mozilla/5.0 AppleWebKit/537.36 (compatible; GPTBot/1.3; +https://openai.com/gptbot)"
99.150.211.250 - - [23/Feb/2026:07:33:33 +0000] "GET /index.html HTTP/1.1" 200 120388 "-" "Mozilla/5.0 (compatible; Amazonbot/0.1; +https://developer.amazon.com/support/amazonbot)"
149.37.222.138 - - [23/Feb/2026:07:39:06 +0000] "GET /index.html HTTP/1.1" 200 85359 "-" "ClaudeBot/1.0 (+https://www.anthropic.com/claudebot)"
99.132.12.102 - - [23/Feb/2026:07:40:26 +0000] "GET / HTTP/1.1" 404 77 "-" "Mozilla/5.0 (compatible; bingbot/2.0; +http://www.bing.com/bingbot.htm)"
141.57.250.8 - - [23/Feb/2026:07:57:09 +0000] "GET /logo.png HTTP/1.1" 404 383 "-" "Mozilla/5.0 (compatible; bingbot/2.0; +http://www.bing.com/bingbot.htm)"
99.150.211.250 - - [23/Feb/2026:08:03:53 +0000] "GET /data.json HTTP/1.1" 200 66253 "-" "Mozilla/5.0 (compatible; Googlebot/2.1; +http://www.google.com/bot.html)"
141.57.250.8 - - [23/Feb/2026:08:09:25 +0000] "GET /style.css HTTP/1.1" 200 8764 "-" "Mozilla/5.0 AppleWebKit/537.36 (compatible; GPTBot/1.3; +https://openai.com/gptbot)"
149.37.222.138 - - [23/Feb/2026:08:10:52 +0000] "GET /style.css HTTP/1.1" 404 250 "-" "ClaudeBot/1.0 (+https://www.anthropic.com/claudebot)"
71.138.7.233 - - [23/Feb/2026:08:13:07 +0000] "GET /about.html HTTP/1.1" 302 13 "-" "Mozilla/5.0 AppleWebKit/537.36 (compatible; GPTBot/1.3; +https://openai.com/gptbot)"
60.241.196.176 - - [23/Feb/2026:08:17:50 +0000] "GET /sitemap.xml HTTP/1.1" 404 94 "-" "Mozilla/5.0 AppleWebKit/537.36 (compatible; GPTBot/1.3; +https://openai.com/gptbot)"
171.133.45.213 - - [23/Feb/2026:08:18:50 +0000] "GET /config HTTP/1.1" 404 341 "-" "Mozilla/5.0 (compatible; Googlebot/2.1; +http://www.google.com/bot.html)"
99.150.211.250 - - [23/Feb/2026:08:19:35 +0000] "GET /sitemap.xml HTTP/1.1" 200 66878 "-" "ClaudeBot/1.0 (+https://www.anthropic.com/claudebot)"
149.37.222.138 - - [23/Feb/2026:08:22:29 +0000] "GET /banner.jpg HTTP/1.1" 200 54127 "-" "Mozilla/5.0 (compatible; Amazonbot/0.1; +https://developer.amazon.com/support/amazonbot)"
99.132.12.102 - - [23/Feb/2026:08:29:08 +0000] "GET /style.css HTTP/1.1" 200 84108 "-" "Mozilla/5.0 (compatible; Amazonbot/0.1; +https://developer.amazon.com/support/amazonbot)"
188.194.31.5 - - [23/Feb/2026:08:29:46 +0000] "GET /readme.txt HTTP/1.1" 200 147748 "-" "Mozilla/5.0 (compatible; Googlebot/2.1; +http://www.google.com/bot.html)"
82.35.167.49 - - [23/Feb/2026:08:31:20 +0000] "GET /index.html HTTP/1.1" 301 485 "-" "Mozilla/5.0 (compatible; Amazonbot/0.1; +https://developer.amazon.com/support/amazonbot)"
82.35.167.49 - - [23/Feb/2026:08:48:06 +0000] "GET /readme.txt HTTP/1.1" 200 65658 "-" "Mozilla/5.0 (compatible; Googlebot/2.1; +http://www.google.com/bot.html)"
149.37.222.138 - - [23/Feb/2026:08:51:24 +0000] "GET / HTTP/1.1" 200 2543 "-" "ClaudeBot/1.0 (+https://www.anthropic.com/claudebot)"
82.35.167.49 - - [23/Feb/2026:09:08:38 +0000] "GET /app.js HTTP/1.1" 404 99 "-" "Mozilla/5.0 (compatible; Amazonbot/0.1; +https://developer.amazon.com/support/amazonbot)"
188.194.31.5 - - [23/Feb/2026:09:09:05 +0000] "GET /readme.txt HTTP/1.1" 200 25906 "-" "ClaudeBot/1.0 (+https://www.anthropic.com/claudebot)"
171.133.45.213 - - [23/Feb/2026:09:14:19 +0000] "GET /logo.png HTTP/1.1" 404 11 "-" "Mozilla/5.0 (compatible; bingbot/2.0; +http://www.bing.com/bingbot.htm)"
141.57.250.8 - - [23/Feb/2026:09:16:07 +0000] "GET /banner.jpg HTTP/1.1" 200 124890 "-" "Mozilla/5.0 (compatible; Amazonbot/0.1; +https://developer.amazon.com/support/amazonbot)"
82.35.167.49 - - [23/Feb/2026:09:16:12 +0000] "GET / HTTP/1.1" 200 129578 "-" "Mozilla/5.0 AppleWebKit/537.36 (compatible; GPTBot/1.3; +https://openai.com/gptbot)"
188.194.31.5 - - [23/Feb/2026:09:19:01 +0000] "GET /feed.xml HTTP/1.1" 200 25197 "-" "ClaudeBot/1.0 (+https://www.anthropic.com/claudebot)"
99.170.62.78 - - [23/Feb/2026:09:23:35 +0000] "GET /index.html HTTP/1.1" 404 417 "-" "Mozilla/5.0 AppleWebKit/537.36 (compatible; GPTBot/1.3; +https://openai.com/gptbot)"
171.133.45.213 - - [23/Feb/2026:09:26:51 +0000] "GET / HTTP/1.1" 200 122931 "-" "Mozilla/5.0 (compatible; bingbot/2.0; +http://www.bing.com/bingbot.htm)"
60.241.196.176 - - [23/Feb/2026:09:29:12 +0000] "GET /banner.jpg HTTP/1.1" 404 11 "-" "Mozilla/5.0 AppleWebKit/537.36 (compatible; GPTBot/1.3; +https://openai.com/gptbot)"
171.133.45.213 - - [23/Feb/2026:09:29:53 +0000] "GET /config HTTP/1.1" 200 86535 "-" "Mozilla/5.0 (compatible; Amazonbot/0.1; +https://developer.amazon.com/support/amazonbot)"
82.35.167.49 - - [23/Feb/2026:09:34:32 +0000] "GET /feed.xml HTTP/1.1" 404 357 "-" "Mozilla/5.0 (compatible; bingbot/2.0; +http://www.bing.com/bingbot.htm)"
99.132.12.102 - - [23/Feb/2026:09:37:24 +0000] "GET /banner.jpg HTTP/1.1" 200 54425 "-" "Mozilla/5.0 (compatible; Amazonbot/0.1; +https://developer.amazon.com/support/amazonbot)"
60.241.196.176 - - [23/Feb/2026:09:45:37 +0000] "GET /index.html HTTP/1.1" 200 21309 "-" "Mozilla/5.0 AppleWebKit/537.36 (compatible; GPTBot/1.3; +https://openai.com/gptbot)"
122.96.81.102 - - [23/Feb/2026:09:47:09 +0000] "GET / HTTP/1.1" 403 459 "-" "Mozilla/5.0 (compatible; Googlebot/2.1; +http://www.google.com/bot.html)"
99.170.62.78 - - [23/Feb/2026:09:57:49 +0000] "GET /config HTTP/1.1" 304 195 "-" "ClaudeBot/1.0 (+https://www.anthropic.com/claudebot)"
188.194.31.5 - - [23/Feb/2026:10:00:39 +0000] "GET /style.css HTTP/1.1" 304 64 "-" "Mozilla/5.0 (compatible; Googlebot/2.1; +http://www.google.com/bot.html)"
188.194.31.5 - - [23/Feb/2026:10:04:04 +0000] "GET /logo.png HTTP/1.1" 200 75802 "-" "ClaudeBot/1.0 (+https://www.anthropic.com/claudebot)"
99.150.211.250 - - [23/Feb/2026:10:04:38 +0000] "GET /feed.xml HTTP/1.1" 200 137975 "-" "Mozilla/5.0 (compatible; Amazonbot/0.1; +https://developer.amazon.com/support/amazonbot)"
82.35.167.49 - - [23/Feb/2026:10:14:55 +0000] "GET /data.json HTTP/1.1" 200 34465 "-" "Mozilla/5.0 (compatible; bingbot/2.0; +http://www.bing.com/bingbot.htm)"
203.225.0.215 - - [23/Feb/2026:10:15:44 +0000] "GET /index.html HTTP/1.1" 200 148160 "-" "Mozilla/5.0 AppleWebKit/537.36 (compatible; GPTBot/1.3; +https://openai.com/gptbot)"
99.132.12.102 - - [23/Feb/2026:10:16:30 +0000] "GET /sitemap.xml HTTP/1.1" 200 85449 "-" "Mozilla/5.0 (compatible; Googlebot/2.1; +http://www.google.com/bot.html)"
141.57.250.8 - - [23/Feb/2026:10:17:56 +0000] "GET /style.css HTTP/1.1" 404 18 "-" "ClaudeBot/1.0 (+https://www.anthropic.com/claudebot)"
188.194.31.5 - - [23/Feb/2026:10:23:14 +0000] "GET / HTTP/1.1" 200 12725 "-" "ClaudeBot/1.0 (+https://www.anthropic.com/claudebot)"
71.138.7.233 - - [23/Feb/2026:10:27:27 +0000] "GET /banner.jpg HTTP/1.1" 200 138999 "-" "Mozilla/5.0 (compatible; Amazonbot/0.1; +https://developer.amazon.com/support/amazonbot)"
71.138.7.233 - - [23/Feb/2026:10:28:27 +0000] "GET / HTTP/1.1" 404 282 "-" "Mozilla/5.0 (compatible; bingbot/2.0; +http://www.bing.com/bingbot.htm)"
122.96.81.102 - - [23/Feb/2026:10:31:51 +0000] "GET /app.js HTTP/1.1" 200 61089 "-" "Mozilla/5.0 (compatible; Amazonbot/0.1; +https://developer.amazon.com/support/amazonbot)"
171.133.45.213 - - [23/Feb/2026:10:32:05 +0000] "GET /config HTTP/1.1" 200 114946 "-" "Mozilla/5.0 AppleWebKit/537.36 (compatible; GPTBot/1.3; +https://openai.com/gptbot)"
149.37.222.138 - - [23/Feb/2026:10:32:20 +0000] "GET /data.json HTTP/1.1" 200 12105 "-" "Mozilla/5.0 (compatible; Googlebot/2.1; +http://www.google.com/bot.html)"
141.57.250.8 - - [23/Feb/2026:10:35:45 +0000] "GET /sitemap.xml HTTP/1.1" 200 31903 "-" "Mozilla/5.0 (compatible; Googlebot/2.1; +http://www.google.com/bot.html)"
99.170.62.78 - - [23/Feb/2026:10:36:18 +0000] "GET /sitemap.xml HTTP/1.1" 200 6546 "-" "Mozilla/5.0 (compatible; Amazonbot/0.1; +https://developer.amazon.com/support/amazonbot)"
82.35.167.49 - - [23/Feb/2026:10:36:21 +0000] "GET /sitemap.xml HTTP/1.1" 404 44 "-" "ClaudeBot/1.0 (+https://www.anthropic.com/claudebot)"
149.37.222.138 - - [23/Feb/2026:10:38:18 +0000] "GET /readme.txt HTTP/1.1" 404 254 "-" "Mozilla/5.0 (compatible; Googlebot/2.1; +http://www.google.com/bot.html)"
141.57.250.8 - - [23/Feb/2026:10:39:25 +0000] "GET / HTTP/1.1" 200 71401 "-" "Mozilla/5.0 (compatible; Googlebot/2.1; +http://www.google.com/bot.html)"
171.133.45.213 - - [23/Feb/2026:10:41:14 +0000] "GET /banner.jpg HTTP/1.1" 200 111819 "-" "Mozilla/5.0 (compatible; Amazonbot/0.1; +https://developer.amazon.com/support/amazonbot)"
188.194.31.5 - - [23/Feb/2026:10:45:18 +0000] "GET /config HTTP/1.1" 304 249 "-" "Mozilla/5.0 AppleWebKit/537.36 (compatible; GPTBot/1.3; +https://openai.com/gptbot)"
82.35.167.49 - - [23/Feb/2026:10:49:27 +0000] "GET /config HTTP/1.1" 200 27191 "-" "ClaudeBot/1.0 (+https://www.anthropic.com/claudebot)"
99.170.62.78 - - [23/Feb/2026:10:51:25 +0000] "GET /app.js HTTP/1.1" 302 436 "-" "ClaudeBot/1.0 (+https://www.anthropic.com/claudebot)"
99.132.12.102 - - [23/Feb/2026:10:52:56 +0000] "GET /feed.xml HTTP/1.1" 200 58102 "-" "ClaudeBot/1.0 (+https://www.anthropic.com/claudebot)"
141.57.250.8 - - [23/Feb/2026:10:56:59 +0000] "GET /data.json HTTP/1.1" 200 34333 "-" "Mozilla/5.0 (compatible; Amazonbot/0.1; +https://developer.amazon.com/support/amazonbot)"
99.132.12.102 - - [23/Feb/2026:11:02:22 +0000] "GET /index.html HTTP/1.1" 200 53975 "-" "ClaudeBot/1.0 (+https://www.anthropic.com/claudebot)"
171.133.45.213 - - [23/Feb/2026:11:03:35 +0000] "GET /style.css HTTP/1.1" 302 419 "-" "Mozilla/5.0 (compatible; bingbot/2.0; +http://www.bing.com/bingbot.htm)"
141.57.250.8 - - [23/Feb/2026:11:05:57 +0000] "GET /readme.txt HTTP/1.1" 304 321 "-" "Mozilla/5.0 (compatible; bingbot/2.0; +http://www.bing.com/bingbot.htm)"
203.225.0.215 - - [23/Feb/2026:11:06:26 +0000] "GET /config HTTP/1.1" 200 113972 "-" "Mozilla/5.0 AppleWebKit/537.36 (compatible; GPTBot/1.3; +https://openai.com/gptbot)"
60.241.196.176 - - [23/Feb/2026:11:10:11 +0000] "GET / HTTP/1.1" 200 133241 "-" "Mozilla/5.0 AppleWebKit/537.36 (compatible; GPTBot/1.3; +https://openai.com/gptbot)"
188.194.31.5 - - [23/Feb/2026:11:14:35 +0000] "GET /index.html HTTP/1.1" 200 39477 "-" "Mozilla/5.0 AppleWebKit/537.36 (compatible; GPTBot/1.3; +https://openai.com/gptbot)"
82.35.167.49 - - [23/Feb/2026:11:15:08 +0000] "GET /readme.txt HTTP/1.1" 200 134797 "-" "Mozilla/5.0 (compatible; Googlebot/2.1; +http://www.google.com/bot.html)"
203.225.0.215 - - [23/Feb/2026:11:15:41 +0000] "GET / HTTP/1.1" 404 204 "-" "ClaudeBot/1.0 (+https://www.anthropic.com/claudebot)"
99.150.211.250 - - [23/Feb/2026:11:15:54 +0000] "GET /logo.png HTTP/1.1" 200 106068 "-" "ClaudeBot/1.0 (+https://www.anthropic.com/claudebot)"
188.194.31.5 - - [23/Feb/2026:11:16:07 +0000] "GET /config HTTP/1.1" 200 75684 "-" "Mozilla/5.0 AppleWebKit/537.36 (compatible; GPTBot/1.3; +https://openai.com/gptbot)"
171.133.45.213 - - [23/Feb/2026:11:19:04 +0000] "GET /app.js HTTP/1.1" 200 4346 "-" "Mozilla/5.0 AppleWebKit/537.36 (compatible; GPTBot/1.3; +https://openai.com/gptbot)"
122.96.81.102 - - [23/Feb/2026:11:19:08 +0000] "GET /about.html HTTP/1.1" 200 34607 "-" "Mozilla/5.0 (compatible; bingbot/2.0; +http://www.bing.com/bingbot.htm)"
99.132.12.102 - - [23/Feb/2026:11:23:23 +0000] "GET /sitemap.xml HTTP/1.1" 200 40110 "-" "Mozilla/5.0 (compatible; Googlebot/2.1; +http://www.google.com/bot.html)"
171.133.45.213 - - [23/Feb/2026:11:26:47 +0000] "GET /banner.jpg HTTP/1.1" 200 135452 "-" "Mozilla/5.0 (compatible; Amazonbot/0.1; +https://developer.amazon.com/support/amazonbot)"
99.170.62.78 - - [23/Feb/2026:11:34:37 +0000] "GET /logo.png HTTP/1.1" 200 17943 "-" "ClaudeBot/1.0 (+https://www.anthropic.com/claudebot)"
149.37.222.138 - - [23/Feb/2026:11:35:56 +0000] "GET /about.html HTTP/1.1" 302 271 "-" "Mozilla/5.0 (compatible; bingbot/2.0; +http://www.bing.com/bingbot.htm)"
171.133.45.213 - - [23/Feb/2026:11:43:21 +0000] "GET /sitemap.xml HTTP/1.1" 304 141 "-" "Mozilla/5.0 (compatible; bingbot/2.0; +http://www.bing.com/bingbot.htm)"
188.194.31.5 - - [23/Feb/2026:11:43:24 +0000] "GET /readme.txt HTTP/1.1" 200 109401 "-" "Mozilla/5.0 (compatible; bingbot/2.0; +http://www.bing.com/bingbot.htm)"
99.150.211.250 - - [23/Feb/2026:11:46:01 +0000] "GET /about.html HTTP/1.1" 200 122772 "-" "ClaudeBot/1.0 (+https://www.anthropic.com/claudebot)"
203.225.0.215 - - [23/Feb/2026:11:47:11 +0000] "GET /style.css HTTP/1.1" 200 147137 "-" "Mozilla/5.0 AppleWebKit/537.36 (compatible; GPTBot/1.3; +https://openai.com/gptbot)"
99.132.12.102 - - [23/Feb/2026:11:50:29 +0000] "GET /about.html HTTP/1.1" 200 140381 "-" "Mozilla/5.0 (compatible; Amazonbot/0.1; +https://developer.amazon.com/support/amazonbot)"
82.35.167.49 - - [23/Feb/2026:11:52:10 +0000] "GET /app.js HTTP/1.1" 200 16527 "-" "Mozilla/5.0 (compatible; Googlebot/2.1; +http://www.google.com/bot.html)"
99.170.62.78 - - [23/Feb/2026:11:57:51 +0000] "GET /style.css HTTP/1.1" 200 47464 "-" "Mozilla/5.0 AppleWebKit/537.36 (compatible; GPTBot/1.3; +https://openai.com/gptbot)"
203.225.0.215 - - [23/Feb/2026:12:02:47 +0000] "GET /readme.txt HTTP/1.1" 200 3351 "-" "ClaudeBot/1.0 (+https://www.anthropic.com/claudebot)"
60.241.196.176 - - [23/Feb/2026:12:03:47 +0000] "GET /readme.txt HTTP/1.1" 404 63 "-" "Mozilla/5.0 (compatible; bingbot/2.0; +http://www.bing.com/bingbot.htm)"
149.37.222.138 - - [23/Feb/2026:12:12:58 +0000] "GET /readme.txt HTTP/1.1" 404 336 "-" "Mozilla/5.0 (compatible; Googlebot/2.1; +http://www.google.com/bot.html)"
71.138.7.233 - - [23/Feb/2026:12:16:51 +0000] "GET / HTTP/1.1" 304 233 "-" "Mozilla/5.0 (compatible; bingbot/2.0; +http://www.bing.com/bingbot.htm)"
203.225.0.215 - - [23/Feb/2026:12:17:06 +0000] "GET /data.json HTTP/1.1" 200 84490 "-" "ClaudeBot/1.0 (+https://www.anthropic.com/claudebot)"
99.150.211.250 - - [23/Feb/2026:12:18:30 +0000] "GET / HTTP/1.1" 200 132174 "-" "ClaudeBot/1.0 (+https://www.anthropic.com/claudebot)"
149.37.222.138 - - [23/Feb/2026:12:19:56 +0000] "GET /style.css HTTP/1.1" 200 40052 "-" "Mozilla/5.0 (compatible; Googlebot/2.1; +http://www.google.com/bot.html)"
141.57.250.8 - - [23/Feb/2026:12:22:17 +0000] "GET /index.html HTTP/1.1" 302 84 "-" "Mozilla/5.0 (compatible; Amazonbot/0.1; +https://developer.amazon.com/support/amazonbot)"
141.57.250.8 - - [23/Feb/2026:12:26:51 +0000] "GET /banner.jpg HTTP/1.1" 304 427 "-" "Mozilla/5.0 (compatible; Amazonbot/0.1; +https://developer.amazon.com/support/amazonbot)"
99.150.211.250 - - [23/Feb/2026:12:28:04 +0000] "GET / HTTP/1.1" 404 454 "-" "ClaudeBot/1.0 (+https://www.anthropic.com/claudebot)"
71.138.7.233 - - [23/Feb/2026:12:28:36 +0000] "GET /sitemap.xml HTTP/1.1" 200 149721 "-" "ClaudeBot/1.0 (+https://www.anthropic.com/claudebot)"
71.138.7.233 - - [23/Feb/2026:12:34:33 +0000] "GET /config HTTP/1.1" 200 31612 "-" "Mozilla/5.0 AppleWebKit/537.36 (compatible; GPTBot/1.3; +https://openai.com/gptbot)"
82.35.167.49 - - [23/Feb/2026:12:35:29 +0000] "GET /style.css HTTP/1.1" 200 57480 "-" "Mozilla/5.0 (compatible; Amazonbot/0.1; +https://developer.amazon.com/support/amazonbot)"
99.132.12.102 - - [23/Feb/2026:12:36:18 +0000] "GET /banner.jpg HTTP/1.1" 403 221 "-" "Mozilla/5.0 (compatible; Googlebot/2.1; +http://www.google.com/bot.html)"
99.132.12.102 - - [23/Feb/2026:12:36:39 +0000] "GET /index.html HTTP/1.1" 404 210 "-" "Mozilla/5.0 (compatible; bingbot/2.0; +http://www.bing.com/bingbot.htm)"
71.138.7.233 - - [23/Feb/2026:12:38:51 +0000] "GET /feed.xml HTTP/1.1" 200 112224 "-" "Mozilla/5.0 (compatible; Amazonbot/0.1; +https://developer.amazon.com/support/amazonbot)"
141.57.250.8 - - [23/Feb/2026:12:39:17 +0000] "GET /app.js HTTP/1.1" 304 200 "-" "Mozilla/5.0 (compatible; Amazonbot/0.1; +https://developer.amazon.com/support/amazonbot)"
141.57.250.8 - - [23/Feb/2026:12:50:01 +0000] "GET /logo.png HTTP/1.1" 404 378 "-" "Mozilla/5.0 (compatible; Amazonbot/0.1; +https://developer.amazon.com/support/amazonbot)"
149.37.222.138 - - [23/Feb/2026:12:52:35 +0000] "GET /style.css HTTP/1.1" 200 59196 "-" "Mozilla/5.0 (compatible; Googlebot/2.1; +http://www.google.com/bot.html)"
141.57.250.8 - - [23/Feb/2026:12:52:42 +0000] "GET /style.css HTTP/1.1" 200 146740 "-" "Mozilla/5.0 AppleWebKit/537.36 (compatible; GPTBot/1.3; +https://openai.com/gptbot)"
203.225.0.215 - - [23/Feb/2026:12:54:47 +0000] "GET /about.html HTTP/1.1" 200 5036 "-" "ClaudeBot/1.0 (+https://www.anthropic.com/claudebot)"
122.96.81.102 - - [23/Feb/2026:13:04:05 +0000] "GET /style.css HTTP/1.1" 200 17524 "-" "Mozilla/5.0 (compatible; Amazonbot/0.1; +https://developer.amazon.com/support/amazonbot)"
149.37.222.138 - - [23/Feb/2026:13:04:28 +0000] "GET /readme.txt HTTP/1.1" 200 92113 "-" "Mozilla/5.0 (compatible; Googlebot/2.1; +http://www.google.com/bot.html)"
60.241.196.176 - - [23/Feb/2026:13:05:09 +0000] "GET /readme.txt HTTP/1.1" 200 23162 "-" "Mozilla/5.0 (compatible; bingbot/2.0; +http://www.bing.com/bingbot.htm)"
122.96.81.102 - - [23/Feb/2026:13:05:12 +0000] "GET /data.json HTTP/1.1" 200 9756 "-" "Mozilla/5.0 (compatible; Amazonbot/0.1; +https://developer.amazon.com/support/amazonbot)"
60.241.196.176 - - [23/Feb/2026:13:05:34 +0000] "GET /about.html HTTP/1.1" 200 122394 "-" "Mozilla/5.0 AppleWebKit/537.36 (compatible; GPTBot/1.3; +https://openai.com/gptbot)"
141.57.250.8 - - [23/Feb/2026:13:06:54 +0000] "GET /data.json HTTP/1.1" 200 35222 "-" "Mozilla/5.0 AppleWebKit/537.36 (compatible; GPTBot/1.3; +https://openai.com/gptbot)"
171.133.45.213 - - [23/Feb/2026:13:07:00 +0000] "GET /data.json HTTP/1.1" 200 74909 "-" "Mozilla/5.0 (compatible; bingbot/2.0; +http://www.bing.com/bingbot.htm)"
71.138.7.233 - - [23/Feb/2026:13:08:47 +0000] "GET /readme.txt HTTP/1.1" 404 205 "-" "Mozilla/5.0 (compatible; bingbot/2.0; +http://www.bing.com/bingbot.htm)"
60.241.196.176 - - [23/Feb/2026:13:09:32 +0000] "GET /index.html HTTP/1.1" 200 33067 "-" "Mozilla/5.0 (compatible; Amazonbot/0.1; +https://developer.amazon.com/support/amazonbot)"
99.132.12.102 - - [23/Feb/2026:13:10:45 +0000] "GET /banner.jpg HTTP/1.1" 301 344 "-" "ClaudeBot/1.0 (+https://www.anthropic.com/claudebot)"
99.150.211.250 - - [23/Feb/2026:13:19:04 +0000] "GET /data.json HTTP/1.1" 200 115495 "-" "Mozilla/5.0 AppleWebKit/537.36 (compatible; GPTBot/1.3; +https://openai.com/gptbot)"
141.57.250.8 - - [23/Feb/2026:13:19:48 +0000] "GET / HTTP/1.1" 304 429 "-" "Mozilla/5.0 (compatible; Googlebot/2.1; +http://www.google.com/bot.html)"
188.194.31.5 - - [23/Feb/2026:13:20:02 +0000] "GET /sitemap.xml HTTP/1.1" 200 97742 "-" "Mozilla/5.0 (compatible; bingbot/2.0; +http://www.bing.com/bingbot.htm)"
60.241.196.176 - - [23/Feb/2026:13:25:29 +0000] "GET /index.html HTTP/1.1" 200 62957 "-" "ClaudeBot/1.0 (+https://www.anthropic.com/claudebot)"
99.132.12.102 - - [23/Feb/2026:13:27:42 +0000] "GET /sitemap.xml HTTP/1.1" 200 6754 "-" "Mozilla/5.0 AppleWebKit/537.36 (compatible; GPTBot/1.3; +https://openai.com/gptbot)"
122.96.81.102 - - [23/Feb/2026:13:31:11 +0000] "GET /index.html HTTP/1.1" 200 11197 "-" "ClaudeBot/1.0 (+https://www.anthropic.com/claudebot)"
82.35.167.49 - - [23/Feb/2026:13:36:01 +0000] "GET /banner.jpg HTTP/1.1" 200 56675 "-" "Mozilla/5.0 (compatible; bingbot/2.0; +http://www.bing.com/bingbot.htm)"
122.96.81.102 - - [23/Feb/2026:13:38:02 +0000] "GET / HTTP/1.1" 301 213 "-" "Mozilla/5.0 (compatible; Googlebot/2.1; +http://www.google.com/bot.html)"
71.138.7.233 - - [23/Feb/2026:13:38:03 +0000] "GET /banner.jpg HTTP/1.1" 200 85432 "-" "Mozilla/5.0 (compatible; bingbot/2.0; +http://www.bing.com/bingbot.htm)"
99.150.211.250 - - [23/Feb/2026:13:44:59 +0000] "GET /index.html HTTP/1.1" 200 149058 "-" "Mozilla/5.0 (compatible; bingbot/2.0; +http://www.bing.com/bingbot.htm)"
71.138.7.233 - - [23/Feb/2026:13:47:11 +0000] "GET /app.js HTTP/1.1" 200 47445 "-" "ClaudeBot/1.0 (+https://www.anthropic.com/claudebot)"
82.35.167.49 - - [23/Feb/2026:13:51:58 +0000] "GET /config HTTP/1.1" 304 414 "-" "ClaudeBot/1.0 (+https://www.anthropic.com/claudebot)"
122.96.81.102 - - [23/Feb/2026:13:58:17 +0000] "GET /feed.xml HTTP/1.1" 200 90891 "-" "Mozilla/5.0 (compatible; Amazonbot/0.1; +https://developer.amazon.com/support/amazonbot)"
149.37.222.138 - - [23/Feb/2026:14:01:06 +0000] "GET /index.html HTTP/1.1" 200 3731 "-" "Mozilla/5.0 (compatible; Googlebot/2.1; +http://www.google.com/bot.html)"
149.37.222.138 - - [23/Feb/2026:14:04:26 +0000] "GET /logo.png HTTP/1.1" 200 102475 "-" "Mozilla/5.0 (compatible; bingbot/2.0; +http://www.bing.com/bingbot.htm)"
188.194.31.5 - - [23/Feb/2026:14:05:21 +0000] "GET / HTTP/1.1" 200 54217 "-" "Mozilla/5.0 (compatible; Googlebot/2.1; +http://www.google.com/bot.html)"
