71.138.7.233 - - [18/Feb/2026:17:57:30 +0000] "GET /feed.xml HTTP/1.1" 200 46477 "-" "Mozilla/5.0 (compatible; Amazonbot/0.1; +https://developer.amazon.com/support/amazonbot)"
99.170.62.78 - - [18/Feb/2026:17:59:45 +0000] "GET /style.css HTTP/1.1" 200 111043 "-" "ClaudeBot/1.0 (+https://www.anthropic.com/claudebot)"
60.241.196.176 - - [18/Feb/2026:18:01:33 +0000] "GET / HTTP/1.1" 404 7 "-" "ClaudeBot/1.0 (+https://www.anthropic.com/claudebot)"
99.150.211.250 - - [18/Feb/2026:18:05:08 +0000] "GET /readme.txt HTTP/1.1" 200 32458 "-" "Mozilla/5.0 (compatible; bingbot/2.0; +http://www.bing.com/bingbot.htm)"
99.170.62.78 - - [18/Feb/2026:18:05:22 +0000] "GET /config HTTP/1.1" 404 340 "-" "Mozilla/5.0 (compatible; Amazonbot/0.1; +https://developer.amazon.com/support/amazonbot)"
141.57.250.8 - - [18/Feb/2026:18:15:11 +0000] "GET /logo.png HTTP/1.1" 200 44469 "-" "ClaudeBot/1.0 (+https://www.anthropic.com/claudebot)"
141.57.250.8 - - [18/Feb/2026:18:16:13 +0000] "GET /readme.txt HTTP/1.1" 200 147846 "-" "Mozilla/5.0 (compatible; bingbot/2.0; +http://www.bing.com/bingbot.htm)"
141.57.250.8 - - [18/Feb/2026:18:19:04 +0000] "GET /style.css HTTP/1.1" 200 135650 "-" "Mozilla/5.0 (compatible; Googlebot/2.1; +http://www.google.com/bot.html)"
122.96.81.102 - - [18/Feb/2026:18:22:37 +0000] "GET /app.js HTTP/1.1" 200 137601 "-" "Mozilla/5.0 AppleWebKit/537.36 (compatible; GPTBot/1.3; +https://openai.com/gptbot)"
99.170.62.78 - - [18/Feb/2026:18:25:34 +0000] "GET /index.html HTTP/1.1" 200 102517 "-" "Mozilla/5.0 (compatible; Amazonbot/0.1; +https://developer.amazon.com/support/amazonbot)"
60.241.196.176 - - [18/Feb/2026:18:26:24 +0000] "GET /banner.jpg HTTP/1.1" 404 193 "-" "Mozilla/5.0 (compatible; Amazonbot/0.1; +https://developer.amazon.com/support/amazonbot)"
122.96.81.102 - - [18/Feb/2026:18:31:07 +0000] "GET /about.html HTTP/1.1" 404 406 "-" "Mozilla/5.0 (compatible; bingbot/2.0; +http://www.bing.com/bingbot.htm)"
99.170.62.78 - - [18/Feb/2026:18:36:22 +0000] "GET /index.html HTTP/1.1" 404 407 "-" "Mozilla/5.0 (compatible; bingbot/2.0; +http://www.bing.com/bingbot.htm)"
99.170.62.78 - - [18/Feb/2026:18:36:54 +0000] "GET /config HTTP/1.1" 304 45 "-" "Mozilla/5.0 (compatible; Googlebot/2.1; +http://www.google.com/bot.html)"
60.241.196.176 - - [18/Feb/2026:18:41:29 +0000] "GET / HTTP/1.1" 200 4366 "-" "Mozilla/5.0 (compatible; bingbot/2.0; +http://www.bing.com/bingbot.htm)"
171.133.45.213 - - [18/Feb/2026:18:42:17 +0000] "GET /readme.txt HTTP/1.1" 404 100 "-" "Mozilla/5.0 (compatible; bingbot/2.0; +http://www.bing.com/bingbot.htm)"
203.225.0.215 - - [18/Feb/2026:18:42:40 +0000] "GET /config HTTP/1.1" 200 74077 "-" "Mozilla/5.0 (compatible; bingbot/2.0; +http://www.bing.com/bingbot.htm)"
188.194.31.5 - - [18/Feb/2026:18:44:07 +0000] "GET /config HTTP/1.1" 200 1246 "-" "ClaudeBot/1.0 (+https://www.anthropic.com/claudebot)"
122.96.81.102 - - [18/Feb/2026:18:44:16 +0000] "GET /sitemap.xml HTTP/1.1" 200 51759 "-" "Mozilla/5.0 AppleWebKit/537.36 (compatible; GPTBot/1.3; +https://openai.com/gptbot)"
71.138.7.233 - - [18/Feb/2026:18:45:37 +0000] "GET /readme.txt HTTP/1.1" 200 61773 "-" "Mozilla/5.0 (compatible; Amazonbot/0.1; +https://developer.amazon.com/support/amazonbot)"
99.150.211.250 - - [18/Feb/2026:18:47:19 +0000] "GET /index.html HTTP/1.1" 200 33763 "-" "Mozilla/5.0 (compatible; Googlebot/2.1; +http://www.google.com/bot.html)"
99.170.62.78 - - [18/Feb/2026:18:50:03 +0000] "GET / HTTP/1.1" 200 121841 "-" "Mozilla/5.0 (compatible; bingbot/2.0; +http://www.bing.com/bingbot.htm)"
122.96.81.102 - - [18/Feb/2026:18:55:18 +0000] "GET /banner.jpg HTTP/1.1" 200 65055 "-" "Mozilla/5.0 (compatible; Googlebot/2.1; +http://www.google.com/bot.html)"
149.37.222.138 - - [18/Feb/2026:18:57:13 +0000] "GET /config HTTP/1.1" 200 29980 "-" "Mozilla/5.0 (compatible; Googlebot/2.1; +http://www.google.com/bot.html)"
122.96.81.102 - - [18/Feb/2026:18:57:52 +0000] "GET /config HTTP/1.1" 200 64501 "-" "Mozilla/5.0 (compatible; bingbot/2.0; +http://www.bing.com/bingbot.htm)"
71.138.7.233 - - [18/Feb/2026:19:00:03 +0000] "GET /readme.txt HTTP/1.1" 404 229 "-" "Mozilla/5.0 AppleWebKit/537.36 (compatible; GPTBot/1.3; +https://openai.com/gptbot)"
122.96.81.102 - - [18/Feb/2026:19:00:08 +0000] "GET /logo.png HTTP/1.1" 200 59383 "-" "Mozilla/5.0 (compatible; Amazonbot/0.1; +https://developer.amazon.com/support/amazonbot)"
99.150.211.250 - - [18/Feb/2026:19:08:51 +0000] "GET /readme.txt HTTP/1.1" 200 30626 "-" "Mozilla/5.0 (compatible; Googlebot/2.1; +http://www.google.com/bot.html)"
99.150.211.250 - - [18/Feb/2026:19:10:05 +0000] "GET /data.json HTTP/1.1" 200 71339 "-" "Mozilla/5.0 AppleWebKit/537.36 (compatible; GPTBot/1.3; +https://openai.com/gptbot)"
171.133.45.213 - - [18/Feb/2026:19:12:56 +0000] "GET /app.js HTTP/1.1" 304 472 "-" "Mozilla/5.0 (compatible; Googlebot/2.1; +http://www.google.com/bot.html)"
99.150.211.250 - - [18/Feb/2026:19:16:50 +0000] "GET /sitemap.xml HTTP/1.1" 200 110551 "-" "Mozilla/5.0 (compatible; Amazonbot/0.1; +https://developer.amazon.com/support/amazonbot)"
99.132.12.102 - - [18/Feb/2026:19:20:32 +0000] "GET / HTTP/1.1" 404 98 "-" "ClaudeBot/1.0 (+https://www.anthropic.com/claudebot)"
141.57.250.8 - - [18/Feb/2026:19:22:59 +0000] "GET /readme.txt HTTP/1.1" 200 145494 "-" "ClaudeBot/1.0 (+https://www.anthropic.com/claudebot)"
122.96.81.102 - - [18/Feb/2026:19:24:03 +0000] "GET /data.json HTTP/1.1" 200 127810 "-" "Mozilla/5.0 (compatible; bingbot/2.0; +http://www.bing.com/bingbot.htm)"
141.57.250.8 - - [18/Feb/2026:19:26:00 +0000] "GET / HTTP/1.1" 200 112876 "-" "Mozilla/5.0 AppleWebKit/537.36 (compatible; GPTBot/1.3; +https://openai.com/gptbot)"
99.170.62.78 - - [18/Feb/2026:19:29:17 +0000] "GET /logo.png HTTP/1.1" 200 70837 "-" "Mozilla/5.0 (compatible; Googlebot/2.1; +http://www.google.com/bot.html)"
71.138.7.233 - - [18/Feb/2026:19:34:27 +0000] "GET /app.js HTTP/1.1" 200 54694 "-" "Mozilla/5.0 (compatible; Googlebot/2.1; +http://www.google.com/bot.html)"
82.35.167.49 - - [18/Feb/2026:19:34:27 +0000] "GET /index.html HTTP/1.1" 403 210 "-" "Mozilla/5.0 (compatible; Amazonbot/0.1; +https://developer.amazon.com/support/amazonbot)"
171.133.45.213 - - [18/Feb/2026:19:43:57 +0000] "GET /feed.xml HTTP/1.1" 200 62311 "-" "ClaudeBot/1.0 (+https://www.anthropic.com/claudebot)"
71.138.7.233 - - [18/Feb/2026:19:47:21 +0000] "GET /app.js HTTP/1.1" 200 95847 "-" "Mozilla/5.0 (compatible; bingbot/2.0; +http://www.bing.com/bingbot.htm)"
141.57.250.8 - - [18/Feb/2026:19:50:56 +0000] "GET /logo.png HTTP/1.1" 200 146870 "-" "Mozilla/5.0 AppleWebKit/537.36 (compatible; GPTBot/1.3; +https://openai.com/gptbot)"
99.132.12.102 - - [18/Feb/2026:19:51:30 +0000] "GET / HTTP/1.1" 200 134914 "-" "Mozilla/5.0 (compatible; Googlebot/2.1; +http://www.google.com/bot.html)"
82.35.167.49 - - [18/Feb/2026:19:53:14 +0000] "GET /data.json HTTP/1.1" 304 484 "-" "Mozilla/5.0 AppleWebKit/537.36 (compatible; GPTBot/1.3; +https://openai.com/gptbot)"
60.241.196.176 - - [18/Feb/2026:19:53:34 +0000] "GET /banner.jpg HTTP/1.1" 200 32298 "-" "Mozilla/5.0 AppleWebKit/537.36 (compatible; GPTBot/1.3; +https://openai.com/gptbot)"
171.133.45.213 - - [18/Feb/2026:19:54:22 +0000] "GET /app.js HTTP/1.1" 200 50204 "-" "Mozilla/5.0 AppleWebKit/537.36 (compatible; GPTBot/1.3; +https://openai.com/gptbot)"
99.132.12.102 - - [18/Feb/2026:19:55:50 +0000] "GET /config HTTP/1.1" 200 115024 "-" "Mozilla/5.0 (compatible; bingbot/2.0; +http://www.bing.com/bingbot.htm)"
71.138.7.233 - - [18/Feb/2026:19:58:13 +0000] "GET /about.html HTTP/1.1" 200 10466 "-" "Mozilla/5.0 (compatible; Amazonbot/0.1; +https://developer.amazon.com/support/amazonbot)"
99.132.12.102 - - [18/Feb/2026:19:58:56 +0000] "GET /feed.xml HTTP/1.1" 200 115842 "-" "Mozilla/5.0 (compatible; Amazonbot/0.1; +https://developer.amazon.com/support/amazonbot)"
99.132.12.102 - - [18/Feb/2026:19:59:47 +0000] "GET /banner.jpg HTTP/1.1" 200 45420 "-" "Mozilla/5.0 (compatible; Amazonbot/0.1; +https://developer.amazon.com/support/amazonbot)"
60.241.196.176 - - [18/Feb/2026:20:10:32 +0000] "GET /about.html HTTP/1.1" 404 448 "-" "Mozilla/5.0 (compatible; Googlebot/2.1; +http://www.google.com/bot.html)"
99.170.62.78 - - [18/Feb/2026:20:19:33 +0000] "GET /data.json HTTP/1.1" 200 7025 "-" "Mozilla/5.0 (compatible; Amazonbot/0.1; +https://developer.amazon.com/support/amazonbot)"
71.138.7.233 - - [18/Feb/2026:20:25:38 +0000] "GET /feed.xml HTTP/1.1" 403 48 "-" "Mozilla/5.0 (compatible; Googlebot/2.1; +http://www.google.com/bot.html)"
171.133.45.213 - - [18/Feb/2026:20:27:54 +0000] "GET /index.html HTTP/1.1" 200 139210 "-" "Mozilla/5.0 AppleWebKit/537.36 (compatible; GPTBot/1.3; +https://openai.com/gptbot)"
149.37.222.138 - - [18/Feb/2026:20:28:12 +0000] "GET /style.css HTTP/1.1" 200 34333 "-" "Mozilla/5.0 (compatible; Amazonbot/0.1; +https://developer.amazon.com/support/amazonbot)"
82.35.167.49 - - [18/Feb/2026:20:32:07 +0000] "GET /feed.xml HTTP/1.1" 404 269 "-" "Mozilla/5.0 (compatible; bingbot/2.0; +http://www.bing.com/bingbot.htm)"
149.37.222.138 - - [18/Feb/2026:20:35:24 +0000] "GET /style.css HTTP/1.1" 200 74824 "-" "Mozilla/5.0 (compatible; bingbot/2.0; +http://www.bing.com/bingbot.htm)"
99.150.211.250 - - [18/Feb/2026:20:40:28 +0000] "GET /banner.jpg HTTP/1.1" 200 107526 "-" "Mozilla/5.0 (compatible; Amazonbot/0.1; +https://developer.amazon.com/support/amazonbot)"
60.241.196.176 - - [18/Feb/2026:20:41:56 +0000] "GET /config HTTP/1.1" 200 74952 "-" "Mozilla/5.0 AppleWebKit/537.36 (compatible; GPTBot/1.3; +https://openai.com/gptbot)"
203.225.0.215 - - [18/Feb/2026:20:46:07 +0000] "GET /feed.xml HTTP/1.1" 302 120 "-" "Mozilla/5.0 AppleWebKit/537.36 (compatible; GPTBot/1.3; +https://openai.com/gptbot)"
60.241.196.176 - - [18/Feb/2026:20:51:44 +0000] "GET /config HTTP/1.1" 404 77 "-" "Mozilla/5.0 (compatible; bingbot/2.0; +http://www.bing.com/bingbot.htm)"
188.194.31.5 - - [18/Feb/2026:20:57:17 +0000] "GET /style.css HTTP/1.1" 200 39327 "-" "Mozilla/5.0 (compatible; bingbot/2.0; +http://www.bing.com/bingbot.htm)"
82.35.167.49 - - [18/Feb/2026:21:02:41 +0000] "GET /style.css HTTP/1.1" 200 28470 "-" "ClaudeBot/1.0 (+https://www.anthropic.com/claudebot)"
82.35.167.49 - - [18/Feb/2026:21:04:20 +0000] "GET /feed.xml HTTP/1.1" 200 18098 "-" "Mozilla/5.0 (compatible; Amazonbot/0.1; +https://developer.amazon.com/support/amazonbot)"
171.133.45.213 - - [18/Feb/2026:21:05:08 +0000] "GET /readme.txt HTTP/1.1" 200 87581 "-" "Mozilla/5.0 (compatible; Googlebot/2.1; +http://www.google.com/bot.html)"
99.150.211.250 - - [18/Feb/2026:21:07:18 +0000] "GET /app.js HTTP/1.1" 200 25709 "-" "Mozilla/5.0 (compatible; bingbot/2.0; +http://www.bing.com/bingbot.htm)"
60.241.196.176 - - [18/Feb/2026:21:08:47 +0000] "GET /config HTTP/1.1" 403 180 "-" "ClaudeBot/1.0 (+https://www.anthropic.com/claudebot)"
99.150.211.250 - - [18/Feb/2026:21:09:26 +0000] "GET /index.html HTTP/1.1" 404 25 "-" "Mozilla/5.0 AppleWebKit/537.36 (compatible; GPTBot/1.3; +https://openai.com/gptbot)"
171.133.45.213 - - [18/Feb/2026:21:11:13 +0000] "GET /style.css HTTP/1.1" 200 91105 "-" "Mozilla/5.0 (compatible; bingbot/2.0; +http://www.bing.com/bingbot.htm)"
122.96.81.102 - - [18/Feb/2026:21:13:16 +0000] "GET /sitemap.xml HTTP/1.1" 200 33140 "-" "Mozilla/5.0 (compatible; Googlebot/2.1; +http://www.google.com/bot.html)"
82.35.167.49 - - [18/Feb/2026:21:20:07 +0000] "GET /data.json HTTP/1.1" 403 261 "-" "Mozilla/5.0 AppleWebKit/537.36 (compatible; GPTBot/1.3; +https://openai.com/gptbot)"
99.170.62.78 - - [18/Feb/2026:21:21:24 +0000] "GET /feed.xml HTTP/1.1" 200 122215 "-" "Mozilla/5.0 (compatible; Amazonbot/0.1; +https://developer.amazon.com/support/amazonbot)"
99.150.211.250 - - [18/Feb/2026:21:22:58 +0000] "GET /app.js HTTP/1.1" 404 474 "-" "ClaudeBot/1.0 (+https://www.anthropic.com/claudebot)"
203.225.0.215 - - [18/Feb/2026:21:26:53 +0000] "GET /config HTTP/1.1" 200 76275 "-" "Mozilla/5.0 (compatible; Googlebot/2.1; +http://www.google.com/bot.html)"
149.37.222.138 - - [18/Feb/2026:21:34:12 +0000] "GET /sitemap.xml HTTP/1.1" 404 30 "-" "Mozilla/5.0 (compatible; Googlebot/2.1; +http://www.google.com/bot.html)"
203.225.0.215 - - [18/Feb/2026:21:34:49 +0000] "GET /readme.txt HTTP/1.1" 200 48656 "-" "Mozilla/5.0 AppleWebKit/537.36 (compatible; GPTBot/1.3; +https://openai.com/gptbot)"
60.241.196.176 - - [18/Feb/2026:21:36:38 +0000] "GET /sitemap.xml HTTP/1.1" 404 332 "-" "Mozilla/5.0 (compatible; Amazonbot/0.1; +https://developer.amazon.com/support/amazonbot)"
149.37.222.138 - - [18/Feb/2026:21:42:41 +0000] "GET /banner.jpg HTTP/1.1" 200 16024 "-" "Mozilla/5.0 (compatible; bingbot/2.0; +http://www.bing.com/bingbot.htm)"
141.57.250.8 - - [18/Feb/2026:21:43:28 +0000] "GET /config HTTP/1.1" 200 39538 "-" "Mozilla/5.0 (compatible; Googlebot/2.1; +http://www.google.com/bot.html)"
99.170.62.78 - - [18/Feb/2026:21:44:43 +0000] "GET /feed.xml HTTP/1.1" 404 287 "-" "Mozilla/5.0 (compatible; Amazonbot/0.1; +https://developer.amazon.com/support/amazonbot)"
203.225.0.215 - - [18/Feb/2026:21:48:43 +0000] "GET /logo.png HTTP/1.1" 404 226 "-" "Mozilla/5.0 AppleWebKit/537.36 (compatible; GPTBot/1.3; +https://openai.com/gptbot)"
99.132.12.102 - - [18/Feb/2026:21:53:19 +0000] "GET / HTTP/1.1" 200 125607 "-" "Mozilla/5.0 AppleWebKit/537.36 (compatible; GPTBot/1.3; +https://openai.com/gptbot)"
60.241.196.176 - - [18/Feb/2026:21:59:31 +0000] "GET /sitemap.xml HTTP/1.1" 200 32653 "-" "Mozilla/5.0 AppleWebKit/537.36 (compatible; GPTBot/1.3; +https://openai.com/gptbot)"
99.150.211.250 - - [18/Feb/2026:22:01:10 +0000] "GET /style.css HTTP/1.1" 200 68933 "-" "Mozilla/5.0 AppleWebKit/537.36 (compatible; GPTBot/1.3; +https://openai.com/gptbot)"
149.37.222.138 - - [18/Feb/2026:22:09:58 +0000] "GET /sitemap.xml HTTP/1.1" 200 26176 "-" "Mozilla/5.0 (compatible; Googlebot/2.1; +http://www.google.com/bot.html)"
82.35.167.49 - - [18/Feb/2026:22:16:36 +0000] "GET /about.html HTTP/1.1" 200 149944 "-" "Mozilla/5.0 (compatible; Amazonbot/0.1; +https://developer.amazon.com/support/amazonbot)"
60.241.196.176 - - [18/Feb/2026:22:17:16 +0000] "GET / HTTP/1.1" 200 3059 "-" "ClaudeBot/1.0 (+https://www.anthropic.com/claudebot)"
203.225.0.215 - - [18/Feb/2026:22:21:12 +0000] "GET /sitemap.xml HTTP/1.1" 200 27648 "-" "Mozilla/5.0 (compatible; bingbot/2.0; +http://www.bing.com/bingbot.htm)"
188.194.31.5 - - [18/Feb/2026:22:22:51 +0000] "GET /style.css HTTP/1.1" 200 82426 "-" "ClaudeBot/1.0 (+https://www.anthropic.com/claudebot)"
149.37.222.138 - - [18/Feb/2026:22:25:35 +0000] "GET /banner.jpg HTTP/1.1" 200 116998 "-" "Mozilla/5.0 (compatible; Googlebot/2.1; +http://www.google.com/bot.html)"
203.225.0.215 - - [18/Feb/2026:22:34:25 +0000] "GET /data.json HTTP/1.1" 200 137059 "-" "Mozilla/5.0 (compatible; Googlebot/2.1; +http://www.google.com/bot.html)"
60.241.196.176 - - [18/Feb/2026:22:37:37 +0000] "GET /style.css HTTP/1.1" 200 17768 "-" "ClaudeBot/1.0 (+https://www.anthropic.com/claudebot)"
71.138.7.233 - - [18/Feb/2026:22:43:05 +0000] "GET /index.html HTTP/1.1" 200 117622 "-" "Mozilla/5.0 (compatible; Amazonbot/0.1; +https://developer.amazon.com/support/amazonbot)"
99.170.62.78 - - [18/Feb/2026:22:46:14 +0000] "GET /sitemap.xml HTTP/1.1" 200 39376 "-" "Mozilla/5.0 (compatible; bingbot/2.0; +http://www.bing.com/bingbot.htm)"
82.35.167.49 - - [18/Feb/2026:22:46:43 +0000] "GET /readme.txt HTTP/1.1" 200 83757 "-" "Mozilla/5.0 AppleWebKit/537.36 (compatible; GPTBot/1.3; +https://openai.com/gptbot)"
99.132.12.102 - - [18/Feb/2026:22:51:04 +0000] "GET /banner.jpg HTTP/1.1" 200 46928 "-" "Mozilla/5.0 (compatible; Googlebot/2.1; +http://www.google.com/bot.html)"
60.241.196.176 - - [18/Feb/2026:22:56:02 +0000] "GET /app.js HTTP/1.1" 200 7282 "-" "ClaudeBot/1.0 (+https://www.anthropic.com/claudebot)"
188.194.31.5 - - [18/Feb/2026:22:56:54 +0000] "GET /app.js HTTP/1.1" 200 33913 "-" "Mozilla/5.0 (compatible; Amazonbot/0.1; +https://developer.amazon.com/support/amazonbot)"
122.96.81.102 - - [18/Feb/2026:22:57:08 +0000] "GET /index.html HTTP/1.1" 304 337 "-" "ClaudeBot/1.0 (+https://www.anthropic.com/claudebot)"
71.138.7.233 - - [18/Feb/2026:22:57:19 +0000] "GET / HTTP/1.1" 302 408 "-" "Mozilla/5.0 (compatible; bingbot/2.0; +http://www.bing.com/bingbot.htm)"
99.170.62.78 - - [18/Feb/2026:22:58:21 +0000] "GET /banner.jpg HTTP/1.1" 404 141 "-" "Mozilla/5.0 (compatible; Amazonbot/0.1; +https://developer.amazon.com/support/amazonbot)"
188.194.31.5 - - [18/Feb/2026:23:01:22 +0000] "GET /sitemap.xml HTTP/1.1" 200 14447 "-" "Mozilla/5.0 (compatible; Googlebot/2.1; +http://www.google.com/bot.html)"
82.35.167.49 - - [18/Feb/2026:23:05:05 +0000] "GET /app.js HTTP/1.1" 200 45936 "-" "Mozilla/5.0 AppleWebKit/537.36 (compatible; GPTBot/1.3; +https://openai.com/gptbot)"
82.35.167.49 - - [18/Feb/2026:23:05:37 +0000] "GET /feed.xml HTTP/1.1" 200 97676 "-" "Mozilla/5.0 (compatible; Amazonbot/0.1; +https://developer.amazon.com/support/amazonbot)"
188.194.31.5 - - [18/Feb/2026:23:09:38 +0000] "GET /config HTTP/1.1" 200 65806 "-" "Mozilla/5.0 (compatible; Googlebot/2.1; +http://www.google.com/bot.html)"
82.35.167.49 - - [18/Feb/2026:23:11:43 +0000] "GET / HTTP/1.1" 403 126 "-" "ClaudeBot/1.0 (+https://www.anthropic.com/claudebot)"
99.150.211.250 - - [18/Feb/2026:23:13:23 +0000] "GET /data.json HTTP/1.1" 304 224 "-" "ClaudeBot/1.0 (+https://www.anthropic.com/claudebot)"
71.138.7.233 - - [18/Feb/2026:23:15:23 +0000] "GET /config HTTP/1.1" 200 121853 "-" "Mozilla/5.0 (compatible; Googlebot/2.1; +http://www.google.com/bot.html)"
188.194.31.5 - - [18/Feb/2026:23:15:53 +0000] "GET / HTTP/1.1" 200 142551 "-" "Mozilla/5.0 (compatible; Googlebot/2.1; +http://www.google.com/bot.html)"
99.132.12.102 - - [18/Feb/2026:23:19:43 +0000] "GET /app.js HTTP/1.1" 404 417 "-" "Mozilla/5.0 AppleWebKit/537.36 (compatible; GPTBot/1.3; +https://openai.com/gptbot)"
141.57.250.8 - - [18/Feb/2026:23:21:48 +0000] "GET /data.json HTTP/1.1" 304 209 "-" "ClaudeBot/1.0 (+https://www.anthropic.com/claudebot)"
141.57.250.8 - - [18/Feb/2026:23:22:18 +0000] "GET /about.html HTTP/1.1" 200 9486 "-" "Mozilla/5.0 AppleWebKit/537.36 (compatible; GPTBot/1.3; +https://openai.com/gptbot)"
99.150.211.250 - - [18/Feb/2026:23:28:42 +0000] "GET /style.css HTTP/1.1" 200 104181 "-" "ClaudeBot/1.0 (+https://www.anthropic.com/claudebot)"
99.150.211.250 - - [18/Feb/2026:23:29:05 +0000] "GET /about.html HTTP/1.1" 200 145960 "-" "Mozilla/5.0 (compatible; Amazonbot/0.1; +https://developer.amazon.com/support/amazonbot)"
188.194.31.5 - - [18/Feb/2026:23:32:02 +0000] "GET /readme.txt HTTP/1.1" 304 116 "-" "Mozilla/5.0 (compatible; bingbot/2.0; +http://www.bing.com/bingbot.htm)"
122.96.81.102 - - [18/Feb/2026:23:32:50 +0000] "GET /readme.txt HTTP/1.1" 200 145428 "-" "ClaudeBot/1.0 (+https://www.anthropic.com/claudebot)"
71.138.7.233 - - [18/Feb/2026:23:33:12 +0000] "GET /about.html HTTP/1.1" 404 137 "-" "Mozilla/5.0 (compatible; Amazonbot/0.1; +https://developer.amazon.com/support/amazonbot)"
99.132.12.102 - - [18/Feb/2026:23:36:21 +0000] "GET /sitemap.xml HTTP/1.1" 304 124 "-" "Mozilla/5.0 (compatible; bingbot/2.0; +http://www.bing.com/bingbot.htm)"
171.133.45.213 - - [18/Feb/2026:23:38:38 +0000] "GET /app.js HTTP/1.1" 200 81899 "-" "ClaudeBot/1.0 (+https://www.anthropic.com/claudebot)"
171.133.45.213 - - [18/Feb/2026:23:51:13 +0000] "GET /index.html HTTP/1.1" 200 15636 "-" "Mozilla/5.0 (compatible; bingbot/2.0; +http://www.bing.com/bingbot.htm)"
82.35.167.49 - - [18/Feb/2026:23:52:42 +0000] "GET /about.html HTTP/1.1" 200 92597 "-" "Mozilla/5.0 (compatible; Amazonbot/0.1; +https://developer.amazon.com/support/amazonbot)"
99.170.62.78 - - [18/Feb/2026:23:54:10 +0000] "GET / HTTP/1.1" 200 37400 "-" "Mozilla/5.0 (compatible; Amazonbot/0.1; +https://developer.amazon.com/support/amazonbot)"
122.96.81.102 - - [18/Feb/2026:23:55:55 +0000] "GET /readme.txt HTTP/1.1" 200 120099 "-" "Mozilla/5.0 (compatible; bingbot/2.0; +http://www.bing.com/bingbot.htm)"
99.170.62.78 - - [18/Feb/2026:23:58:22 +0000] "GET /feed.xml HTTP/1.1" 200 118429 "-" "Mozilla/5.0 (compatible; Googlebot/2.1; +http://www.google.com/bot.html)"
99.170.62.78 - - [18/Feb/2026:23:59:04 +0000] "GET /banner.jpg HTTP/1.1" 200 140020 "-" "ClaudeBot/1.0 (+https://www.anthropic.com/claudebot)"
203.225.0.215 - - [19/Feb/2026:00:01:01 +0000] "GET /index.html HTTP/1.1" 304 3 "-" "Mozilla/5.0 (compatible; Googlebot/2.1; +http://www.google.com/bot.html)"
99.170.62.78 - - [19/Feb/2026:00:02:06 +0000] "GET /data.json HTTP/1.1" 200 77315 "-" "Mozilla/5.0 (compatible; bingbot/2.0; +http://www.bing.com/bingbot.htm)"
122.96.81.102 - - [19/Feb/2026:00:07:31 +0000] "GET /feed.xml HTTP/1.1" 200 46416 "-" "Mozilla/5.0 (compatible; Googlebot/2.1; +http://www.google.com/bot.html)"
99.132.12.102 - - [19/Feb/2026:00:08:45 +0000] "GET /feed.xml HTTP/1.1" 200 30984 "-" "Mozilla/5.0 AppleWebKit/537.36 (compatible; GPTBot/1.3; +https://openai.com/gptbot)"
122.96.81.102 - - [19/Feb/2026:00:09:30 +0000] "GET /readme.txt HTTP/1.1" 200 84202 "-" "Mozilla/5.0 (compatible; Amazonbot/0.1; +https://developer.amazon.com/support/amazonbot)"
60.241.196.176 - - [19/Feb/2026:00:12:51 +0000] "GET /logo.png HTTP/1.1" 304 72 "-" "ClaudeBot/1.0 (+https://www.anthropic.com/claudebot)"
82.35.167.49 - - [19/Feb/2026:00:15:03 +0000] "GET / HTTP/1.1" 403 19 "-" "Mozilla/5.0 (compatible; Googlebot/2.1; +http://www.google.com/bot.html)"
122.96.81.102 - - [19/Feb/2026:00:17:38 +0000] "GET /app.js HTTP/1.1" 404 321 "-" "Mozilla/5.0 (compatible; Googlebot/2.1; +http://www.google.com/bot.html)"
99.132.12.102 - - [19/Feb/2026:00:18:52 +0000] "GET / HTTP/1.1" 200 9867 "-" "Mozilla/5.0 (compatible; Googlebot/2.1; +http://www.google.com/bot.html)"
71.138.7.233 - - [19/Feb/2026:00:20:47 +0000] "GET /feed.xml HTTP/1.1" 200 34036 "-" "Mozilla/5.0 (compatible; Googlebot/2.1; +http://www.google.com/bot.html)"
203.225.0.215 - - [19/Feb/2026:00:25:00 +0000] "GET /index.html HTTP/1.1" 200 116426 "-" "ClaudeBot/1.0 (+https://www.anthropic.com/claudebot)"
122.96.81.102 - - [19/Feb/2026:00:26:43 +0000] "GET /config HTTP/1.1" 403 62 "-" "Mozilla/5.0 (compatible; bingbot/2.0; +http://www.bing.com/bingbot.htm)"
99.170.62.78 - - [19/Feb/2026:00:31:13 +0000] "GET /data.json HTTP/1.1" 404 296 "-" "ClaudeBot/1.0 (+https://www.anthropic.com/claudebot)"
122.96.81.102 - - [19/Feb/2026:00:34:01 +0000] "GET /logo.png HTTP/1.1" 200 69477 "-" "Mozilla/5.0 (compatible; Googlebot/2.1; +http://www.google.com/bot.html)"
99.132.12.102 - - [19/Feb/2026:00:36:51 +0000] "GET /banner.jpg HTTP/1.1" 304 105 "-" "ClaudeBot/1.0 (+https://www.anthropic.com/claudebot)"
141.57.250.8 - - [19/Feb/2026:00:37:28 +0000] "GET /readme.txt HTTP/1.1" 404 1 "-" "Mozilla/5.0 AppleWebKit/537.36 (compatible; GPTBot/1.3; +https://openai.com/gptbot)"
171.133.45.213 - - [19/Feb/2026:00:37:34 +0000] "GET /logo.png HTTP/1.1" 404 180 "-" "ClaudeBot/1.0 (+https://www.anthropic.com/claudebot)"
188.194.31.5 - - [19/Feb/2026:00:38:52 +0000] "GET / HTTP/1.1" 200 98805 "-" "Mozilla/5.0 (compatible; bingbot/2.0; +http://www.bing.com/bingbot.htm)"
99.150.211.250 - - [19/Feb/2026:00:43:56 +0000] "GET /banner.jpg HTTP/1.1" 404 324 "-" "ClaudeBot/1.0 (+https://www.anthropic.com/claudebot)"
60.241.196.176 - - [19/Feb/2026:00:44:01 +0000] "GET /style.css HTTP/1.1" 200 84028 "-" "Mozilla/5.0 (compatible; Amazonbot/0.1; +https://developer.amazon.com/support/amazonbot)"
122.96.81.102 - - [19/Feb/2026:00:47:33 +0000] "GET /config HTTP/1.1" 304 308 "-" "Mozilla/5.0 (compatible; bingbot/2.0; +http://www.bing.com/bingbot.htm)"
141.57.250.8 - - [19/Feb/2026:00:52:59 +0000] "GET /index.html HTTP/1.1" 301 455 "-" "Mozilla/5.0 (compatible; Amazonbot/0.1; +https://developer.amazon.com/support/amazonbot)"
99.132.12.102 - - [19/Feb/2026:00:53:00 +0000] "GET /logo.png HTTP/1.1" 200 33519 "-" "Mozilla/5.0 AppleWebKit/537.36 (compatible; GPTBot/1.3; +https://openai.com/gptbot)"
99.150.211.250 - - [19/Feb/2026:00:53:22 +0000] "GET /feed.xml HTTP/1.1" 200 61586 "-" "ClaudeBot/1.0 (+https://www.anthropic.com/claudebot)"
171.133.45.213 - - [19/Feb/2026:00:54:42 +0000] "GET / HTTP/1.1" 200 62715 "-" "Mozilla/5.0 (compatible; bingbot/2.0; +http://www.bing.com/bingbot.htm)"
171.133.45.213 - - [19/Feb/2026:00:57:20 +0000] "GET /readme.txt HTTP/1.1" 200 23219 "-" "Mozilla/5.0 (compatible; bingbot/2.0; +http://www.bing.com/bingbot.htm)"
203.225.0.215 - - [19/Feb/2026:00:58:39 +0000] "GET /config HTTP/1.1" 404 240 "-" "Mozilla/5.0 (compatible; bingbot/2.0; +http://www.bing.com/bingbot.htm)"
71.138.7.233 - - [19/Feb/2026:01:00:48 +0000] "GET / HTTP/1.1" 200 107835 "-" "ClaudeBot/1.0 (+https://www.anthropic.com/claudebot)"
82.35.167.49 - - [19/Feb/2026:01:00:50 +0000] "GET /config HTTP/1.1" 304 287 "-" "Mozilla/5.0 AppleWebKit/537.36 (compatible; GPTBot/1.3; +https://openai.com/gptbot)"
71.138.7.233 - - [19/Feb/2026:01:01:35 +0000] "GET /logo.png HTTP/1.1" 301 113 "-" "Mozilla/5.0 AppleWebKit/537.36 (compatible; GPTBot/1.3; +https://openai.com/gptbot)"
203.225.0.215 - - [19/Feb/2026:01:01:56 +0000] "GET /feed.xml HTTP/1.1" 200 114182 "-" "Mozilla/5.0 AppleWebKit/537.36 (compatible; GPTBot/1.3; +https://openai.com/gptbot)"
99.150.211.250 - - [19/Feb/2026:01:08:03 +0000] "GET /index.html HTTP/1.1" 200 2419 "-" "Mozilla/5.0 (compatible; Amazonbot/0.1; +https://developer.amazon.com/support/amazonbot)"
99.132.12.102 - - [19/Feb/2026:01:09:19 +0000] "GET /about.html HTTP/1.1" 403 214 "-" "Mozilla/5.0 AppleWebKit/537.36 (compatible; GPTBot/1.3; +https://openai.com/gptbot)"
141.57.250.8 - - [19/Feb/2026:01:09:53 +0000] "GET /app.js HTTP/1.1" 200 44573 "-" "Mozilla/5.0 (compatible; Amazonbot/0.1; +https://developer.amazon.com/support/amazonbot)"
99.150.211.250 - - [19/Feb/2026:01:10:32 +0000] "GET /style.css HTTP/1.1" 200 52571 "-" "Mozilla/5.0 (compatible; Googlebot/2.1; +http://www.google.com/bot.html)"
82.35.167.49 - - [19/Feb/2026:01:13:02 +0000] "GET /style.css HTTP/1.1" 200 140503 "-" "ClaudeBot/1.0 (+https://www.anthropic.com/claudebot)"
99.170.62.78 - - [19/Feb/2026:01:17:34 +0000] "GET /about.html HTTP/1.1" 404 203 "-" "Mozilla/5.0 (compatible; Amazonbot/0.1; +https://developer.amazon.com/support/amazonbot)"
82.35.167.49 - - [19/Feb/2026:01:18:34 +0000] "GET /sitemap.xml HTTP/1.1" 200 109928 "-" "ClaudeBot/1.0 (+https://www.anthropic.com/claudebot)"
71.138.7.233 - - [19/Feb/2026:01:23:50 +0000] "GET /logo.png HTTP/1.1" 200 31416 "-" "Mozilla/5.0 (compatible; bingbot/2.0; +http://www.bing.com/bingbot.htm)"
122.96.81.102 - - [19/Feb/2026:01:27:08 +0000] "GET /style.css HTTP/1.1" 404 141 "-" "Mozilla/5.0 AppleWebKit/537.36 (compatible; GPTBot/1.3; +https://openai.com/gptbot)"
82.35.167.49 - - [19/Feb/2026:01:28:41 +0000] "GET /banner.jpg HTTP/1.1" 200 135643 "-" "ClaudeBot/1.0 (+https://www.anthropic.com/claudebot)"
188.194.31.5 - - [19/Feb/2026:01:29:42 +0000] "GET /style.css HTTP/1.1" 200 60265 "-" "Mozilla/5.0 (compatible; bingbot/2.0; +http://www.bing.com/bingbot.htm)"
171.133.45.213 - - [19/Feb/2026:01:31:01 +0000] "GET /about.html HTTP/1.1" 200 63366 "-" "Mozilla/5.0 (compatible; Amazonbot/0.1; +https://developer.amazon.com/support/amazonbot)"
82.35.167.49 - - [19/Feb/2026:01:31:29 +0000] "GET /feed.xml HTTP/1.1" 301 371 "-" "Mozilla/5.0 (compatible; Amazonbot/0.1; +https://developer.amazon.com/support/amazonbot)"
60.241.196.176 - - [19/Feb/2026:01:35:27 +0000] "GET /about.html HTTP/1.1" 200 140873 "-" "Mozilla/5.0 AppleWebKit/537.36 (compatible; GPTBot/1.3; +https://openai.com/gptbot)"
171.133.45.213 - - [19/Feb/2026:01:41:09 +0000] "GET /app.js HTTP/1.1" 200 65242 "-" "Mozilla/5.0 (compatible; bingbot/2.0; +http://www.bing.com/bingbot.htm)"
60.241.196.176 - - [19/Feb/2026:01:41:19 +0000] "GET /config HTTP/1.1" 200 9637 "-" "Mozilla/5.0 AppleWebKit/537.36 (compatible; GPTBot/1.3; +https://openai.com/gptbot)"
99.132.12.102 - - [19/Feb/2026:01:42:44 +0000] "GET / HTTP/1.1" 200 20313 "-" "Mozilla/5.0 AppleWebKit/537.36 (compatible; GPTBot/1.3; +https://openai.com/gptbot)"
141.57.250.8 - - [19/Feb/2026:01:48:55 +0000] "GET /data.json HTTP/1.1" 200 104905 "-" "Mozilla/5.0 AppleWebKit/537.36 (compatible; GPTBot/1.3; +https://openai.com/gptbot)"
60.241.196.176 - - [19/Feb/2026:01:54:01 +0000] "GET /sitemap.xml HTTP/1.1" 200 4888 "-" "ClaudeBot/1.0 (+https://www.anthropic.com/claudebot)"
99.170.62.78 - - [19/Feb/2026:01:54:13 +0000] "GET /feed.xml HTTP/1.1" 200 113073 "-" "Mozilla/5.0 (compatible; bingbot/2.0; +http://www.bing.com/bingbot.htm)"
99.170.62.78 - - [19/Feb/2026:02:01:17 +0000] "GET /config HTTP/1.1" 304 223 "-" "Mozilla/5.0 (compatible; Amazonbot/0.1; +https://developer.amazon.com/support/amazonbot)"
71.138.7.233 - - [19/Feb/2026:02:03:45 +0000] "GET /readme.txt HTTP/1.1" 200 87870 "-" "Mozilla/5.0 (compatible; bingbot/2.0; +http://www.bing.com/bingbot.htm)"
141.57.250.8 - - [19/Feb/2026:02:10:53 +0000] "GET /data.json HTTP/1.1" 200 146563 "-" "Mozilla/5.0 AppleWebKit/537.36 (compatible; GPTBot/1.3; +https://openai.com/gptbot)"
141.57.250.8 - - [19/Feb/2026:02:11:25 +0000] "GET /logo.png HTTP/1.1" 200 135418 "-" "Mozilla/5.0 (compatible; bingbot/2.0; +http://www.bing.com/bingbot.htm)"
99.150.211.250 - - [19/Feb/2026:02:11:44 +0000] "GET /banner.jpg HTTP/1.1" 200 118439 "-" "Mozilla/5.0 (compatible; Amazonbot/0.1; +https://developer.amazon.com/support/amazonbot)"
99.150.211.250 - - [19/Feb/2026:02:20:05 +0000] "GET / HTTP/1.1" 200 137006 "-" "ClaudeBot/1.0 (+https://www.anthropic.com/claudebot)"
188.194.31.5 - - [19/Feb/2026:02:20:41 +0000] "GET /index.html HTTP/1.1" 200 73401 "-" "Mozilla/5.0 AppleWebKit/537.36 (compatible; GPTBot/1.3; +https://openai.com/gptbot)"
141.57.250.8 - - [19/Feb/2026:02:21:12 +0000] "GET /about.html HTTP/1.1" 200 23567 "-" "Mozilla/5.0 (compatible; bingbot/2.0; +http://www.bing.com/bingbot.htm)"
60.241.196.176 - - [19/Feb/2026:02:22:28 +0000] "GET /sitemap.xml HTTP/1.1" 200 125414 "-" "Mozilla/5.0 (compatible; Amazonbot/0.1; +https://developer.amazon.com/support/amazonbot)"
71.138.7.233 - - [19/Feb/2026:02:29:23 +0000] "GET /about.html HTTP/1.1" 200 51020 "-" "Mozilla/5.0 (compatible; Googlebot/2.1; +http://www.google.com/bot.html)"
99.170.62.78 - - [19/Feb/2026:02:29:53 +0000] "GET /style.css HTTP/1.1" 200 131500 "-" "Mozilla/5.0 (compatible; Googlebot/2.1; +http://www.google.com/bot.html)"
82.35.167.49 - - [19/Feb/2026:02:30:43 +0000] "GET /config HTTP/1.1" 200 115824 "-" "Mozilla/5.0 (compatible; Googlebot/2.1; +http://www.google.com/bot.html)"
122.96.81.102 - - [19/Feb/2026:02:36:31 +0000] "GET /index.html HTTP/1.1" 404 470 "-" "Mozilla/5.0 (compatible; Amazonbot/0.1; +https://developer.amazon.com/support/amazonbot)"
141.57.250.8 - - [19/Feb/2026:02:39:57 +0000] "GET /index.html HTTP/1.1" 304 350 "-" "ClaudeBot/1.0 (+https://www.anthropic.com/claudebot)"
122.96.81.102 - - [19/Feb/2026:02:40:59 +0000] "GET /config HTTP/1.1" 200 65068 "-" "Mozilla/5.0 AppleWebKit/537.36 (compatible; GPTBot/1.3; +https://openai.com/gptbot)"
203.225.0.215 - - [19/Feb/2026:02:42:35 +0000] "GET /index.html HTTP/1.1" 200 73339 "-" "Mozilla/5.0 (compatible; Amazonbot/0.1; +https://developer.amazon.com/support/amazonbot)"
99.170.62.78 - - [19/Feb/2026:02:42:47 +0000] "GET /about.html HTTP/1.1" 200 35233 "-" "Mozilla/5.0 (compatible; Googlebot/2.1; +http://www.google.com/bot.html)"
203.225.0.215 - - [19/Feb/2026:02:45:25 +0000] "GET /logo.png HTTP/1.1" 301 465 "-" "Mozilla/5.0 (compatible; bingbot/2.0; +http://www.bing.com/bingbot.htm)"
60.241.196.176 - - [19/Feb/2026:02:46:06 +0000] "GET /data.json HTTP/1.1" 200 33248 "-" "Mozilla/5.0 (compatible; Googlebot/2.1; +http://www.google.com/bot.html)"
99.150.211.250 - - [19/Feb/2026:02:47:37 +0000] "GET /about.html HTTP/1.1" 200 31269 "-" "Mozilla/5.0 AppleWebKit/537.36 (compatible; GPTBot/1.3; +https://openai.com/gptbot)"
99.132.12.102 - - [19/Feb/2026:03:02:05 +0000] "GET /feed.xml HTTP/1.1" 200 66115 "-" "ClaudeBot/1.0 (+https://www.anthropic.com/claudebot)"
60.241.196.176 - - [19/Feb/2026:03:05:18 +0000] "GET /readme.txt HTTP/1.1" 302 187 "-" "Mozilla/5.0 AppleWebKit/537.36 (compatible; GPTBot/1.3; +https://openai.com/gptbot)"
71.138.7.233 - - [19/Feb/2026:03:06:33 +0000] "GET /app.js HTTP/1.1" 404 64 "-" "Mozilla/5.0 (compatible; bingbot/2.0; +http://www.bing.com/bingbot.htm)"
71.138.7.233 - - [19/Feb/2026:03:08:38 +0000] "GET /data.json HTTP/1.1" 200 47104 "-" "Mozilla/5.0 (compatible; Amazonbot/0.1; +https://developer.amazon.com/support/amazonbot)"
71.138.7.233 - - [19/Feb/2026:03:12:55 +0000] "GET /feed.xml HTTP/1.1" 304 158 "-" "Mozilla/5.0 (compatible; Amazonbot/0.1; +https://developer.amazon.com/support/amazonbot)"
203.225.0.215 - - [19/Feb/2026:03:24:12 +0000] "GET /app.js HTTP/1.1" 200 59912 "-" "Mozilla/5.0 AppleWebKit/537.36 (compatible; GPTBot/1.3; +https://openai.com/gptbot)"
99.150.211.250 - - [19/Feb/2026:03:26:51 +0000] "GET /style.css HTTP/1.1" 304 354 "-" "Mozilla/5.0 (compatible; Googlebot/2.1; +http://www.google.com/bot.html)"
99.170.62.78 - - [19/Feb/2026:03:32:27 +0000] "GET /style.css HTTP/1.1" 200 78677 "-" "ClaudeBot/1.0 (+https://www.anthropic.com/claudebot)"
122.96.81.102 - - [19/Feb/2026:03:33:02 +0000] "GET /banner.jpg HTTP/1.1" 200 16875 "-" "ClaudeBot/1.0 (+https://www.anthropic.com/claudebot)"
171.133.45.213 - - [19/Feb/2026:03:36:01 +0000] "GET /sitemap.xml HTTP/1.1" 200 4868 "-" "Mozilla/5.0 (compatible; Googlebot/2.1; +http://www.google.com/bot.html)"
171.133.45.213 - - [19/Feb/2026:03:38:18 +0000] "GET /data.json HTTP/1.1" 404 186 "-" "Mozilla/5.0 AppleWebKit/537.36 (compatible; GPTBot/1.3; +https://openai.com/gptbot)"
71.138.7.233 - - [19/Feb/2026:03:50:43 +0000] "GET /index.html HTTP/1.1" 301 190 "-" "ClaudeBot/1.0 (+https://www.anthropic.com/claudebot)"
188.194.31.5 - - [19/Feb/2026:03:55:06 +0000] "GET /config HTTP/1.1" 304 363 "-" "Mozilla/5.0 (compatible; Amazonbot/0.1; +https://developer.amazon.com/support/amazonbot)"
99.170.62.78 - - [19/Feb/2026:03:55:26 +0000] "GET /sitemap.xml HTTP/1.1" 200 6466 "-" "Mozilla/5.0 (compatible; Amazonbot/0.1; +https://developer.amazon.com/support/amazonbot)"
149.37.222.138 - - [19/Feb/2026:03:59:08 +0000] "GET /readme.txt HTTP/1.1" 200 101219 "-" "Mozilla/5.0 (compatible; Amazonbot/0.1; +https://developer.amazon.com/support/amazonbot)"
99.132.12.102 - - [19/Feb/2026:04:01:47 +0000] "GET /style.css HTTP/1.1" 200 29060 "-" "Mozilla/5.0 AppleWebKit/537.36 (compatible; GPTBot/1.3; +https://openai.com/gptbot)"
82.35.167.49 - - [19/Feb/2026:04:03:16 +0000] "GET /style.css HTTP/1.1" 200 98337 "-" "Mozilla/5.0 AppleWebKit/537.36 (compatible; GPTBot/1.3; +https://openai.com/gptbot)"
99.132.12.102 - - [19/Feb/2026:04:08:07 +0000] "GET /banner.jpg HTTP/1.1" 404 296 "-" "ClaudeBot/1.0 (+https://www.anthropic.com/claudebot)"
82.35.167.49 - - [19/Feb/2026:04:08:44 +0000] "GET /banner.jpg HTTP/1.1" 200 58341 "-" "Mozilla/5.0 (compatible; bingbot/2.0; +http://www.bing.com/bingbot.htm)"
82.35.167.49 - - [19/Feb/2026:04:11:29 +0000] "GET /sitemap.xml HTTP/1.1" 200 55539 "-" "Mozilla/5.0 (compatible; Googlebot/2.1; +http://www.google.com/bot.html)"
149.37.222.138 - - [19/Feb/2026:04:13:05 +0000] "GET /sitemap.xml HTTP/1.1" 200 72985 "-" "ClaudeBot/1.0 (+https://www.anthropic.com/claudebot)"
141.57.250.8 - - [19/Feb/2026:04:16:47 +0000] "GET /logo.png HTTP/1.1" 200 138786 "-" "Mozilla/5.0 AppleWebKit/537.36 (compatible; GPTBot/1.3; +https://openai.com/gptbot)"
188.194.31.5 - - [19/Feb/2026:04:19:48 +0000] "GET /data.json HTTP/1.1" 200 135872 "-" "Mozilla/5.0 (compatible; Amazonbot/0.1; +https://developer.amazon.com/support/amazonbot)"
71.138.7.233 - - [19/Feb/2026:04:19:52 +0000] "GET /style.css HTTP/1.1" 200 142349 "-" "ClaudeBot/1.0 (+https://www.anthropic.com/claudebot)"
122.96.81.102 - - [19/Feb/2026:04:20:37 +0000] "GET /style.css HTTP/1.1" 200 39857 "-" "Mozilla/5.0 AppleWebKit/537.36 (compatible; GPTBot/1.3; +https://openai.com/gptbot)"
99.170.62.78 - - [19/Feb/2026:04:21:01 +0000] "GET /data.json HTTP/1.1" 200 114956 "-" "Mozilla/5.0 (compatible; Amazonbot/0.1; +https://developer.amazon.com/support/amazonbot)"
99.170.62.78 - - [19/Feb/2026:04:21:06 +0000] "GET /sitemap.xml HTTP/1.1" 304 290 "-" "Mozilla/5.0 AppleWebKit/537.36 (compatible; GPTBot/1.3; +https://openai.com/gptbot)"
171.133.45.213 - - [19/Feb/2026:04:22:13 +0000] "GET /sitemap.xml HTTP/1.1" 200 134870 "-" "Mozilla/5.0 (compatible; bingbot/2.0; +http://www.bing.com/bingbot.htm)"
149.37.222.138 - - [19/Feb/2026:04:24:22 +0000] "GET /app.js HTTP/1.1" 200 45086 "-" "Mozilla/5.0 (compatible; bingbot/2.0; +http://www.bing.com/bingbot.htm)"
149.37.222.138 - - [19/Feb/2026:04:27:02 +0000] "GET /about.html HTTP/1.1" 200 100028 "-" "Mozilla/5.0 (compatible; bingbot/2.0; +http://www.bing.com/bingbot.htm)"
203.225.0.215 - - [19/Feb/2026:04:35:37 +0000] "GET /logo.png HTTP/1.1" 200 70544 "-" "Mozilla/5.0 (compatible; bingbot/2.0; +http://www.bing.com/bingbot.htm)"
60.241.196.176 - - [19/Feb/2026:04:37:29 +0000] "GET /style.css HTTP/1.1" 200 14974 "-" "Mozilla/5.0 (compatible; bingbot/2.0; +http://www.bing.com/bingbot.htm)"
99.150.211.250 - - [19/Feb/2026:04:38:13 +0000] "GET /logo.png HTTP/1.1" 200 21048 "-" "ClaudeBot/1.0 (+https://www.anthropic.com/claudebot)"
171.133.45.213 - - [19/Feb/2026:04:39:50 +0000] "GET /app.js HTTP/1.1" 200 63686 "-" "Mozilla/5.0 AppleWebKit/537.36 (compatible; GPTBot/1.3; +https://openai.com/gptbot)"
82.35.167.49 - - [19/Feb/2026:04:42:37 +0000] "GET /data.json HTTP/1.1" 404 32 "-" "ClaudeBot/1.0 (+https://www.anthropic.com/claudebot)"
171.133.45.213 - - [19/Feb/2026:05:02:31 +0000] "GET /data.json HTTP/1.1" 301 485 "-" "Mozilla/5.0 (compatible; Googlebot/2.1; +http://www.google.com/bot.html)"
141.57.250.8 - - [19/Feb/2026:05:07:23 +0000] "GET /about.html HTTP/1.1" 200 52980 "-" "Mozilla/5.0 (compatible; bingbot/2.0; +http://www.bing.com/bingbot.htm)"
71.138.7.233 - - [19/Feb/2026:05:08:08 +0000] "GET /feed.xml HTTP/1.1" 304 246 "-" "Mozilla/5.0 (compatible; Googlebot/2.1; +http://www.google.com/bot.html)"
122.96.81.102 - - [19/Feb/2026:05:11:25 +0000] "GET /feed.xml HTTP/1.1" 200 41523 "-" "Mozilla/5.0 (compatible; Googlebot/2.1; +http://www.google.com/bot.html)"
122.96.81.102 - - [19/Feb/2026:05:13:01 +0000] "GET /data.json HTTP/1.1" 304 91 "-" "Mozilla/5.0 (compatible; Googlebot/2.1; +http://www.google.com/bot.html)"
71.138.7.233 - - [19/Feb/2026:05:20:49 +0000] "GET /style.css HTTP/1.1" 302 426 "-" "Mozilla/5.0 (compatible; Googlebot/2.1; +http://www.google.com/bot.html)"
99.132.12.102 - - [19/Feb/2026:05:28:50 +0000] "GET /logo.png HTTP/1.1" 200 74294 "-" "Mozilla/5.0 (compatible; Googlebot/2.1; +http://www.google.com/bot.html)"
149.37.222.138 - - [19/Feb/2026:05:33:00 +0000] "GET /sitemap.xml HTTP/1.1" 200 118010 "-" "Mozilla/5.0 (compatible; bingbot/2.0; +http://www.bing.com/bingbot.htm)"
141.57.250.8 - - [19/Feb/2026:05:34:53 +0000] "GET /banner.jpg HTTP/1.1" 200 53865 "-" "Mozilla/5.0 AppleWebKit/537.36 (compatible; GPTBot/1.3; +https://openai.com/gptbot)"
188.194.31.5 - - [19/Feb/2026:05:37:40 +0000] "GET /app.js HTTP/1.1" 200 24958 "-" "ClaudeBot/1.0 (+https://www.anthropic.com/claudebot)"
60.241.196.176 - - [19/Feb/2026:05:40:22 +0000] "GET /style.css HTTP/1.1" 200 61755 "-" "ClaudeBot/1.0 (+https://www.anthropic.com/claudebot)"
171.133.45.213 - - [19/Feb/2026:05:43:55 +0000] "GET /about.html HTTP/1.1" 200 79229 "-" "Mozilla/5.0 (compatible; Googlebot/2.1; +http://www.google.com/bot.html)"
141.57.250.8 - - [19/Feb/2026:05:44:02 +0000] "GET /feed.xml HTTP/1.1" 404 299 "-" "Mozilla/5.0 (compatible; Amazonbot/0.1; +https://developer.amazon.com/support/amazonbot)"
171.133.45.213 - - [19/Feb/2026:05:46:57 +0000] "GET /data.json HTTP/1.1" 302 289 "-" "Mozilla/5.0 (compatible; bingbot/2.0; +http://www.bing.com/bingbot.htm)"
203.225.0.215 - - [19/Feb/2026:05:47:34 +0000] "GET /readme.txt HTTP/1.1" 404 372 "-" "Mozilla/5.0 (compatible; Amazonbot/0.1; +https://developer.amazon.com/support/amazonbot)"
149.37.222.138 - - [19/Feb/2026:05:48:46 +0000] "GET /app.js HTTP/1.1" 200 92371 "-" "Mozilla/5.0 (compatible; bingbot/2.0; +http://www.bing.com/bingbot.htm)"
82.35.167.49 - - [19/Feb/2026:05:50:10 +0000] "GET /readme.txt HTTP/1.1" 302 315 "-" "Mozilla/5.0 (compatible; Amazonbot/0.1; +https://developer.amazon.com/support/amazonbot)"
141.57.250.8 - - [19/Feb/2026:05:53:48 +0000] "GET /config HTTP/1.1" 200 144082 "-" "Mozilla/5.0 (compatible; Amazonbot/0.1; +https://developer.amazon.com/support/amazonbot)"
141.57.250.8 - - [19/Feb/2026:05:54:12 +0000] "GET /config HTTP/1.1" 200 29118 "-" "Mozilla/5.0 AppleWebKit/537.36 (compatible; GPTBot/1.3; +https://openai.com/gptbot)"
99.132.12.102 - - [19/Feb/2026:05:55:42 +0000] "GET /style.css HTTP/1.1" 200 76157 "-" "Mozilla/5.0 (compatible; Googlebot/2.1; +http://www.google.com/bot.html)"
60.241.196.176 - - [19/Feb/2026:05:59:35 +0000] "GET /about.html HTTP/1.1" 200 24222 "-" "Mozilla/5.0 (compatible; Amazonbot/0.1; +https://developer.amazon.com/support/amazonbot)"
203.225.0.215 - - [19/Feb/2026:06:02:44 +0000] "GET /style.css HTTP/1.1" 200 95609 "-" "Mozilla/5.0 (compatible; Googlebot/2.1; +http://www.google.com/bot.html)"
203.225.0.215 - - [19/Feb/2026:06:13:56 +0000] "GET /style.css HTTP/1.1" 304 377 "-" "Mozilla/5.0 (compatible; bingbot/2.0; +http://www.bing.com/bingbot.htm)"
99.132.12.102 - - [19/Feb/2026:06:14:32 +0000] "GET /index.html HTTP/1.1" 200 80017 "-" "ClaudeBot/1.0 (+https://www.anthropic.com/claudebot)"
71.138.7.233 - - [19/Feb/2026:06:15:30 +0000] "GET /sitemap.xml HTTP/1.1" 301 84 "-" "Mozilla/5.0 (compatible; bingbot/2.0; +http://www.bing.com/bingbot.htm)"
188.194.31.5 - - [19/Feb/2026:06:16:00 +0000] "GET /config HTTP/1.1" 200 27218 "-" "Mozilla/5.0 (compatible; Amazonbot/0.1; +https://developer.amazon.com/support/amazonbot)"
203.225.0.215 - - [19/Feb/2026:06:18:20 +0000] "GET /index.html HTTP/1.1" 200 141685 "-" "Mozilla/5.0 (compatible; Amazonbot/0.1; +https://developer.amazon.com/support/amazonbot)"
82.35.167.49 - - [19/Feb/2026:06:18:38 +0000] "GET /sitemap.xml HTTP/1.1" 404 267 "-" "Mozilla/5.0 (compatible; Amazonbot/0.1; +https://developer.amazon.com/support/amazonbot)"
141.57.250.8 - - [19/Feb/2026:06:20:54 +0000] "GET /style.css HTTP/1.1" 304 316 "-" "ClaudeBot/1.0 (+https://www.anthropic.com/claudebot)"
60.241.196.176 - - [19/Feb/2026:06:22:08 +0000] "GET /feed.xml HTTP/1.1" 200 14434 "-" "ClaudeBot/1.0 (+https://www.anthropic.com/claudebot)"
82.35.167.49 - - [19/Feb/2026:06:24:05 +0000] "GET /style.css HTTP/1.1" 200 10496 "-" "Mozilla/5.0 AppleWebKit/537.36 (compatible; GPTBot/1.3; +https://openai.com/gptbot)"
149.37.222.138 - - [19/Feb/2026:06:35:21 +0000] "GET /app.js HTTP/1.1" 200 148782 "-" "Mozilla/5.0 (compatible; bingbot/2.0; +http://www.bing.com/bingbot.htm)"
122.96.81.102 - - [19/Feb/2026:06:36:46 +0000] "GET /data.json HTTP/1.1" 200 83145 "-" "Mozilla/5.0 AppleWebKit/537.36 (compatible; GPTBot/1.3; +https://openai.com/gptbot)"
188.194.31.5 - - [19/Feb/2026:06:38:19 +0000] "GET /about.html HTTP/1.1" 200 89483 "-" "Mozilla/5.0 (compatible; bingbot/2.0; +http://www.bing.com/bingbot.htm)"
99.132.12.102 - - [19/Feb/2026:06:46:29 +0000] "GET / HTTP/1.1" 403 89 "-" "Mozilla/5.0 AppleWebKit/537.36 (compatible; GPTBot/1.3; +https://openai.com/gptbot)"
99.170.62.78 - - [19/Feb/2026:06:47:07 +0000] "GET /style.css HTTP/1.1" 200 26283 "-" "Mozilla/5.0 AppleWebKit/537.36 (compatible; GPTBot/1.3; +https://openai.com/gptbot)"
99.150.211.250 - - [19/Feb/2026:06:48:55 +0000] "GET /index.html HTTP/1.1" 200 149241 "-" "Mozilla/5.0 AppleWebKit/537.36 (compatible; GPTBot/1.3; +https://openai.com/gptbot)"
122.96.81.102 - - [19/Feb/2026:06:53:10 +0000] "GET /logo.png HTTP/1.1" 200 116545 "-" "Mozilla/5.0 (compatible; Amazonbot/0.1; +https://developer.amazon.com/support/amazonbot)"
99.170.62.78 - - [19/Feb/2026:06:55:44 +0000] "GET /index.html HTTP/1.1" 302 245 "-" "Mozilla/5.0 (compatible; bingbot/2.0; +http://www.bing.com/bingbot.htm)"
141.57.250.8 - - [19/Feb/2026:06:57:00 +0000] "GET /data.json HTTP/1.1" 200 76815 "-" "Mozilla/5.0 (compatible; Googlebot/2.1; +http://www.google.com/bot.html)"
122.96.81.102 - - [19/Feb/2026:06:57:30 +0000] "GET / HTTP/1.1" 200 134784 "-" "Mozilla/5.0 AppleWebKit/537.36 (compatible; GPTBot/1.3; +https://openai.com/gptbot)"
203.225.0.215 - - [19/Feb/2026:06:58:28 +0000] "GET /data.json HTTP/1.1" 304 64 "-" "Mozilla/5.0 AppleWebKit/537.36 (compatible; GPTBot/1.3; +https://openai.com/gptbot)"
82.35.167.49 - - [19/Feb/2026:07:01:19 +0000] "GET /readme.txt HTTP/1.1" 200 83697 "-" "Mozilla/5.0 (compatible; bingbot/2.0; +http://www.bing.com/bingbot.htm)"
99.132.12.102 - - [19/Feb/2026:07:02:39 +0000] "GET / HTTP/1.1" 304 178 "-" "ClaudeBot/1.0 (+https://www.anthropic.com/claudebot)"
122.96.81.102 - - [19/Feb/2026:07:07:29 +0000] "GET /logo.png HTTP/1.1" 404 272 "-" "ClaudeBot/1.0 (+https://www.anthropic.com/claudebot)"
71.138.7.233 - - [19/Feb/2026:07:11:49 +0000] "GET /banner.jpg HTTP/1.1" 200 93117 "-" "Mozilla/5.0 (compatible; Googlebot/2.1; +http://www.google.com/bot.html)"
188.194.31.5 - - [19/Feb/2026:07:13:12 +0000] "GET /logo.png HTTP/1.1" 200 87663 "-" "Mozilla/5.0 (compatible; Googlebot/2.1; +http://www.google.com/bot.html)"
99.150.211.250 - - [19/Feb/2026:07:15:22 +0000] "GET /data.json HTTP/1.1" 404 285 "-" "Mozilla/5.0 (compatible; bingbot/2.0; +http://www.bing.com/bingbot.htm)"
171.133.45.213 - - [19/Feb/2026:07:16:15 +0000] "GET /index.html HTTP/1.1" 404 75 "-" "Mozilla/5.0 (compatible; Googlebot/2.1; +http://www.google.com/bot.html)"
82.35.167.49 - - [19/Feb/2026:07:16:43 +0000] "GET /logo.png HTTP/1.1" 200 141334 "-" "Mozilla/5.0 (compatible; Googlebot/2.1; +http://www.google.com/bot.html)"
149.37.222.138 - - [19/Feb/2026:07:20:05 +0000] "GET /sitemap.xml HTTP/1.1" 200 94247 "-" "Mozilla/5.0 (compatible; Googlebot/2.1; +http://www.google.com/bot.html)"
82.35.167.49 - - [19/Feb/2026:07:25:12 +0000] "GET /app.js HTTP/1.1" 404 235 "-" "Mozilla/5.0 (compatible; Amazonbot/0.1; +https://developer.amazon.com/support/amazonbot)"
188.194.31.5 - - [19/Feb/2026:07:28:42 +0000] "GET /data.json HTTP/1.1" 200 64191 "-" "Mozilla/5.0 AppleWebKit/537.36 (compatible; GPTBot/1.3; +https://openai.com/gptbot)"
141.57.250.8 - - [19/Feb/2026:07:31:08 +0000] "GET /app.js HTTP/1.1" 200 33336 "-" "Mozilla/5.0 (compatible; Amazonbot/0.1; +https://developer.amazon.com/support/amazonbot)"
82.35.167.49 - - [19/Feb/2026:07:31:46 +0000] "GET /logo.png HTTP/1.1" 200 28528 "-" "Mozilla/5.0 (compatible; Googlebot/2.1; +http://www.google.com/bot.html)"
203.225.0.215 - - [19/Feb/2026:07:33:17 +0000] "GET /config HTTP/1.1" 200 33823 "-" "Mozilla/5.0 (compatible; bingbot/2.0; +http://www.bing.com/bingbot.htm)"
188.194.31.5 - - [19/Feb/2026:07:33:54 +0000] "GET /feed.xml HTTP/1.1" 200 93223 "-" "Mozilla/5.0 (compatible; Amazonbot/0.1; +https://developer.amazon.com/support/amazonbot)"
99.150.211.250 - - [19/Feb/2026:07:38:34 +0000] "GET /sitemap.xml HTTP/1.1" 200 132731 "-" "Mozilla/5.0 (compatible; bingbot/2.0; +http://www.bing.com/bingbot.htm)"
122.96.81.102 - - [19/Feb/2026:07:40:04 +0000] "GET /config HTTP/1.1" 200 18462 "-" "Mozilla/5.0 (compatible; Amazonbot/0.1; +https://developer.amazon.com/support/amazonbot)"
71.138.7.233 - - [19/Feb/2026:07:44:13 +0000] "GET /data.json HTTP/1.1" 200 4581 "-" "ClaudeBot/1.0 (+https://www.anthropic.com/claudebot)"
82.35.167.49 - - [19/Feb/2026:07:46:08 +0000] "GET /data.json HTTP/1.1" 200 126003 "-" "Mozilla/5.0 (compatible; Googlebot/2.1; +http://www.google.com/bot.html)"
141.57.250.8 - - [19/Feb/2026:07:46:18 +0000] "GET /config HTTP/1.1" 200 91183 "-" "Mozilla/5.0 (compatible; Amazonbot/0.1; +https://developer.amazon.com/support/amazonbot)"
99.150.211.250 - - [19/Feb/2026:07:47:18 +0000] "GET /about.html HTTP/1.1" 200 11301 "-" "ClaudeBot/1.0 (+https://www.anthropic.com/claudebot)"
122.96.81.102 - - [19/Feb/2026:07:47:33 +0000] "GET /config HTTP/1.1" 404 206 "-" "Mozilla/5.0 (compatible; Amazonbot/0.1; +https://developer.amazon.com/support/amazonbot)"
149.37.222.138 - - [19/Feb/2026:07:49:21 +0000] "GET /app.js HTTP/1.1" 200 1093 "-" "Mozilla/5.0 (compatible; Amazonbot/0.1; +https://developer.amazon.com/support/amazonbot)"
60.241.196.176 - - [19/Feb/2026:07:50:41 +0000] "GET /sitemap.xml HTTP/1.1" 404 486 "-" "Mozilla/5.0 (compatible; Amazonbot/0.1; +https://developer.amazon.com/support/amazonbot)"
82.35.167.49 - - [19/Feb/2026:07:53:33 +0000] "GET /banner.jpg HTTP/1.1" 200 683 "-" "ClaudeBot/1.0 (+https://www.anthropic.com/claudebot)"
203.225.0.215 - - [19/Feb/2026:07:58:20 +0000] "GET /style.css HTTP/1.1" 301 166 "-" "Mozilla/5.0 (compatible; bingbot/2.0; +http://www.bing.com/bingbot.htm)"
149.37.222.138 - - [19/Feb/2026:07:59:56 +0000] "GET /index.html HTTP/1.1" 200 116338 "-" "Mozilla/5.0 (compatible; bingbot/2.0; +http://www.bing.com/bingbot.htm)"
71.138.7.233 - - [19/Feb/2026:08:00:03 +0000] "GET /logo.png HTTP/1.1" 200 86967 "-" "Mozilla/5.0 (compatible; bingbot/2.0; +http://www.bing.com/bingbot.htm)"
171.133.45.213 - - [19/Feb/2026:08:03:19 +0000] "GET /about.html HTTP/1.1" 200 138212 "-" "Mozilla/5.0 AppleWebKit/537.36 (compatible; GPTBot/1.3; +https://openai.com/gptbot)"
99.132.12.102 - - [19/Feb/2026:08:07:29 +0000] "GET / HTTP/1.1" 200 88924 "-" "Mozilla/5.0 (compatible; Amazonbot/0.1; +https://developer.amazon.com/support/amazonbot)"
60.241.196.176 - - [19/Feb/2026:08:07:48 +0000] "GET /readme.txt HTTP/1.1" 200 45492 "-" "Mozilla/5.0 (compatible; Googlebot/2.1; +http://www.google.com/bot.html)"
141.57.250.8 - - [19/Feb/2026:08:11:18 +0000] "GET /data.json HTTP/1.1" 200 120514 "-" "Mozilla/5.0 (compatible; Amazonbot/0.1; +https://developer.amazon.com/support/amazonbot)"
203.225.0.215 - - [19/Feb/2026:08:14:59 +0000] "GET /config HTTP/1.1" 200 105547 "-" "Mozilla/5.0 AppleWebKit/537.36 (compatible; GPTBot/1.3; +https://openai.com/gptbot)"
99.170.62.78 - - [19/Feb/2026:08:17:09 +0000] "GET /feed.xml HTTP/1.1" 200 1825 "-" "Mozilla/5.0 AppleWebKit/537.36 (compatible; GPTBot/1.3; +https://openai.com/gptbot)"
188.194.31.5 - - [19/Feb/2026:08:24:47 +0000] "GET /data.json HTTP/1.1" 200 12705 "-" "Mozilla/5.0 (compatible; Googlebot/2.1; +http://www.google.com/bot.html)"
82.35.167.49 - - [19/Feb/2026:08:31:53 +0000] "GET /sitemap.xml HTTP/1.1" 200 92173 "-" "Mozilla/5.0 (compatible; Googlebot/2.1; +http://www.google.com/bot.html)"
