99.150.211.250 - - [14/Feb/2026:07:31:49 +0000] "GET /style.css HTTP/1.1" 200 146457 "-" "Mozilla/5.0 (compatible; Googlebot/2.1; +http://www.google.com/bot.html)"
82.35.167.49 - - [14/Feb/2026:07:34:17 +0000] "GET /sitemap.xml HTTP/1.1" 200 72104 "-" "Mozilla/5.0 AppleWebKit/537.36 (compatible; GPTBot/1.3; +https://openai.com/gptbot)"
171.133.45.213 - - [14/Feb/2026:07:43:32 +0000] "GET /app.js HTTP/1.1" 200 89986 "-" "Mozilla/5.0 (compatible; Amazonbot/0.1; +https://developer.amazon.com/support/amazonbot)"
188.194.31.5 - - [14/Feb/2026:07:45:56 +0000] "GET /config HTTP/1.1" 200 137859 "-" "Mozilla/5.0 (compatible; Amazonbot/0.1; +https://developer.amazon.com/support/amazonbot)"
203.225.0.215 - - [14/Feb/2026:07:47:02 +0000] "GET /index.html HTTP/1.1" 404 76 "-" "Mozilla/5.0 AppleWebKit/537.36 (compatible; GPTBot/1.3; +https://openai.com/gptbot)"
149.37.222.138 - - [14/Feb/2026:07:54:12 +0000] "GET /style.css HTTP/1.1" 304 94 "-" "Mozilla/5.0 AppleWebKit/537.36 (compatible; GPTBot/1.3; +https://openai.com/gptbot)"
71.138.7.233 - - [14/Feb/2026:07:55:36 +0000] "GET /feed.xml HTTP/1.1" 200 51882 "-" "Mozilla/5.0 AppleWebKit/537.36 (compatible; GPTBot/1.3; +https://openai.com/gptbot)"
60.241.196.176 - - [14/Feb/2026:07:56:29 +0000] "GET /app.js HTTP/1.1" 200 25005 "-" "Mozilla/5.0 (compatible; bingbot/2.0; +http://www.bing.com/bingbot.htm)"
188.194.31.5 - - [14/Feb/2026:07:58:07 +0000] "GET / HTTP/1.1" 200 61013 "-" "Mozilla/5.0 (compatible; Googlebot/2.1; +http://www.google.com/bot.html)"
82.35.167.49 - - [14/Feb/2026:07:59:43 +0000] "GET /feed.xml HTTP/1.1" 304 357 "-" "Mozilla/5.0 (compatible; Googlebot/2.1; +http://www.google.com/bot.html)"
99.170.62.78 - - [14/Feb/2026:07:59:49 +0000] "GET /style.css HTTP/1.1" 404 95 "-" "Mozilla/5.0 (compatible; Amazonbot/0.1; +https://developer.amazon.com/support/amazonbot)"
171.133.45.213 - - [14/Feb/2026:08:02:52 +0000] "GET /app.js HTTP/1.1" 304 306 "-" "ClaudeBot/1.0 (+https://www.anthropic.com/claudebot)"
60.241.196.176 - - [14/Feb/2026:08:04:26 +0000] "GET /sitemap.xml HTTP/1.1" 200 121097 "-" "Mozilla/5.0 AppleWebKit/537.36 (compatible; GPTBot/1.3; +https://openai.com/gptbot)"
99.132.12.102 - - [14/Feb/2026:08:05:34 +0000] "GET /index.html HTTP/1.1" 304 23 "-" "ClaudeBot/1.0 (+https://www.anthropic.com/claudebot)"
99.132.12.102 - - [14/Feb/2026:08:06:20 +0000] "GET / HTTP/1.1" 301 358 "-" "Mozilla/5.0 (compatible; Amazonbot/0.1; +https://developer.amazon.com/support/amazonbot)"
203.225.0.215 - - [14/Feb/2026:08:09:04 +0000] "GET /logo.png HTTP/1.1" 200 21302 "-" "Mozilla/5.0 (compatible; Googlebot/2.1; +http://www.google.com/bot.html)"
82.35.167.49 - - [14/Feb/2026:08:09:46 +0000] "GET /about.html HTTP/1.1" 404 241 "-" "ClaudeBot/1.0 (+https://www.anthropic.com/claudebot)"
171.133.45.213 - - [14/Feb/2026:08:13:27 +0000] "GET /sitemap.xml HTTP/1.1" 200 9903 "-" "Mozilla/5.0 (compatible; bingbot/2.0; +http://www.bing.com/bingbot.htm)"
141.57.250.8 - - [14/Feb/2026:08:14:18 +0000] "GET /readme.txt HTTP/1.1" 404 287 "-" "Mozilla/5.0 (compatible; bingbot/2.0; +http://www.bing.com/bingbot.htm)"
188.194.31.5 - - [14/Feb/2026:08:15:22 +0000] "GET /feed.xml HTTP/1.1" 404 349 "-" "ClaudeBot/1.0 (+https://www.anthropic.com/claudebot)"
60.241.196.176 - - [14/Feb/2026:08:18:29 +0000] "GET /readme.txt HTTP/1.1" 200 112201 "-" "Mozilla/5.0 (compatible; Googlebot/2.1; +http://www.google.com/bot.html)"
203.225.0.215 - - [14/Feb/2026:08:19:06 +0000] "GET /config HTTP/1.1" 200 43043 "-" "Mozilla/5.0 (compatible; Amazonbot/0.1; +https://developer.amazon.com/support/amazonbot)"
149.37.222.138 - - [14/Feb/2026:08:22:40 +0000] "GET /data.json HTTP/1.1" 304 417 "-" "Mozilla/5.0 AppleWebKit/537.36 (compatible; GPTBot/1.3; +https://openai.com/gptbot)"
171.133.45.213 - - [14/Feb/2026:08:27:32 +0000] "GET /style.css HTTP/1.1" 200 38384 "-" "ClaudeBot/1.0 (+https://www.anthropic.com/claudebot)"
82.35.167.49 - - [14/Feb/2026:08:37:01 +0000] "GET /app.js HTTP/1.1" 200 123690 "-" "Mozilla/5.0 AppleWebKit/537.36 (compatible; GPTBot/1.3; +https://openai.com/gptbot)"
60.241.196.176 - - [14/Feb/2026:08:48:46 +0000] "GET /banner.jpg HTTP/1.1" 200 8316 "-" "ClaudeBot/1.0 (+https://www.anthropic.com/claudebot)"
60.241.196.176 - - [14/Feb/2026:08:54:52 +0000] "GET /banner.jpg HTTP/1.1" 200 68639 "-" "Mozilla/5.0 (compatible; Googlebot/2.1; +http://www.google.com/bot.html)"
99.170.62.78 - - [14/Feb/2026:08:56:59 +0000] "GET /config HTTP/1.1" 200 81277 "-" "Mozilla/5.0 AppleWebKit/537.36 (compatible; GPTBot/1.3; +https://openai.com/gptbot)"
149.37.222.138 - - [14/Feb/2026:08:58:13 +0000] "GET /data.json HTTP/1.1" 302 28 "-" "Mozilla/5.0 (compatible; Amazonbot/0.1; +https://developer.amazon.com/support/amazonbot)"
141.57.250.8 - - [14/Feb/2026:08:58:13 +0000] "GET /data.json HTTP/1.1" 200 84859 "-" "ClaudeBot/1.0 (+https://www.anthropic.com/claudebot)"
60.241.196.176 - - [14/Feb/2026:09:01:07 +0000] "GET /config HTTP/1.1" 200 112823 "-" "Mozilla/5.0 (compatible; Googlebot/2.1; +http://www.google.com/bot.html)"
99.150.211.250 - - [14/Feb/2026:09:03:07 +0000] "GET /sitemap.xml HTTP/1.1" 200 116042 "-" "ClaudeBot/1.0 (+https://www.anthropic.com/claudebot)"
188.194.31.5 - - [14/Feb/2026:09:03:12 +0000] "GET /banner.jpg HTTP/1.1" 200 52856 "-" "Mozilla/5.0 (compatible; bingbot/2.0; +http://www.bing.com/bingbot.htm)"
141.57.250.8 - - [14/Feb/2026:09:03:27 +0000] "GET /logo.png HTTP/1.1" 302 422 "-" "Mozilla/5.0 (compatible; Googlebot/2.1; +http://www.google.com/bot.html)"
71.138.7.233 - - [14/Feb/2026:09:07:04 +0000] "GET /feed.xml HTTP/1.1" 200 149003 "-" "Mozilla/5.0 (compatible; bingbot/2.0; +http://www.bing.com/bingbot.htm)"
82.35.167.49 - - [14/Feb/2026:09:09:13 +0000] "GET / HTTP/1.1" 404 308 "-" "ClaudeBot/1.0 (+https://www.anthropic.com/claudebot)"
122.96.81.102 - - [14/Feb/2026:09:13:35 +0000] "GET /config HTTP/1.1" 404 291 "-" "ClaudeBot/1.0 (+https://www.anthropic.com/claudebot)"
60.241.196.176 - - [14/Feb/2026:09:22:08 +0000] "GET /feed.xml HTTP/1.1" 200 36078 "-" "Mozilla/5.0 (compatible; bingbot/2.0; +http://www.bing.com/bingbot.htm)"
141.57.250.8 - - [14/Feb/2026:09:23:52 +0000] "GET /data.json HTTP/1.1" 200 36688 "-" "Mozilla/5.0 (compatible; Amazonbot/0.1; +https://developer.amazon.com/support/amazonbot)"
99.132.12.102 - - [14/Feb/2026:09:25:49 +0000] "GET /index.html HTTP/1.1" 404 5 "-" "ClaudeBot/1.0 (+https://www.anthropic.com/claudebot)"
99.132.12.102 - - [14/Feb/2026:09:26:27 +0000] "GET /feed.xml HTTP/1.1" 302 500 "-" "Mozilla/5.0 AppleWebKit/537.36 (compatible; GPTBot/1.3; +https://openai.com/gptbot)"
71.138.7.233 - - [14/Feb/2026:09:27:29 +0000] "GET /banner.jpg HTTP/1.1" 304 473 "-" "Mozilla/5.0 (compatible; bingbot/2.0; +http://www.bing.com/bingbot.htm)"
203.225.0.215 - - [14/Feb/2026:09:28:11 +0000] "GET /app.js HTTP/1.1" 200 51484 "-" "Mozilla/5.0 (compatible; Googlebot/2.1; +http://www.google.com/bot.html)"
122.96.81.102 - - [14/Feb/2026:09:30:27 +0000] "GET /data.json HTTP/1.1" 200 80035 "-" "Mozilla/5.0 (compatible; Amazonbot/0.1; +https://developer.amazon.com/support/amazonbot)"
203.225.0.215 - - [14/Feb/2026:09:31:50 +0000] "GET /app.js HTTP/1.1" 200 48048 "-" "Mozilla/5.0 (compatible; Amazonbot/0.1; +https://developer.amazon.com/support/amazonbot)"
99.132.12.102 - - [14/Feb/2026:09:35:27 +0000] "GET / HTTP/1.1" 200 110199 "-" "Mozilla/5.0 (compatible; Googlebot/2.1; +http://www.google.com/bot.html)"
188.194.31.5 - - [14/Feb/2026:09:36:55 +0000] "GET /logo.png HTTP/1.1" 302 3 "-" "Mozilla/5.0 (compatible; Amazonbot/0.1; +https://developer.amazon.com/support/amazonbot)"
82.35.167.49 - - [14/Feb/2026:09:37:09 +0000] "GET /banner.jpg HTTP/1.1" 403 151 "-" "Mozilla/5.0 AppleWebKit/537.36 (compatible; GPTBot/1.3; +https://openai.com/gptbot)"
60.241.196.176 - - [14/Feb/2026:09:37:15 +0000] "GET /banner.jpg HTTP/1.1" 200 83863 "-" "Mozilla/5.0 (compatible; Amazonbot/0.1; +https://developer.amazon.com/support/amazonbot)"
149.37.222.138 - - [14/Feb/2026:09:41:45 +0000] "GET /index.html HTTP/1.1" 200 122945 "-" "Mozilla/5.0 AppleWebKit/537.36 (compatible; GPTBot/1.3; +https://openai.com/gptbot)"
60.241.196.176 - - [14/Feb/2026:09:43:29 +0000] "GET /logo.png HTTP/1.1" 404 232 "-" "ClaudeBot/1.0 (+https://www.anthropic.com/claudebot)"
141.57.250.8 - - [14/Feb/2026:09:45:39 +0000] "GET /feed.xml HTTP/1.1" 200 20353 "-" "ClaudeBot/1.0 (+https://www.anthropic.com/claudebot)"
71.138.7.233 - - [14/Feb/2026:09:47:01 +0000] "GET / HTTP/1.1" 200 69696 "-" "Mozilla/5.0 (compatible; bingbot/2.0; +http://www.bing.com/bingbot.htm)"
71.138.7.233 - - [14/Feb/2026:09:53:49 +0000] "GET /style.css HTTP/1.1" 200 33527 "-" "ClaudeBot/1.0 (+https://www.anthropic.com/claudebot)"
99.132.12.102 - - [14/Feb/2026:09:59:14 +0000] "GET /feed.xml HTTP/1.1" 200 39326 "-" "ClaudeBot/1.0 (+https://www.anthropic.com/claudebot)"
99.170.62.78 - - [14/Feb/2026:10:01:58 +0000] "GET /logo.png HTTP/1.1" 200 120279 "-" "Mozilla/5.0 (compatible; Amazonbot/0.1; +https://developer.amazon.com/support/amazonbot)"
149.37.222.138 - - [14/Feb/2026:10:04:39 +0000] "GET /index.html HTTP/1.1" 304 500 "-" "Mozilla/5.0 (compatible; Amazonbot/0.1; +https://developer.amazon.com/support/amazonbot)"
99.132.12.102 - - [14/Feb/2026:10:10:42 +0000] "GET /readme.txt HTTP/1.1" 304 56 "-" "ClaudeBot/1.0 (+https://www.anthropic.com/claudebot)"
203.225.0.215 - - [14/Feb/2026:10:11:18 +0000] "GET /app.js HTTP/1.1" 200 58257 "-" "Mozilla/5.0 (compatible; Googlebot/2.1; +http://www.google.com/bot.html)"
60.241.196.176 - - [14/Feb/2026:10:13:10 +0000] "GET /app.js HTTP/1.1" 304 291 "-" "Mozilla/5.0 (compatible; Googlebot/2.1; +http://www.google.com/bot.html)"
82.35.167.49 - - [14/Feb/2026:10:13:19 +0000] "GET /feed.xml HTTP/1.1" 200 126249 "-" "Mozilla/5.0 (compatible; Googlebot/2.1; +http://www.google.com/bot.html)"
99.132.12.102 - - [14/Feb/2026:10:13:25 +0000] "GET /style.css HTTP/1.1" 200 108537 "-" "Mozilla/5.0 (compatible; Amazonbot/0.1; +https://developer.amazon.com/support/amazonbot)"
188.194.31.5 - - [14/Feb/2026:10:14:11 +0000] "GET /logo.png HTTP/1.1" 200 501 "-" "Mozilla/5.0 (compatible; Googlebot/2.1; +http://www.google.com/bot.html)"
188.194.31.5 - - [14/Feb/2026:10:22:21 +0000] "GET /feed.xml HTTP/1.1" 200 141928 "-" "Mozilla/5.0 (compatible; Amazonbot/0.1; +https://developer.amazon.com/support/amazonbot)"
60.241.196.176 - - [14/Feb/2026:10:23:06 +0000] "GET /sitemap.xml HTTP/1.1" 200 94872 "-" "Mozilla/5.0 (compatible; Googlebot/2.1; +http://www.google.com/bot.html)"
60.241.196.176 - - [14/Feb/2026:10:23:47 +0000] "GET / HTTP/1.1" 302 48 "-" "Mozilla/5.0 (compatible; Googlebot/2.1; +http://www.google.com/bot.html)"
171.133.45.213 - - [14/Feb/2026:10:26:58 +0000] "GET /style.css HTTP/1.1" 404 50 "-" "Mozilla/5.0 (compatible; Amazonbot/0.1; +https://developer.amazon.com/support/amazonbot)"
71.138.7.233 - - [14/Feb/2026:10:29:11 +0000] "GET /feed.xml HTTP/1.1" 404 244 "-" "ClaudeBot/1.0 (+https://www.anthropic.com/claudebot)"
203.225.0.215 - - [14/Feb/2026:10:30:07 +0000] "GET /logo.png HTTP/1.1" 200 106432 "-" "Mozilla/5.0 (compatible; Amazonbot/0.1; +https://developer.amazon.com/support/amazonbot)"
99.132.12.102 - - [14/Feb/2026:10:30:41 +0000] "GET /config HTTP/1.1" 200 9322 "-" "Mozilla/5.0 (compatible; bingbot/2.0; +http://www.bing.com/bingbot.htm)"
60.241.196.176 - - [14/Feb/2026:10:43:49 +0000] "GET / HTTP/1.1" 304 275 "-" "Mozilla/5.0 (compatible; Googlebot/2.1; +http://www.google.com/bot.html)"
141.57.250.8 - - [14/Feb/2026:10:45:39 +0000] "GET /about.html HTTP/1.1" 404 482 "-" "Mozilla/5.0 (compatible; bingbot/2.0; +http://www.bing.com/bingbot.htm)"
71.138.7.233 - - [14/Feb/2026:10:50:48 +0000] "GET /logo.png HTTP/1.1" 200 11299 "-" "Mozilla/5.0 (compatible; bingbot/2.0; +http://www.bing.com/bingbot.htm)"
99.170.62.78 - - [14/Feb/2026:10:54:39 +0000] "GET /index.html HTTP/1.1" 200 26242 "-" "ClaudeBot/1.0 (+https://www.anthropic.com/claudebot)"
60.241.196.176 - - [14/Feb/2026:10:55:29 +0000] "GET /style.css HTTP/1.1" 301 338 "-" "Mozilla/5.0 (compatible; bingbot/2.0; +http://www.bing.com/bingbot.htm)"
141.57.250.8 - - [14/Feb/2026:10:57:52 +0000] "GET /banner.jpg HTTP/1.1" 200 93312 "-" "Mozilla/5.0 (compatible; Amazonbot/0.1; +https://developer.amazon.com/support/amazonbot)"
203.225.0.215 - - [14/Feb/2026:10:59:07 +0000] "GET /logo.png HTTP/1.1" 404 263 "-" "Mozilla/5.0 (compatible; Googlebot/2.1; +http://www.google.com/bot.html)"
188.194.31.5 - - [14/Feb/2026:11:00:04 +0000] "GET /style.css HTTP/1.1" 200 87365 "-" "Mozilla/5.0 AppleWebKit/537.36 (compatible; GPTBot/1.3; +https://openai.com/gptbot)"
149.37.222.138 - - [14/Feb/2026:11:08:23 +0000] "GET /banner.jpg HTTP/1.1" 200 147179 "-" "Mozilla/5.0 (compatible; Googlebot/2.1; +http://www.google.com/bot.html)"
60.241.196.176 - - [14/Feb/2026:11:08:26 +0000] "GET /style.css HTTP/1.1" 301 113 "-" "Mozilla/5.0 (compatible; Amazonbot/0.1; +https://developer.amazon.com/support/amazonbot)"
141.57.250.8 - - [14/Feb/2026:11:10:00 +0000] "GET /about.html HTTP/1.1" 304 398 "-" "Mozilla/5.0 AppleWebKit/537.36 (compatible; GPTBot/1.3; +https://openai.com/gptbot)"
149.37.222.138 - - [14/Feb/2026:11:11:46 +0000] "GET / HTTP/1.1" 200 61453 "-" "Mozilla/5.0 (compatible; Googlebot/2.1; +http://www.google.com/bot.html)"
82.35.167.49 - - [14/Feb/2026:11:14:03 +0000] "GET /app.js HTTP/1.1" 200 21825 "-" "Mozilla/5.0 (compatible; bingbot/2.0; +http://www.bing.com/bingbot.htm)"
82.35.167.49 - - [14/Feb/2026:11:14:10 +0000] "GET /sitemap.xml HTTP/1.1" 200 93343 "-" "Mozilla/5.0 (compatible; Amazonbot/0.1; +https://developer.amazon.com/support/amazonbot)"
171.133.45.213 - - [14/Feb/2026:11:18:39 +0000] "GET /app.js HTTP/1.1" 302 97 "-" "Mozilla/5.0 (compatible; bingbot/2.0; +http://www.bing.com/bingbot.htm)"
141.57.250.8 - - [14/Feb/2026:11:24:52 +0000] "GET /data.json HTTP/1.1" 200 14176 "-" "ClaudeBot/1.0 (+https://www.anthropic.com/claudebot)"
82.35.167.49 - - [14/Feb/2026:11:38:38 +0000] "GET /logo.png HTTP/1.1" 304 398 "-" "Mozilla/5.0 (compatible; Amazonbot/0.1; +https://developer.amazon.com/support/amazonbot)"
99.150.211.250 - - [14/Feb/2026:11:42:50 +0000] "GET /about.html HTTP/1.1" 200 56684 "-" "Mozilla/5.0 AppleWebKit/537.36 (compatible; GPTBot/1.3; +https://openai.com/gptbot)"
203.225.0.215 - - [14/Feb/2026:11:43:25 +0000] "GET /index.html HTTP/1.1" 200 51253 "-" "Mozilla/5.0 (compatible; Amazonbot/0.1; +https://developer.amazon.com/support/amazonbot)"
60.241.196.176 - - [14/Feb/2026:11:56:57 +0000] "GET /style.css HTTP/1.1" 200 137285 "-" "Mozilla/5.0 (compatible; bingbot/2.0; +http://www.bing.com/bingbot.htm)"
82.35.167.49 - - [14/Feb/2026:12:10:05 +0000] "GET /data.json HTTP/1.1" 200 101921 "-" "Mozilla/5.0 (compatible; bingbot/2.0; +http://www.bing.com/bingbot.htm)"
171.133.45.213 - - [14/Feb/2026:12:11:59 +0000] "GET /about.html HTTP/1.1" 301 388 "-" "ClaudeBot/1.0 (+https://www.anthropic.com/claudebot)"
82.35.167.49 - - [14/Feb/2026:12:13:57 +0000] "GET /index.html HTTP/1.1" 200 80147 "-" "ClaudeBot/1.0 (+https://www.anthropic.com/claudebot)"
82.35.167.49 - - [14/Feb/2026:12:15:56 +0000] "GET /style.css HTTP/1.1" 304 447 "-" "ClaudeBot/1.0 (+https://www.anthropic.com/claudebot)"
203.225.0.215 - - [14/Feb/2026:12:18:41 +0000] "GET /sitemap.xml HTTP/1.1" 200 130185 "-" "Mozilla/5.0 (compatible; Amazonbot/0.1; +https://developer.amazon.com/support/amazonbot)"
149.37.222.138 - - [14/Feb/2026:12:23:08 +0000] "GET /about.html HTTP/1.1" 200 29539 "-" "Mozilla/5.0 (compatible; Amazonbot/0.1; +https://developer.amazon.com/support/amazonbot)"
141.57.250.8 - - [14/Feb/2026:12:24:12 +0000] "GET /sitemap.xml HTTP/1.1" 200 23903 "-" "ClaudeBot/1.0 (+https://www.anthropic.com/claudebot)"
188.194.31.5 - - [14/Feb/2026:12:36:01 +0000] "GET /banner.jpg HTTP/1.1" 200 81258 "-" "Mozilla/5.0 (compatible; Amazonbot/0.1; +https://developer.amazon.com/support/amazonbot)"
188.194.31.5 - - [14/Feb/2026:12:41:01 +0000] "GET /style.css HTTP/1.1" 304 181 "-" "Mozilla/5.0 (compatible; Googlebot/2.1; +http://www.google.com/bot.html)"
203.225.0.215 - - [14/Feb/2026:12:45:39 +0000] "GET /banner.jpg HTTP/1.1" 304 14 "-" "Mozilla/5.0 AppleWebKit/537.36 (compatible; GPTBot/1.3; +https://openai.com/gptbot)"
99.150.211.250 - - [14/Feb/2026:12:47:32 +0000] "GET /data.json HTTP/1.1" 200 10479 "-" "Mozilla/5.0 AppleWebKit/537.36 (compatible; GPTBot/1.3; +https://openai.com/gptbot)"
82.35.167.49 - - [14/Feb/2026:12:52:46 +0000] "GET / HTTP/1.1" 200 31487 "-" "Mozilla/5.0 (compatible; Googlebot/2.1; +http://www.google.com/bot.html)"
82.35.167.49 - - [14/Feb/2026:12:53:13 +0000] "GET /logo.png HTTP/1.1" 200 111813 "-" "Mozilla/5.0 AppleWebKit/537.36 (compatible; GPTBot/1.3; +https://openai.com/gptbot)"
122.96.81.102 - - [14/Feb/2026:12:55:59 +0000] "GET /config HTTP/1.1" 200 22293 "-" "Mozilla/5.0 (compatible; Amazonbot/0.1; +https://developer.amazon.com/support/amazonbot)"
99.132.12.102 - - [14/Feb/2026:12:57:20 +0000] "GET /app.js HTTP/1.1" 200 34306 "-" "Mozilla/5.0 (compatible; bingbot/2.0; +http://www.bing.com/bingbot.htm)"
141.57.250.8 - - [14/Feb/2026:12:58:54 +0000] "GET /logo.png HTTP/1.1" 404 36 "-" "Mozilla/5.0 AppleWebKit/537.36 (compatible; GPTBot/1.3; +https://openai.com/gptbot)"
99.132.12.102 - - [14/Feb/2026:13:01:14 +0000] "GET /index.html HTTP/1.1" 200 47550 "-" "Mozilla/5.0 AppleWebKit/537.36 (compatible; GPTBot/1.3; +https://openai.com/gptbot)"
99.150.211.250 - - [14/Feb/2026:13:03:51 +0000] "GET /logo.png HTTP/1.1" 304 20 "-" "Mozilla/5.0 AppleWebKit/537.36 (compatible; GPTBot/1.3; +https://openai.com/gptbot)"
99.150.211.250 - - [14/Feb/2026:13:05:39 +0000] "GET /sitemap.xml HTTP/1.1" 304 431 "-" "Mozilla/5.0 (compatible; bingbot/2.0; +http://www.bing.com/bingbot.htm)"
60.241.196.176 - - [14/Feb/2026:13:08:39 +0000] "GET /readme.txt HTTP/1.1" 200 101341 "-" "Mozilla/5.0 (compatible; Amazonbot/0.1; +https://developer.amazon.com/support/amazonbot)"
60.241.196.176 - - [14/Feb/2026:13:09:23 +0000] "GET /config HTTP/1.1" 200 71687 "-" "ClaudeBot/1.0 (+https://www.anthropic.com/claudebot)"
99.132.12.102 - - [14/Feb/2026:13:10:15 +0000] "GET /readme.txt HTTP/1.1" 200 119532 "-" "ClaudeBot/1.0 (+https://www.anthropic.com/claudebot)"
188.194.31.5 - - [14/Feb/2026:13:10:55 +0000] "GET /app.js HTTP/1.1" 200 85258 "-" "ClaudeBot/1.0 (+https://www.anthropic.com/claudebot)"
203.225.0.215 - - [14/Feb/2026:13:12:43 +0000] "GET /data.json HTTP/1.1" 200 12406 "-" "Mozilla/5.0 (compatible; Amazonbot/0.1; +https://developer.amazon.com/support/amazonbot)"
99.150.211.250 - - [14/Feb/2026:13:14:15 +0000] "GET /readme.txt HTTP/1.1" 200 89034 "-" "Mozilla/5.0 (compatible; Amazonbot/0.1; +https://developer.amazon.com/support/amazonbot)"
141.57.250.8 - - [14/Feb/2026:13:16:42 +0000] "GET /data.json HTTP/1.1" 200 21872 "-" "Mozilla/5.0 AppleWebKit/537.36 (compatible; GPTBot/1.3; +https://openai.com/gptbot)"
122.96.81.102 - - [14/Feb/2026:13:20:09 +0000] "GET /style.css HTTP/1.1" 200 90793 "-" "ClaudeBot/1.0 (+https://www.anthropic.com/claudebot)"
71.138.7.233 - - [14/Feb/2026:13:20:32 +0000] "GET /config HTTP/1.1" 200 39549 "-" "Mozilla/5.0 (compatible; Googlebot/2.1; +http://www.google.com/bot.html)"
203.225.0.215 - - [14/Feb/2026:13:21:04 +0000] "GET /logo.png HTTP/1.1" 200 13676 "-" "Mozilla/5.0 (compatible; Amazonbot/0.1; +https://developer.amazon.com/support/amazonbot)"
99.170.62.78 - - [14/Feb/2026:13:25:04 +0000] "GET /readme.txt HTTP/1.1" 200 59672 "-" "Mozilla/5.0 (compatible; Googlebot/2.1; +http://www.google.com/bot.html)"
203.225.0.215 - - [14/Feb/2026:13:31:24 +0000] "GET /style.css HTTP/1.1" 200 128113 "-" "Mozilla/5.0 (compatible; Amazonbot/0.1; +https://developer.amazon.com/support/amazonbot)"
188.194.31.5 - - [14/Feb/2026:13:31:46 +0000] "GET /about.html HTTP/1.1" 200 3361 "-" "Mozilla/5.0 (compatible; Amazonbot/0.1; +https://developer.amazon.com/support/amazonbot)"
99.150.211.250 - - [14/Feb/2026:13:34:43 +0000] "GET /data.json HTTP/1.1" 200 111662 "-" "Mozilla/5.0 (compatible; bingbot/2.0; +http://www.bing.com/bingbot.htm)"
99.132.12.102 - - [14/Feb/2026:13:38:03 +0000] "GET /config HTTP/1.1" 302 325 "-" "ClaudeBot/1.0 (+https://www.anthropic.com/claudebot)"
141.57.250.8 - - [14/Feb/2026:13:41:07 +0000] "GET /about.html HTTP/1.1" 200 7768 "-" "Mozilla/5.0 (compatible; Amazonbot/0.1; +https://developer.amazon.com/support/amazonbot)"
149.37.222.138 - - [14/Feb/2026:13:42:20 +0000] "GET /sitemap.xml HTTP/1.1" 200 123794 "-" "Mozilla/5.0 (compatible; Amazonbot/0.1; +https://developer.amazon.com/support/amazonbot)"
60.241.196.176 - - [14/Feb/2026:13:46:31 +0000] "GET /readme.txt HTTP/1.1" 200 126907 "-" "Mozilla/5.0 (compatible; Googlebot/2.1; +http://www.google.com/bot.html)"
188.194.31.5 - - [14/Feb/2026:13:51:43 +0000] "GET /feed.xml HTTP/1.1" 200 57682 "-" "Mozilla/5.0 AppleWebKit/537.36 (compatible; GPTBot/1.3; +https://openai.com/gptbot)"
82.35.167.49 - - [14/Feb/2026:13:53:54 +0000] "GET /index.html HTTP/1.1" 200 32280 "-" "ClaudeBot/1.0 (+https://www.anthropic.com/claudebot)"
99.150.211.250 - - [14/Feb/2026:13:59:51 +0000] "GET /logo.png HTTP/1.1" 200 7063 "-" "Mozilla/5.0 (compatible; Amazonbot/0.1; +https://developer.amazon.com/support/amazonbot)"
122.96.81.102 - - [14/Feb/2026:14:07:56 +0000] "GET /readme.txt HTTP/1.1" 200 13784 "-" "Mozilla/5.0 (compatible; Amazonbot/0.1; +https://developer.amazon.com/support/amazonbot)"
203.225.0.215 - - [14/Feb/2026:14:13:17 +0000] "GET /feed.xml HTTP/1.1" 200 39125 "-" "Mozilla/5.0 (compatible; Googlebot/2.1; +http://www.google.com/bot.html)"
203.225.0.215 - - [14/Feb/2026:14:14:32 +0000] "GET /index.html HTTP/1.1" 200 89985 "-" "Mozilla/5.0 (compatible; Amazonbot/0.1; +https://developer.amazon.com/support/amazonbot)"
171.133.45.213 - - [14/Feb/2026:14:18:13 +0000] "GET / HTTP/1.1" 200 32213 "-" "Mozilla/5.0 AppleWebKit/537.36 (compatible; GPTBot/1.3; +https://openai.com/gptbot)"
99.170.62.78 - - [14/Feb/2026:14:20:57 +0000] "GET /about.html HTTP/1.1" 404 306 "-" "ClaudeBot/1.0 (+https://www.anthropic.com/claudebot)"
149.37.222.138 - - [14/Feb/2026:14:21:33 +0000] "GET /config HTTP/1.1" 200 7933 "-" "Mozilla/5.0 (compatible; Amazonbot/0.1; +https://developer.amazon.com/support/amazonbot)"
99.132.12.102 - - [14/Feb/2026:14:21:36 +0000] "GET /banner.jpg HTTP/1.1" 200 137984 "-" "ClaudeBot/1.0 (+https://www.anthropic.com/claudebot)"
203.225.0.215 - - [14/Feb/2026:14:21:46 +0000] "GET /app.js HTTP/1.1" 200 144651 "-" "Mozilla/5.0 (compatible; bingbot/2.0; +http://www.bing.com/bingbot.htm)"
141.57.250.8 - - [14/Feb/2026:14:23:09 +0000] "GET /about.html HTTP/1.1" 200 15165 "-" "Mozilla/5.0 (compatible; Googlebot/2.1; +http://www.google.com/bot.html)"
71.138.7.233 - - [14/Feb/2026:14:23:45 +0000] "GET / HTTP/1.1" 200 101760 "-" "Mozilla/5.0 (compatible; Amazonbot/0.1; +https://developer.amazon.com/support/amazonbot)"
60.241.196.176 - - [14/Feb/2026:14:29:14 +0000] "GET / HTTP/1.1" 403 441 "-" "Mozilla/5.0 (compatible; Googlebot/2.1; +http://www.google.com/bot.html)"
99.150.211.250 - - [14/Feb/2026:14:30:36 +0000] "GET /index.html HTTP/1.1" 200 136364 "-" "Mozilla/5.0 (compatible; Amazonbot/0.1; +https://developer.amazon.com/support/amazonbot)"
99.170.62.78 - - [14/Feb/2026:14:34:48 +0000] "GET /about.html HTTP/1.1" 200 103514 "-" "Mozilla/5.0 (compatible; bingbot/2.0; +http://www.bing.com/bingbot.htm)"
99.132.12.102 - - [14/Feb/2026:14:36:21 +0000] "GET /sitemap.xml HTTP/1.1" 302 185 "-" "Mozilla/5.0 (compatible; bingbot/2.0; +http://www.bing.com/bingbot.htm)"
203.225.0.215 - - [14/Feb/2026:14:45:40 +0000] "GET /logo.png HTTP/1.1" 200 94071 "-" "Mozilla/5.0 (compatible; Googlebot/2.1; +http://www.google.com/bot.html)"
188.194.31.5 - - [14/Feb/2026:14:46:36 +0000] "GET /index.html HTTP/1.1" 200 84786 "-" "Mozilla/5.0 (compatible; Amazonbot/0.1; +https://developer.amazon.com/support/amazonbot)"
122.96.81.102 - - [14/Feb/2026:14:51:57 +0000] "GET /index.html HTTP/1.1" 200 110762 "-" "Mozilla/5.0 AppleWebKit/537.36 (compatible; GPTBot/1.3; +https://openai.com/gptbot)"
203.225.0.215 - - [14/Feb/2026:14:54:01 +0000] "GET /style.css HTTP/1.1" 200 80577 "-" "ClaudeBot/1.0 (+https://www.anthropic.com/claudebot)"
203.225.0.215 - - [14/Feb/2026:14:54:30 +0000] "GET /banner.jpg HTTP/1.1" 200 46270 "-" "Mozilla/5.0 AppleWebKit/537.36 (compatible; GPTBot/1.3; +https://openai.com/gptbot)"
82.35.167.49 - - [14/Feb/2026:15:02:49 +0000] "GET /sitemap.xml HTTP/1.1" 404 284 "-" "Mozilla/5.0 AppleWebKit/537.36 (compatible; GPTBot/1.3; +https://openai.com/gptbot)"
60.241.196.176 - - [14/Feb/2026:15:06:23 +0000] "GET /banner.jpg HTTP/1.1" 200 22713 "-" "Mozilla/5.0 AppleWebKit/537.36 (compatible; GPTBot/1.3; +https://openai.com/gptbot)"
60.241.196.176 - - [14/Feb/2026:15:09:21 +0000] "GET /readme.txt HTTP/1.1" 403 95 "-" "Mozilla/5.0 (compatible; bingbot/2.0; +http://www.bing.com/bingbot.htm)"
149.37.222.138 - - [14/Feb/2026:15:10:28 +0000] "GET /sitemap.xml HTTP/1.1" 200 83489 "-" "Mozilla/5.0 (compatible; Googlebot/2.1; +http://www.google.com/bot.html)"
82.35.167.49 - - [14/Feb/2026:15:11:22 +0000] "GET /about.html HTTP/1.1" 200 77889 "-" "Mozilla/5.0 (compatible; Googlebot/2.1; +http://www.google.com/bot.html)"
99.150.211.250 - - [14/Feb/2026:15:13:36 +0000] "GET /data.json HTTP/1.1" 200 57804 "-" "Mozilla/5.0 (compatible; Googlebot/2.1; +http://www.google.com/bot.html)"
60.241.196.176 - - [14/Feb/2026:15:13:42 +0000] "GET /readme.txt HTTP/1.1" 200 138371 "-" "Mozilla/5.0 (compatible; Amazonbot/0.1; +https://developer.amazon.com/support/amazonbot)"
99.150.211.250 - - [14/Feb/2026:15:17:14 +0000] "GET /feed.xml HTTP/1.1" 304 485 "-" "ClaudeBot/1.0 (+https://www.anthropic.com/claudebot)"
122.96.81.102 - - [14/Feb/2026:15:19:49 +0000] "GET / HTTP/1.1" 200 133008 "-" "Mozilla/5.0 (compatible; Googlebot/2.1; +http://www.google.com/bot.html)"
203.225.0.215 - - [14/Feb/2026:15:20:25 +0000] "GET /data.json HTTP/1.1" 200 103631 "-" "Mozilla/5.0 (compatible; Googlebot/2.1; +http://www.google.com/bot.html)"
171.133.45.213 - - [14/Feb/2026:15:21:06 +0000] "GET /logo.png HTTP/1.1" 403 351 "-" "Mozilla/5.0 (compatible; bingbot/2.0; +http://www.bing.com/bingbot.htm)"
99.132.12.102 - - [14/Feb/2026:15:22:53 +0000] "GET /style.css HTTP/1.1" 404 353 "-" "Mozilla/5.0 (compatible; Amazonbot/0.1; +https://developer.amazon.com/support/amazonbot)"
71.138.7.233 - - [14/Feb/2026:15:32:43 +0000] "GET / HTTP/1.1" 200 31326 "-" "Mozilla/5.0 (compatible; Amazonbot/0.1; +https://developer.amazon.com/support/amazonbot)"
99.150.211.250 - - [14/Feb/2026:15:35:46 +0000] "GET /about.html HTTP/1.1" 200 24149 "-" "Mozilla/5.0 (compatible; Amazonbot/0.1; +https://developer.amazon.com/support/amazonbot)"
82.35.167.49 - - [14/Feb/2026:15:36:25 +0000] "GET /index.html HTTP/1.1" 200 63274 "-" "Mozilla/5.0 (compatible; bingbot/2.0; +http://www.bing.com/bingbot.htm)"
171.133.45.213 - - [14/Feb/2026:15:36:51 +0000] "GET /index.html HTTP/1.1" 200 21448 "-" "Mozilla/5.0 (compatible; bingbot/2.0; +http://www.bing.com/bingbot.htm)"
99.150.211.250 - - [14/Feb/2026:15:38:46 +0000] "GET /style.css HTTP/1.1" 200 61671 "-" "Mozilla/5.0 (compatible; bingbot/2.0; +http://www.bing.com/bingbot.htm)"
149.37.222.138 - - [14/Feb/2026:15:49:46 +0000] "GET /style.css HTTP/1.1" 404 473 "-" "Mozilla/5.0 (compatible; bingbot/2.0; +http://www.bing.com/bingbot.htm)"
99.132.12.102 - - [14/Feb/2026:15:52:17 +0000] "GET /about.html HTTP/1.1" 304 335 "-" "Mozilla/5.0 (compatible; Amazonbot/0.1; +https://developer.amazon.com/support/amazonbot)"
171.133.45.213 - - [14/Feb/2026:15:52:43 +0000] "GET /about.html HTTP/1.1" 200 144916 "-" "Mozilla/5.0 (compatible; bingbot/2.0; +http://www.bing.com/bingbot.htm)"
122.96.81.102 - - [14/Feb/2026:15:54:49 +0000] "GET / HTTP/1.1" 200 125142 "-" "Mozilla/5.0 (compatible; Googlebot/2.1; +http://www.google.com/bot.html)"
188.194.31.5 - - [14/Feb/2026:15:57:38 +0000] "GET /about.html HTTP/1.1" 200 95722 "-" "Mozilla/5.0 AppleWebKit/537.36 (compatible; GPTBot/1.3; +https://openai.com/gptbot)"
60.241.196.176 - - [14/Feb/2026:15:59:31 +0000] "GET /style.css HTTP/1.1" 200 60458 "-" "Mozilla/5.0 (compatible; Googlebot/2.1; +http://www.google.com/bot.html)"
171.133.45.213 - - [14/Feb/2026:15:59:33 +0000] "GET /sitemap.xml HTTP/1.1" 200 109592 "-" "Mozilla/5.0 (compatible; bingbot/2.0; +http://www.bing.com/bingbot.htm)"
171.133.45.213 - - [14/Feb/2026:16:05:40 +0000] "GET / HTTP/1.1" 404 309 "-" "ClaudeBot/1.0 (+https://www.anthropic.com/claudebot)"
122.96.81.102 - - [14/Feb/2026:16:06:01 +0000] "GET /app.js HTTP/1.1" 404 332 "-" "Mozilla/5.0 (compatible; Googlebot/2.1; +http://www.google.com/bot.html)"
99.170.62.78 - - [14/Feb/2026:16:10:37 +0000] "GET /app.js HTTP/1.1" 200 36093 "-" "Mozilla/5.0 (compatible; bingbot/2.0; +http://www.bing.com/bingbot.htm)"
71.138.7.233 - - [14/Feb/2026:16:10:41 +0000] "GET /about.html HTTP/1.1" 301 338 "-" "Mozilla/5.0 (compatible; Amazonbot/0.1; +https://developer.amazon.com/support/amazonbot)"
71.138.7.233 - - [14/Feb/2026:16:11:23 +0000] "GET /readme.txt HTTP/1.1" 200 82205 "-" "ClaudeBot/1.0 (+https://www.anthropic.com/claudebot)"
188.194.31.5 - - [14/Feb/2026:16:18:11 +0000] "GET /app.js HTTP/1.1" 404 403 "-" "Mozilla/5.0 (compatible; Googlebot/2.1; +http://www.google.com/bot.html)"
171.133.45.213 - - [14/Feb/2026:16:22:57 +0000] "GET /logo.png HTTP/1.1" 301 106 "-" "Mozilla/5.0 (compatible; Amazonbot/0.1; +https://developer.amazon.com/support/amazonbot)"
82.35.167.49 - - [14/Feb/2026:16:26:05 +0000] "GET /index.html HTTP/1.1" 200 132036 "-" "Mozilla/5.0 (compatible; Googlebot/2.1; +http://www.google.com/bot.html)"
122.96.81.102 - - [14/Feb/2026:16:26:19 +0000] "GET /index.html HTTP/1.1" 404 78 "-" "Mozilla/5.0 (compatible; Googlebot/2.1; +http://www.google.com/bot.html)"
171.133.45.213 - - [14/Feb/2026:16:32:39 +0000] "GET /banner.jpg HTTP/1.1" 200 36213 "-" "Mozilla/5.0 AppleWebKit/537.36 (compatible; GPTBot/1.3; +https://openai.com/gptbot)"
188.194.31.5 - - [14/Feb/2026:16:33:31 +0000] "GET /app.js HTTP/1.1" 404 183 "-" "Mozilla/5.0 (compatible; Amazonbot/0.1; +https://developer.amazon.com/support/amazonbot)"
122.96.81.102 - - [14/Feb/2026:16:37:21 +0000] "GET /style.css HTTP/1.1" 200 63479 "-" "Mozilla/5.0 AppleWebKit/537.36 (compatible; GPTBot/1.3; +https://openai.com/gptbot)"
203.225.0.215 - - [14/Feb/2026:16:38:54 +0000] "GET / HTTP/1.1" 200 93769 "-" "Mozilla/5.0 (compatible; Googlebot/2.1; +http://www.google.com/bot.html)"
99.150.211.250 - - [14/Feb/2026:16:42:15 +0000] "GET /style.css HTTP/1.1" 200 117282 "-" "Mozilla/5.0 (compatible; bingbot/2.0; +http://www.bing.com/bingbot.htm)"
82.35.167.49 - - [14/Feb/2026:16:44:27 +0000] "GET /banner.jpg HTTP/1.1" 404 479 "-" "Mozilla/5.0 (compatible; Amazonbot/0.1; +https://developer.amazon.com/support/amazonbot)"
141.57.250.8 - - [14/Feb/2026:16:45:49 +0000] "GET /sitemap.xml HTTP/1.1" 200 72597 "-" "Mozilla/5.0 (compatible; bingbot/2.0; +http://www.bing.com/bingbot.htm)"
203.225.0.215 - - [14/Feb/2026:16:47:59 +0000] "GET /feed.xml HTTP/1.1" 200 47817 "-" "Mozilla/5.0 (compatible; bingbot/2.0; +http://www.bing.com/bingbot.htm)"
171.133.45.213 - - [14/Feb/2026:16:50:43 +0000] "GET /about.html HTTP/1.1" 302 419 "-" "ClaudeBot/1.0 (+https://www.anthropic.com/claudebot)"
149.37.222.138 - - [14/Feb/2026:16:52:04 +0000] "GET /sitemap.xml HTTP/1.1" 304 9 "-" "Mozilla/5.0 (compatible; Googlebot/2.1; +http://www.google.com/bot.html)"
82.35.167.49 - - [14/Feb/2026:17:01:10 +0000] "GET /config HTTP/1.1" 200 124285 "-" "Mozilla/5.0 (compatible; Amazonbot/0.1; +https://developer.amazon.com/support/amazonbot)"
203.225.0.215 - - [14/Feb/2026:17:03:14 +0000] "GET /banner.jpg HTTP/1.1" 200 83453 "-" "Mozilla/5.0 (compatible; bingbot/2.0; +http://www.bing.com/bingbot.htm)"
188.194.31.5 - - [14/Feb/2026:17:04:27 +0000] "GET /logo.png HTTP/1.1" 304 444 "-" "Mozilla/5.0 (compatible; bingbot/2.0; +http://www.bing.com/bingbot.htm)"
188.194.31.5 - - [14/Feb/2026:17:05:37 +0000] "GET /banner.jpg HTTP/1.1" 200 129177 "-" "Mozilla/5.0 AppleWebKit/537.36 (compatible; GPTBot/1.3; +https://openai.com/gptbot)"
99.150.211.250 - - [14/Feb/2026:17:05:51 +0000] "GET /readme.txt HTTP/1.1" 301 313 "-" "Mozilla/5.0 (compatible; Googlebot/2.1; +http://www.google.com/bot.html)"
171.133.45.213 - - [14/Feb/2026:17:07:45 +0000] "GET /feed.xml HTTP/1.1" 200 130636 "-" "Mozilla/5.0 (compatible; bingbot/2.0; +http://www.bing.com/bingbot.htm)"
99.170.62.78 - - [14/Feb/2026:17:10:24 +0000] "GET /readme.txt HTTP/1.1" 200 19701 "-" "Mozilla/5.0 (compatible; Amazonbot/0.1; +https://developer.amazon.com/support/amazonbot)"
99.132.12.102 - - [14/Feb/2026:17:10:49 +0000] "GET /readme.txt HTTP/1.1" 200 19312 "-" "ClaudeBot/1.0 (+https://www.anthropic.com/claudebot)"
71.138.7.233 - - [14/Feb/2026:17:12:23 +0000] "GET / HTTP/1.1" 404 492 "-" "ClaudeBot/1.0 (+https://www.anthropic.com/claudebot)"
82.35.167.49 - - [14/Feb/2026:17:15:33 +0000] "GET /sitemap.xml HTTP/1.1" 200 33544 "-" "Mozilla/5.0 (compatible; Googlebot/2.1; +http://www.google.com/bot.html)"
122.96.81.102 - - [14/Feb/2026:17:17:13 +0000] "GET /readme.txt HTTP/1.1" 200 108982 "-" "ClaudeBot/1.0 (+https://www.anthropic.com/claudebot)"
99.132.12.102 - - [14/Feb/2026:17:18:09 +0000] "GET /banner.jpg HTTP/1.1" 200 41032 "-" "Mozilla/5.0 (compatible; Amazonbot/0.1; +https://developer.amazon.com/support/amazonbot)"
60.241.196.176 - - [14/Feb/2026:17:21:09 +0000] "GET /data.json HTTP/1.1" 200 101201 "-" "Mozilla/5.0 AppleWebKit/537.36 (compatible; GPTBot/1.3; +https://openai.com/gptbot)"
141.57.250.8 - - [14/Feb/2026:17:21:45 +0000] "GET /config HTTP/1.1" 200 112291 "-" "Mozilla/5.0 (compatible; Amazonbot/0.1; +https://developer.amazon.com/support/amazonbot)"
99.132.12.102 - - [14/Feb/2026:17:22:07 +0000] "GET /logo.png HTTP/1.1" 200 64357 "-" "Mozilla/5.0 (compatible; Amazonbot/0.1; +https://developer.amazon.com/support/amazonbot)"
171.133.45.213 - - [14/Feb/2026:17:22:55 +0000] "GET / HTTP/1.1" 304 78 "-" "Mozilla/5.0 (compatible; Amazonbot/0.1; +https://developer.amazon.com/support/amazonbot)"
149.37.222.138 - - [14/Feb/2026:17:22:59 +0000] "GET /sitemap.xml HTTP/1.1" 304 18 "-" "Mozilla/5.0 (compatible; Amazonbot/0.1; +https://developer.amazon.com/support/amazonbot)"
171.133.45.213 - - [14/Feb/2026:17:32:46 +0000] "GET /config HTTP/1.1" 200 2576 "-" "ClaudeBot/1.0 (+https://www.anthropic.com/claudebot)"
122.96.81.102 - - [14/Feb/2026:17:34:36 +0000] "GET /config HTTP/1.1" 200 16147 "-" "Mozilla/5.0 (compatible; Amazonbot/0.1; +https://developer.amazon.com/support/amazonbot)"
99.150.211.250 - - [14/Feb/2026:17:40:49 +0000] "GET /logo.png HTTP/1.1" 200 17997 "-" "Mozilla/5.0 AppleWebKit/537.36 (compatible; GPTBot/1.3; +https://openai.com/gptbot)"
99.132.12.102 - - [14/Feb/2026:17:42:23 +0000] "GET /data.json HTTP/1.1" 200 81652 "-" "Mozilla/5.0 AppleWebKit/537.36 (compatible; GPTBot/1.3; +https://openai.com/gptbot)"
203.225.0.215 - - [14/Feb/2026:17:48:26 +0000] "GET /sitemap.xml HTTP/1.1" 200 84468 "-" "Mozilla/5.0 (compatible; Googlebot/2.1; +http://www.google.com/bot.html)"
188.194.31.5 - - [14/Feb/2026:17:50:32 +0000] "GET / HTTP/1.1" 404 110 "-" "Mozilla/5.0 (compatible; Amazonbot/0.1; +https://developer.amazon.com/support/amazonbot)"
99.132.12.102 - - [14/Feb/2026:18:02:33 +0000] "GET /sitemap.xml HTTP/1.1" 200 79819 "-" "Mozilla/5.0 (compatible; Amazonbot/0.1; +https://developer.amazon.com/support/amazonbot)"
71.138.7.233 - - [14/Feb/2026:18:18:52 +0000] "GET /banner.jpg HTTP/1.1" 404 228 "-" "Mozilla/5.0 (compatible; Googlebot/2.1; +http://www.google.com/bot.html)"
60.241.196.176 - - [14/Feb/2026:18:19:08 +0000] "GET /feed.xml HTTP/1.1" 301 173 "-" "Mozilla/5.0 (compatible; Googlebot/2.1; +http://www.google.com/bot.html)"
141.57.250.8 - - [14/Feb/2026:18:19:58 +0000] "GET /about.html HTTP/1.1" 404 10 "-" "Mozilla/5.0 AppleWebKit/537.36 (compatible; GPTBot/1.3; +https://openai.com/gptbot)"
71.138.7.233 - - [14/Feb/2026:18:31:24 +0000] "GET /about.html HTTP/1.1" 304 23 "-" "Mozilla/5.0 (compatible; Amazonbot/0.1; +https://developer.amazon.com/support/amazonbot)"
99.132.12.102 - - [14/Feb/2026:18:40:26 +0000] "GET /sitemap.xml HTTP/1.1" 301 437 "-" "Mozilla/5.0 (compatible; Amazonbot/0.1; +https://developer.amazon.com/support/amazonbot)"
82.35.167.49 - - [14/Feb/2026:18:41:23 +0000] "GET /config HTTP/1.1" 200 93067 "-" "Mozilla/5.0 (compatible; Amazonbot/0.1; +https://developer.amazon.com/support/amazonbot)"
188.194.31.5 - - [14/Feb/2026:18:42:45 +0000] "GET /index.html HTTP/1.1" 200 72323 "-" "Mozilla/5.0 (compatible; Googlebot/2.1; +http://www.google.com/bot.html)"
149.37.222.138 - - [14/Feb/2026:18:45:52 +0000] "GET /logo.png HTTP/1.1" 404 15 "-" "Mozilla/5.0 (compatible; Amazonbot/0.1; +https://developer.amazon.com/support/amazonbot)"
60.241.196.176 - - [14/Feb/2026:18:50:22 +0000] "GET /feed.xml HTTP/1.1" 200 39327 "-" "Mozilla/5.0 (compatible; Amazonbot/0.1; +https://developer.amazon.com/support/amazonbot)"
71.138.7.233 - - [14/Feb/2026:18:50:45 +0000] "GET / HTTP/1.1" 200 135246 "-" "ClaudeBot/1.0 (+https://www.anthropic.com/claudebot)"
122.96.81.102 - - [14/Feb/2026:18:54:46 +0000] "GET /readme.txt HTTP/1.1" 200 9961 "-" "Mozilla/5.0 (compatible; bingbot/2.0; +http://www.bing.com/bingbot.htm)"
149.37.222.138 - - [14/Feb/2026:18:57:51 +0000] "GET /index.html HTTP/1.1" 404 197 "-" "Mozilla/5.0 AppleWebKit/537.36 (compatible; GPTBot/1.3; +https://openai.com/gptbot)"
203.225.0.215 - - [14/Feb/2026:18:58:13 +0000] "GET / HTTP/1.1" 200 115246 "-" "Mozilla/5.0 (compatible; bingbot/2.0; +http://www.bing.com/bingbot.htm)"
149.37.222.138 - - [14/Feb/2026:19:02:27 +0000] "GET /readme.txt HTTP/1.1" 200 32598 "-" "Mozilla/5.0 (compatible; bingbot/2.0; +http://www.bing.com/bingbot.htm)"
71.138.7.233 - - [14/Feb/2026:19:02:57 +0000] "GET /sitemap.xml HTTP/1.1" 200 4864 "-" "Mozilla/5.0 (compatible; Googlebot/2.1; +http://www.google.com/bot.html)"
171.133.45.213 - - [14/Feb/2026:19:04:05 +0000] "GET /app.js HTTP/1.1" 200 54742 "-" "ClaudeBot/1.0 (+https://www.anthropic.com/claudebot)"
60.241.196.176 - - [14/Feb/2026:19:07:30 +0000] "GET /data.json HTTP/1.1" 200 69919 "-" "Mozilla/5.0 (compatible; bingbot/2.0; +http://www.bing.com/bingbot.htm)"
171.133.45.213 - - [14/Feb/2026:19:09:14 +0000] "GET /feed.xml HTTP/1.1" 404 108 "-" "ClaudeBot/1.0 (+https://www.anthropic.com/claudebot)"
149.37.222.138 - - [14/Feb/2026:19:09:48 +0000] "GET /logo.png HTTP/1.1" 301 75 "-" "Mozilla/5.0 (compatible; bingbot/2.0; +http://www.bing.com/bingbot.htm)"
171.133.45.213 - - [14/Feb/2026:19:11:37 +0000] "GET /index.html HTTP/1.1" 200 113593 "-" "Mozilla/5.0 AppleWebKit/537.36 (compatible; GPTBot/1.3; +https://openai.com/gptbot)"
99.150.211.250 - - [14/Feb/2026:19:15:54 +0000] "GET /sitemap.xml HTTP/1.1" 200 137356 "-" "Mozilla/5.0 (compatible; bingbot/2.0; +http://www.bing.com/bingbot.htm)"
171.133.45.213 - - [14/Feb/2026:19:16:17 +0000] "GET /logo.png HTTP/1.1" 404 157 "-" "Mozilla/5.0 (compatible; Googlebot/2.1; +http://www.google.com/bot.html)"
149.37.222.138 - - [14/Feb/2026:19:21:16 +0000] "GET /banner.jpg HTTP/1.1" 200 112277 "-" "Mozilla/5.0 AppleWebKit/537.36 (compatible; GPTBot/1.3; +https://openai.com/gptbot)"
141.57.250.8 - - [14/Feb/2026:19:21:28 +0000] "GET /sitemap.xml HTTP/1.1" 304 437 "-" "ClaudeBot/1.0 (+https://www.anthropic.com/claudebot)"
188.194.31.5 - - [14/Feb/2026:19:21:58 +0000] "GET /readme.txt HTTP/1.1" 200 66509 "-" "ClaudeBot/1.0 (+https://www.anthropic.com/claudebot)"
188.194.31.5 - - [14/Feb/2026:19:23:20 +0000] "GET /data.json HTTP/1.1" 200 114807 "-" "Mozilla/5.0 (compatible; Googlebot/2.1; +http://www.google.com/bot.html)"
60.241.196.176 - - [14/Feb/2026:19:26:36 +0000] "GET /index.html HTTP/1.1" 200 76965 "-" "ClaudeBot/1.0 (+https://www.anthropic.com/claudebot)"
149.37.222.138 - - [14/Feb/2026:19:27:42 +0000] "GET /index.html HTTP/1.1" 200 111117 "-" "Mozilla/5.0 (compatible; Amazonbot/0.1; +https://developer.amazon.com/support/amazonbot)"
71.138.7.233 - - [14/Feb/2026:19:29:15 +0000] "GET /feed.xml HTTP/1.1" 404 346 "-" "ClaudeBot/1.0 (+https://www.anthropic.com/claudebot)"
203.225.0.215 - - [14/Feb/2026:19:32:51 +0000] "GET /data.json HTTP/1.1" 403 101 "-" "Mozilla/5.0 (compatible; bingbot/2.0; +http://www.bing.com/bingbot.htm)"
203.225.0.215 - - [14/Feb/2026:19:33:38 +0000] "GET /style.css HTTP/1.1" 404 377 "-" "ClaudeBot/1.0 (+https://www.anthropic.com/claudebot)"
60.241.196.176 - - [14/Feb/2026:19:34:32 +0000] "GET /about.html HTTP/1.1" 404 22 "-" "ClaudeBot/1.0 (+https://www.anthropic.com/claudebot)"
141.57.250.8 - - [14/Feb/2026:19:41:20 +0000] "GET / HTTP/1.1" 200 16544 "-" "Mozilla/5.0 AppleWebKit/537.36 (compatible; GPTBot/1.3; +https://openai.com/gptbot)"
99.170.62.78 - - [14/Feb/2026:19:45:44 +0000] "GET /readme.txt HTTP/1.1" 200 9806 "-" "Mozilla/5.0 (compatible; Googlebot/2.1; +http://www.google.com/bot.html)"
60.241.196.176 - - [14/Feb/2026:19:45:46 +0000] "GET /feed.xml HTTP/1.1" 200 66668 "-" "Mozilla/5.0 (compatible; Amazonbot/0.1; +https://developer.amazon.com/support/amazonbot)"
60.241.196.176 - - [14/Feb/2026:19:48:26 +0000] "GET /logo.png HTTP/1.1" 304 244 "-" "ClaudeBot/1.0 (+https://www.anthropic.com/claudebot)"
149.37.222.138 - - [14/Feb/2026:19:49:29 +0000] "GET /about.html HTTP/1.1" 200 81504 "-" "ClaudeBot/1.0 (+https://www.anthropic.com/claudebot)"
188.194.31.5 - - [14/Feb/2026:19:50:34 +0000] "GET /style.css HTTP/1.1" 200 130990 "-" "Mozilla/5.0 (compatible; bingbot/2.0; +http://www.bing.com/bingbot.htm)"
99.170.62.78 - - [14/Feb/2026:19:52:55 +0000] "GET /style.css HTTP/1.1" 404 404 "-" "Mozilla/5.0 (compatible; bingbot/2.0; +http://www.bing.com/bingbot.htm)"
99.150.211.250 - - [14/Feb/2026:19:53:33 +0000] "GET /feed.xml HTTP/1.1" 200 6457 "-" "ClaudeBot/1.0 (+https://www.anthropic.com/claudebot)"
99.170.62.78 - - [14/Feb/2026:19:57:38 +0000] "GET /logo.png HTTP/1.1" 304 348 "-" "Mozilla/5.0 (compatible; Googlebot/2.1; +http://www.google.com/bot.html)"
171.133.45.213 - - [14/Feb/2026:20:03:04 +0000] "GET /banner.jpg HTTP/1.1" 200 125950 "-" "Mozilla/5.0 (compatible; Googlebot/2.1; +http://www.google.com/bot.html)"
82.35.167.49 - - [14/Feb/2026:20:03:34 +0000] "GET /sitemap.xml HTTP/1.1" 404 391 "-" "Mozilla/5.0 (compatible; Amazonbot/0.1; +https://developer.amazon.com/support/amazonbot)"
82.35.167.49 - - [14/Feb/2026:20:06:35 +0000] "GET /about.html HTTP/1.1" 200 94646 "-" "Mozilla/5.0 AppleWebKit/537.36 (compatible; GPTBot/1.3; +https://openai.com/gptbot)"
60.241.196.176 - - [14/Feb/2026:20:08:04 +0000] "GET /index.html HTTP/1.1" 404 18 "-" "ClaudeBot/1.0 (+https://www.anthropic.com/claudebot)"
71.138.7.233 - - [14/Feb/2026:20:12:13 +0000] "GET /about.html HTTP/1.1" 404 199 "-" "Mozilla/5.0 (compatible; Googlebot/2.1; +http://www.google.com/bot.html)"
99.132.12.102 - - [14/Feb/2026:20:14:45 +0000] "GET / HTTP/1.1" 304 69 "-" "Mozilla/5.0 (compatible; Amazonbot/0.1; +https://developer.amazon.com/support/amazonbot)"
141.57.250.8 - - [14/Feb/2026:20:16:35 +0000] "GET /feed.xml HTTP/1.1" 200 108772 "-" "Mozilla/5.0 AppleWebKit/537.36 (compatible; GPTBot/1.3; +https://openai.com/gptbot)"
203.225.0.215 - - [14/Feb/2026:20:19:30 +0000] "GET /readme.txt HTTP/1.1" 404 387 "-" "Mozilla/5.0 (compatible; bingbot/2.0; +http://www.bing.com/bingbot.htm)"
188.194.31.5 - - [14/Feb/2026:20:20:00 +0000] "GET /readme.txt HTTP/1.1" 301 498 "-" "Mozilla/5.0 (compatible; Googlebot/2.1; +http://www.google.com/bot.html)"
71.138.7.233 - - [14/Feb/2026:20:26:57 +0000] "GET / HTTP/1.1" 200 105024 "-" "ClaudeBot/1.0 (+https://www.anthropic.com/claudebot)"
141.57.250.8 - - [14/Feb/2026:20:26:58 +0000] "GET / HTTP/1.1" 301 320 "-" "Mozilla/5.0 (compatible; Amazonbot/0.1; +https://developer.amazon.com/support/amazonbot)"
71.138.7.233 - - [14/Feb/2026:20:28:01 +0000] "GET /app.js HTTP/1.1" 200 53734 "-" "Mozilla/5.0 AppleWebKit/537.36 (compatible; GPTBot/1.3; +https://openai.com/gptbot)"
149.37.222.138 - - [14/Feb/2026:20:35:27 +0000] "GET /logo.png HTTP/1.1" 200 145278 "-" "Mozilla/5.0 AppleWebKit/537.36 (compatible; GPTBot/1.3; +https://openai.com/gptbot)"
99.150.211.250 - - [14/Feb/2026:20:37:33 +0000] "GET /style.css HTTP/1.1" 304 117 "-" "Mozilla/5.0 (compatible; bingbot/2.0; +http://www.bing.com/bingbot.htm)"
60.241.196.176 - - [14/Feb/2026:20:39:39 +0000] "GET /readme.txt HTTP/1.1" 200 82479 "-" "Mozilla/5.0 (compatible; Googlebot/2.1; +http://www.google.com/bot.html)"
99.170.62.78 - - [14/Feb/2026:20:46:55 +0000] "GET /logo.png HTTP/1.1" 200 77392 "-" "ClaudeBot/1.0 (+https://www.anthropic.com/claudebot)"
82.35.167.49 - - [14/Feb/2026:20:46:57 +0000] "GET / HTTP/1.1" 200 141382 "-" "Mozilla/5.0 (compatible; Googlebot/2.1; +http://www.google.com/bot.html)"
149.37.222.138 - - [14/Feb/2026:20:48:59 +0000] "GET /index.html HTTP/1.1" 200 57233 "-" "Mozilla/5.0 (compatible; Googlebot/2.1; +http://www.google.com/bot.html)"
99.170.62.78 - - [14/Feb/2026:20:49:05 +0000] "GET /readme.txt HTTP/1.1" 200 120350 "-" "Mozilla/5.0 (compatible; Amazonbot/0.1; +https://developer.amazon.com/support/amazonbot)"
99.170.62.78 - - [14/Feb/2026:20:51:18 +0000] "GET / HTTP/1.1" 200 135028 "-" "Mozilla/5.0 (compatible; bingbot/2.0; +http://www.bing.com/bingbot.htm)"
60.241.196.176 - - [14/Feb/2026:21:03:19 +0000] "GET /logo.png HTTP/1.1" 304 174 "-" "Mozilla/5.0 (compatible; Amazonbot/0.1; +https://developer.amazon.com/support/amazonbot)"
203.225.0.215 - - [14/Feb/2026:21:06:48 +0000] "GET /data.json HTTP/1.1" 200 142023 "-" "Mozilla/5.0 (compatible; bingbot/2.0; +http://www.bing.com/bingbot.htm)"
99.170.62.78 - - [14/Feb/2026:21:07:14 +0000] "GET /app.js HTTP/1.1" 200 134439 "-" "Mozilla/5.0 (compatible; bingbot/2.0; +http://www.bing.com/bingbot.htm)"
99.150.211.250 - - [14/Feb/2026:21:16:18 +0000] "GET /data.json HTTP/1.1" 200 110447 "-" "Mozilla/5.0 (compatible; Amazonbot/0.1; +https://developer.amazon.com/support/amazonbot)"
82.35.167.49 - - [14/Feb/2026:21:18:48 +0000] "GET / HTTP/1.1" 200 96518 "-" "Mozilla/5.0 (compatible; Googlebot/2.1; +http://www.google.com/bot.html)"
171.133.45.213 - - [14/Feb/2026:21:21:44 +0000] "GET /app.js HTTP/1.1" 200 17557 "-" "Mozilla/5.0 AppleWebKit/537.36 (compatible; GPTBot/1.3; +https://openai.com/gptbot)"
188.194.31.5 - - [14/Feb/2026:21:22:01 +0000] "GET / HTTP/1.1" 403 59 "-" "Mozilla/5.0 (compatible; Googlebot/2.1; +http://www.google.com/bot.html)"
171.133.45.213 - - [14/Feb/2026:21:23:41 +0000] "GET /feed.xml HTTP/1.1" 200 59479 "-" "Mozilla/5.0 (compatible; Amazonbot/0.1; +https://developer.amazon.com/support/amazonbot)"
99.170.62.78 - - [14/Feb/2026:21:24:18 +0000] "GET /data.json HTTP/1.1" 404 462 "-" "Mozilla/5.0 (compatible; Googlebot/2.1; +http://www.google.com/bot.html)"
71.138.7.233 - - [14/Feb/2026:21:27:46 +0000] "GET /index.html HTTP/1.1" 200 90170 "-" "Mozilla/5.0 (compatible; Amazonbot/0.1; +https://developer.amazon.com/support/amazonbot)"
171.133.45.213 - - [14/Feb/2026:21:28:15 +0000] "GET /config HTTP/1.1" 200 75760 "-" "Mozilla/5.0 (compatible; bingbot/2.0; +http://www.bing.com/bingbot.htm)"
99.132.12.102 - - [14/Feb/2026:21:29:10 +0000] "GET /feed.xml HTTP/1.1" 200 95307 "-" "Mozilla/5.0 (compatible; bingbot/2.0; +http://www.bing.com/bingbot.htm)"
82.35.167.49 - - [14/Feb/2026:21:29:37 +0000] "GET /about.html HTTP/1.1" 404 70 "-" "ClaudeBot/1.0 (+https://www.anthropic.com/claudebot)"
82.35.167.49 - - [14/Feb/2026:21:30:48 +0000] "GET /readme.txt HTTP/1.1" 200 29063 "-" "Mozilla/5.0 (compatible; Amazonbot/0.1; +https://developer.amazon.com/support/amazonbot)"
203.225.0.215 - - [14/Feb/2026:21:31:23 +0000] "GET /logo.png HTTP/1.1" 200 60946 "-" "Mozilla/5.0 (compatible; Googlebot/2.1; +http://www.google.com/bot.html)"
99.170.62.78 - - [14/Feb/2026:21:33:55 +0000] "GET /data.json HTTP/1.1" 200 21214 "-" "Mozilla/5.0 AppleWebKit/537.36 (compatible; GPTBot/1.3; +https://openai.com/gptbot)"
71.138.7.233 - - [14/Feb/2026:21:35:21 +0000] "GET /readme.txt HTTP/1.1" 200 126774 "-" "Mozilla/5.0 (compatible; bingbot/2.0; +http://www.bing.com/bingbot.htm)"
99.170.62.78 - - [14/Feb/2026:21:37:44 +0000] "GET /config HTTP/1.1" 200 127315 "-" "Mozilla/5.0 (compatible; bingbot/2.0; +http://www.bing.com/bingbot.htm)"
99.150.211.250 - - [14/Feb/2026:21:45:10 +0000] "GET / HTTP/1.1" 200 126220 "-" "ClaudeBot/1.0 (+https://www.anthropic.com/claudebot)"
82.35.167.49 - - [14/Feb/2026:21:47:34 +0000] "GET / HTTP/1.1" 200 103824 "-" "Mozilla/5.0 (compatible; bingbot/2.0; +http://www.bing.com/bingbot.htm)"
82.35.167.49 - - [14/Feb/2026:21:47:53 +0000] "GET /index.html HTTP/1.1" 302 252 "-" "Mozilla/5.0 (compatible; Amazonbot/0.1; +https://developer.amazon.com/support/amazonbot)"
141.57.250.8 - - [14/Feb/2026:21:52:36 +0000] "GET /feed.xml HTTP/1.1" 200 114130 "-" "ClaudeBot/1.0 (+https://www.anthropic.com/claudebot)"
99.132.12.102 - - [14/Feb/2026:21:55:08 +0000] "GET /data.json HTTP/1.1" 200 108683 "-" "Mozilla/5.0 (compatible; bingbot/2.0; +http://www.bing.com/bingbot.htm)"
188.194.31.5 - - [14/Feb/2026:21:57:01 +0000] "GET /index.html HTTP/1.1" 304 163 "-" "ClaudeBot/1.0 (+https://www.anthropic.com/claudebot)"
188.194.31.5 - - [14/Feb/2026:22:00:12 +0000] "GET /sitemap.xml HTTP/1.1" 200 12749 "-" "Mozilla/5.0 (compatible; Googlebot/2.1; +http://www.google.com/bot.html)"
82.35.167.49 - - [14/Feb/2026:22:02:17 +0000] "GET /data.json HTTP/1.1" 200 9745 "-" "Mozilla/5.0 AppleWebKit/537.36 (compatible; GPTBot/1.3; +https://openai.com/gptbot)"
60.241.196.176 - - [14/Feb/2026:22:17:33 +0000] "GET /logo.png HTTP/1.1" 200 29463 "-" "Mozilla/5.0 (compatible; Googlebot/2.1; +http://www.google.com/bot.html)"
82.35.167.49 - - [14/Feb/2026:22:18:26 +0000] "GET / HTTP/1.1" 200 92504 "-" "Mozilla/5.0 (compatible; Googlebot/2.1; +http://www.google.com/bot.html)"
60.241.196.176 - - [14/Feb/2026:22:20:52 +0000] "GET /banner.jpg HTTP/1.1" 200 7898 "-" "Mozilla/5.0 AppleWebKit/537.36 (compatible; GPTBot/1.3; +https://openai.com/gptbot)"
122.96.81.102 - - [14/Feb/2026:22:24:38 +0000] "GET /feed.xml HTTP/1.1" 200 125829 "-" "ClaudeBot/1.0 (+https://www.anthropic.com/claudebot)"
82.35.167.49 - - [14/Feb/2026:22:24:54 +0000] "GET /index.html HTTP/1.1" 404 127 "-" "Mozilla/5.0 AppleWebKit/537.36 (compatible; GPTBot/1.3; +https://openai.com/gptbot)"
