71.138.7.233 - - [09/Feb/2026:10:29:33 +0000] "GET /about.html HTTP/1.1" 200 124037 "-" "Mozilla/5.0 (compatible; Googlebot/2.1; +http://www.google.com/bot.html)"
71.138.7.233 - - [09/Feb/2026:10:33:28 +0000] "GET /style.css HTTP/1.1" 200 125327 "-" "Mozilla/5.0 (compatible; Googlebot/2.1; +http://www.google.com/bot.html)"
203.225.0.215 - - [09/Feb/2026:10:34:44 +0000] "GET /config HTTP/1.1" 200 26031 "-" "Mozilla/5.0 (compatible; Amazonbot/0.1; +https://developer.amazon.com/support/amazonbot)"
141.57.250.8 - - [09/Feb/2026:10:36:39 +0000] "GET /style.css HTTP/1.1" 200 120874 "-" "ClaudeBot/1.0 (+https://www.anthropic.com/claudebot)"
60.241.196.176 - - [09/Feb/2026:10:37:33 +0000] "GET /index.html HTTP/1.1" 200 24974 "-" "Mozilla/5.0 (compatible; bingbot/2.0; +http://www.bing.com/bingbot.htm)"
71.138.7.233 - - [09/Feb/2026:10:46:56 +0000] "GET /readme.txt HTTP/1.1" 304 78 "-" "Mozilla/5.0 AppleWebKit/537.36 (compatible; GPTBot/1.3; +https://openai.com/gptbot)"
149.37.222.138 - - [09/Feb/2026:10:50:10 +0000] "GET /banner.jpg HTTP/1.1" 200 66745 "-" "Mozilla/5.0 (compatible; Amazonbot/0.1; +https://developer.amazon.com/support/amazonbot)"
149.37.222.138 - - [09/Feb/2026:10:50:12 +0000] "GET /data.json HTTP/1.1" 200 5236 "-" "Mozilla/5.0 AppleWebKit/537.36 (compatible; GPTBot/1.3; +https://openai.com/gptbot)"
171.133.45.213 - - [09/Feb/2026:10:52:08 +0000] "GET / HTTP/1.1" 200 1713 "-" "Mozilla/5.0 AppleWebKit/537.36 (compatible; GPTBot/1.3; +https://openai.com/gptbot)"
203.225.0.215 - - [09/Feb/2026:10:53:20 +0000] "GET /feed.xml HTTP/1.1" 200 2384 "-" "Mozilla/5.0 (compatible; Amazonbot/0.1; +https://developer.amazon.com/support/amazonbot)"
149.37.222.138 - - [09/Feb/2026:10:53:39 +0000] "GET /about.html HTTP/1.1" 302 250 "-" "Mozilla/5.0 (compatible; Googlebot/2.1; +http://www.google.com/bot.html)"
203.225.0.215 - - [09/Feb/2026:10:54:11 +0000] "GET /readme.txt HTTP/1.1" 200 39325 "-" "Mozilla/5.0 (compatible; Amazonbot/0.1; +https://developer.amazon.com/support/amazonbot)"
99.150.211.250 - - [09/Feb/2026:10:56:29 +0000] "GET /about.html HTTP/1.1" 304 436 "-" "Mozilla/5.0 (compatible; Googlebot/2.1; +http://www.google.com/bot.html)"
60.241.196.176 - - [09/Feb/2026:11:02:55 +0000] "GET /app.js HTTP/1.1" 200 111489 "-" "Mozilla/5.0 (compatible; Amazonbot/0.1; +https://developer.amazon.com/support/amazonbot)"
99.150.211.250 - - [09/Feb/2026:11:14:28 +0000] "GET /sitemap.xml HTTP/1.1" 304 399 "-" "Mozilla/5.0 (compatible; bingbot/2.0; +http://www.bing.com/bingbot.htm)"
171.133.45.213 - - [09/Feb/2026:11:17:35 +0000] "GET /index.html HTTP/1.1" 200 61552 "-" "Mozilla/5.0 (compatible; Amazonbot/0.1; +https://developer.amazon.com/support/amazonbot)"
141.57.250.8 - - [09/Feb/2026:11:23:20 +0000] "GET /style.css HTTP/1.1" 404 468 "-" "Mozilla/5.0 (compatible; bingbot/2.0; +http://www.bing.com/bingbot.htm)"
71.138.7.233 - - [09/Feb/2026:11:24:44 +0000] "GET /readme.txt HTTP/1.1" 200 72487 "-" "ClaudeBot/1.0 (+https://www.anthropic.com/claudebot)"
141.57.250.8 - - [09/Feb/2026:11:26:54 +0000] "GET /about.html HTTP/1.1" 200 2517 "-" "Mozilla/5.0 AppleWebKit/537.36 (compatible; GPTBot/1.3; +https://openai.com/gptbot)"
82.35.167.49 - - [09/Feb/2026:11:30:15 +0000] "GET /about.html HTTP/1.1" 200 69812 "-" "Mozilla/5.0 (compatible; bingbot/2.0; +http://www.bing.com/bingbot.htm)"
99.150.211.250 - - [09/Feb/2026:11:32:39 +0000] "GET /app.js HTTP/1.1" 200 93803 "-" "Mozilla/5.0 (compatible; Googlebot/2.1; +http://www.google.com/bot.html)"
122.96.81.102 - - [09/Feb/2026:11:37:10 +0000] "GET /sitemap.xml HTTP/1.1" 304 461 "-" "ClaudeBot/1.0 (+https://www.anthropic.com/claudebot)"
141.57.250.8 - - [09/Feb/2026:11:41:12 +0000] "GET /readme.txt HTTP/1.1" 200 145344 "-" "Mozilla/5.0 (compatible; Googlebot/2.1; +http://www.google.com/bot.html)"
122.96.81.102 - - [09/Feb/2026:11:45:38 +0000] "GET /feed.xml HTTP/1.1" 200 49314 "-" "Mozilla/5.0 AppleWebKit/537.36 (compatible; GPTBot/1.3; +https://openai.com/gptbot)"
171.133.45.213 - - [09/Feb/2026:11:46:36 +0000] "GET /style.css HTTP/1.1" 404 232 "-" "Mozilla/5.0 (compatible; Googlebot/2.1; +http://www.google.com/bot.html)"
71.138.7.233 - - [09/Feb/2026:11:58:05 +0000] "GET /feed.xml HTTP/1.1" 200 101134 "-" "Mozilla/5.0 (compatible; bingbot/2.0; +http://www.bing.com/bingbot.htm)"
141.57.250.8 - - [09/Feb/2026:12:03:39 +0000] "GET /sitemap.xml HTTP/1.1" 200 54256 "-" "ClaudeBot/1.0 (+https://www.anthropic.com/claudebot)"
203.225.0.215 - - [09/Feb/2026:12:08:43 +0000] "GET / HTTP/1.1" 200 30604 "-" "Mozilla/5.0 (compatible; Googlebot/2.1; +http://www.google.com/bot.html)"
60.241.196.176 - - [09/Feb/2026:12:20:31 +0000] "GET /index.html HTTP/1.1" 200 31923 "-" "Mozilla/5.0 (compatible; bingbot/2.0; +http://www.bing.com/bingbot.htm)"
99.170.62.78 - - [09/Feb/2026:12:22:49 +0000] "GET /feed.xml HTTP/1.1" 200 140408 "-" "ClaudeBot/1.0 (+https://www.anthropic.com/claudebot)"
99.132.12.102 - - [09/Feb/2026:12:22:52 +0000] "GET /index.html HTTP/1.1" 200 66509 "-" "Mozilla/5.0 (compatible; Googlebot/2.1; +http://www.google.com/bot.html)"
122.96.81.102 - - [09/Feb/2026:12:25:26 +0000] "GET /sitemap.xml HTTP/1.1" 200 141367 "-" "Mozilla/5.0 (compatible; Googlebot/2.1; +http://www.google.com/bot.html)"
99.170.62.78 - - [09/Feb/2026:12:29:13 +0000] "GET /index.html HTTP/1.1" 304 180 "-" "Mozilla/5.0 AppleWebKit/537.36 (compatible; GPTBot/1.3; +https://openai.com/gptbot)"
188.194.31.5 - - [09/Feb/2026:12:30:34 +0000] "GET /sitemap.xml HTTP/1.1" 200 143731 "-" "Mozilla/5.0 (compatible; Amazonbot/0.1; +https://developer.amazon.com/support/amazonbot)"
149.37.222.138 - - [09/Feb/2026:12:30:52 +0000] "GET /style.css HTTP/1.1" 200 3291 "-" "ClaudeBot/1.0 (+https://www.anthropic.com/claudebot)"
203.225.0.215 - - [09/Feb/2026:12:30:56 +0000] "GET / HTTP/1.1" 200 132084 "-" "Mozilla/5.0 (compatible; Amazonbot/0.1; +https://developer.amazon.com/support/amazonbot)"
122.96.81.102 - - [09/Feb/2026:12:45:21 +0000] "GET / HTTP/1.1" 301 74 "-" "Mozilla/5.0 (compatible; bingbot/2.0; +http://www.bing.com/bingbot.htm)"
82.35.167.49 - - [09/Feb/2026:12:46:15 +0000] "GET / HTTP/1.1" 304 99 "-" "Mozilla/5.0 AppleWebKit/537.36 (compatible; GPTBot/1.3; +https://openai.com/gptbot)"
171.133.45.213 - - [09/Feb/2026:12:54:03 +0000] "GET / HTTP/1.1" 200 142600 "-" "Mozilla/5.0 (compatible; Amazonbot/0.1; +https://developer.amazon.com/support/amazonbot)"
141.57.250.8 - - [09/Feb/2026:12:55:18 +0000] "GET /sitemap.xml HTTP/1.1" 200 139794 "-" "ClaudeBot/1.0 (+https://www.anthropic.com/claudebot)"
60.241.196.176 - - [09/Feb/2026:12:55:20 +0000] "GET /data.json HTTP/1.1" 302 361 "-" "Mozilla/5.0 AppleWebKit/537.36 (compatible; GPTBot/1.3; +https://openai.com/gptbot)"
99.150.211.250 - - [09/Feb/2026:12:58:49 +0000] "GET /app.js HTTP/1.1" 404 200 "-" "Mozilla/5.0 (compatible; Googlebot/2.1; +http://www.google.com/bot.html)"
149.37.222.138 - - [09/Feb/2026:13:01:34 +0000] "GET / HTTP/1.1" 200 17714 "-" "Mozilla/5.0 (compatible; Amazonbot/0.1; +https://developer.amazon.com/support/amazonbot)"
188.194.31.5 - - [09/Feb/2026:13:02:24 +0000] "GET /logo.png HTTP/1.1" 404 295 "-" "Mozilla/5.0 (compatible; bingbot/2.0; +http://www.bing.com/bingbot.htm)"
171.133.45.213 - - [09/Feb/2026:13:02:31 +0000] "GET /banner.jpg HTTP/1.1" 200 96159 "-" "Mozilla/5.0 AppleWebKit/537.36 (compatible; GPTBot/1.3; +https://openai.com/gptbot)"
122.96.81.102 - - [09/Feb/2026:13:05:34 +0000] "GET /logo.png HTTP/1.1" 302 277 "-" "Mozilla/5.0 (compatible; Googlebot/2.1; +http://www.google.com/bot.html)"
188.194.31.5 - - [09/Feb/2026:13:11:12 +0000] "GET /sitemap.xml HTTP/1.1" 200 38184 "-" "Mozilla/5.0 (compatible; Googlebot/2.1; +http://www.google.com/bot.html)"
122.96.81.102 - - [09/Feb/2026:13:11:24 +0000] "GET /style.css HTTP/1.1" 403 362 "-" "Mozilla/5.0 AppleWebKit/537.36 (compatible; GPTBot/1.3; +https://openai.com/gptbot)"
141.57.250.8 - - [09/Feb/2026:13:14:39 +0000] "GET /readme.txt HTTP/1.1" 302 366 "-" "ClaudeBot/1.0 (+https://www.anthropic.com/claudebot)"
60.241.196.176 - - [09/Feb/2026:13:15:11 +0000] "GET /about.html HTTP/1.1" 200 139428 "-" "Mozilla/5.0 (compatible; Googlebot/2.1; +http://www.google.com/bot.html)"
203.225.0.215 - - [09/Feb/2026:13:25:35 +0000] "GET /feed.xml HTTP/1.1" 200 58060 "-" "ClaudeBot/1.0 (+https://www.anthropic.com/claudebot)"
171.133.45.213 - - [09/Feb/2026:13:27:03 +0000] "GET /index.html HTTP/1.1" 200 55372 "-" "ClaudeBot/1.0 (+https://www.anthropic.com/claudebot)"
99.150.211.250 - - [09/Feb/2026:13:29:12 +0000] "GET /config HTTP/1.1" 404 212 "-" "Mozilla/5.0 (compatible; Googlebot/2.1; +http://www.google.com/bot.html)"
149.37.222.138 - - [09/Feb/2026:13:29:34 +0000] "GET /style.css HTTP/1.1" 302 33 "-" "ClaudeBot/1.0 (+https://www.anthropic.com/claudebot)"
71.138.7.233 - - [09/Feb/2026:13:31:58 +0000] "GET /data.json HTTP/1.1" 200 69078 "-" "Mozilla/5.0 (compatible; bingbot/2.0; +http://www.bing.com/bingbot.htm)"
188.194.31.5 - - [09/Feb/2026:13:32:03 +0000] "GET /style.css HTTP/1.1" 200 31061 "-" "ClaudeBot/1.0 (+https://www.anthropic.com/claudebot)"
203.225.0.215 - - [09/Feb/2026:13:34:00 +0000] "GET /data.json HTTP/1.1" 302 499 "-" "Mozilla/5.0 (compatible; Amazonbot/0.1; +https://developer.amazon.com/support/amazonbot)"
82.35.167.49 - - [09/Feb/2026:13:34:21 +0000] "GET /sitemap.xml HTTP/1.1" 200 76460 "-" "Mozilla/5.0 (compatible; Googlebot/2.1; +http://www.google.com/bot.html)"
99.132.12.102 - - [09/Feb/2026:13:34:23 +0000] "GET /logo.png HTTP/1.1" 200 2842 "-" "Mozilla/5.0 (compatible; bingbot/2.0; +http://www.bing.com/bingbot.htm)"
60.241.196.176 - - [09/Feb/2026:13:34:54 +0000] "GET /config HTTP/1.1" 200 140581 "-" "Mozilla/5.0 (compatible; Googlebot/2.1; +http://www.google.com/bot.html)"
141.57.250.8 - - [09/Feb/2026:13:34:57 +0000] "GET /config HTTP/1.1" 200 43551 "-" "Mozilla/5.0 (compatible; Googlebot/2.1; +http://www.google.com/bot.html)"
149.37.222.138 - - [09/Feb/2026:13:38:12 +0000] "GET /logo.png HTTP/1.1" 200 77731 "-" "Mozilla/5.0 (compatible; Amazonbot/0.1; +https://developer.amazon.com/support/amazonbot)"
99.150.211.250 - - [09/Feb/2026:13:43:58 +0000] "GET /logo.png HTTP/1.1" 200 46677 "-" "Mozilla/5.0 AppleWebKit/537.36 (compatible; GPTBot/1.3; +https://openai.com/gptbot)"
60.241.196.176 - - [09/Feb/2026:13:44:02 +0000] "GET /banner.jpg HTTP/1.1" 200 48651 "-" "Mozilla/5.0 (compatible; Amazonbot/0.1; +https://developer.amazon.com/support/amazonbot)"
82.35.167.49 - - [09/Feb/2026:13:45:07 +0000] "GET / HTTP/1.1" 304 493 "-" "ClaudeBot/1.0 (+https://www.anthropic.com/claudebot)"
82.35.167.49 - - [09/Feb/2026:13:50:49 +0000] "GET /config HTTP/1.1" 200 116470 "-" "ClaudeBot/1.0 (+https://www.anthropic.com/claudebot)"
99.150.211.250 - - [09/Feb/2026:13:53:59 +0000] "GET /readme.txt HTTP/1.1" 200 15128 "-" "Mozilla/5.0 AppleWebKit/537.36 (compatible; GPTBot/1.3; +https://openai.com/gptbot)"
71.138.7.233 - - [09/Feb/2026:13:57:36 +0000] "GET /logo.png HTTP/1.1" 200 25167 "-" "Mozilla/5.0 (compatible; bingbot/2.0; +http://www.bing.com/bingbot.htm)"
82.35.167.49 - - [09/Feb/2026:13:58:24 +0000] "GET /data.json HTTP/1.1" 302 346 "-" "Mozilla/5.0 (compatible; Amazonbot/0.1; +https://developer.amazon.com/support/amazonbot)"
141.57.250.8 - - [09/Feb/2026:14:00:30 +0000] "GET /feed.xml HTTP/1.1" 200 69296 "-" "Mozilla/5.0 (compatible; Googlebot/2.1; +http://www.google.com/bot.html)"
99.150.211.250 - - [09/Feb/2026:14:01:28 +0000] "GET /logo.png HTTP/1.1" 200 60596 "-" "Mozilla/5.0 (compatible; Amazonbot/0.1; +https://developer.amazon.com/support/amazonbot)"
99.132.12.102 - - [09/Feb/2026:14:03:34 +0000] "GET /style.css HTTP/1.1" 301 197 "-" "Mozilla/5.0 AppleWebKit/537.36 (compatible; GPTBot/1.3; +https://openai.com/gptbot)"
122.96.81.102 - - [09/Feb/2026:14:04:06 +0000] "GET /banner.jpg HTTP/1.1" 404 241 "-" "Mozilla/5.0 (compatible; Amazonbot/0.1; +https://developer.amazon.com/support/amazonbot)"
99.170.62.78 - - [09/Feb/2026:14:04:32 +0000] "GET /data.json HTTP/1.1" 200 120641 "-" "Mozilla/5.0 (compatible; bingbot/2.0; +http://www.bing.com/bingbot.htm)"
99.132.12.102 - - [09/Feb/2026:14:04:55 +0000] "GET /sitemap.xml HTTP/1.1" 200 132961 "-" "Mozilla/5.0 (compatible; Amazonbot/0.1; +https://developer.amazon.com/support/amazonbot)"
60.241.196.176 - - [09/Feb/2026:14:13:07 +0000] "GET / HTTP/1.1" 200 31328 "-" "Mozilla/5.0 AppleWebKit/537.36 (compatible; GPTBot/1.3; +https://openai.com/gptbot)"
203.225.0.215 - - [09/Feb/2026:14:17:49 +0000] "GET /config HTTP/1.1" 200 143653 "-" "Mozilla/5.0 AppleWebKit/537.36 (compatible; GPTBot/1.3; +https://openai.com/gptbot)"
149.37.222.138 - - [09/Feb/2026:14:27:39 +0000] "GET /config HTTP/1.1" 404 394 "-" "Mozilla/5.0 (compatible; bingbot/2.0; +http://www.bing.com/bingbot.htm)"
122.96.81.102 - - [09/Feb/2026:14:31:32 +0000] "GET /readme.txt HTTP/1.1" 200 53492 "-" "Mozilla/5.0 (compatible; Googlebot/2.1; +http://www.google.com/bot.html)"
82.35.167.49 - - [09/Feb/2026:14:33:54 +0000] "GET /logo.png HTTP/1.1" 302 76 "-" "Mozilla/5.0 (compatible; Amazonbot/0.1; +https://developer.amazon.com/support/amazonbot)"
60.241.196.176 - - [09/Feb/2026:14:42:17 +0000] "GET /about.html HTTP/1.1" 304 407 "-" "Mozilla/5.0 AppleWebKit/537.36 (compatible; GPTBot/1.3; +https://openai.com/gptbot)"
141.57.250.8 - - [09/Feb/2026:14:43:38 +0000] "GET /app.js HTTP/1.1" 200 107731 "-" "Mozilla/5.0 (compatible; Amazonbot/0.1; +https://developer.amazon.com/support/amazonbot)"
203.225.0.215 - - [09/Feb/2026:14:46:03 +0000] "GET /readme.txt HTTP/1.1" 200 100001 "-" "Mozilla/5.0 (compatible; bingbot/2.0; +http://www.bing.com/bingbot.htm)"
82.35.167.49 - - [09/Feb/2026:14:48:41 +0000] "GET / HTTP/1.1" 200 138789 "-" "Mozilla/5.0 AppleWebKit/537.36 (compatible; GPTBot/1.3; +https://openai.com/gptbot)"
122.96.81.102 - - [09/Feb/2026:14:52:08 +0000] "GET /config HTTP/1.1" 404 13 "-" "Mozilla/5.0 (compatible; Amazonbot/0.1; +https://developer.amazon.com/support/amazonbot)"
149.37.222.138 - - [09/Feb/2026:14:52:09 +0000] "GET /feed.xml HTTP/1.1" 200 93665 "-" "Mozilla/5.0 (compatible; Googlebot/2.1; +http://www.google.com/bot.html)"
82.35.167.49 - - [09/Feb/2026:14:53:13 +0000] "GET /config HTTP/1.1" 200 62461 "-" "ClaudeBot/1.0 (+https://www.anthropic.com/claudebot)"
60.241.196.176 - - [09/Feb/2026:14:53:50 +0000] "GET /sitemap.xml HTTP/1.1" 404 201 "-" "Mozilla/5.0 AppleWebKit/537.36 (compatible; GPTBot/1.3; +https://openai.com/gptbot)"
141.57.250.8 - - [09/Feb/2026:15:00:07 +0000] "GET /data.json HTTP/1.1" 200 84725 "-" "Mozilla/5.0 (compatible; bingbot/2.0; +http://www.bing.com/bingbot.htm)"
122.96.81.102 - - [09/Feb/2026:15:03:16 +0000] "GET /about.html HTTP/1.1" 404 486 "-" "ClaudeBot/1.0 (+https://www.anthropic.com/claudebot)"
149.37.222.138 - - [09/Feb/2026:15:05:16 +0000] "GET /app.js HTTP/1.1" 200 138925 "-" "Mozilla/5.0 AppleWebKit/537.36 (compatible; GPTBot/1.3; +https://openai.com/gptbot)"
149.37.222.138 - - [09/Feb/2026:15:08:47 +0000] "GET /config HTTP/1.1" 304 308 "-" "Mozilla/5.0 (compatible; Googlebot/2.1; +http://www.google.com/bot.html)"
141.57.250.8 - - [09/Feb/2026:15:09:03 +0000] "GET /config HTTP/1.1" 404 81 "-" "Mozilla/5.0 (compatible; Googlebot/2.1; +http://www.google.com/bot.html)"
99.170.62.78 - - [09/Feb/2026:15:19:34 +0000] "GET /data.json HTTP/1.1" 304 309 "-" "Mozilla/5.0 (compatible; Amazonbot/0.1; +https://developer.amazon.com/support/amazonbot)"
171.133.45.213 - - [09/Feb/2026:15:20:52 +0000] "GET /logo.png HTTP/1.1" 200 120780 "-" "Mozilla/5.0 (compatible; bingbot/2.0; +http://www.bing.com/bingbot.htm)"
188.194.31.5 - - [09/Feb/2026:15:23:39 +0000] "GET /data.json HTTP/1.1" 200 77552 "-" "Mozilla/5.0 (compatible; Googlebot/2.1; +http://www.google.com/bot.html)"
99.170.62.78 - - [09/Feb/2026:15:25:08 +0000] "GET /index.html HTTP/1.1" 404 318 "-" "ClaudeBot/1.0 (+https://www.anthropic.com/claudebot)"
71.138.7.233 - - [09/Feb/2026:15:26:03 +0000] "GET /readme.txt HTTP/1.1" 304 272 "-" "Mozilla/5.0 (compatible; Amazonbot/0.1; +https://developer.amazon.com/support/amazonbot)"
71.138.7.233 - - [09/Feb/2026:15:26:28 +0000] "GET /feed.xml HTTP/1.1" 200 120610 "-" "Mozilla/5.0 (compatible; bingbot/2.0; +http://www.bing.com/bingbot.htm)"
149.37.222.138 - - [09/Feb/2026:15:26:52 +0000] "GET /readme.txt HTTP/1.1" 200 67591 "-" "Mozilla/5.0 (compatible; Amazonbot/0.1; +https://developer.amazon.com/support/amazonbot)"
171.133.45.213 - - [09/Feb/2026:15:34:56 +0000] "GET /data.json HTTP/1.1" 200 112768 "-" "ClaudeBot/1.0 (+https://www.anthropic.com/claudebot)"
99.170.62.78 - - [09/Feb/2026:15:35:57 +0000] "GET /index.html HTTP/1.1" 200 83637 "-" "Mozilla/5.0 (compatible; Googlebot/2.1; +http://www.google.com/bot.html)"
141.57.250.8 - - [09/Feb/2026:15:38:28 +0000] "GET /config HTTP/1.1" 200 86609 "-" "Mozilla/5.0 (compatible; bingbot/2.0; +http://www.bing.com/bingbot.htm)"
99.150.211.250 - - [09/Feb/2026:15:47:57 +0000] "GET /about.html HTTP/1.1" 200 85885 "-" "Mozilla/5.0 AppleWebKit/537.36 (compatible; GPTBot/1.3; +https://openai.com/gptbot)"
99.170.62.78 - - [09/Feb/2026:15:51:56 +0000] "GET /readme.txt HTTP/1.1" 404 103 "-" "Mozilla/5.0 AppleWebKit/537.36 (compatible; GPTBot/1.3; +https://openai.com/gptbot)"
203.225.0.215 - - [09/Feb/2026:15:52:28 +0000] "GET /logo.png HTTP/1.1" 200 20988 "-" "Mozilla/5.0 (compatible; bingbot/2.0; +http://www.bing.com/bingbot.htm)"
141.57.250.8 - - [09/Feb/2026:15:54:32 +0000] "GET /sitemap.xml HTTP/1.1" 200 65551 "-" "ClaudeBot/1.0 (+https://www.anthropic.com/claudebot)"
99.132.12.102 - - [09/Feb/2026:15:58:13 +0000] "GET / HTTP/1.1" 304 469 "-" "Mozilla/5.0 (compatible; bingbot/2.0; +http://www.bing.com/bingbot.htm)"
99.132.12.102 - - [09/Feb/2026:15:59:24 +0000] "GET /about.html HTTP/1.1" 200 92912 "-" "Mozilla/5.0 (compatible; Amazonbot/0.1; +https://developer.amazon.com/support/amazonbot)"
99.150.211.250 - - [09/Feb/2026:16:02:40 +0000] "GET /index.html HTTP/1.1" 200 20043 "-" "Mozilla/5.0 (compatible; Googlebot/2.1; +http://www.google.com/bot.html)"
82.35.167.49 - - [09/Feb/2026:16:04:23 +0000] "GET /data.json HTTP/1.1" 200 22760 "-" "Mozilla/5.0 (compatible; Amazonbot/0.1; +https://developer.amazon.com/support/amazonbot)"
99.170.62.78 - - [09/Feb/2026:16:04:32 +0000] "GET /logo.png HTTP/1.1" 200 134961 "-" "Mozilla/5.0 (compatible; Googlebot/2.1; +http://www.google.com/bot.html)"
71.138.7.233 - - [09/Feb/2026:16:06:55 +0000] "GET /feed.xml HTTP/1.1" 200 114929 "-" "ClaudeBot/1.0 (+https://www.anthropic.com/claudebot)"
82.35.167.49 - - [09/Feb/2026:16:09:34 +0000] "GET /config HTTP/1.1" 200 119059 "-" "Mozilla/5.0 (compatible; bingbot/2.0; +http://www.bing.com/bingbot.htm)"
60.241.196.176 - - [09/Feb/2026:16:13:39 +0000] "GET /style.css HTTP/1.1" 404 442 "-" "Mozilla/5.0 (compatible; Googlebot/2.1; +http://www.google.com/bot.html)"
171.133.45.213 - - [09/Feb/2026:16:17:59 +0000] "GET /sitemap.xml HTTP/1.1" 200 30862 "-" "Mozilla/5.0 (compatible; Googlebot/2.1; +http://www.google.com/bot.html)"
141.57.250.8 - - [09/Feb/2026:16:18:23 +0000] "GET /readme.txt HTTP/1.1" 200 128860 "-" "Mozilla/5.0 AppleWebKit/537.36 (compatible; GPTBot/1.3; +https://openai.com/gptbot)"
60.241.196.176 - - [09/Feb/2026:16:19:17 +0000] "GET /data.json HTTP/1.1" 200 16424 "-" "ClaudeBot/1.0 (+https://www.anthropic.com/claudebot)"
99.170.62.78 - - [09/Feb/2026:16:23:50 +0000] "GET /readme.txt HTTP/1.1" 200 91414 "-" "Mozilla/5.0 (compatible; bingbot/2.0; +http://www.bing.com/bingbot.htm)"
82.35.167.49 - - [09/Feb/2026:16:25:00 +0000] "GET /data.json HTTP/1.1" 200 102108 "-" "Mozilla/5.0 (compatible; bingbot/2.0; +http://www.bing.com/bingbot.htm)"
99.170.62.78 - - [09/Feb/2026:16:25:14 +0000] "GET /readme.txt HTTP/1.1" 200 135248 "-" "Mozilla/5.0 (compatible; Amazonbot/0.1; +https://developer.amazon.com/support/amazonbot)"
171.133.45.213 - - [09/Feb/2026:16:28:00 +0000] "GET /app.js HTTP/1.1" 200 34388 "-" "Mozilla/5.0 (compatible; bingbot/2.0; +http://www.bing.com/bingbot.htm)"
149.37.222.138 - - [09/Feb/2026:16:30:23 +0000] "GET /readme.txt HTTP/1.1" 200 80551 "-" "Mozilla/5.0 (compatible; Googlebot/2.1; +http://www.google.com/bot.html)"
203.225.0.215 - - [09/Feb/2026:16:30:29 +0000] "GET /sitemap.xml HTTP/1.1" 200 18103 "-" "ClaudeBot/1.0 (+https://www.anthropic.com/claudebot)"
82.35.167.49 - - [09/Feb/2026:16:38:43 +0000] "GET /data.json HTTP/1.1" 200 116648 "-" "Mozilla/5.0 (compatible; Amazonbot/0.1; +https://developer.amazon.com/support/amazonbot)"
99.150.211.250 - - [09/Feb/2026:16:42:27 +0000] "GET /logo.png HTTP/1.1" 200 37261 "-" "Mozilla/5.0 (compatible; bingbot/2.0; +http://www.bing.com/bingbot.htm)"
149.37.222.138 - - [09/Feb/2026:16:45:53 +0000] "GET /app.js HTTP/1.1" 200 46709 "-" "Mozilla/5.0 AppleWebKit/537.36 (compatible; GPTBot/1.3; +https://openai.com/gptbot)"
203.225.0.215 - - [09/Feb/2026:16:46:21 +0000] "GET /about.html HTTP/1.1" 404 247 "-" "Mozilla/5.0 AppleWebKit/537.36 (compatible; GPTBot/1.3; +https://openai.com/gptbot)"
188.194.31.5 - - [09/Feb/2026:16:51:05 +0000] "GET /index.html HTTP/1.1" 304 9 "-" "Mozilla/5.0 (compatible; Googlebot/2.1; +http://www.google.com/bot.html)"
99.132.12.102 - - [09/Feb/2026:16:52:58 +0000] "GET /style.css HTTP/1.1" 200 94222 "-" "Mozilla/5.0 AppleWebKit/537.36 (compatible; GPTBot/1.3; +https://openai.com/gptbot)"
60.241.196.176 - - [09/Feb/2026:16:57:47 +0000] "GET /banner.jpg HTTP/1.1" 200 129272 "-" "Mozilla/5.0 (compatible; Googlebot/2.1; +http://www.google.com/bot.html)"
122.96.81.102 - - [09/Feb/2026:17:00:20 +0000] "GET /style.css HTTP/1.1" 200 57696 "-" "ClaudeBot/1.0 (+https://www.anthropic.com/claudebot)"
188.194.31.5 - - [09/Feb/2026:17:02:48 +0000] "GET /config HTTP/1.1" 200 76394 "-" "Mozilla/5.0 (compatible; Googlebot/2.1; +http://www.google.com/bot.html)"
71.138.7.233 - - [09/Feb/2026:17:03:54 +0000] "GET /data.json HTTP/1.1" 301 472 "-" "Mozilla/5.0 (compatible; Amazonbot/0.1; +https://developer.amazon.com/support/amazonbot)"
122.96.81.102 - - [09/Feb/2026:17:05:10 +0000] "GET /app.js HTTP/1.1" 200 9281 "-" "Mozilla/5.0 (compatible; bingbot/2.0; +http://www.bing.com/bingbot.htm)"
71.138.7.233 - - [09/Feb/2026:17:07:42 +0000] "GET / HTTP/1.1" 200 84162 "-" "Mozilla/5.0 (compatible; Googlebot/2.1; +http://www.google.com/bot.html)"
99.170.62.78 - - [09/Feb/2026:17:13:12 +0000] "GET /data.json HTTP/1.1" 200 33701 "-" "Mozilla/5.0 AppleWebKit/537.36 (compatible; GPTBot/1.3; +https://openai.com/gptbot)"
82.35.167.49 - - [09/Feb/2026:17:13:31 +0000] "GET /about.html HTTP/1.1" 302 419 "-" "Mozilla/5.0 (compatible; Googlebot/2.1; +http://www.google.com/bot.html)"
99.150.211.250 - - [09/Feb/2026:17:18:15 +0000] "GET /readme.txt HTTP/1.1" 200 87164 "-" "Mozilla/5.0 (compatible; Googlebot/2.1; +http://www.google.com/bot.html)"
203.225.0.215 - - [09/Feb/2026:17:18:23 +0000] "GET /config HTTP/1.1" 200 45797 "-" "ClaudeBot/1.0 (+https://www.anthropic.com/claudebot)"
149.37.222.138 - - [09/Feb/2026:17:26:41 +0000] "GET / HTTP/1.1" 200 101746 "-" "ClaudeBot/1.0 (+https://www.anthropic.com/claudebot)"
149.37.222.138 - - [09/Feb/2026:17:33:32 +0000] "GET /data.json HTTP/1.1" 304 366 "-" "Mozilla/5.0 AppleWebKit/537.36 (compatible; GPTBot/1.3; +https://openai.com/gptbot)"
149.37.222.138 - - [09/Feb/2026:17:35:36 +0000] "GET /data.json HTTP/1.1" 304 287 "-" "Mozilla/5.0 (compatible; Amazonbot/0.1; +https://developer.amazon.com/support/amazonbot)"
60.241.196.176 - - [09/Feb/2026:17:37:08 +0000] "GET /readme.txt HTTP/1.1" 404 137 "-" "ClaudeBot/1.0 (+https://www.anthropic.com/claudebot)"
99.132.12.102 - - [09/Feb/2026:17:43:07 +0000] "GET /style.css HTTP/1.1" 200 254 "-" "ClaudeBot/1.0 (+https://www.anthropic.com/claudebot)"
71.138.7.233 - - [09/Feb/2026:17:47:43 +0000] "GET /feed.xml HTTP/1.1" 403 380 "-" "Mozilla/5.0 (compatible; Googlebot/2.1; +http://www.google.com/bot.html)"
71.138.7.233 - - [09/Feb/2026:17:51:16 +0000] "GET / HTTP/1.1" 200 42405 "-" "ClaudeBot/1.0 (+https://www.anthropic.com/claudebot)"
82.35.167.49 - - [09/Feb/2026:17:57:10 +0000] "GET /banner.jpg HTTP/1.1" 200 88668 "-" "Mozilla/5.0 AppleWebKit/537.36 (compatible; GPTBot/1.3; +https://openai.com/gptbot)"
99.150.211.250 - - [09/Feb/2026:17:59:07 +0000] "GET / HTTP/1.1" 200 21441 "-" "ClaudeBot/1.0 (+https://www.anthropic.com/claudebot)"
82.35.167.49 - - [09/Feb/2026:18:00:46 +0000] "GET /banner.jpg HTTP/1.1" 200 102970 "-" "Mozilla/5.0 (compatible; bingbot/2.0; +http://www.bing.com/bingbot.htm)"
82.35.167.49 - - [09/Feb/2026:18:07:21 +0000] "GET /feed.xml HTTP/1.1" 403 312 "-" "Mozilla/5.0 (compatible; Amazonbot/0.1; +https://developer.amazon.com/support/amazonbot)"
141.57.250.8 - - [09/Feb/2026:18:09:24 +0000] "GET /sitemap.xml HTTP/1.1" 200 80419 "-" "Mozilla/5.0 (compatible; Googlebot/2.1; +http://www.google.com/bot.html)"
99.170.62.78 - - [09/Feb/2026:18:10:19 +0000] "GET /config HTTP/1.1" 200 149359 "-" "Mozilla/5.0 (compatible; bingbot/2.0; +http://www.bing.com/bingbot.htm)"
188.194.31.5 - - [09/Feb/2026:18:11:22 +0000] "GET /feed.xml HTTP/1.1" 200 18172 "-" "Mozilla/5.0 AppleWebKit/537.36 (compatible; GPTBot/1.3; +https://openai.com/gptbot)"
122.96.81.102 - - [09/Feb/2026:18:14:03 +0000] "GET /feed.xml HTTP/1.1" 200 138745 "-" "Mozilla/5.0 AppleWebKit/537.36 (compatible; GPTBot/1.3; +https://openai.com/gptbot)"
71.138.7.233 - - [09/Feb/2026:18:14:49 +0000] "GET /index.html HTTP/1.1" 304 307 "-" "Mozilla/5.0 (compatible; Amazonbot/0.1; +https://developer.amazon.com/support/amazonbot)"
171.133.45.213 - - [09/Feb/2026:18:15:21 +0000] "GET /data.json HTTP/1.1" 200 113522 "-" "Mozilla/5.0 (compatible; bingbot/2.0; +http://www.bing.com/bingbot.htm)"
99.132.12.102 - - [09/Feb/2026:18:16:32 +0000] "GET /style.css HTTP/1.1" 404 124 "-" "Mozilla/5.0 (compatible; Googlebot/2.1; +http://www.google.com/bot.html)"
122.96.81.102 - - [09/Feb/2026:18:16:47 +0000] "GET /about.html HTTP/1.1" 200 132414 "-" "ClaudeBot/1.0 (+https://www.anthropic.com/claudebot)"
122.96.81.102 - - [09/Feb/2026:18:19:06 +0000] "GET /index.html HTTP/1.1" 200 84806 "-" "Mozilla/5.0 (compatible; Googlebot/2.1; +http://www.google.com/bot.html)"
71.138.7.233 - - [09/Feb/2026:18:22:23 +0000] "GET / HTTP/1.1" 200 147173 "-" "Mozilla/5.0 AppleWebKit/537.36 (compatible; GPTBot/1.3; +https://openai.com/gptbot)"
141.57.250.8 - - [09/Feb/2026:18:27:07 +0000] "GET /data.json HTTP/1.1" 200 121119 "-" "Mozilla/5.0 (compatible; Amazonbot/0.1; +https://developer.amazon.com/support/amazonbot)"
141.57.250.8 - - [09/Feb/2026:18:27:17 +0000] "GET /readme.txt HTTP/1.1" 404 486 "-" "Mozilla/5.0 (compatible; Googlebot/2.1; +http://www.google.com/bot.html)"
99.170.62.78 - - [09/Feb/2026:18:35:00 +0000] "GET /style.css HTTP/1.1" 200 11145 "-" "Mozilla/5.0 (compatible; Amazonbot/0.1; +https://developer.amazon.com/support/amazonbot)"
149.37.222.138 - - [09/Feb/2026:18:39:52 +0000] "GET / HTTP/1.1" 404 114 "-" "Mozilla/5.0 (compatible; bingbot/2.0; +http://www.bing.com/bingbot.htm)"
188.194.31.5 - - [09/Feb/2026:18:40:35 +0000] "GET /config HTTP/1.1" 200 92157 "-" "ClaudeBot/1.0 (+https://www.anthropic.com/claudebot)"
71.138.7.233 - - [09/Feb/2026:18:48:40 +0000] "GET /sitemap.xml HTTP/1.1" 200 124105 "-" "Mozilla/5.0 (compatible; bingbot/2.0; +http://www.bing.com/bingbot.htm)"
203.225.0.215 - - [09/Feb/2026:18:49:11 +0000] "GET /app.js HTTP/1.1" 304 414 "-" "Mozilla/5.0 (compatible; Amazonbot/0.1; +https://developer.amazon.com/support/amazonbot)"
188.194.31.5 - - [09/Feb/2026:18:54:45 +0000] "GET /logo.png HTTP/1.1" 200 46952 "-" "Mozilla/5.0 (compatible; Googlebot/2.1; +http://www.google.com/bot.html)"
60.241.196.176 - - [09/Feb/2026:18:55:38 +0000] "GET / HTTP/1.1" 200 28507 "-" "Mozilla/5.0 AppleWebKit/537.36 (compatible; GPTBot/1.3; +https://openai.com/gptbot)"
188.194.31.5 - - [09/Feb/2026:18:56:13 +0000] "GET /style.css HTTP/1.1" 404 294 "-" "Mozilla/5.0 (compatible; bingbot/2.0; +http://www.bing.com/bingbot.htm)"
99.132.12.102 - - [09/Feb/2026:18:59:55 +0000] "GET / HTTP/1.1" 200 5444 "-" "Mozilla/5.0 (compatible; bingbot/2.0; +http://www.bing.com/bingbot.htm)"
188.194.31.5 - - [09/Feb/2026:19:07:27 +0000] "GET /app.js HTTP/1.1" 200 77374 "-" "Mozilla/5.0 (compatible; Amazonbot/0.1; +https://developer.amazon.com/support/amazonbot)"
188.194.31.5 - - [09/Feb/2026:19:07:54 +0000] "GET /app.js HTTP/1.1" 304 134 "-" "Mozilla/5.0 AppleWebKit/537.36 (compatible; GPTBot/1.3; +https://openai.com/gptbot)"
99.150.211.250 - - [09/Feb/2026:19:13:38 +0000] "GET /style.css HTTP/1.1" 200 105586 "-" "ClaudeBot/1.0 (+https://www.anthropic.com/claudebot)"
60.241.196.176 - - [09/Feb/2026:19:19:09 +0000] "GET / HTTP/1.1" 404 159 "-" "ClaudeBot/1.0 (+https://www.anthropic.com/claudebot)"
122.96.81.102 - - [09/Feb/2026:19:19:18 +0000] "GET /about.html HTTP/1.1" 200 11790 "-" "Mozilla/5.0 (compatible; bingbot/2.0; +http://www.bing.com/bingbot.htm)"
60.241.196.176 - - [09/Feb/2026:19:23:06 +0000] "GET /config HTTP/1.1" 200 102744 "-" "ClaudeBot/1.0 (+https://www.anthropic.com/claudebot)"
82.35.167.49 - - [09/Feb/2026:19:24:00 +0000] "GET /config HTTP/1.1" 200 70556 "-" "ClaudeBot/1.0 (+https://www.anthropic.com/claudebot)"
99.170.62.78 - - [09/Feb/2026:19:24:34 +0000] "GET /style.css HTTP/1.1" 404 458 "-" "Mozilla/5.0 AppleWebKit/537.36 (compatible; GPTBot/1.3; +https://openai.com/gptbot)"
82.35.167.49 - - [09/Feb/2026:19:24:59 +0000] "GET / HTTP/1.1" 200 13884 "-" "ClaudeBot/1.0 (+https://www.anthropic.com/claudebot)"
99.132.12.102 - - [09/Feb/2026:19:28:07 +0000] "GET /about.html HTTP/1.1" 404 370 "-" "Mozilla/5.0 (compatible; Googlebot/2.1; +http://www.google.com/bot.html)"
203.225.0.215 - - [09/Feb/2026:19:33:23 +0000] "GET /data.json HTTP/1.1" 200 128231 "-" "Mozilla/5.0 (compatible; Amazonbot/0.1; +https://developer.amazon.com/support/amazonbot)"
99.132.12.102 - - [09/Feb/2026:19:36:11 +0000] "GET /about.html HTTP/1.1" 200 93622 "-" "Mozilla/5.0 (compatible; Googlebot/2.1; +http://www.google.com/bot.html)"
60.241.196.176 - - [09/Feb/2026:19:37:08 +0000] "GET /config HTTP/1.1" 404 11 "-" "ClaudeBot/1.0 (+https://www.anthropic.com/claudebot)"
171.133.45.213 - - [09/Feb/2026:19:39:05 +0000] "GET /config HTTP/1.1" 304 96 "-" "ClaudeBot/1.0 (+https://www.anthropic.com/claudebot)"
99.132.12.102 - - [09/Feb/2026:19:46:05 +0000] "GET /feed.xml HTTP/1.1" 200 140421 "-" "Mozilla/5.0 AppleWebKit/537.36 (compatible; GPTBot/1.3; +https://openai.com/gptbot)"
99.132.12.102 - - [09/Feb/2026:19:57:36 +0000] "GET /banner.jpg HTTP/1.1" 200 37326 "-" "Mozilla/5.0 (compatible; bingbot/2.0; +http://www.bing.com/bingbot.htm)"
99.150.211.250 - - [09/Feb/2026:20:00:29 +0000] "GET / HTTP/1.1" 200 68871 "-" "Mozilla/5.0 AppleWebKit/537.36 (compatible; GPTBot/1.3; +https://openai.com/gptbot)"
71.138.7.233 - - [09/Feb/2026:20:02:57 +0000] "GET / HTTP/1.1" 404 114 "-" "Mozilla/5.0 (compatible; bingbot/2.0; +http://www.bing.com/bingbot.htm)"
82.35.167.49 - - [09/Feb/2026:20:03:32 +0000] "GET /style.css HTTP/1.1" 200 109807 "-" "ClaudeBot/1.0 (+https://www.anthropic.com/claudebot)"
99.132.12.102 - - [09/Feb/2026:20:12:22 +0000] "GET /config HTTP/1.1" 304 221 "-" "Mozilla/5.0 (compatible; Googlebot/2.1; +http://www.google.com/bot.html)"
188.194.31.5 - - [09/Feb/2026:20:15:20 +0000] "GET /logo.png HTTP/1.1" 200 32603 "-" "Mozilla/5.0 (compatible; Amazonbot/0.1; +https://developer.amazon.com/support/amazonbot)"
122.96.81.102 - - [09/Feb/2026:20:22:04 +0000] "GET /data.json HTTP/1.1" 301 183 "-" "ClaudeBot/1.0 (+https://www.anthropic.com/claudebot)"
82.35.167.49 - - [09/Feb/2026:20:28:24 +0000] "GET /banner.jpg HTTP/1.1" 404 57 "-" "Mozilla/5.0 (compatible; Googlebot/2.1; +http://www.google.com/bot.html)"
60.241.196.176 - - [09/Feb/2026:20:28:34 +0000] "GET /sitemap.xml HTTP/1.1" 200 120867 "-" "Mozilla/5.0 (compatible; Amazonbot/0.1; +https://developer.amazon.com/support/amazonbot)"
188.194.31.5 - - [09/Feb/2026:20:30:41 +0000] "GET /app.js HTTP/1.1" 200 123588 "-" "Mozilla/5.0 (compatible; Googlebot/2.1; +http://www.google.com/bot.html)"
99.170.62.78 - - [09/Feb/2026:20:30:57 +0000] "GET /feed.xml HTTP/1.1" 200 136182 "-" "ClaudeBot/1.0 (+https://www.anthropic.com/claudebot)"
171.133.45.213 - - [09/Feb/2026:20:33:03 +0000] "GET /index.html HTTP/1.1" 200 63584 "-" "Mozilla/5.0 AppleWebKit/537.36 (compatible; GPTBot/1.3; +https://openai.com/gptbot)"
141.57.250.8 - - [09/Feb/2026:20:34:52 +0000] "GET /banner.jpg HTTP/1.1" 301 138 "-" "Mozilla/5.0 (compatible; bingbot/2.0; +http://www.bing.com/bingbot.htm)"
149.37.222.138 - - [09/Feb/2026:20:44:52 +0000] "GET /feed.xml HTTP/1.1" 304 402 "-" "Mozilla/5.0 (compatible; bingbot/2.0; +http://www.bing.com/bingbot.htm)"
171.133.45.213 - - [09/Feb/2026:20:50:41 +0000] "GET /feed.xml HTTP/1.1" 304 177 "-" "Mozilla/5.0 (compatible; bingbot/2.0; +http://www.bing.com/bingbot.htm)"
141.57.250.8 - - [09/Feb/2026:20:56:29 +0000] "GET /sitemap.xml HTTP/1.1" 200 34438 "-" "ClaudeBot/1.0 (+https://www.anthropic.com/claudebot)"
82.35.167.49 - - [09/Feb/2026:20:58:51 +0000] "GET /index.html HTTP/1.1" 200 80769 "-" "ClaudeBot/1.0 (+https://www.anthropic.com/claudebot)"
188.194.31.5 - - [09/Feb/2026:21:02:02 +0000] "GET /logo.png HTTP/1.1" 304 337 "-" "Mozilla/5.0 AppleWebKit/537.36 (compatible; GPTBot/1.3; +https://openai.com/gptbot)"
99.150.211.250 - - [09/Feb/2026:21:03:40 +0000] "GET /sitemap.xml HTTP/1.1" 200 144065 "-" "Mozilla/5.0 (compatible; Amazonbot/0.1; +https://developer.amazon.com/support/amazonbot)"
188.194.31.5 - - [09/Feb/2026:21:09:24 +0000] "GET /about.html HTTP/1.1" 200 46946 "-" "Mozilla/5.0 (compatible; bingbot/2.0; +http://www.bing.com/bingbot.htm)"
82.35.167.49 - - [09/Feb/2026:21:10:31 +0000] "GET /banner.jpg HTTP/1.1" 200 103224 "-" "Mozilla/5.0 (compatible; bingbot/2.0; +http://www.bing.com/bingbot.htm)"
99.150.211.250 - - [09/Feb/2026:21:12:32 +0000] "GET / HTTP/1.1" 200 17778 "-" "Mozilla/5.0 AppleWebKit/537.36 (compatible; GPTBot/1.3; +https://openai.com/gptbot)"
141.57.250.8 - - [09/Feb/2026:21:15:30 +0000] "GET /data.json HTTP/1.1" 200 149549 "-" "Mozilla/5.0 AppleWebKit/537.36 (compatible; GPTBot/1.3; +https://openai.com/gptbot)"
60.241.196.176 - - [09/Feb/2026:21:16:19 +0000] "GET /config HTTP/1.1" 404 211 "-" "Mozilla/5.0 AppleWebKit/537.36 (compatible; GPTBot/1.3; +https://openai.com/gptbot)"
99.132.12.102 - - [09/Feb/2026:21:17:39 +0000] "GET /app.js HTTP/1.1" 301 303 "-" "ClaudeBot/1.0 (+https://www.anthropic.com/claudebot)"
99.170.62.78 - - [09/Feb/2026:21:21:08 +0000] "GET /about.html HTTP/1.1" 404 499 "-" "Mozilla/5.0 AppleWebKit/537.36 (compatible; GPTBot/1.3; +https://openai.com/gptbot)"
82.35.167.49 - - [09/Feb/2026:21:21:24 +0000] "GET /style.css HTTP/1.1" 301 210 "-" "ClaudeBot/1.0 (+https://www.anthropic.com/claudebot)"
71.138.7.233 - - [09/Feb/2026:21:22:19 +0000] "GET /config HTTP/1.1" 200 98676 "-" "Mozilla/5.0 (compatible; Googlebot/2.1; +http://www.google.com/bot.html)"
203.225.0.215 - - [09/Feb/2026:21:25:21 +0000] "GET /app.js HTTP/1.1" 200 56320 "-" "ClaudeBot/1.0 (+https://www.anthropic.com/claudebot)"
99.150.211.250 - - [09/Feb/2026:21:26:15 +0000] "GET /readme.txt HTTP/1.1" 200 137868 "-" "Mozilla/5.0 AppleWebKit/537.36 (compatible; GPTBot/1.3; +https://openai.com/gptbot)"
149.37.222.138 - - [09/Feb/2026:21:27:13 +0000] "GET /app.js HTTP/1.1" 200 129328 "-" "ClaudeBot/1.0 (+https://www.anthropic.com/claudebot)"
203.225.0.215 - - [09/Feb/2026:21:28:05 +0000] "GET /data.json HTTP/1.1" 301 362 "-" "Mozilla/5.0 (compatible; bingbot/2.0; +http://www.bing.com/bingbot.htm)"
188.194.31.5 - - [09/Feb/2026:21:32:39 +0000] "GET /logo.png HTTP/1.1" 200 40246 "-" "Mozilla/5.0 (compatible; bingbot/2.0; +http://www.bing.com/bingbot.htm)"
149.37.222.138 - - [09/Feb/2026:21:35:04 +0000] "GET /style.css HTTP/1.1" 200 31479 "-" "Mozilla/5.0 (compatible; Googlebot/2.1; +http://www.google.com/bot.html)"
99.132.12.102 - - [09/Feb/2026:21:36:55 +0000] "GET /sitemap.xml HTTP/1.1" 404 446 "-" "Mozilla/5.0 AppleWebKit/537.36 (compatible; GPTBot/1.3; +https://openai.com/gptbot)"
99.132.12.102 - - [09/Feb/2026:21:39:32 +0000] "GET /index.html HTTP/1.1" 200 17711 "-" "ClaudeBot/1.0 (+https://www.anthropic.com/claudebot)"
99.132.12.102 - - [09/Feb/2026:21:39:52 +0000] "GET /readme.txt HTTP/1.1" 304 44 "-" "ClaudeBot/1.0 (+https://www.anthropic.com/claudebot)"
60.241.196.176 - - [09/Feb/2026:21:43:43 +0000] "GET /config HTTP/1.1" 404 30 "-" "ClaudeBot/1.0 (+https://www.anthropic.com/claudebot)"
149.37.222.138 - - [09/Feb/2026:21:46:04 +0000] "GET /app.js HTTP/1.1" 200 22870 "-" "Mozilla/5.0 (compatible; Googlebot/2.1; +http://www.google.com/bot.html)"
171.133.45.213 - - [09/Feb/2026:21:47:37 +0000] "GET /app.js HTTP/1.1" 200 17922 "-" "Mozilla/5.0 AppleWebKit/537.36 (compatible; GPTBot/1.3; +https://openai.com/gptbot)"
171.133.45.213 - - [09/Feb/2026:21:49:03 +0000] "GET /sitemap.xml HTTP/1.1" 301 326 "-" "Mozilla/5.0 (compatible; bingbot/2.0; +http://www.bing.com/bingbot.htm)"
60.241.196.176 - - [09/Feb/2026:21:52:38 +0000] "GET /app.js HTTP/1.1" 200 39917 "-" "Mozilla/5.0 (compatible; bingbot/2.0; +http://www.bing.com/bingbot.htm)"
99.170.62.78 - - [09/Feb/2026:21:52:59 +0000] "GET /banner.jpg HTTP/1.1" 301 379 "-" "Mozilla/5.0 (compatible; Amazonbot/0.1; +https://developer.amazon.com/support/amazonbot)"
188.194.31.5 - - [09/Feb/2026:21:54:33 +0000] "GET /about.html HTTP/1.1" 200 51711 "-" "Mozilla/5.0 (compatible; Googlebot/2.1; +http://www.google.com/bot.html)"
203.225.0.215 - - [09/Feb/2026:21:54:38 +0000] "GET /data.json HTTP/1.1" 304 487 "-" "ClaudeBot/1.0 (+https://www.anthropic.com/claudebot)"
141.57.250.8 - - [09/Feb/2026:21:56:38 +0000] "GET /feed.xml HTTP/1.1" 200 18072 "-" "Mozilla/5.0 (compatible; Googlebot/2.1; +http://www.google.com/bot.html)"
149.37.222.138 - - [09/Feb/2026:21:56:43 +0000] "GET /about.html HTTP/1.1" 404 7 "-" "Mozilla/5.0 (compatible; Googlebot/2.1; +http://www.google.com/bot.html)"
99.170.62.78 - - [09/Feb/2026:21:57:30 +0000] "GET /index.html HTTP/1.1" 404 209 "-" "Mozilla/5.0 (compatible; bingbot/2.0; +http://www.bing.com/bingbot.htm)"
141.57.250.8 - - [09/Feb/2026:21:59:03 +0000] "GET /about.html HTTP/1.1" 200 117819 "-" "Mozilla/5.0 (compatible; bingbot/2.0; +http://www.bing.com/bingbot.htm)"
171.133.45.213 - - [09/Feb/2026:22:00:34 +0000] "GET /banner.jpg HTTP/1.1" 200 22986 "-" "Mozilla/5.0 (compatible; bingbot/2.0; +http://www.bing.com/bingbot.htm)"
82.35.167.49 - - [09/Feb/2026:22:06:11 +0000] "GET /readme.txt HTTP/1.1" 200 109620 "-" "ClaudeBot/1.0 (+https://www.anthropic.com/claudebot)"
99.132.12.102 - - [09/Feb/2026:22:07:44 +0000] "GET /about.html HTTP/1.1" 200 107251 "-" "Mozilla/5.0 (compatible; bingbot/2.0; +http://www.bing.com/bingbot.htm)"
171.133.45.213 - - [09/Feb/2026:22:09:30 +0000] "GET /banner.jpg HTTP/1.1" 200 47344 "-" "Mozilla/5.0 (compatible; Amazonbot/0.1; +https://developer.amazon.com/support/amazonbot)"
149.37.222.138 - - [09/Feb/2026:22:15:31 +0000] "GET /config HTTP/1.1" 200 64259 "-" "Mozilla/5.0 AppleWebKit/537.36 (compatible; GPTBot/1.3; +https://openai.com/gptbot)"
188.194.31.5 - - [09/Feb/2026:22:16:08 +0000] "GET /feed.xml HTTP/1.1" 301 469 "-" "Mozilla/5.0 AppleWebKit/537.36 (compatible; GPTBot/1.3; +https://openai.com/gptbot)"
60.241.196.176 - - [09/Feb/2026:22:20:06 +0000] "GET /config HTTP/1.1" 404 346 "-" "ClaudeBot/1.0 (+https://www.anthropic.com/claudebot)"
122.96.81.102 - - [09/Feb/2026:22:22:34 +0000] "GET /about.html HTTP/1.1" 200 147095 "-" "Mozilla/5.0 (compatible; bingbot/2.0; +http://www.bing.com/bingbot.htm)"
82.35.167.49 - - [09/Feb/2026:22:24:44 +0000] "GET / HTTP/1.1" 304 270 "-" "ClaudeBot/1.0 (+https://www.anthropic.com/claudebot)"
149.37.222.138 - - [09/Feb/2026:22:27:15 +0000] "GET /config HTTP/1.1" 200 74092 "-" "Mozilla/5.0 (compatible; Amazonbot/0.1; +https://developer.amazon.com/support/amazonbot)"
141.57.250.8 - - [09/Feb/2026:22:29:00 +0000] "GET /feed.xml HTTP/1.1" 404 237 "-" "Mozilla/5.0 AppleWebKit/537.36 (compatible; GPTBot/1.3; +https://openai.com/gptbot)"
99.132.12.102 - - [09/Feb/2026:22:31:15 +0000] "GET /readme.txt HTTP/1.1" 200 125966 "-" "Mozilla/5.0 (compatible; Amazonbot/0.1; +https://developer.amazon.com/support/amazonbot)"
99.132.12.102 - - [09/Feb/2026:22:31:49 +0000] "GET /style.css HTTP/1.1" 200 79247 "-" "Mozilla/5.0 AppleWebKit/537.36 (compatible; GPTBot/1.3; +https://openai.com/gptbot)"
60.241.196.176 - - [09/Feb/2026:22:31:56 +0000] "GET /readme.txt HTTP/1.1" 200 105153 "-" "ClaudeBot/1.0 (+https://www.anthropic.com/claudebot)"
71.138.7.233 - - [09/Feb/2026:22:32:00 +0000] "GET /about.html HTTP/1.1" 404 432 "-" "Mozilla/5.0 (compatible; bingbot/2.0; +http://www.bing.com/bingbot.htm)"
171.133.45.213 - - [09/Feb/2026:22:35:56 +0000] "GET /sitemap.xml HTTP/1.1" 301 325 "-" "Mozilla/5.0 AppleWebKit/537.36 (compatible; GPTBot/1.3; +https://openai.com/gptbot)"
149.37.222.138 - - [09/Feb/2026:22:36:57 +0000] "GET /banner.jpg HTTP/1.1" 404 329 "-" "ClaudeBot/1.0 (+https://www.anthropic.com/claudebot)"
203.225.0.215 - - [09/Feb/2026:22:43:38 +0000] "GET /app.js HTTP/1.1" 200 37281 "-" "ClaudeBot/1.0 (+https://www.anthropic.com/claudebot)"
99.150.211.250 - - [09/Feb/2026:22:49:35 +0000] "GET /readme.txt HTTP/1.1" 200 82991 "-" "Mozilla/5.0 AppleWebKit/537.36 (compatible; GPTBot/1.3; +https://openai.com/gptbot)"
60.241.196.176 - - [09/Feb/2026:22:53:06 +0000] "GET / HTTP/1.1" 304 389 "-" "Mozilla/5.0 AppleWebKit/537.36 (compatible; GPTBot/1.3; +https://openai.com/gptbot)"
99.170.62.78 - - [09/Feb/2026:22:53:33 +0000] "GET /config HTTP/1.1" 200 94819 "-" "Mozilla/5.0 (compatible; bingbot/2.0; +http://www.bing.com/bingbot.htm)"
82.35.167.49 - - [09/Feb/2026:22:56:42 +0000] "GET /app.js HTTP/1.1" 200 72883 "-" "Mozilla/5.0 (compatible; bingbot/2.0; +http://www.bing.com/bingbot.htm)"
99.150.211.250 - - [09/Feb/2026:22:56:51 +0000] "GET /app.js HTTP/1.1" 200 74516 "-" "Mozilla/5.0 AppleWebKit/537.36 (compatible; GPTBot/1.3; +https://openai.com/gptbot)"
141.57.250.8 - - [09/Feb/2026:22:59:38 +0000] "GET /banner.jpg HTTP/1.1" 200 29002 "-" "Mozilla/5.0 (compatible; bingbot/2.0; +http://www.bing.com/bingbot.htm)"
99.132.12.102 - - [09/Feb/2026:23:02:04 +0000] "GET /index.html HTTP/1.1" 200 139343 "-" "Mozilla/5.0 (compatible; Googlebot/2.1; +http://www.google.com/bot.html)"
99.150.211.250 - - [09/Feb/2026:23:04:19 +0000] "GET /about.html HTTP/1.1" 200 3850 "-" "Mozilla/5.0 (compatible; bingbot/2.0; +http://www.bing.com/bingbot.htm)"
60.241.196.176 - - [09/Feb/2026:23:07:59 +0000] "GET /index.html HTTP/1.1" 200 30276 "-" "Mozilla/5.0 (compatible; bingbot/2.0; +http://www.bing.com/bingbot.htm)"
149.37.222.138 - - [09/Feb/2026:23:10:07 +0000] "GET /app.js HTTP/1.1" 200 1569 "-" "Mozilla/5.0 (compatible; Amazonbot/0.1; +https://developer.amazon.com/support/amazonbot)"
171.133.45.213 - - [09/Feb/2026:23:13:10 +0000] "GET /logo.png HTTP/1.1" 200 103388 "-" "ClaudeBot/1.0 (+https://www.anthropic.com/claudebot)"
122.96.81.102 - - [09/Feb/2026:23:14:08 +0000] "GET /feed.xml HTTP/1.1" 200 123106 "-" "Mozilla/5.0 (compatible; bingbot/2.0; +http://www.bing.com/bingbot.htm)"
60.241.196.176 - - [09/Feb/2026:23:16:53 +0000] "GET /style.css HTTP/1.1" 200 73575 "-" "Mozilla/5.0 (compatible; Amazonbot/0.1; +https://developer.amazon.com/support/amazonbot)"
171.133.45.213 - - [09/Feb/2026:23:20:14 +0000] "GET /feed.xml HTTP/1.1" 200 121533 "-" "Mozilla/5.0 AppleWebKit/537.36 (compatible; GPTBot/1.3; +https://openai.com/gptbot)"
122.96.81.102 - - [09/Feb/2026:23:25:47 +0000] "GET / HTTP/1.1" 200 86142 "-" "ClaudeBot/1.0 (+https://www.anthropic.com/claudebot)"
203.225.0.215 - - [09/Feb/2026:23:27:53 +0000] "GET /config HTTP/1.1" 200 34660 "-" "ClaudeBot/1.0 (+https://www.anthropic.com/claudebot)"
99.150.211.250 - - [09/Feb/2026:23:28:42 +0000] "GET /index.html HTTP/1.1" 200 75632 "-" "Mozilla/5.0 (compatible; Amazonbot/0.1; +https://developer.amazon.com/support/amazonbot)"
99.150.211.250 - - [09/Feb/2026:23:33:56 +0000] "GET /sitemap.xml HTTP/1.1" 200 35229 "-" "Mozilla/5.0 (compatible; Amazonbot/0.1; +https://developer.amazon.com/support/amazonbot)"
99.150.211.250 - - [09/Feb/2026:23:35:36 +0000] "GET /style.css HTTP/1.1" 302 385 "-" "ClaudeBot/1.0 (+https://www.anthropic.com/claudebot)"
99.150.211.250 - - [09/Feb/2026:23:37:20 +0000] "GET /about.html HTTP/1.1" 200 18747 "-" "Mozilla/5.0 (compatible; Amazonbot/0.1; +https://developer.amazon.com/support/amazonbot)"
99.132.12.102 - - [09/Feb/2026:23:39:02 +0000] "GET /logo.png HTTP/1.1" 200 103991 "-" "Mozilla/5.0 (compatible; Googlebot/2.1; +http://www.google.com/bot.html)"
99.150.211.250 - - [09/Feb/2026:23:49:59 +0000] "GET /banner.jpg HTTP/1.1" 200 125458 "-" "Mozilla/5.0 (compatible; Amazonbot/0.1; +https://developer.amazon.com/support/amazonbot)"
171.133.45.213 - - [09/Feb/2026:23:52:49 +0000] "GET /banner.jpg HTTP/1.1" 200 45598 "-" "Mozilla/5.0 AppleWebKit/537.36 (compatible; GPTBot/1.3; +https://openai.com/gptbot)"
149.37.222.138 - - [09/Feb/2026:23:55:10 +0000] "GET /sitemap.xml HTTP/1.1" 200 108963 "-" "Mozilla/5.0 (compatible; bingbot/2.0; +http://www.bing.com/bingbot.htm)"
60.241.196.176 - - [09/Feb/2026:23:59:27 +0000] "GET /readme.txt HTTP/1.1" 200 100497 "-" "Mozilla/5.0 (compatible; Amazonbot/0.1; +https://developer.amazon.com/support/amazonbot)"
149.37.222.138 - - [10/Feb/2026:00:02:16 +0000] "GET / HTTP/1.1" 404 310 "-" "Mozilla/5.0 (compatible; Googlebot/2.1; +http://www.google.com/bot.html)"
122.96.81.102 - - [10/Feb/2026:00:09:05 +0000] "GET /banner.jpg HTTP/1.1" 200 17210 "-" "ClaudeBot/1.0 (+https://www.anthropic.com/claudebot)"
99.132.12.102 - - [10/Feb/2026:00:11:51 +0000] "GET /index.html HTTP/1.1" 200 35822 "-" "Mozilla/5.0 AppleWebKit/537.36 (compatible; GPTBot/1.3; +https://openai.com/gptbot)"
171.133.45.213 - - [10/Feb/2026:00:12:06 +0000] "GET /style.css HTTP/1.1" 200 141477 "-" "ClaudeBot/1.0 (+https://www.anthropic.com/claudebot)"
188.194.31.5 - - [10/Feb/2026:00:16:35 +0000] "GET /feed.xml HTTP/1.1" 304 104 "-" "Mozilla/5.0 (compatible; Amazonbot/0.1; +https://developer.amazon.com/support/amazonbot)"
203.225.0.215 - - [10/Feb/2026:00:18:30 +0000] "GET /logo.png HTTP/1.1" 200 67366 "-" "Mozilla/5.0 (compatible; bingbot/2.0; +http://www.bing.com/bingbot.htm)"
71.138.7.233 - - [10/Feb/2026:00:20:54 +0000] "GET /config HTTP/1.1" 200 128838 "-" "Mozilla/5.0 (compatible; Amazonbot/0.1; +https://developer.amazon.com/support/amazonbot)"
99.150.211.250 - - [10/Feb/2026:00:21:26 +0000] "GET /feed.xml HTTP/1.1" 302 465 "-" "ClaudeBot/1.0 (+https://www.anthropic.com/claudebot)"
82.35.167.49 - - [10/Feb/2026:00:22:03 +0000] "GET /data.json HTTP/1.1" 200 128051 "-" "Mozilla/5.0 (compatible; bingbot/2.0; +http://www.bing.com/bingbot.htm)"
141.57.250.8 - - [10/Feb/2026:00:24:09 +0000] "GET /index.html HTTP/1.1" 200 52599 "-" "Mozilla/5.0 AppleWebKit/537.36 (compatible; GPTBot/1.3; +https://openai.com/gptbot)"
141.57.250.8 - - [10/Feb/2026:00:25:07 +0000] "GET /index.html HTTP/1.1" 200 88449 "-" "Mozilla/5.0 AppleWebKit/537.36 (compatible; GPTBot/1.3; +https://openai.com/gptbot)"
203.225.0.215 - - [10/Feb/2026:00:25:34 +0000] "GET /logo.png HTTP/1.1" 200 74642 "-" "Mozilla/5.0 (compatible; bingbot/2.0; +http://www.bing.com/bingbot.htm)"
141.57.250.8 - - [10/Feb/2026:00:30:05 +0000] "GET /logo.png HTTP/1.1" 302 124 "-" "Mozilla/5.0 (compatible; Googlebot/2.1; +http://www.google.com/bot.html)"
71.138.7.233 - - [10/Feb/2026:00:31:47 +0000] "GET /about.html HTTP/1.1" 200 133363 "-" "Mozilla/5.0 (compatible; Amazonbot/0.1; +https://developer.amazon.com/support/amazonbot)"
122.96.81.102 - - [10/Feb/2026:00:31:48 +0000] "GET /sitemap.xml HTTP/1.1" 200 37655 "-" "ClaudeBot/1.0 (+https://www.anthropic.com/claudebot)"
149.37.222.138 - - [10/Feb/2026:00:50:18 +0000] "GET / HTTP/1.1" 404 80 "-" "Mozilla/5.0 (compatible; Googlebot/2.1; +http://www.google.com/bot.html)"
99.132.12.102 - - [10/Feb/2026:01:07:08 +0000] "GET /index.html HTTP/1.1" 200 111247 "-" "Mozilla/5.0 (compatible; bingbot/2.0; +http://www.bing.com/bingbot.htm)"
122.96.81.102 - - [10/Feb/2026:01:07:20 +0000] "GET /about.html HTTP/1.1" 200 123327 "-" "Mozilla/5.0 (compatible; bingbot/2.0; +http://www.bing.com/bingbot.htm)"
99.170.62.78 - - [10/Feb/2026:01:13:21 +0000] "GET /config HTTP/1.1" 200 25812 "-" "ClaudeBot/1.0 (+https://www.anthropic.com/claudebot)"
99.132.12.102 - - [10/Feb/2026:01:19:02 +0000] "GET /readme.txt HTTP/1.1" 404 103 "-" "Mozilla/5.0 AppleWebKit/537.36 (compatible; GPTBot/1.3; +https://openai.com/gptbot)"
71.138.7.233 - - [10/Feb/2026:01:19:32 +0000] "GET /sitemap.xml HTTP/1.1" 304 386 "-" "Mozilla/5.0 AppleWebKit/537.36 (compatible; GPTBot/1.3; +https://openai.com/gptbot)"
71.138.7.233 - - [10/Feb/2026:01:22:06 +0000] "GET /config HTTP/1.1" 200 36435 "-" "Mozilla/5.0 (compatible; bingbot/2.0; +http://www.bing.com/bingbot.htm)"
82.35.167.49 - - [10/Feb/2026:01:26:46 +0000] "GET /data.json HTTP/1.1" 200 37071 "-" "Mozilla/5.0 (compatible; Amazonbot/0.1; +https://developer.amazon.com/support/amazonbot)"
141.57.250.8 - - [10/Feb/2026:01:29:22 +0000] "GET /readme.txt HTTP/1.1" 200 117473 "-" "ClaudeBot/1.0 (+https://www.anthropic.com/claudebot)"
171.133.45.213 - - [10/Feb/2026:01:31:15 +0000] "GET /sitemap.xml HTTP/1.1" 404 451 "-" "ClaudeBot/1.0 (+https://www.anthropic.com/claudebot)"
82.35.167.49 - - [10/Feb/2026:01:31:58 +0000] "GET /data.json HTTP/1.1" 404 248 "-" "ClaudeBot/1.0 (+https://www.anthropic.com/claudebot)"
149.37.222.138 - - [10/Feb/2026:01:34:14 +0000] "GET /logo.png HTTP/1.1" 301 482 "-" "ClaudeBot/1.0 (+https://www.anthropic.com/claudebot)"
99.150.211.250 - - [10/Feb/2026:01:37:58 +0000] "GET /config HTTP/1.1" 200 43589 "-" "Mozilla/5.0 (compatible; bingbot/2.0; +http://www.bing.com/bingbot.htm)"
188.194.31.5 - - [10/Feb/2026:01:40:15 +0000] "GET /app.js HTTP/1.1" 304 386 "-" "Mozilla/5.0 (compatible; Googlebot/2.1; +http://www.google.com/bot.html)"
99.132.12.102 - - [10/Feb/2026:01:45:09 +0000] "GET /feed.xml HTTP/1.1" 200 49219 "-" "ClaudeBot/1.0 (+https://www.anthropic.com/claudebot)"
149.37.222.138 - - [10/Feb/2026:01:46:00 +0000] "GET / HTTP/1.1" 200 95461 "-" "Mozilla/5.0 (compatible; Amazonbot/0.1; +https://developer.amazon.com/support/amazonbot)"
99.132.12.102 - - [10/Feb/2026:01:47:47 +0000] "GET /data.json HTTP/1.1" 302 451 "-" "Mozilla/5.0 (compatible; bingbot/2.0; +http://www.bing.com/bingbot.htm)"
