99.150.211.250 - - [08/Feb/2026:05:27:13 +0000] "GET /data.json HTTP/1.1" 200 139294 "-" "Mozilla/5.0 (compatible; Googlebot/2.1; +http://www.google.com/bot.html)"
203.225.0.215 - - [08/Feb/2026:05:29:02 +0000] "GET /config HTTP/1.1" 200 12387 "-" "Mozilla/5.0 (compatible; Googlebot/2.1; +http://www.google.com/bot.html)"
171.133.45.213 - - [08/Feb/2026:05:29:49 +0000] "GET /feed.xml HTTP/1.1" 200 115096 "-" "Mozilla/5.0 (compatible; Amazonbot/0.1; +https://developer.amazon.com/support/amazonbot)"
122.96.81.102 - - [08/Feb/2026:05:32:58 +0000] "GET /data.json HTTP/1.1" 200 27489 "-" "Mozilla/5.0 AppleWebKit/537.36 (compatible; GPTBot/1.3; +https://openai.com/gptbot)"
82.35.167.49 - - [08/Feb/2026:05:33:01 +0000] "GET /index.html HTTP/1.1" 200 14536 "-" "Mozilla/5.0 (compatible; bingbot/2.0; +http://www.bing.com/bingbot.htm)"
171.133.45.213 - - [08/Feb/2026:05:35:22 +0000] "GET /index.html HTTP/1.1" 200 45736 "-" "Mozilla/5.0 (compatible; Amazonbot/0.1; +https://developer.amazon.com/support/amazonbot)"
82.35.167.49 - - [08/Feb/2026:05:41:47 +0000] "GET /index.html HTTP/1.1" 200 62436 "-" "Mozilla/5.0 AppleWebKit/537.36 (compatible; GPTBot/1.3; +https://openai.com/gptbot)"
171.133.45.213 - - [08/Feb/2026:06:00:16 +0000] "GET /data.json HTTP/1.1" 200 117305 "-" "Mozilla/5.0 (compatible; bingbot/2.0; +http://www.bing.com/bingbot.htm)"
141.57.250.8 - - [08/Feb/2026:06:02:09 +0000] "GET /app.js HTTP/1.1" 200 26403 "-" "Mozilla/5.0 (compatible; bingbot/2.0; +http://www.bing.com/bingbot.htm)"
82.35.167.49 - - [08/Feb/2026:06:06:13 +0000] "GET /banner.jpg HTTP/1.1" 302 343 "-" "ClaudeBot/1.0 (+https://www.anthropic.com/claudebot)"
60.241.196.176 - - [08/Feb/2026:06:06:41 +0000] "GET /logo.png HTTP/1.1" 403 74 "-" "Mozilla/5.0 (compatible; bingbot/2.0; +http://www.bing.com/bingbot.htm)"
122.96.81.102 - - [08/Feb/2026:06:07:10 +0000] "GET /logo.png HTTP/1.1" 200 71577 "-" "Mozilla/5.0 (compatible; bingbot/2.0; +http://www.bing.com/bingbot.htm)"
99.132.12.102 - - [08/Feb/2026:06:07:23 +0000] "GET /sitemap.xml HTTP/1.1" 200 18409 "-" "Mozilla/5.0 (compatible; Googlebot/2.1; +http://www.google.com/bot.html)"
149.37.222.138 - - [08/Feb/2026:06:07:37 +0000] "GET /banner.jpg HTTP/1.1" 200 66745 "-" "Mozilla/5.0 (compatible; bingbot/2.0; +http://www.bing.com/bingbot.htm)"
141.57.250.8 - - [08/Feb/2026:06:10:03 +0000] "GET /about.html HTTP/1.1" 200 64203 "-" "Mozilla/5.0 (compatible; bingbot/2.0; +http://www.bing.com/bingbot.htm)"
122.96.81.102 - - [08/Feb/2026:06:13:23 +0000] "GET /feed.xml HTTP/1.1" 200 132554 "-" "Mozilla/5.0 (compatible; bingbot/2.0; +http://www.bing.com/bingbot.htm)"
60.241.196.176 - - [08/Feb/2026:06:16:20 +0000] "GET /config HTTP/1.1" 200 82568 "-" "Mozilla/5.0 (compatible; Amazonbot/0.1; +https://developer.amazon.com/support/amazonbot)"
71.138.7.233 - - [08/Feb/2026:06:16:29 +0000] "GET /feed.xml HTTP/1.1" 200 79117 "-" "Mozilla/5.0 (compatible; Amazonbot/0.1; +https://developer.amazon.com/support/amazonbot)"
203.225.0.215 - - [08/Feb/2026:06:18:06 +0000] "GET /logo.png HTTP/1.1" 200 18189 "-" "ClaudeBot/1.0 (+https://www.anthropic.com/claudebot)"
71.138.7.233 - - [08/Feb/2026:06:18:48 +0000] "GET / HTTP/1.1" 200 79433 "-" "ClaudeBot/1.0 (+https://www.anthropic.com/claudebot)"
82.35.167.49 - - [08/Feb/2026:06:19:33 +0000] "GET / HTTP/1.1" 200 13861 "-" "Mozilla/5.0 AppleWebKit/537.36 (compatible; GPTBot/1.3; +https://openai.com/gptbot)"
149.37.222.138 - - [08/Feb/2026:06:19:34 +0000] "GET /sitemap.xml HTTP/1.1" 304 304 "-" "ClaudeBot/1.0 (+https://www.anthropic.com/claudebot)"
122.96.81.102 - - [08/Feb/2026:06:20:47 +0000] "GET /sitemap.xml HTTP/1.1" 200 16911 "-" "Mozilla/5.0 (compatible; bingbot/2.0; +http://www.bing.com/bingbot.htm)"
203.225.0.215 - - [08/Feb/2026:06:20:54 +0000] "GET /style.css HTTP/1.1" 200 11817 "-" "Mozilla/5.0 AppleWebKit/537.36 (compatible; GPTBot/1.3; +https://openai.com/gptbot)"
60.241.196.176 - - [08/Feb/2026:06:21:21 +0000] "GET /logo.png HTTP/1.1" 404 131 "-" "Mozilla/5.0 (compatible; Amazonbot/0.1; +https://developer.amazon.com/support/amazonbot)"
99.170.62.78 - - [08/Feb/2026:06:27:18 +0000] "GET /readme.txt HTTP/1.1" 200 36654 "-" "ClaudeBot/1.0 (+https://www.anthropic.com/claudebot)"
99.150.211.250 - - [08/Feb/2026:06:28:20 +0000] "GET /style.css HTTP/1.1" 304 226 "-" "ClaudeBot/1.0 (+https://www.anthropic.com/claudebot)"
188.194.31.5 - - [08/Feb/2026:06:30:03 +0000] "GET / HTTP/1.1" 200 15393 "-" "ClaudeBot/1.0 (+https://www.anthropic.com/claudebot)"
60.241.196.176 - - [08/Feb/2026:06:32:24 +0000] "GET /sitemap.xml HTTP/1.1" 200 59784 "-" "ClaudeBot/1.0 (+https://www.anthropic.com/claudebot)"
171.133.45.213 - - [08/Feb/2026:06:32:39 +0000] "GET /readme.txt HTTP/1.1" 304 297 "-" "Mozilla/5.0 AppleWebKit/537.36 (compatible; GPTBot/1.3; +https://openai.com/gptbot)"
71.138.7.233 - - [08/Feb/2026:06:33:32 +0000] "GET /banner.jpg HTTP/1.1" 200 130685 "-" "Mozilla/5.0 (compatible; bingbot/2.0; +http://www.bing.com/bingbot.htm)"
99.132.12.102 - - [08/Feb/2026:06:34:02 +0000] "GET /style.css HTTP/1.1" 404 97 "-" "Mozilla/5.0 AppleWebKit/537.36 (compatible; GPTBot/1.3; +https://openai.com/gptbot)"
60.241.196.176 - - [08/Feb/2026:06:38:21 +0000] "GET /banner.jpg HTTP/1.1" 200 73889 "-" "Mozilla/5.0 (compatible; Googlebot/2.1; +http://www.google.com/bot.html)"
82.35.167.49 - - [08/Feb/2026:06:39:02 +0000] "GET /style.css HTTP/1.1" 301 443 "-" "Mozilla/5.0 AppleWebKit/537.36 (compatible; GPTBot/1.3; +https://openai.com/gptbot)"
122.96.81.102 - - [08/Feb/2026:06:40:30 +0000] "GET /index.html HTTP/1.1" 200 68222 "-" "ClaudeBot/1.0 (+https://www.anthropic.com/claudebot)"
203.225.0.215 - - [08/Feb/2026:06:43:27 +0000] "GET /config HTTP/1.1" 200 30835 "-" "Mozilla/5.0 (compatible; Googlebot/2.1; +http://www.google.com/bot.html)"
82.35.167.49 - - [08/Feb/2026:06:44:25 +0000] "GET /data.json HTTP/1.1" 404 256 "-" "Mozilla/5.0 AppleWebKit/537.36 (compatible; GPTBot/1.3; +https://openai.com/gptbot)"
60.241.196.176 - - [08/Feb/2026:06:44:53 +0000] "GET /about.html HTTP/1.1" 200 67419 "-" "ClaudeBot/1.0 (+https://www.anthropic.com/claudebot)"
171.133.45.213 - - [08/Feb/2026:06:49:15 +0000] "GET /data.json HTTP/1.1" 304 438 "-" "Mozilla/5.0 (compatible; Googlebot/2.1; +http://www.google.com/bot.html)"
188.194.31.5 - - [08/Feb/2026:06:54:49 +0000] "GET /app.js HTTP/1.1" 200 127381 "-" "ClaudeBot/1.0 (+https://www.anthropic.com/claudebot)"
203.225.0.215 - - [08/Feb/2026:06:59:51 +0000] "GET /logo.png HTTP/1.1" 200 122735 "-" "Mozilla/5.0 (compatible; bingbot/2.0; +http://www.bing.com/bingbot.htm)"
188.194.31.5 - - [08/Feb/2026:06:59:59 +0000] "GET /readme.txt HTTP/1.1" 200 85257 "-" "Mozilla/5.0 (compatible; bingbot/2.0; +http://www.bing.com/bingbot.htm)"
188.194.31.5 - - [08/Feb/2026:07:16:13 +0000] "GET /config HTTP/1.1" 403 208 "-" "ClaudeBot/1.0 (+https://www.anthropic.com/claudebot)"
171.133.45.213 - - [08/Feb/2026:07:21:39 +0000] "GET /app.js HTTP/1.1" 200 22109 "-" "Mozilla/5.0 AppleWebKit/537.36 (compatible; GPTBot/1.3; +https://openai.com/gptbot)"
99.170.62.78 - - [08/Feb/2026:07:22:11 +0000] "GET / HTTP/1.1" 200 104621 "-" "ClaudeBot/1.0 (+https://www.anthropic.com/claudebot)"
171.133.45.213 - - [08/Feb/2026:07:23:36 +0000] "GET /logo.png HTTP/1.1" 200 121624 "-" "Mozilla/5.0 (compatible; Amazonbot/0.1; +https://developer.amazon.com/support/amazonbot)"
149.37.222.138 - - [08/Feb/2026:07:28:39 +0000] "GET /feed.xml HTTP/1.1" 200 24003 "-" "Mozilla/5.0 AppleWebKit/537.36 (compatible; GPTBot/1.3; +https://openai.com/gptbot)"
203.225.0.215 - - [08/Feb/2026:07:34:43 +0000] "GET /app.js HTTP/1.1" 200 36735 "-" "Mozilla/5.0 (compatible; Amazonbot/0.1; +https://developer.amazon.com/support/amazonbot)"
99.150.211.250 - - [08/Feb/2026:07:38:18 +0000] "GET /index.html HTTP/1.1" 404 137 "-" "Mozilla/5.0 AppleWebKit/537.36 (compatible; GPTBot/1.3; +https://openai.com/gptbot)"
203.225.0.215 - - [08/Feb/2026:07:38:40 +0000] "GET /app.js HTTP/1.1" 304 165 "-" "Mozilla/5.0 (compatible; Googlebot/2.1; +http://www.google.com/bot.html)"
60.241.196.176 - - [08/Feb/2026:07:39:17 +0000] "GET /about.html HTTP/1.1" 200 97346 "-" "ClaudeBot/1.0 (+https://www.anthropic.com/claudebot)"
203.225.0.215 - - [08/Feb/2026:07:39:27 +0000] "GET /readme.txt HTTP/1.1" 200 121392 "-" "Mozilla/5.0 (compatible; Googlebot/2.1; +http://www.google.com/bot.html)"
188.194.31.5 - - [08/Feb/2026:07:44:42 +0000] "GET /feed.xml HTTP/1.1" 403 107 "-" "Mozilla/5.0 (compatible; bingbot/2.0; +http://www.bing.com/bingbot.htm)"
60.241.196.176 - - [08/Feb/2026:07:45:28 +0000] "GET /config HTTP/1.1" 200 114911 "-" "Mozilla/5.0 (compatible; Amazonbot/0.1; +https://developer.amazon.com/support/amazonbot)"
99.170.62.78 - - [08/Feb/2026:07:49:27 +0000] "GET /readme.txt HTTP/1.1" 200 31473 "-" "ClaudeBot/1.0 (+https://www.anthropic.com/claudebot)"
188.194.31.5 - - [08/Feb/2026:07:50:45 +0000] "GET /readme.txt HTTP/1.1" 301 143 "-" "Mozilla/5.0 (compatible; bingbot/2.0; +http://www.bing.com/bingbot.htm)"
60.241.196.176 - - [08/Feb/2026:07:54:25 +0000] "GET / HTTP/1.1" 200 115561 "-" "ClaudeBot/1.0 (+https://www.anthropic.com/claudebot)"
171.133.45.213 - - [08/Feb/2026:07:54:59 +0000] "GET /app.js HTTP/1.1" 302 165 "-" "Mozilla/5.0 (compatible; bingbot/2.0; +http://www.bing.com/bingbot.htm)"
203.225.0.215 - - [08/Feb/2026:07:55:39 +0000] "GET /app.js HTTP/1.1" 200 11604 "-" "Mozilla/5.0 AppleWebKit/537.36 (compatible; GPTBot/1.3; +https://openai.com/gptbot)"
141.57.250.8 - - [08/Feb/2026:07:55:55 +0000] "GET /feed.xml HTTP/1.1" 200 64904 "-" "Mozilla/5.0 AppleWebKit/537.36 (compatible; GPTBot/1.3; +https://openai.com/gptbot)"
60.241.196.176 - - [08/Feb/2026:07:56:31 +0000] "GET /app.js HTTP/1.1" 200 10028 "-" "ClaudeBot/1.0 (+https://www.anthropic.com/claudebot)"
171.133.45.213 - - [08/Feb/2026:08:06:26 +0000] "GET /index.html HTTP/1.1" 200 18315 "-" "Mozilla/5.0 AppleWebKit/537.36 (compatible; GPTBot/1.3; +https://openai.com/gptbot)"
203.225.0.215 - - [08/Feb/2026:08:13:00 +0000] "GET / HTTP/1.1" 200 75225 "-" "ClaudeBot/1.0 (+https://www.anthropic.com/claudebot)"
141.57.250.8 - - [08/Feb/2026:08:16:35 +0000] "GET /index.html HTTP/1.1" 304 250 "-" "ClaudeBot/1.0 (+https://www.anthropic.com/claudebot)"
188.194.31.5 - - [08/Feb/2026:08:17:12 +0000] "GET /readme.txt HTTP/1.1" 200 71372 "-" "Mozilla/5.0 AppleWebKit/537.36 (compatible; GPTBot/1.3; +https://openai.com/gptbot)"
122.96.81.102 - - [08/Feb/2026:08:21:48 +0000] "GET /config HTTP/1.1" 200 108960 "-" "Mozilla/5.0 (compatible; bingbot/2.0; +http://www.bing.com/bingbot.htm)"
99.132.12.102 - - [08/Feb/2026:08:22:01 +0000] "GET /config HTTP/1.1" 200 77883 "-" "Mozilla/5.0 AppleWebKit/537.36 (compatible; GPTBot/1.3; +https://openai.com/gptbot)"
188.194.31.5 - - [08/Feb/2026:08:26:06 +0000] "GET /app.js HTTP/1.1" 200 86358 "-" "Mozilla/5.0 AppleWebKit/537.36 (compatible; GPTBot/1.3; +https://openai.com/gptbot)"
171.133.45.213 - - [08/Feb/2026:08:29:05 +0000] "GET /logo.png HTTP/1.1" 200 136185 "-" "Mozilla/5.0 (compatible; bingbot/2.0; +http://www.bing.com/bingbot.htm)"
141.57.250.8 - - [08/Feb/2026:08:31:22 +0000] "GET /app.js HTTP/1.1" 200 123610 "-" "Mozilla/5.0 (compatible; Googlebot/2.1; +http://www.google.com/bot.html)"
99.170.62.78 - - [08/Feb/2026:08:36:12 +0000] "GET /data.json HTTP/1.1" 403 482 "-" "ClaudeBot/1.0 (+https://www.anthropic.com/claudebot)"
141.57.250.8 - - [08/Feb/2026:08:40:30 +0000] "GET /feed.xml HTTP/1.1" 304 358 "-" "Mozilla/5.0 (compatible; bingbot/2.0; +http://www.bing.com/bingbot.htm)"
149.37.222.138 - - [08/Feb/2026:08:52:11 +0000] "GET /style.css HTTP/1.1" 404 259 "-" "Mozilla/5.0 (compatible; Amazonbot/0.1; +https://developer.amazon.com/support/amazonbot)"
188.194.31.5 - - [08/Feb/2026:08:54:12 +0000] "GET /readme.txt HTTP/1.1" 200 51290 "-" "Mozilla/5.0 AppleWebKit/537.36 (compatible; GPTBot/1.3; +https://openai.com/gptbot)"
171.133.45.213 - - [08/Feb/2026:08:54:18 +0000] "GET /sitemap.xml HTTP/1.1" 200 72465 "-" "Mozilla/5.0 (compatible; Amazonbot/0.1; +https://developer.amazon.com/support/amazonbot)"
122.96.81.102 - - [08/Feb/2026:08:58:12 +0000] "GET /index.html HTTP/1.1" 200 129326 "-" "Mozilla/5.0 (compatible; Googlebot/2.1; +http://www.google.com/bot.html)"
99.150.211.250 - - [08/Feb/2026:09:00:33 +0000] "GET /config HTTP/1.1" 404 162 "-" "Mozilla/5.0 AppleWebKit/537.36 (compatible; GPTBot/1.3; +https://openai.com/gptbot)"
203.225.0.215 - - [08/Feb/2026:09:02:13 +0000] "GET / HTTP/1.1" 200 35486 "-" "Mozilla/5.0 (compatible; Googlebot/2.1; +http://www.google.com/bot.html)"
82.35.167.49 - - [08/Feb/2026:09:12:48 +0000] "GET /config HTTP/1.1" 200 129397 "-" "Mozilla/5.0 AppleWebKit/537.36 (compatible; GPTBot/1.3; +https://openai.com/gptbot)"
141.57.250.8 - - [08/Feb/2026:09:15:25 +0000] "GET /banner.jpg HTTP/1.1" 200 121608 "-" "Mozilla/5.0 AppleWebKit/537.36 (compatible; GPTBot/1.3; +https://openai.com/gptbot)"
99.150.211.250 - - [08/Feb/2026:09:20:45 +0000] "GET /index.html HTTP/1.1" 200 34257 "-" "Mozilla/5.0 (compatible; bingbot/2.0; +http://www.bing.com/bingbot.htm)"
99.170.62.78 - - [08/Feb/2026:09:21:49 +0000] "GET /banner.jpg HTTP/1.1" 200 146180 "-" "ClaudeBot/1.0 (+https://www.anthropic.com/claudebot)"
141.57.250.8 - - [08/Feb/2026:09:30:41 +0000] "GET /about.html HTTP/1.1" 200 16515 "-" "Mozilla/5.0 (compatible; bingbot/2.0; +http://www.bing.com/bingbot.htm)"
99.132.12.102 - - [08/Feb/2026:09:33:10 +0000] "GET /logo.png HTTP/1.1" 200 146790 "-" "Mozilla/5.0 (compatible; bingbot/2.0; +http://www.bing.com/bingbot.htm)"
60.241.196.176 - - [08/Feb/2026:09:33:40 +0000] "GET /feed.xml HTTP/1.1" 200 149608 "-" "Mozilla/5.0 (compatible; Googlebot/2.1; +http://www.google.com/bot.html)"
60.241.196.176 - - [08/Feb/2026:09:39:47 +0000] "GET /banner.jpg HTTP/1.1" 200 115128 "-" "Mozilla/5.0 (compatible; Amazonbot/0.1; +https://developer.amazon.com/support/amazonbot)"
99.170.62.78 - - [08/Feb/2026:09:39:51 +0000] "GET /banner.jpg HTTP/1.1" 200 3978 "-" "Mozilla/5.0 AppleWebKit/537.36 (compatible; GPTBot/1.3; +https://openai.com/gptbot)"
82.35.167.49 - - [08/Feb/2026:09:46:45 +0000] "GET /style.css HTTP/1.1" 404 168 "-" "Mozilla/5.0 (compatible; bingbot/2.0; +http://www.bing.com/bingbot.htm)"
99.150.211.250 - - [08/Feb/2026:09:48:07 +0000] "GET /banner.jpg HTTP/1.1" 404 1 "-" "Mozilla/5.0 (compatible; Amazonbot/0.1; +https://developer.amazon.com/support/amazonbot)"
82.35.167.49 - - [08/Feb/2026:09:48:53 +0000] "GET /index.html HTTP/1.1" 404 409 "-" "Mozilla/5.0 (compatible; bingbot/2.0; +http://www.bing.com/bingbot.htm)"
141.57.250.8 - - [08/Feb/2026:09:49:12 +0000] "GET / HTTP/1.1" 200 47990 "-" "Mozilla/5.0 (compatible; Amazonbot/0.1; +https://developer.amazon.com/support/amazonbot)"
99.150.211.250 - - [08/Feb/2026:09:50:07 +0000] "GET /logo.png HTTP/1.1" 403 487 "-" "Mozilla/5.0 (compatible; bingbot/2.0; +http://www.bing.com/bingbot.htm)"
99.132.12.102 - - [08/Feb/2026:09:54:16 +0000] "GET /feed.xml HTTP/1.1" 200 85117 "-" "Mozilla/5.0 AppleWebKit/537.36 (compatible; GPTBot/1.3; +https://openai.com/gptbot)"
122.96.81.102 - - [08/Feb/2026:09:55:26 +0000] "GET /index.html HTTP/1.1" 200 48883 "-" "Mozilla/5.0 (compatible; bingbot/2.0; +http://www.bing.com/bingbot.htm)"
60.241.196.176 - - [08/Feb/2026:09:55:48 +0000] "GET / HTTP/1.1" 304 184 "-" "Mozilla/5.0 AppleWebKit/537.36 (compatible; GPTBot/1.3; +https://openai.com/gptbot)"
60.241.196.176 - - [08/Feb/2026:10:01:36 +0000] "GET /sitemap.xml HTTP/1.1" 404 136 "-" "Mozilla/5.0 (compatible; bingbot/2.0; +http://www.bing.com/bingbot.htm)"
171.133.45.213 - - [08/Feb/2026:10:08:52 +0000] "GET /banner.jpg HTTP/1.1" 200 5228 "-" "Mozilla/5.0 (compatible; Amazonbot/0.1; +https://developer.amazon.com/support/amazonbot)"
149.37.222.138 - - [08/Feb/2026:10:11:24 +0000] "GET /about.html HTTP/1.1" 404 72 "-" "Mozilla/5.0 (compatible; Amazonbot/0.1; +https://developer.amazon.com/support/amazonbot)"
82.35.167.49 - - [08/Feb/2026:10:18:50 +0000] "GET /style.css HTTP/1.1" 200 47797 "-" "Mozilla/5.0 AppleWebKit/537.36 (compatible; GPTBot/1.3; +https://openai.com/gptbot)"
122.96.81.102 - - [08/Feb/2026:10:20:17 +0000] "GET /data.json HTTP/1.1" 200 29739 "-" "ClaudeBot/1.0 (+https://www.anthropic.com/claudebot)"
203.225.0.215 - - [08/Feb/2026:10:24:30 +0000] "GET / HTTP/1.1" 200 37507 "-" "Mozilla/5.0 (compatible; bingbot/2.0; +http://www.bing.com/bingbot.htm)"
71.138.7.233 - - [08/Feb/2026:10:27:09 +0000] "GET /logo.png HTTP/1.1" 200 149514 "-" "Mozilla/5.0 (compatible; Googlebot/2.1; +http://www.google.com/bot.html)"
171.133.45.213 - - [08/Feb/2026:10:28:04 +0000] "GET /readme.txt HTTP/1.1" 200 13046 "-" "ClaudeBot/1.0 (+https://www.anthropic.com/claudebot)"
99.150.211.250 - - [08/Feb/2026:10:30:44 +0000] "GET /data.json HTTP/1.1" 301 187 "-" "Mozilla/5.0 (compatible; Googlebot/2.1; +http://www.google.com/bot.html)"
82.35.167.49 - - [08/Feb/2026:10:36:53 +0000] "GET /about.html HTTP/1.1" 200 118439 "-" "ClaudeBot/1.0 (+https://www.anthropic.com/claudebot)"
99.132.12.102 - - [08/Feb/2026:10:38:24 +0000] "GET / HTTP/1.1" 200 88924 "-" "Mozilla/5.0 (compatible; Googlebot/2.1; +http://www.google.com/bot.html)"
71.138.7.233 - - [08/Feb/2026:10:41:05 +0000] "GET /data.json HTTP/1.1" 200 95005 "-" "Mozilla/5.0 (compatible; Googlebot/2.1; +http://www.google.com/bot.html)"
149.37.222.138 - - [08/Feb/2026:10:42:20 +0000] "GET /config HTTP/1.1" 200 11743 "-" "ClaudeBot/1.0 (+https://www.anthropic.com/claudebot)"
149.37.222.138 - - [08/Feb/2026:10:48:17 +0000] "GET /about.html HTTP/1.1" 404 487 "-" "Mozilla/5.0 (compatible; bingbot/2.0; +http://www.bing.com/bingbot.htm)"
203.225.0.215 - - [08/Feb/2026:10:51:25 +0000] "GET /index.html HTTP/1.1" 200 3897 "-" "ClaudeBot/1.0 (+https://www.anthropic.com/claudebot)"
99.150.211.250 - - [08/Feb/2026:10:51:32 +0000] "GET /readme.txt HTTP/1.1" 200 129995 "-" "ClaudeBot/1.0 (+https://www.anthropic.com/claudebot)"
60.241.196.176 - - [08/Feb/2026:10:51:43 +0000] "GET /logo.png HTTP/1.1" 200 87263 "-" "Mozilla/5.0 (compatible; Amazonbot/0.1; +https://developer.amazon.com/support/amazonbot)"
82.35.167.49 - - [08/Feb/2026:10:52:34 +0000] "GET /data.json HTTP/1.1" 200 43786 "-" "Mozilla/5.0 (compatible; Googlebot/2.1; +http://www.google.com/bot.html)"
122.96.81.102 - - [08/Feb/2026:10:54:39 +0000] "GET /about.html HTTP/1.1" 200 138207 "-" "Mozilla/5.0 (compatible; bingbot/2.0; +http://www.bing.com/bingbot.htm)"
99.170.62.78 - - [08/Feb/2026:10:59:36 +0000] "GET /feed.xml HTTP/1.1" 200 33097 "-" "Mozilla/5.0 AppleWebKit/537.36 (compatible; GPTBot/1.3; +https://openai.com/gptbot)"
71.138.7.233 - - [08/Feb/2026:11:00:51 +0000] "GET /feed.xml HTTP/1.1" 200 2422 "-" "Mozilla/5.0 (compatible; bingbot/2.0; +http://www.bing.com/bingbot.htm)"
71.138.7.233 - - [08/Feb/2026:11:03:13 +0000] "GET /app.js HTTP/1.1" 200 767 "-" "Mozilla/5.0 AppleWebKit/537.36 (compatible; GPTBot/1.3; +https://openai.com/gptbot)"
141.57.250.8 - - [08/Feb/2026:11:03:13 +0000] "GET /feed.xml HTTP/1.1" 200 134958 "-" "Mozilla/5.0 (compatible; Googlebot/2.1; +http://www.google.com/bot.html)"
60.241.196.176 - - [08/Feb/2026:11:18:56 +0000] "GET /logo.png HTTP/1.1" 404 301 "-" "ClaudeBot/1.0 (+https://www.anthropic.com/claudebot)"
141.57.250.8 - - [08/Feb/2026:11:24:37 +0000] "GET /feed.xml HTTP/1.1" 200 91144 "-" "Mozilla/5.0 AppleWebKit/537.36 (compatible; GPTBot/1.3; +https://openai.com/gptbot)"
71.138.7.233 - - [08/Feb/2026:11:26:33 +0000] "GET /app.js HTTP/1.1" 200 125952 "-" "Mozilla/5.0 (compatible; Amazonbot/0.1; +https://developer.amazon.com/support/amazonbot)"
122.96.81.102 - - [08/Feb/2026:11:27:28 +0000] "GET /app.js HTTP/1.1" 200 145539 "-" "Mozilla/5.0 (compatible; Googlebot/2.1; +http://www.google.com/bot.html)"
99.132.12.102 - - [08/Feb/2026:11:29:15 +0000] "GET /feed.xml HTTP/1.1" 404 17 "-" "Mozilla/5.0 (compatible; Amazonbot/0.1; +https://developer.amazon.com/support/amazonbot)"
99.150.211.250 - - [08/Feb/2026:11:34:48 +0000] "GET /index.html HTTP/1.1" 200 80516 "-" "ClaudeBot/1.0 (+https://www.anthropic.com/claudebot)"
188.194.31.5 - - [08/Feb/2026:11:39:08 +0000] "GET /readme.txt HTTP/1.1" 200 57500 "-" "Mozilla/5.0 (compatible; Amazonbot/0.1; +https://developer.amazon.com/support/amazonbot)"
171.133.45.213 - - [08/Feb/2026:11:39:20 +0000] "GET /index.html HTTP/1.1" 200 140084 "-" "Mozilla/5.0 (compatible; Googlebot/2.1; +http://www.google.com/bot.html)"
99.150.211.250 - - [08/Feb/2026:11:41:44 +0000] "GET /config HTTP/1.1" 200 28405 "-" "Mozilla/5.0 (compatible; bingbot/2.0; +http://www.bing.com/bingbot.htm)"
99.170.62.78 - - [08/Feb/2026:11:46:57 +0000] "GET /app.js HTTP/1.1" 200 101827 "-" "ClaudeBot/1.0 (+https://www.anthropic.com/claudebot)"
203.225.0.215 - - [08/Feb/2026:11:53:25 +0000] "GET /feed.xml HTTP/1.1" 200 120143 "-" "Mozilla/5.0 AppleWebKit/537.36 (compatible; GPTBot/1.3; +https://openai.com/gptbot)"
99.132.12.102 - - [08/Feb/2026:11:57:27 +0000] "GET /app.js HTTP/1.1" 200 119273 "-" "Mozilla/5.0 (compatible; bingbot/2.0; +http://www.bing.com/bingbot.htm)"
188.194.31.5 - - [08/Feb/2026:12:04:36 +0000] "GET /config HTTP/1.1" 200 98198 "-" "Mozilla/5.0 (compatible; Googlebot/2.1; +http://www.google.com/bot.html)"
71.138.7.233 - - [08/Feb/2026:12:10:56 +0000] "GET /config HTTP/1.1" 200 92416 "-" "Mozilla/5.0 (compatible; Googlebot/2.1; +http://www.google.com/bot.html)"
60.241.196.176 - - [08/Feb/2026:12:11:09 +0000] "GET /config HTTP/1.1" 404 350 "-" "Mozilla/5.0 (compatible; bingbot/2.0; +http://www.bing.com/bingbot.htm)"
99.132.12.102 - - [08/Feb/2026:12:11:14 +0000] "GET / HTTP/1.1" 200 49816 "-" "ClaudeBot/1.0 (+https://www.anthropic.com/claudebot)"
99.170.62.78 - - [08/Feb/2026:12:11:37 +0000] "GET /feed.xml HTTP/1.1" 200 120398 "-" "Mozilla/5.0 (compatible; Amazonbot/0.1; +https://developer.amazon.com/support/amazonbot)"
71.138.7.233 - - [08/Feb/2026:12:12:23 +0000] "GET /readme.txt HTTP/1.1" 200 99798 "-" "Mozilla/5.0 (compatible; bingbot/2.0; +http://www.bing.com/bingbot.htm)"
82.35.167.49 - - [08/Feb/2026:12:12:30 +0000] "GET /data.json HTTP/1.1" 200 128615 "-" "Mozilla/5.0 (compatible; bingbot/2.0; +http://www.bing.com/bingbot.htm)"
99.132.12.102 - - [08/Feb/2026:12:14:24 +0000] "GET /sitemap.xml HTTP/1.1" 200 124663 "-" "Mozilla/5.0 (compatible; Amazonbot/0.1; +https://developer.amazon.com/support/amazonbot)"
99.132.12.102 - - [08/Feb/2026:12:19:19 +0000] "GET /logo.png HTTP/1.1" 200 49186 "-" "ClaudeBot/1.0 (+https://www.anthropic.com/claudebot)"
149.37.222.138 - - [08/Feb/2026:12:23:09 +0000] "GET /index.html HTTP/1.1" 304 418 "-" "Mozilla/5.0 (compatible; bingbot/2.0; +http://www.bing.com/bingbot.htm)"
60.241.196.176 - - [08/Feb/2026:12:23:10 +0000] "GET /index.html HTTP/1.1" 200 111150 "-" "ClaudeBot/1.0 (+https://www.anthropic.com/claudebot)"
71.138.7.233 - - [08/Feb/2026:12:23:34 +0000] "GET /data.json HTTP/1.1" 200 68345 "-" "Mozilla/5.0 (compatible; Googlebot/2.1; +http://www.google.com/bot.html)"
71.138.7.233 - - [08/Feb/2026:12:24:24 +0000] "GET /data.json HTTP/1.1" 200 92762 "-" "ClaudeBot/1.0 (+https://www.anthropic.com/claudebot)"
188.194.31.5 - - [08/Feb/2026:12:25:57 +0000] "GET /feed.xml HTTP/1.1" 301 40 "-" "Mozilla/5.0 AppleWebKit/537.36 (compatible; GPTBot/1.3; +https://openai.com/gptbot)"
99.150.211.250 - - [08/Feb/2026:12:26:10 +0000] "GET /about.html HTTP/1.1" 200 26108 "-" "Mozilla/5.0 (compatible; bingbot/2.0; +http://www.bing.com/bingbot.htm)"
99.170.62.78 - - [08/Feb/2026:12:28:33 +0000] "GET /app.js HTTP/1.1" 403 193 "-" "Mozilla/5.0 (compatible; Amazonbot/0.1; +https://developer.amazon.com/support/amazonbot)"
141.57.250.8 - - [08/Feb/2026:12:29:18 +0000] "GET /about.html HTTP/1.1" 304 317 "-" "Mozilla/5.0 (compatible; Googlebot/2.1; +http://www.google.com/bot.html)"
99.150.211.250 - - [08/Feb/2026:12:29:34 +0000] "GET /app.js HTTP/1.1" 404 125 "-" "Mozilla/5.0 (compatible; Googlebot/2.1; +http://www.google.com/bot.html)"
171.133.45.213 - - [08/Feb/2026:12:31:35 +0000] "GET /banner.jpg HTTP/1.1" 200 22024 "-" "Mozilla/5.0 (compatible; bingbot/2.0; +http://www.bing.com/bingbot.htm)"
122.96.81.102 - - [08/Feb/2026:12:38:44 +0000] "GET /sitemap.xml HTTP/1.1" 200 138841 "-" "Mozilla/5.0 AppleWebKit/537.36 (compatible; GPTBot/1.3; +https://openai.com/gptbot)"
188.194.31.5 - - [08/Feb/2026:12:39:20 +0000] "GET /banner.jpg HTTP/1.1" 404 458 "-" "Mozilla/5.0 AppleWebKit/537.36 (compatible; GPTBot/1.3; +https://openai.com/gptbot)"
60.241.196.176 - - [08/Feb/2026:12:42:00 +0000] "GET /readme.txt HTTP/1.1" 200 3189 "-" "Mozilla/5.0 AppleWebKit/537.36 (compatible; GPTBot/1.3; +https://openai.com/gptbot)"
203.225.0.215 - - [08/Feb/2026:12:44:15 +0000] "GET / HTTP/1.1" 200 31128 "-" "Mozilla/5.0 (compatible; Googlebot/2.1; +http://www.google.com/bot.html)"
141.57.250.8 - - [08/Feb/2026:12:47:34 +0000] "GET /config HTTP/1.1" 200 125978 "-" "ClaudeBot/1.0 (+https://www.anthropic.com/claudebot)"
141.57.250.8 - - [08/Feb/2026:12:48:09 +0000] "GET /readme.txt HTTP/1.1" 200 50104 "-" "Mozilla/5.0 (compatible; Googlebot/2.1; +http://www.google.com/bot.html)"
99.132.12.102 - - [08/Feb/2026:12:48:27 +0000] "GET /logo.png HTTP/1.1" 404 454 "-" "Mozilla/5.0 (compatible; bingbot/2.0; +http://www.bing.com/bingbot.htm)"
71.138.7.233 - - [08/Feb/2026:12:50:28 +0000] "GET /data.json HTTP/1.1" 200 96197 "-" "Mozilla/5.0 (compatible; bingbot/2.0; +http://www.bing.com/bingbot.htm)"
99.150.211.250 - - [08/Feb/2026:12:54:42 +0000] "GET /about.html HTTP/1.1" 200 2883 "-" "Mozilla/5.0 (compatible; Googlebot/2.1; +http://www.google.com/bot.html)"
122.96.81.102 - - [08/Feb/2026:12:54:49 +0000] "GET /data.json HTTP/1.1" 200 80805 "-" "Mozilla/5.0 (compatible; bingbot/2.0; +http://www.bing.com/bingbot.htm)"
171.133.45.213 - - [08/Feb/2026:12:56:31 +0000] "GET /logo.png HTTP/1.1" 200 86241 "-" "ClaudeBot/1.0 (+https://www.anthropic.com/claudebot)"
99.132.12.102 - - [08/Feb/2026:12:56:43 +0000] "GET /data.json HTTP/1.1" 200 141186 "-" "Mozilla/5.0 (compatible; bingbot/2.0; +http://www.bing.com/bingbot.htm)"
171.133.45.213 - - [08/Feb/2026:13:01:38 +0000] "GET /logo.png HTTP/1.1" 200 108118 "-" "Mozilla/5.0 AppleWebKit/537.36 (compatible; GPTBot/1.3; +https://openai.com/gptbot)"
99.170.62.78 - - [08/Feb/2026:13:05:29 +0000] "GET /app.js HTTP/1.1" 403 389 "-" "Mozilla/5.0 (compatible; bingbot/2.0; +http://www.bing.com/bingbot.htm)"
188.194.31.5 - - [08/Feb/2026:13:10:13 +0000] "GET /app.js HTTP/1.1" 200 6156 "-" "Mozilla/5.0 AppleWebKit/537.36 (compatible; GPTBot/1.3; +https://openai.com/gptbot)"
188.194.31.5 - - [08/Feb/2026:13:11:34 +0000] "GET /style.css HTTP/1.1" 403 104 "-" "ClaudeBot/1.0 (+https://www.anthropic.com/claudebot)"
60.241.196.176 - - [08/Feb/2026:13:17:41 +0000] "GET /feed.xml HTTP/1.1" 200 60708 "-" "Mozilla/5.0 (compatible; bingbot/2.0; +http://www.bing.com/bingbot.htm)"
122.96.81.102 - - [08/Feb/2026:13:18:41 +0000] "GET /logo.png HTTP/1.1" 200 79649 "-" "Mozilla/5.0 (compatible; Amazonbot/0.1; +https://developer.amazon.com/support/amazonbot)"
171.133.45.213 - - [08/Feb/2026:13:23:06 +0000] "GET /logo.png HTTP/1.1" 200 48730 "-" "Mozilla/5.0 (compatible; Amazonbot/0.1; +https://developer.amazon.com/support/amazonbot)"
99.150.211.250 - - [08/Feb/2026:13:30:36 +0000] "GET /app.js HTTP/1.1" 302 463 "-" "Mozilla/5.0 (compatible; Googlebot/2.1; +http://www.google.com/bot.html)"
203.225.0.215 - - [08/Feb/2026:13:33:54 +0000] "GET /logo.png HTTP/1.1" 200 11054 "-" "Mozilla/5.0 (compatible; Googlebot/2.1; +http://www.google.com/bot.html)"
82.35.167.49 - - [08/Feb/2026:13:34:28 +0000] "GET /index.html HTTP/1.1" 200 85393 "-" "Mozilla/5.0 AppleWebKit/537.36 (compatible; GPTBot/1.3; +https://openai.com/gptbot)"
60.241.196.176 - - [08/Feb/2026:13:35:48 +0000] "GET /banner.jpg HTTP/1.1" 200 84662 "-" "Mozilla/5.0 (compatible; Amazonbot/0.1; +https://developer.amazon.com/support/amazonbot)"
60.241.196.176 - - [08/Feb/2026:13:37:17 +0000] "GET /about.html HTTP/1.1" 304 133 "-" "Mozilla/5.0 (compatible; Amazonbot/0.1; +https://developer.amazon.com/support/amazonbot)"
82.35.167.49 - - [08/Feb/2026:13:40:32 +0000] "GET /data.json HTTP/1.1" 200 61271 "-" "Mozilla/5.0 (compatible; Amazonbot/0.1; +https://developer.amazon.com/support/amazonbot)"
141.57.250.8 - - [08/Feb/2026:13:41:32 +0000] "GET /sitemap.xml HTTP/1.1" 200 115247 "-" "Mozilla/5.0 AppleWebKit/537.36 (compatible; GPTBot/1.3; +https://openai.com/gptbot)"
122.96.81.102 - - [08/Feb/2026:13:42:58 +0000] "GET / HTTP/1.1" 404 17 "-" "ClaudeBot/1.0 (+https://www.anthropic.com/claudebot)"
188.194.31.5 - - [08/Feb/2026:13:48:19 +0000] "GET / HTTP/1.1" 200 27588 "-" "Mozilla/5.0 (compatible; Googlebot/2.1; +http://www.google.com/bot.html)"
141.57.250.8 - - [08/Feb/2026:13:54:37 +0000] "GET /data.json HTTP/1.1" 200 2486 "-" "Mozilla/5.0 (compatible; bingbot/2.0; +http://www.bing.com/bingbot.htm)"
149.37.222.138 - - [08/Feb/2026:13:56:09 +0000] "GET /style.css HTTP/1.1" 404 463 "-" "ClaudeBot/1.0 (+https://www.anthropic.com/claudebot)"
122.96.81.102 - - [08/Feb/2026:13:56:19 +0000] "GET /style.css HTTP/1.1" 200 93200 "-" "Mozilla/5.0 AppleWebKit/537.36 (compatible; GPTBot/1.3; +https://openai.com/gptbot)"
82.35.167.49 - - [08/Feb/2026:13:59:29 +0000] "GET /banner.jpg HTTP/1.1" 200 72412 "-" "Mozilla/5.0 (compatible; bingbot/2.0; +http://www.bing.com/bingbot.htm)"
71.138.7.233 - - [08/Feb/2026:14:02:05 +0000] "GET / HTTP/1.1" 200 57199 "-" "Mozilla/5.0 (compatible; bingbot/2.0; +http://www.bing.com/bingbot.htm)"
99.132.12.102 - - [08/Feb/2026:14:02:15 +0000] "GET /data.json HTTP/1.1" 404 14 "-" "Mozilla/5.0 AppleWebKit/537.36 (compatible; GPTBot/1.3; +https://openai.com/gptbot)"
99.132.12.102 - - [08/Feb/2026:14:03:28 +0000] "GET /readme.txt HTTP/1.1" 403 390 "-" "Mozilla/5.0 (compatible; Amazonbot/0.1; +https://developer.amazon.com/support/amazonbot)"
149.37.222.138 - - [08/Feb/2026:14:03:50 +0000] "GET /logo.png HTTP/1.1" 200 50539 "-" "Mozilla/5.0 (compatible; Googlebot/2.1; +http://www.google.com/bot.html)"
99.150.211.250 - - [08/Feb/2026:14:03:52 +0000] "GET /app.js HTTP/1.1" 302 434 "-" "Mozilla/5.0 (compatible; Amazonbot/0.1; +https://developer.amazon.com/support/amazonbot)"
99.132.12.102 - - [08/Feb/2026:14:08:01 +0000] "GET /app.js HTTP/1.1" 304 318 "-" "Mozilla/5.0 (compatible; Googlebot/2.1; +http://www.google.com/bot.html)"
99.150.211.250 - - [08/Feb/2026:14:08:47 +0000] "GET /feed.xml HTTP/1.1" 200 88094 "-" "Mozilla/5.0 (compatible; Amazonbot/0.1; +https://developer.amazon.com/support/amazonbot)"
71.138.7.233 - - [08/Feb/2026:14:09:21 +0000] "GET /about.html HTTP/1.1" 200 139091 "-" "Mozilla/5.0 (compatible; Amazonbot/0.1; +https://developer.amazon.com/support/amazonbot)"
171.133.45.213 - - [08/Feb/2026:14:14:13 +0000] "GET /style.css HTTP/1.1" 200 82217 "-" "Mozilla/5.0 AppleWebKit/537.36 (compatible; GPTBot/1.3; +https://openai.com/gptbot)"
203.225.0.215 - - [08/Feb/2026:14:22:09 +0000] "GET / HTTP/1.1" 200 70613 "-" "Mozilla/5.0 AppleWebKit/537.36 (compatible; GPTBot/1.3; +https://openai.com/gptbot)"
99.150.211.250 - - [08/Feb/2026:14:29:51 +0000] "GET /style.css HTTP/1.1" 403 11 "-" "Mozilla/5.0 AppleWebKit/537.36 (compatible; GPTBot/1.3; +https://openai.com/gptbot)"
203.225.0.215 - - [08/Feb/2026:14:30:22 +0000] "GET /index.html HTTP/1.1" 200 100726 "-" "Mozilla/5.0 (compatible; Googlebot/2.1; +http://www.google.com/bot.html)"
82.35.167.49 - - [08/Feb/2026:14:32:30 +0000] "GET /index.html HTTP/1.1" 200 82685 "-" "ClaudeBot/1.0 (+https://www.anthropic.com/claudebot)"
71.138.7.233 - - [08/Feb/2026:14:33:19 +0000] "GET /sitemap.xml HTTP/1.1" 200 71620 "-" "ClaudeBot/1.0 (+https://www.anthropic.com/claudebot)"
141.57.250.8 - - [08/Feb/2026:14:34:16 +0000] "GET /readme.txt HTTP/1.1" 404 31 "-" "Mozilla/5.0 (compatible; Amazonbot/0.1; +https://developer.amazon.com/support/amazonbot)"
99.132.12.102 - - [08/Feb/2026:14:35:56 +0000] "GET /readme.txt HTTP/1.1" 304 498 "-" "Mozilla/5.0 (compatible; Googlebot/2.1; +http://www.google.com/bot.html)"
203.225.0.215 - - [08/Feb/2026:14:44:11 +0000] "GET /index.html HTTP/1.1" 200 64770 "-" "Mozilla/5.0 AppleWebKit/537.36 (compatible; GPTBot/1.3; +https://openai.com/gptbot)"
122.96.81.102 - - [08/Feb/2026:14:46:23 +0000] "GET /readme.txt HTTP/1.1" 200 61906 "-" "Mozilla/5.0 AppleWebKit/537.36 (compatible; GPTBot/1.3; +https://openai.com/gptbot)"
141.57.250.8 - - [08/Feb/2026:14:48:37 +0000] "GET /about.html HTTP/1.1" 200 140293 "-" "ClaudeBot/1.0 (+https://www.anthropic.com/claudebot)"
99.132.12.102 - - [08/Feb/2026:14:49:48 +0000] "GET /index.html HTTP/1.1" 304 376 "-" "Mozilla/5.0 (compatible; Amazonbot/0.1; +https://developer.amazon.com/support/amazonbot)"
99.170.62.78 - - [08/Feb/2026:14:53:18 +0000] "GET /readme.txt HTTP/1.1" 404 137 "-" "Mozilla/5.0 (compatible; Googlebot/2.1; +http://www.google.com/bot.html)"
149.37.222.138 - - [08/Feb/2026:14:54:47 +0000] "GET /index.html HTTP/1.1" 200 105173 "-" "Mozilla/5.0 (compatible; bingbot/2.0; +http://www.bing.com/bingbot.htm)"
203.225.0.215 - - [08/Feb/2026:14:56:59 +0000] "GET / HTTP/1.1" 301 113 "-" "ClaudeBot/1.0 (+https://www.anthropic.com/claudebot)"
60.241.196.176 - - [08/Feb/2026:14:59:05 +0000] "GET /about.html HTTP/1.1" 200 104019 "-" "ClaudeBot/1.0 (+https://www.anthropic.com/claudebot)"
171.133.45.213 - - [08/Feb/2026:15:05:41 +0000] "GET /app.js HTTP/1.1" 200 3773 "-" "Mozilla/5.0 (compatible; Googlebot/2.1; +http://www.google.com/bot.html)"
60.241.196.176 - - [08/Feb/2026:15:06:43 +0000] "GET /logo.png HTTP/1.1" 200 84247 "-" "Mozilla/5.0 (compatible; Amazonbot/0.1; +https://developer.amazon.com/support/amazonbot)"
122.96.81.102 - - [08/Feb/2026:15:06:44 +0000] "GET / HTTP/1.1" 404 108 "-" "Mozilla/5.0 AppleWebKit/537.36 (compatible; GPTBot/1.3; +https://openai.com/gptbot)"
60.241.196.176 - - [08/Feb/2026:15:18:11 +0000] "GET /readme.txt HTTP/1.1" 302 500 "-" "Mozilla/5.0 (compatible; bingbot/2.0; +http://www.bing.com/bingbot.htm)"
122.96.81.102 - - [08/Feb/2026:15:24:49 +0000] "GET /about.html HTTP/1.1" 200 57917 "-" "Mozilla/5.0 (compatible; Amazonbot/0.1; +https://developer.amazon.com/support/amazonbot)"
60.241.196.176 - - [08/Feb/2026:15:27:23 +0000] "GET /app.js HTTP/1.1" 200 29217 "-" "Mozilla/5.0 (compatible; bingbot/2.0; +http://www.bing.com/bingbot.htm)"
203.225.0.215 - - [08/Feb/2026:15:29:56 +0000] "GET /about.html HTTP/1.1" 200 113605 "-" "Mozilla/5.0 (compatible; bingbot/2.0; +http://www.bing.com/bingbot.htm)"
188.194.31.5 - - [08/Feb/2026:15:35:19 +0000] "GET /style.css HTTP/1.1" 404 239 "-" "Mozilla/5.0 (compatible; Googlebot/2.1; +http://www.google.com/bot.html)"
71.138.7.233 - - [08/Feb/2026:15:35:52 +0000] "GET / HTTP/1.1" 404 166 "-" "Mozilla/5.0 AppleWebKit/537.36 (compatible; GPTBot/1.3; +https://openai.com/gptbot)"
60.241.196.176 - - [08/Feb/2026:15:37:08 +0000] "GET /config HTTP/1.1" 200 58095 "-" "Mozilla/5.0 (compatible; bingbot/2.0; +http://www.bing.com/bingbot.htm)"
99.132.12.102 - - [08/Feb/2026:15:37:55 +0000] "GET / HTTP/1.1" 404 55 "-" "ClaudeBot/1.0 (+https://www.anthropic.com/claudebot)"
99.150.211.250 - - [08/Feb/2026:15:41:01 +0000] "GET /logo.png HTTP/1.1" 200 116546 "-" "Mozilla/5.0 (compatible; Amazonbot/0.1; +https://developer.amazon.com/support/amazonbot)"
149.37.222.138 - - [08/Feb/2026:15:43:23 +0000] "GET /config HTTP/1.1" 404 394 "-" "ClaudeBot/1.0 (+https://www.anthropic.com/claudebot)"
99.170.62.78 - - [08/Feb/2026:15:49:03 +0000] "GET /feed.xml HTTP/1.1" 200 138354 "-" "ClaudeBot/1.0 (+https://www.anthropic.com/claudebot)"
82.35.167.49 - - [08/Feb/2026:15:49:55 +0000] "GET / HTTP/1.1" 200 9194 "-" "Mozilla/5.0 AppleWebKit/537.36 (compatible; GPTBot/1.3; +https://openai.com/gptbot)"
188.194.31.5 - - [08/Feb/2026:15:51:33 +0000] "GET /feed.xml HTTP/1.1" 200 59122 "-" "Mozilla/5.0 (compatible; bingbot/2.0; +http://www.bing.com/bingbot.htm)"
99.150.211.250 - - [08/Feb/2026:15:55:14 +0000] "GET /feed.xml HTTP/1.1" 200 23696 "-" "Mozilla/5.0 (compatible; bingbot/2.0; +http://www.bing.com/bingbot.htm)"
99.170.62.78 - - [08/Feb/2026:16:07:49 +0000] "GET /sitemap.xml HTTP/1.1" 301 108 "-" "Mozilla/5.0 AppleWebKit/537.36 (compatible; GPTBot/1.3; +https://openai.com/gptbot)"
141.57.250.8 - - [08/Feb/2026:16:14:23 +0000] "GET /feed.xml HTTP/1.1" 304 41 "-" "ClaudeBot/1.0 (+https://www.anthropic.com/claudebot)"
99.132.12.102 - - [08/Feb/2026:16:16:31 +0000] "GET /about.html HTTP/1.1" 200 72501 "-" "Mozilla/5.0 (compatible; Googlebot/2.1; +http://www.google.com/bot.html)"
203.225.0.215 - - [08/Feb/2026:16:16:45 +0000] "GET /banner.jpg HTTP/1.1" 200 105007 "-" "Mozilla/5.0 (compatible; Googlebot/2.1; +http://www.google.com/bot.html)"
99.170.62.78 - - [08/Feb/2026:16:18:01 +0000] "GET /feed.xml HTTP/1.1" 200 61341 "-" "Mozilla/5.0 (compatible; Googlebot/2.1; +http://www.google.com/bot.html)"
99.170.62.78 - - [08/Feb/2026:16:20:19 +0000] "GET /feed.xml HTTP/1.1" 200 50782 "-" "Mozilla/5.0 (compatible; Amazonbot/0.1; +https://developer.amazon.com/support/amazonbot)"
99.170.62.78 - - [08/Feb/2026:16:25:03 +0000] "GET / HTTP/1.1" 200 765 "-" "ClaudeBot/1.0 (+https://www.anthropic.com/claudebot)"
203.225.0.215 - - [08/Feb/2026:16:25:15 +0000] "GET /config HTTP/1.1" 200 132680 "-" "Mozilla/5.0 AppleWebKit/537.36 (compatible; GPTBot/1.3; +https://openai.com/gptbot)"
99.150.211.250 - - [08/Feb/2026:16:26:11 +0000] "GET /config HTTP/1.1" 200 71967 "-" "Mozilla/5.0 AppleWebKit/537.36 (compatible; GPTBot/1.3; +https://openai.com/gptbot)"
203.225.0.215 - - [08/Feb/2026:16:32:25 +0000] "GET / HTTP/1.1" 200 115344 "-" "Mozilla/5.0 (compatible; Amazonbot/0.1; +https://developer.amazon.com/support/amazonbot)"
203.225.0.215 - - [08/Feb/2026:16:33:07 +0000] "GET /about.html HTTP/1.1" 200 127783 "-" "Mozilla/5.0 (compatible; Googlebot/2.1; +http://www.google.com/bot.html)"
203.225.0.215 - - [08/Feb/2026:16:38:31 +0000] "GET /app.js HTTP/1.1" 200 108686 "-" "ClaudeBot/1.0 (+https://www.anthropic.com/claudebot)"
82.35.167.49 - - [08/Feb/2026:16:38:42 +0000] "GET /sitemap.xml HTTP/1.1" 404 455 "-" "ClaudeBot/1.0 (+https://www.anthropic.com/claudebot)"
149.37.222.138 - - [08/Feb/2026:16:40:16 +0000] "GET /about.html HTTP/1.1" 200 93223 "-" "Mozilla/5.0 (compatible; Amazonbot/0.1; +https://developer.amazon.com/support/amazonbot)"
203.225.0.215 - - [08/Feb/2026:16:44:52 +0000] "GET /index.html HTTP/1.1" 200 87147 "-" "Mozilla/5.0 AppleWebKit/537.36 (compatible; GPTBot/1.3; +https://openai.com/gptbot)"
149.37.222.138 - - [08/Feb/2026:16:45:21 +0000] "GET /data.json HTTP/1.1" 404 268 "-" "Mozilla/5.0 (compatible; Amazonbot/0.1; +https://developer.amazon.com/support/amazonbot)"
60.241.196.176 - - [08/Feb/2026:16:45:23 +0000] "GET /logo.png HTTP/1.1" 200 53428 "-" "Mozilla/5.0 AppleWebKit/537.36 (compatible; GPTBot/1.3; +https://openai.com/gptbot)"
82.35.167.49 - - [08/Feb/2026:16:45:47 +0000] "GET /feed.xml HTTP/1.1" 200 88321 "-" "Mozilla/5.0 (compatible; Amazonbot/0.1; +https://developer.amazon.com/support/amazonbot)"
188.194.31.5 - - [08/Feb/2026:16:49:24 +0000] "GET / HTTP/1.1" 200 36420 "-" "Mozilla/5.0 (compatible; Amazonbot/0.1; +https://developer.amazon.com/support/amazonbot)"
141.57.250.8 - - [08/Feb/2026:16:49:34 +0000] "GET /style.css HTTP/1.1" 304 167 "-" "Mozilla/5.0 (compatible; bingbot/2.0; +http://www.bing.com/bingbot.htm)"
71.138.7.233 - - [08/Feb/2026:16:51:58 +0000] "GET /config HTTP/1.1" 404 147 "-" "ClaudeBot/1.0 (+https://www.anthropic.com/claudebot)"
60.241.196.176 - - [08/Feb/2026:16:53:02 +0000] "GET /style.css HTTP/1.1" 200 142019 "-" "Mozilla/5.0 AppleWebKit/537.36 (compatible; GPTBot/1.3; +https://openai.com/gptbot)"
122.96.81.102 - - [08/Feb/2026:16:53:13 +0000] "GET /readme.txt HTTP/1.1" 200 43741 "-" "ClaudeBot/1.0 (+https://www.anthropic.com/claudebot)"
141.57.250.8 - - [08/Feb/2026:16:53:44 +0000] "GET /app.js HTTP/1.1" 200 118717 "-" "Mozilla/5.0 (compatible; Googlebot/2.1; +http://www.google.com/bot.html)"
141.57.250.8 - - [08/Feb/2026:16:59:43 +0000] "GET /readme.txt HTTP/1.1" 404 216 "-" "Mozilla/5.0 (compatible; bingbot/2.0; +http://www.bing.com/bingbot.htm)"
203.225.0.215 - - [08/Feb/2026:17:02:52 +0000] "GET /readme.txt HTTP/1.1" 404 2 "-" "Mozilla/5.0 (compatible; bingbot/2.0; +http://www.bing.com/bingbot.htm)"
188.194.31.5 - - [08/Feb/2026:17:03:00 +0000] "GET /readme.txt HTTP/1.1" 200 131399 "-" "Mozilla/5.0 AppleWebKit/537.36 (compatible; GPTBot/1.3; +https://openai.com/gptbot)"
99.150.211.250 - - [08/Feb/2026:17:03:56 +0000] "GET /sitemap.xml HTTP/1.1" 403 93 "-" "Mozilla/5.0 AppleWebKit/537.36 (compatible; GPTBot/1.3; +https://openai.com/gptbot)"
99.170.62.78 - - [08/Feb/2026:17:09:14 +0000] "GET /about.html HTTP/1.1" 200 110027 "-" "Mozilla/5.0 (compatible; Googlebot/2.1; +http://www.google.com/bot.html)"
203.225.0.215 - - [08/Feb/2026:17:16:54 +0000] "GET /about.html HTTP/1.1" 200 124025 "-" "Mozilla/5.0 (compatible; Googlebot/2.1; +http://www.google.com/bot.html)"
141.57.250.8 - - [08/Feb/2026:17:17:54 +0000] "GET /about.html HTTP/1.1" 200 64543 "-" "Mozilla/5.0 (compatible; Amazonbot/0.1; +https://developer.amazon.com/support/amazonbot)"
203.225.0.215 - - [08/Feb/2026:17:23:57 +0000] "GET /readme.txt HTTP/1.1" 200 58033 "-" "Mozilla/5.0 AppleWebKit/537.36 (compatible; GPTBot/1.3; +https://openai.com/gptbot)"
82.35.167.49 - - [08/Feb/2026:17:26:10 +0000] "GET /feed.xml HTTP/1.1" 304 455 "-" "Mozilla/5.0 (compatible; Googlebot/2.1; +http://www.google.com/bot.html)"
60.241.196.176 - - [08/Feb/2026:17:36:33 +0000] "GET /config HTTP/1.1" 200 68314 "-" "ClaudeBot/1.0 (+https://www.anthropic.com/claudebot)"
99.150.211.250 - - [08/Feb/2026:17:39:42 +0000] "GET /about.html HTTP/1.1" 200 15925 "-" "ClaudeBot/1.0 (+https://www.anthropic.com/claudebot)"
99.132.12.102 - - [08/Feb/2026:17:42:41 +0000] "GET / HTTP/1.1" 200 115401 "-" "Mozilla/5.0 AppleWebKit/537.36 (compatible; GPTBot/1.3; +https://openai.com/gptbot)"
203.225.0.215 - - [08/Feb/2026:17:44:40 +0000] "GET /data.json HTTP/1.1" 200 49522 "-" "Mozilla/5.0 (compatible; bingbot/2.0; +http://www.bing.com/bingbot.htm)"
188.194.31.5 - - [08/Feb/2026:17:46:06 +0000] "GET /sitemap.xml HTTP/1.1" 200 85552 "-" "Mozilla/5.0 (compatible; Googlebot/2.1; +http://www.google.com/bot.html)"
82.35.167.49 - - [08/Feb/2026:17:48:42 +0000] "GET /sitemap.xml HTTP/1.1" 200 62553 "-" "Mozilla/5.0 AppleWebKit/537.36 (compatible; GPTBot/1.3; +https://openai.com/gptbot)"
149.37.222.138 - - [08/Feb/2026:17:50:56 +0000] "GET /about.html HTTP/1.1" 302 472 "-" "Mozilla/5.0 (compatible; Googlebot/2.1; +http://www.google.com/bot.html)"
82.35.167.49 - - [08/Feb/2026:17:51:29 +0000] "GET /readme.txt HTTP/1.1" 200 149206 "-" "Mozilla/5.0 (compatible; bingbot/2.0; +http://www.bing.com/bingbot.htm)"
82.35.167.49 - - [08/Feb/2026:17:54:56 +0000] "GET / HTTP/1.1" 200 90359 "-" "ClaudeBot/1.0 (+https://www.anthropic.com/claudebot)"
99.170.62.78 - - [08/Feb/2026:17:58:20 +0000] "GET /style.css HTTP/1.1" 200 17873 "-" "Mozilla/5.0 (compatible; Googlebot/2.1; +http://www.google.com/bot.html)"
99.170.62.78 - - [08/Feb/2026:18:10:15 +0000] "GET /logo.png HTTP/1.1" 200 70769 "-" "Mozilla/5.0 (compatible; bingbot/2.0; +http://www.bing.com/bingbot.htm)"
82.35.167.49 - - [08/Feb/2026:18:10:36 +0000] "GET /banner.jpg HTTP/1.1" 200 54408 "-" "Mozilla/5.0 (compatible; bingbot/2.0; +http://www.bing.com/bingbot.htm)"
60.241.196.176 - - [08/Feb/2026:18:11:38 +0000] "GET /style.css HTTP/1.1" 304 22 "-" "Mozilla/5.0 (compatible; bingbot/2.0; +http://www.bing.com/bingbot.htm)"
82.35.167.49 - - [08/Feb/2026:18:12:22 +0000] "GET /style.css HTTP/1.1" 200 67201 "-" "Mozilla/5.0 (compatible; bingbot/2.0; +http://www.bing.com/bingbot.htm)"
203.225.0.215 - - [08/Feb/2026:18:14:40 +0000] "GET /style.css HTTP/1.1" 304 324 "-" "Mozilla/5.0 (compatible; Amazonbot/0.1; +https://developer.amazon.com/support/amazonbot)"
99.170.62.78 - - [08/Feb/2026:18:14:57 +0000] "GET /banner.jpg HTTP/1.1" 200 12798 "-" "ClaudeBot/1.0 (+https://www.anthropic.com/claudebot)"
171.133.45.213 - - [08/Feb/2026:18:16:23 +0000] "GET /feed.xml HTTP/1.1" 304 286 "-" "Mozilla/5.0 AppleWebKit/537.36 (compatible; GPTBot/1.3; +https://openai.com/gptbot)"
99.132.12.102 - - [08/Feb/2026:18:18:39 +0000] "GET /feed.xml HTTP/1.1" 200 134720 "-" "Mozilla/5.0 (compatible; Amazonbot/0.1; +https://developer.amazon.com/support/amazonbot)"
171.133.45.213 - - [08/Feb/2026:18:25:44 +0000] "GET /feed.xml HTTP/1.1" 301 396 "-" "Mozilla/5.0 AppleWebKit/537.36 (compatible; GPTBot/1.3; +https://openai.com/gptbot)"
188.194.31.5 - - [08/Feb/2026:18:26:33 +0000] "GET /about.html HTTP/1.1" 200 122236 "-" "ClaudeBot/1.0 (+https://www.anthropic.com/claudebot)"
122.96.81.102 - - [08/Feb/2026:18:27:38 +0000] "GET /readme.txt HTTP/1.1" 403 365 "-" "Mozilla/5.0 AppleWebKit/537.36 (compatible; GPTBot/1.3; +https://openai.com/gptbot)"
122.96.81.102 - - [08/Feb/2026:18:31:29 +0000] "GET /readme.txt HTTP/1.1" 302 495 "-" "ClaudeBot/1.0 (+https://www.anthropic.com/claudebot)"
141.57.250.8 - - [08/Feb/2026:18:32:42 +0000] "GET / HTTP/1.1" 200 43793 "-" "Mozilla/5.0 (compatible; Amazonbot/0.1; +https://developer.amazon.com/support/amazonbot)"
99.150.211.250 - - [08/Feb/2026:18:40:03 +0000] "GET /config HTTP/1.1" 200 85451 "-" "ClaudeBot/1.0 (+https://www.anthropic.com/claudebot)"
99.150.211.250 - - [08/Feb/2026:18:43:01 +0000] "GET /style.css HTTP/1.1" 200 143834 "-" "Mozilla/5.0 (compatible; Amazonbot/0.1; +https://developer.amazon.com/support/amazonbot)"
149.37.222.138 - - [08/Feb/2026:18:53:22 +0000] "GET /style.css HTTP/1.1" 200 77403 "-" "Mozilla/5.0 (compatible; Amazonbot/0.1; +https://developer.amazon.com/support/amazonbot)"
141.57.250.8 - - [08/Feb/2026:19:02:17 +0000] "GET /banner.jpg HTTP/1.1" 200 106493 "-" "Mozilla/5.0 (compatible; bingbot/2.0; +http://www.bing.com/bingbot.htm)"
71.138.7.233 - - [08/Feb/2026:19:05:42 +0000] "GET /app.js HTTP/1.1" 200 14265 "-" "Mozilla/5.0 (compatible; bingbot/2.0; +http://www.bing.com/bingbot.htm)"
149.37.222.138 - - [08/Feb/2026:19:06:34 +0000] "GET /feed.xml HTTP/1.1" 200 87302 "-" "Mozilla/5.0 AppleWebKit/537.36 (compatible; GPTBot/1.3; +https://openai.com/gptbot)"
149.37.222.138 - - [08/Feb/2026:19:08:28 +0000] "GET /readme.txt HTTP/1.1" 200 116481 "-" "Mozilla/5.0 (compatible; bingbot/2.0; +http://www.bing.com/bingbot.htm)"
149.37.222.138 - - [08/Feb/2026:19:08:48 +0000] "GET /banner.jpg HTTP/1.1" 304 324 "-" "ClaudeBot/1.0 (+https://www.anthropic.com/claudebot)"
60.241.196.176 - - [08/Feb/2026:19:13:32 +0000] "GET /about.html HTTP/1.1" 200 82334 "-" "Mozilla/5.0 AppleWebKit/537.36 (compatible; GPTBot/1.3; +https://openai.com/gptbot)"
99.150.211.250 - - [08/Feb/2026:19:15:27 +0000] "GET /feed.xml HTTP/1.1" 200 103045 "-" "Mozilla/5.0 (compatible; Amazonbot/0.1; +https://developer.amazon.com/support/amazonbot)"
99.150.211.250 - - [08/Feb/2026:19:15:40 +0000] "GET /feed.xml HTTP/1.1" 404 479 "-" "ClaudeBot/1.0 (+https://www.anthropic.com/claudebot)"
149.37.222.138 - - [08/Feb/2026:19:17:25 +0000] "GET /style.css HTTP/1.1" 304 206 "-" "Mozilla/5.0 (compatible; bingbot/2.0; +http://www.bing.com/bingbot.htm)"
99.170.62.78 - - [08/Feb/2026:19:18:04 +0000] "GET /config HTTP/1.1" 200 32516 "-" "Mozilla/5.0 (compatible; Amazonbot/0.1; +https://developer.amazon.com/support/amazonbot)"
203.225.0.215 - - [08/Feb/2026:19:18:28 +0000] "GET /about.html HTTP/1.1" 200 126410 "-" "Mozilla/5.0 AppleWebKit/537.36 (compatible; GPTBot/1.3; +https://openai.com/gptbot)"
171.133.45.213 - - [08/Feb/2026:19:19:58 +0000] "GET /style.css HTTP/1.1" 304 204 "-" "Mozilla/5.0 AppleWebKit/537.36 (compatible; GPTBot/1.3; +https://openai.com/gptbot)"
82.35.167.49 - - [08/Feb/2026:19:21:30 +0000] "GET /index.html HTTP/1.1" 304 12 "-" "Mozilla/5.0 AppleWebKit/537.36 (compatible; GPTBot/1.3; +https://openai.com/gptbot)"
141.57.250.8 - - [08/Feb/2026:19:22:05 +0000] "GET /app.js HTTP/1.1" 200 1124 "-" "Mozilla/5.0 (compatible; Googlebot/2.1; +http://www.google.com/bot.html)"
203.225.0.215 - - [08/Feb/2026:19:23:21 +0000] "GET /style.css HTTP/1.1" 200 4070 "-" "Mozilla/5.0 (compatible; bingbot/2.0; +http://www.bing.com/bingbot.htm)"
203.225.0.215 - - [08/Feb/2026:19:28:57 +0000] "GET /banner.jpg HTTP/1.1" 200 8076 "-" "Mozilla/5.0 (compatible; Googlebot/2.1; +http://www.google.com/bot.html)"
99.150.211.250 - - [08/Feb/2026:19:31:09 +0000] "GET /sitemap.xml HTTP/1.1" 200 77029 "-" "Mozilla/5.0 (compatible; bingbot/2.0; +http://www.bing.com/bingbot.htm)"
122.96.81.102 - - [08/Feb/2026:19:32:21 +0000] "GET /logo.png HTTP/1.1" 200 142635 "-" "Mozilla/5.0 AppleWebKit/537.36 (compatible; GPTBot/1.3; +https://openai.com/gptbot)"
171.133.45.213 - - [08/Feb/2026:19:35:50 +0000] "GET /app.js HTTP/1.1" 200 136312 "-" "Mozilla/5.0 (compatible; Googlebot/2.1; +http://www.google.com/bot.html)"
171.133.45.213 - - [08/Feb/2026:19:41:37 +0000] "GET /about.html HTTP/1.1" 200 48815 "-" "Mozilla/5.0 (compatible; bingbot/2.0; +http://www.bing.com/bingbot.htm)"
82.35.167.49 - - [08/Feb/2026:19:42:33 +0000] "GET /data.json HTTP/1.1" 200 42900 "-" "ClaudeBot/1.0 (+https://www.anthropic.com/claudebot)"
71.138.7.233 - - [08/Feb/2026:19:46:56 +0000] "GET /config HTTP/1.1" 200 74010 "-" "ClaudeBot/1.0 (+https://www.anthropic.com/claudebot)"
60.241.196.176 - - [08/Feb/2026:19:47:38 +0000] "GET /data.json HTTP/1.1" 304 180 "-" "Mozilla/5.0 AppleWebKit/537.36 (compatible; GPTBot/1.3; +https://openai.com/gptbot)"
99.150.211.250 - - [08/Feb/2026:19:49:06 +0000] "GET / HTTP/1.1" 302 72 "-" "Mozilla/5.0 (compatible; Amazonbot/0.1; +https://developer.amazon.com/support/amazonbot)"
60.241.196.176 - - [08/Feb/2026:19:52:25 +0000] "GET /about.html HTTP/1.1" 200 140500 "-" "Mozilla/5.0 (compatible; Amazonbot/0.1; +https://developer.amazon.com/support/amazonbot)"
99.170.62.78 - - [08/Feb/2026:19:52:54 +0000] "GET /sitemap.xml HTTP/1.1" 302 438 "-" "Mozilla/5.0 AppleWebKit/537.36 (compatible; GPTBot/1.3; +https://openai.com/gptbot)"
171.133.45.213 - - [08/Feb/2026:19:55:08 +0000] "GET /style.css HTTP/1.1" 200 35918 "-" "Mozilla/5.0 (compatible; Amazonbot/0.1; +https://developer.amazon.com/support/amazonbot)"
149.37.222.138 - - [08/Feb/2026:19:55:23 +0000] "GET /sitemap.xml HTTP/1.1" 200 43896 "-" "Mozilla/5.0 (compatible; Amazonbot/0.1; +https://developer.amazon.com/support/amazonbot)"
