171.133.45.213 - - [06/Feb/2026:22:40:00 +0000] "GET /readme.txt HTTP/1.1" 200 16998 "-" "Mozilla/5.0 (compatible; bingbot/2.0; +http://www.bing.com/bingbot.htm)"
149.37.222.138 - - [06/Feb/2026:22:41:56 +0000] "GET / HTTP/1.1" 200 145484 "-" "Mozilla/5.0 (compatible; bingbot/2.0; +http://www.bing.com/bingbot.htm)"
99.170.62.78 - - [06/Feb/2026:22:50:13 +0000] "GET /about.html HTTP/1.1" 200 110887 "-" "Mozilla/5.0 (compatible; Amazonbot/0.1; +https://developer.amazon.com/support/amazonbot)"
141.57.250.8 - - [06/Feb/2026:22:50:47 +0000] "GET /data.json HTTP/1.1" 200 141224 "-" "Mozilla/5.0 AppleWebKit/537.36 (compatible; GPTBot/1.3; +https://openai.com/gptbot)"
188.194.31.5 - - [06/Feb/2026:22:57:55 +0000] "GET /banner.jpg HTTP/1.1" 200 62232 "-" "Mozilla/5.0 AppleWebKit/537.36 (compatible; GPTBot/1.3; +https://openai.com/gptbot)"
99.170.62.78 - - [06/Feb/2026:23:07:04 +0000] "GET /index.html HTTP/1.1" 302 279 "-" "Mozilla/5.0 (compatible; bingbot/2.0; +http://www.bing.com/bingbot.htm)"
82.35.167.49 - - [06/Feb/2026:23:10:27 +0000] "GET /readme.txt HTTP/1.1" 404 328 "-" "ClaudeBot/1.0 (+https://www.anthropic.com/claudebot)"
203.225.0.215 - - [06/Feb/2026:23:12:38 +0000] "GET /about.html HTTP/1.1" 302 159 "-" "Mozilla/5.0 AppleWebKit/537.36 (compatible; GPTBot/1.3; +https://openai.com/gptbot)"
99.170.62.78 - - [06/Feb/2026:23:17:11 +0000] "GET /style.css HTTP/1.1" 200 105460 "-" "Mozilla/5.0 (compatible; bingbot/2.0; +http://www.bing.com/bingbot.htm)"
60.241.196.176 - - [06/Feb/2026:23:22:31 +0000] "GET /app.js HTTP/1.1" 200 51159 "-" "Mozilla/5.0 (compatible; Amazonbot/0.1; +https://developer.amazon.com/support/amazonbot)"
141.57.250.8 - - [06/Feb/2026:23:29:40 +0000] "GET /feed.xml HTTP/1.1" 200 81568 "-" "Mozilla/5.0 (compatible; Googlebot/2.1; +http://www.google.com/bot.html)"
149.37.222.138 - - [06/Feb/2026:23:29:42 +0000] "GET /app.js HTTP/1.1" 301 64 "-" "Mozilla/5.0 AppleWebKit/537.36 (compatible; GPTBot/1.3; +https://openai.com/gptbot)"
60.241.196.176 - - [06/Feb/2026:23:29:58 +0000] "GET /sitemap.xml HTTP/1.1" 200 109791 "-" "Mozilla/5.0 AppleWebKit/537.36 (compatible; GPTBot/1.3; +https://openai.com/gptbot)"
99.132.12.102 - - [06/Feb/2026:23:31:14 +0000] "GET /feed.xml HTTP/1.1" 200 91185 "-" "Mozilla/5.0 AppleWebKit/537.36 (compatible; GPTBot/1.3; +https://openai.com/gptbot)"
60.241.196.176 - - [06/Feb/2026:23:32:17 +0000] "GET /app.js HTTP/1.1" 200 140292 "-" "Mozilla/5.0 (compatible; Googlebot/2.1; +http://www.google.com/bot.html)"
71.138.7.233 - - [06/Feb/2026:23:34:05 +0000] "GET / HTTP/1.1" 200 102006 "-" "Mozilla/5.0 (compatible; bingbot/2.0; +http://www.bing.com/bingbot.htm)"
171.133.45.213 - - [06/Feb/2026:23:34:26 +0000] "GET /feed.xml HTTP/1.1" 200 9308 "-" "Mozilla/5.0 (compatible; bingbot/2.0; +http://www.bing.com/bingbot.htm)"
99.150.211.250 - - [06/Feb/2026:23:35:37 +0000] "GET / HTTP/1.1" 200 19520 "-" "ClaudeBot/1.0 (+https://www.anthropic.com/claudebot)"
122.96.81.102 - - [06/Feb/2026:23:36:17 +0000] "GET /config HTTP/1.1" 200 139187 "-" "Mozilla/5.0 (compatible; Amazonbot/0.1; +https://developer.amazon.com/support/amazonbot)"
188.194.31.5 - - [06/Feb/2026:23:42:17 +0000] "GET /banner.jpg HTTP/1.1" 200 23209 "-" "ClaudeBot/1.0 (+https://www.anthropic.com/claudebot)"
82.35.167.49 - - [06/Feb/2026:23:42:38 +0000] "GET /banner.jpg HTTP/1.1" 200 26854 "-" "ClaudeBot/1.0 (+https://www.anthropic.com/claudebot)"
171.133.45.213 - - [06/Feb/2026:23:55:18 +0000] "GET /logo.png HTTP/1.1" 304 98 "-" "Mozilla/5.0 (compatible; Googlebot/2.1; +http://www.google.com/bot.html)"
141.57.250.8 - - [06/Feb/2026:23:56:07 +0000] "GET /banner.jpg HTTP/1.1" 200 149462 "-" "Mozilla/5.0 (compatible; bingbot/2.0; +http://www.bing.com/bingbot.htm)"
188.194.31.5 - - [07/Feb/2026:00:00:26 +0000] "GET /feed.xml HTTP/1.1" 404 229 "-" "ClaudeBot/1.0 (+https://www.anthropic.com/claudebot)"
99.150.211.250 - - [07/Feb/2026:00:01:19 +0000] "GET /index.html HTTP/1.1" 200 90368 "-" "Mozilla/5.0 (compatible; Amazonbot/0.1; +https://developer.amazon.com/support/amazonbot)"
71.138.7.233 - - [07/Feb/2026:00:01:58 +0000] "GET /app.js HTTP/1.1" 304 401 "-" "Mozilla/5.0 AppleWebKit/537.36 (compatible; GPTBot/1.3; +https://openai.com/gptbot)"
171.133.45.213 - - [07/Feb/2026:00:02:31 +0000] "GET /banner.jpg HTTP/1.1" 404 99 "-" "Mozilla/5.0 (compatible; Googlebot/2.1; +http://www.google.com/bot.html)"
141.57.250.8 - - [07/Feb/2026:00:03:17 +0000] "GET /sitemap.xml HTTP/1.1" 200 14599 "-" "ClaudeBot/1.0 (+https://www.anthropic.com/claudebot)"
149.37.222.138 - - [07/Feb/2026:00:06:20 +0000] "GET /style.css HTTP/1.1" 200 74042 "-" "Mozilla/5.0 (compatible; bingbot/2.0; +http://www.bing.com/bingbot.htm)"
141.57.250.8 - - [07/Feb/2026:00:09:17 +0000] "GET /banner.jpg HTTP/1.1" 302 194 "-" "ClaudeBot/1.0 (+https://www.anthropic.com/claudebot)"
99.170.62.78 - - [07/Feb/2026:00:18:24 +0000] "GET /app.js HTTP/1.1" 200 14024 "-" "Mozilla/5.0 (compatible; bingbot/2.0; +http://www.bing.com/bingbot.htm)"
188.194.31.5 - - [07/Feb/2026:00:18:32 +0000] "GET /logo.png HTTP/1.1" 404 123 "-" "ClaudeBot/1.0 (+https://www.anthropic.com/claudebot)"
141.57.250.8 - - [07/Feb/2026:00:19:08 +0000] "GET /banner.jpg HTTP/1.1" 200 92856 "-" "Mozilla/5.0 (compatible; Amazonbot/0.1; +https://developer.amazon.com/support/amazonbot)"
141.57.250.8 - - [07/Feb/2026:00:26:17 +0000] "GET /style.css HTTP/1.1" 200 37302 "-" "ClaudeBot/1.0 (+https://www.anthropic.com/claudebot)"
122.96.81.102 - - [07/Feb/2026:00:28:35 +0000] "GET /style.css HTTP/1.1" 200 60852 "-" "Mozilla/5.0 (compatible; bingbot/2.0; +http://www.bing.com/bingbot.htm)"
122.96.81.102 - - [07/Feb/2026:00:34:50 +0000] "GET /index.html HTTP/1.1" 200 146429 "-" "Mozilla/5.0 (compatible; Amazonbot/0.1; +https://developer.amazon.com/support/amazonbot)"
122.96.81.102 - - [07/Feb/2026:00:39:59 +0000] "GET /about.html HTTP/1.1" 200 124348 "-" "Mozilla/5.0 (compatible; bingbot/2.0; +http://www.bing.com/bingbot.htm)"
122.96.81.102 - - [07/Feb/2026:00:40:16 +0000] "GET /index.html HTTP/1.1" 200 79711 "-" "ClaudeBot/1.0 (+https://www.anthropic.com/claudebot)"
60.241.196.176 - - [07/Feb/2026:00:41:52 +0000] "GET / HTTP/1.1" 200 52597 "-" "Mozilla/5.0 AppleWebKit/537.36 (compatible; GPTBot/1.3; +https://openai.com/gptbot)"
82.35.167.49 - - [07/Feb/2026:00:43:00 +0000] "GET /app.js HTTP/1.1" 404 330 "-" "Mozilla/5.0 (compatible; Googlebot/2.1; +http://www.google.com/bot.html)"
60.241.196.176 - - [07/Feb/2026:00:43:32 +0000] "GET /logo.png HTTP/1.1" 200 12436 "-" "Mozilla/5.0 (compatible; bingbot/2.0; +http://www.bing.com/bingbot.htm)"
149.37.222.138 - - [07/Feb/2026:00:43:33 +0000] "GET /sitemap.xml HTTP/1.1" 304 152 "-" "ClaudeBot/1.0 (+https://www.anthropic.com/claudebot)"
188.194.31.5 - - [07/Feb/2026:00:45:50 +0000] "GET /banner.jpg HTTP/1.1" 200 34791 "-" "Mozilla/5.0 (compatible; Googlebot/2.1; +http://www.google.com/bot.html)"
99.170.62.78 - - [07/Feb/2026:00:50:42 +0000] "GET /data.json HTTP/1.1" 200 56320 "-" "Mozilla/5.0 AppleWebKit/537.36 (compatible; GPTBot/1.3; +https://openai.com/gptbot)"
203.225.0.215 - - [07/Feb/2026:00:54:58 +0000] "GET /app.js HTTP/1.1" 404 123 "-" "Mozilla/5.0 (compatible; bingbot/2.0; +http://www.bing.com/bingbot.htm)"
82.35.167.49 - - [07/Feb/2026:00:58:21 +0000] "GET /about.html HTTP/1.1" 304 259 "-" "ClaudeBot/1.0 (+https://www.anthropic.com/claudebot)"
203.225.0.215 - - [07/Feb/2026:00:59:13 +0000] "GET /app.js HTTP/1.1" 200 18286 "-" "Mozilla/5.0 (compatible; Amazonbot/0.1; +https://developer.amazon.com/support/amazonbot)"
149.37.222.138 - - [07/Feb/2026:01:05:06 +0000] "GET /app.js HTTP/1.1" 200 52588 "-" "Mozilla/5.0 (compatible; Googlebot/2.1; +http://www.google.com/bot.html)"
99.132.12.102 - - [07/Feb/2026:01:07:11 +0000] "GET /banner.jpg HTTP/1.1" 200 149246 "-" "Mozilla/5.0 AppleWebKit/537.36 (compatible; GPTBot/1.3; +https://openai.com/gptbot)"
82.35.167.49 - - [07/Feb/2026:01:10:05 +0000] "GET /about.html HTTP/1.1" 304 126 "-" "ClaudeBot/1.0 (+https://www.anthropic.com/claudebot)"
99.150.211.250 - - [07/Feb/2026:01:14:43 +0000] "GET /data.json HTTP/1.1" 200 1164 "-" "Mozilla/5.0 (compatible; Googlebot/2.1; +http://www.google.com/bot.html)"
122.96.81.102 - - [07/Feb/2026:01:15:17 +0000] "GET /banner.jpg HTTP/1.1" 200 57937 "-" "Mozilla/5.0 AppleWebKit/537.36 (compatible; GPTBot/1.3; +https://openai.com/gptbot)"
122.96.81.102 - - [07/Feb/2026:01:17:30 +0000] "GET /logo.png HTTP/1.1" 200 23538 "-" "ClaudeBot/1.0 (+https://www.anthropic.com/claudebot)"
82.35.167.49 - - [07/Feb/2026:01:31:54 +0000] "GET /index.html HTTP/1.1" 200 64908 "-" "Mozilla/5.0 (compatible; Amazonbot/0.1; +https://developer.amazon.com/support/amazonbot)"
149.37.222.138 - - [07/Feb/2026:01:37:21 +0000] "GET / HTTP/1.1" 404 433 "-" "Mozilla/5.0 (compatible; Googlebot/2.1; +http://www.google.com/bot.html)"
99.150.211.250 - - [07/Feb/2026:01:38:58 +0000] "GET /banner.jpg HTTP/1.1" 200 37270 "-" "ClaudeBot/1.0 (+https://www.anthropic.com/claudebot)"
99.150.211.250 - - [07/Feb/2026:01:42:14 +0000] "GET /readme.txt HTTP/1.1" 200 104925 "-" "Mozilla/5.0 (compatible; Googlebot/2.1; +http://www.google.com/bot.html)"
203.225.0.215 - - [07/Feb/2026:01:44:53 +0000] "GET / HTTP/1.1" 200 54884 "-" "Mozilla/5.0 (compatible; Googlebot/2.1; +http://www.google.com/bot.html)"
171.133.45.213 - - [07/Feb/2026:01:45:42 +0000] "GET /logo.png HTTP/1.1" 200 108942 "-" "Mozilla/5.0 AppleWebKit/537.36 (compatible; GPTBot/1.3; +https://openai.com/gptbot)"
82.35.167.49 - - [07/Feb/2026:01:57:01 +0000] "GET /logo.png HTTP/1.1" 301 217 "-" "Mozilla/5.0 (compatible; Amazonbot/0.1; +https://developer.amazon.com/support/amazonbot)"
99.132.12.102 - - [07/Feb/2026:01:58:15 +0000] "GET / HTTP/1.1" 200 52813 "-" "Mozilla/5.0 AppleWebKit/537.36 (compatible; GPTBot/1.3; +https://openai.com/gptbot)"
99.150.211.250 - - [07/Feb/2026:01:58:29 +0000] "GET /logo.png HTTP/1.1" 304 19 "-" "Mozilla/5.0 (compatible; Amazonbot/0.1; +https://developer.amazon.com/support/amazonbot)"
99.170.62.78 - - [07/Feb/2026:01:59:13 +0000] "GET /data.json HTTP/1.1" 304 351 "-" "Mozilla/5.0 (compatible; Googlebot/2.1; +http://www.google.com/bot.html)"
82.35.167.49 - - [07/Feb/2026:02:00:42 +0000] "GET /about.html HTTP/1.1" 404 321 "-" "Mozilla/5.0 (compatible; Amazonbot/0.1; +https://developer.amazon.com/support/amazonbot)"
149.37.222.138 - - [07/Feb/2026:02:07:20 +0000] "GET /index.html HTTP/1.1" 200 31304 "-" "Mozilla/5.0 (compatible; bingbot/2.0; +http://www.bing.com/bingbot.htm)"
141.57.250.8 - - [07/Feb/2026:02:08:12 +0000] "GET /style.css HTTP/1.1" 200 29419 "-" "Mozilla/5.0 (compatible; Googlebot/2.1; +http://www.google.com/bot.html)"
188.194.31.5 - - [07/Feb/2026:02:09:52 +0000] "GET /sitemap.xml HTTP/1.1" 304 14 "-" "Mozilla/5.0 (compatible; Amazonbot/0.1; +https://developer.amazon.com/support/amazonbot)"
71.138.7.233 - - [07/Feb/2026:02:15:27 +0000] "GET / HTTP/1.1" 200 14324 "-" "Mozilla/5.0 (compatible; Amazonbot/0.1; +https://developer.amazon.com/support/amazonbot)"
82.35.167.49 - - [07/Feb/2026:02:18:46 +0000] "GET /logo.png HTTP/1.1" 200 13071 "-" "ClaudeBot/1.0 (+https://www.anthropic.com/claudebot)"
99.132.12.102 - - [07/Feb/2026:02:19:11 +0000] "GET /readme.txt HTTP/1.1" 404 474 "-" "Mozilla/5.0 (compatible; Amazonbot/0.1; +https://developer.amazon.com/support/amazonbot)"
171.133.45.213 - - [07/Feb/2026:02:22:34 +0000] "GET /app.js HTTP/1.1" 404 38 "-" "Mozilla/5.0 (compatible; bingbot/2.0; +http://www.bing.com/bingbot.htm)"
99.170.62.78 - - [07/Feb/2026:02:23:27 +0000] "GET /sitemap.xml HTTP/1.1" 200 12168 "-" "ClaudeBot/1.0 (+https://www.anthropic.com/claudebot)"
99.132.12.102 - - [07/Feb/2026:02:24:50 +0000] "GET /index.html HTTP/1.1" 404 271 "-" "ClaudeBot/1.0 (+https://www.anthropic.com/claudebot)"
82.35.167.49 - - [07/Feb/2026:02:26:11 +0000] "GET /feed.xml HTTP/1.1" 200 112918 "-" "Mozilla/5.0 AppleWebKit/537.36 (compatible; GPTBot/1.3; +https://openai.com/gptbot)"
188.194.31.5 - - [07/Feb/2026:02:26:15 +0000] "GET /feed.xml HTTP/1.1" 200 73295 "-" "Mozilla/5.0 (compatible; Googlebot/2.1; +http://www.google.com/bot.html)"
71.138.7.233 - - [07/Feb/2026:02:29:37 +0000] "GET /style.css HTTP/1.1" 304 29 "-" "Mozilla/5.0 (compatible; bingbot/2.0; +http://www.bing.com/bingbot.htm)"
99.150.211.250 - - [07/Feb/2026:02:29:46 +0000] "GET /app.js HTTP/1.1" 200 22020 "-" "Mozilla/5.0 (compatible; Amazonbot/0.1; +https://developer.amazon.com/support/amazonbot)"
188.194.31.5 - - [07/Feb/2026:02:29:52 +0000] "GET /style.css HTTP/1.1" 200 125978 "-" "Mozilla/5.0 (compatible; Amazonbot/0.1; +https://developer.amazon.com/support/amazonbot)"
99.170.62.78 - - [07/Feb/2026:02:39:41 +0000] "GET /index.html HTTP/1.1" 200 117930 "-" "ClaudeBot/1.0 (+https://www.anthropic.com/claudebot)"
82.35.167.49 - - [07/Feb/2026:02:40:00 +0000] "GET /banner.jpg HTTP/1.1" 200 7683 "-" "Mozilla/5.0 (compatible; Googlebot/2.1; +http://www.google.com/bot.html)"
99.170.62.78 - - [07/Feb/2026:02:46:43 +0000] "GET /logo.png HTTP/1.1" 304 139 "-" "ClaudeBot/1.0 (+https://www.anthropic.com/claudebot)"
60.241.196.176 - - [07/Feb/2026:02:47:58 +0000] "GET /data.json HTTP/1.1" 200 101221 "-" "Mozilla/5.0 (compatible; bingbot/2.0; +http://www.bing.com/bingbot.htm)"
99.170.62.78 - - [07/Feb/2026:02:49:27 +0000] "GET /style.css HTTP/1.1" 200 102433 "-" "ClaudeBot/1.0 (+https://www.anthropic.com/claudebot)"
203.225.0.215 - - [07/Feb/2026:02:49:37 +0000] "GET / HTTP/1.1" 200 53615 "-" "Mozilla/5.0 AppleWebKit/537.36 (compatible; GPTBot/1.3; +https://openai.com/gptbot)"
99.170.62.78 - - [07/Feb/2026:02:53:10 +0000] "GET /about.html HTTP/1.1" 404 56 "-" "Mozilla/5.0 (compatible; Googlebot/2.1; +http://www.google.com/bot.html)"
141.57.250.8 - - [07/Feb/2026:02:56:08 +0000] "GET /sitemap.xml HTTP/1.1" 200 73842 "-" "ClaudeBot/1.0 (+https://www.anthropic.com/claudebot)"
99.170.62.78 - - [07/Feb/2026:02:57:18 +0000] "GET /logo.png HTTP/1.1" 200 38936 "-" "ClaudeBot/1.0 (+https://www.anthropic.com/claudebot)"
188.194.31.5 - - [07/Feb/2026:02:57:43 +0000] "GET /style.css HTTP/1.1" 200 53306 "-" "Mozilla/5.0 (compatible; Googlebot/2.1; +http://www.google.com/bot.html)"
122.96.81.102 - - [07/Feb/2026:02:59:34 +0000] "GET /index.html HTTP/1.1" 200 135609 "-" "Mozilla/5.0 AppleWebKit/537.36 (compatible; GPTBot/1.3; +https://openai.com/gptbot)"
71.138.7.233 - - [07/Feb/2026:03:01:07 +0000] "GET /index.html HTTP/1.1" 304 168 "-" "Mozilla/5.0 (compatible; bingbot/2.0; +http://www.bing.com/bingbot.htm)"
141.57.250.8 - - [07/Feb/2026:03:02:19 +0000] "GET /index.html HTTP/1.1" 200 127772 "-" "ClaudeBot/1.0 (+https://www.anthropic.com/claudebot)"
188.194.31.5 - - [07/Feb/2026:03:03:19 +0000] "GET /banner.jpg HTTP/1.1" 304 150 "-" "Mozilla/5.0 (compatible; Googlebot/2.1; +http://www.google.com/bot.html)"
71.138.7.233 - - [07/Feb/2026:03:03:38 +0000] "GET /banner.jpg HTTP/1.1" 200 54908 "-" "Mozilla/5.0 (compatible; bingbot/2.0; +http://www.bing.com/bingbot.htm)"
71.138.7.233 - - [07/Feb/2026:03:07:39 +0000] "GET /style.css HTTP/1.1" 200 145707 "-" "Mozilla/5.0 (compatible; Amazonbot/0.1; +https://developer.amazon.com/support/amazonbot)"
71.138.7.233 - - [07/Feb/2026:03:08:38 +0000] "GET /config HTTP/1.1" 200 132143 "-" "Mozilla/5.0 AppleWebKit/537.36 (compatible; GPTBot/1.3; +https://openai.com/gptbot)"
82.35.167.49 - - [07/Feb/2026:03:10:07 +0000] "GET /about.html HTTP/1.1" 200 31469 "-" "Mozilla/5.0 (compatible; bingbot/2.0; +http://www.bing.com/bingbot.htm)"
99.132.12.102 - - [07/Feb/2026:03:13:15 +0000] "GET /logo.png HTTP/1.1" 200 17740 "-" "ClaudeBot/1.0 (+https://www.anthropic.com/claudebot)"
82.35.167.49 - - [07/Feb/2026:03:15:20 +0000] "GET /feed.xml HTTP/1.1" 404 210 "-" "Mozilla/5.0 AppleWebKit/537.36 (compatible; GPTBot/1.3; +https://openai.com/gptbot)"
60.241.196.176 - - [07/Feb/2026:03:18:41 +0000] "GET /sitemap.xml HTTP/1.1" 200 124529 "-" "Mozilla/5.0 (compatible; Amazonbot/0.1; +https://developer.amazon.com/support/amazonbot)"
141.57.250.8 - - [07/Feb/2026:03:20:16 +0000] "GET /app.js HTTP/1.1" 200 104264 "-" "Mozilla/5.0 (compatible; bingbot/2.0; +http://www.bing.com/bingbot.htm)"
188.194.31.5 - - [07/Feb/2026:03:20:52 +0000] "GET /config HTTP/1.1" 200 130057 "-" "ClaudeBot/1.0 (+https://www.anthropic.com/claudebot)"
60.241.196.176 - - [07/Feb/2026:03:32:00 +0000] "GET /app.js HTTP/1.1" 200 127120 "-" "Mozilla/5.0 (compatible; Amazonbot/0.1; +https://developer.amazon.com/support/amazonbot)"
171.133.45.213 - - [07/Feb/2026:03:32:42 +0000] "GET /banner.jpg HTTP/1.1" 404 304 "-" "Mozilla/5.0 (compatible; Googlebot/2.1; +http://www.google.com/bot.html)"
141.57.250.8 - - [07/Feb/2026:03:37:12 +0000] "GET /style.css HTTP/1.1" 200 134023 "-" "ClaudeBot/1.0 (+https://www.anthropic.com/claudebot)"
203.225.0.215 - - [07/Feb/2026:03:39:15 +0000] "GET /readme.txt HTTP/1.1" 200 78651 "-" "Mozilla/5.0 (compatible; Googlebot/2.1; +http://www.google.com/bot.html)"
171.133.45.213 - - [07/Feb/2026:03:41:01 +0000] "GET /config HTTP/1.1" 304 391 "-" "Mozilla/5.0 AppleWebKit/537.36 (compatible; GPTBot/1.3; +https://openai.com/gptbot)"
149.37.222.138 - - [07/Feb/2026:03:41:59 +0000] "GET /about.html HTTP/1.1" 404 312 "-" "ClaudeBot/1.0 (+https://www.anthropic.com/claudebot)"
99.170.62.78 - - [07/Feb/2026:03:42:35 +0000] "GET /logo.png HTTP/1.1" 200 108412 "-" "Mozilla/5.0 (compatible; Googlebot/2.1; +http://www.google.com/bot.html)"
122.96.81.102 - - [07/Feb/2026:03:45:59 +0000] "GET /style.css HTTP/1.1" 200 54092 "-" "Mozilla/5.0 (compatible; bingbot/2.0; +http://www.bing.com/bingbot.htm)"
141.57.250.8 - - [07/Feb/2026:03:48:19 +0000] "GET /style.css HTTP/1.1" 200 52601 "-" "Mozilla/5.0 (compatible; Amazonbot/0.1; +https://developer.amazon.com/support/amazonbot)"
99.170.62.78 - - [07/Feb/2026:03:51:32 +0000] "GET /logo.png HTTP/1.1" 404 227 "-" "Mozilla/5.0 (compatible; Googlebot/2.1; +http://www.google.com/bot.html)"
149.37.222.138 - - [07/Feb/2026:03:51:40 +0000] "GET /config HTTP/1.1" 200 118362 "-" "Mozilla/5.0 AppleWebKit/537.36 (compatible; GPTBot/1.3; +https://openai.com/gptbot)"
171.133.45.213 - - [07/Feb/2026:03:53:43 +0000] "GET /logo.png HTTP/1.1" 200 43459 "-" "ClaudeBot/1.0 (+https://www.anthropic.com/claudebot)"
171.133.45.213 - - [07/Feb/2026:03:56:00 +0000] "GET / HTTP/1.1" 200 110915 "-" "Mozilla/5.0 (compatible; Amazonbot/0.1; +https://developer.amazon.com/support/amazonbot)"
171.133.45.213 - - [07/Feb/2026:04:02:56 +0000] "GET / HTTP/1.1" 404 410 "-" "Mozilla/5.0 (compatible; Amazonbot/0.1; +https://developer.amazon.com/support/amazonbot)"
141.57.250.8 - - [07/Feb/2026:04:03:59 +0000] "GET /config HTTP/1.1" 200 13712 "-" "Mozilla/5.0 (compatible; bingbot/2.0; +http://www.bing.com/bingbot.htm)"
99.170.62.78 - - [07/Feb/2026:04:12:14 +0000] "GET /about.html HTTP/1.1" 200 56550 "-" "Mozilla/5.0 (compatible; Amazonbot/0.1; +https://developer.amazon.com/support/amazonbot)"
82.35.167.49 - - [07/Feb/2026:04:12:27 +0000] "GET /data.json HTTP/1.1" 200 134820 "-" "Mozilla/5.0 (compatible; Amazonbot/0.1; +https://developer.amazon.com/support/amazonbot)"
99.170.62.78 - - [07/Feb/2026:04:13:19 +0000] "GET / HTTP/1.1" 301 380 "-" "Mozilla/5.0 (compatible; Googlebot/2.1; +http://www.google.com/bot.html)"
71.138.7.233 - - [07/Feb/2026:04:14:16 +0000] "GET /data.json HTTP/1.1" 200 731 "-" "Mozilla/5.0 (compatible; bingbot/2.0; +http://www.bing.com/bingbot.htm)"
188.194.31.5 - - [07/Feb/2026:04:15:44 +0000] "GET /logo.png HTTP/1.1" 200 111936 "-" "Mozilla/5.0 (compatible; Googlebot/2.1; +http://www.google.com/bot.html)"
71.138.7.233 - - [07/Feb/2026:04:18:52 +0000] "GET /data.json HTTP/1.1" 200 145595 "-" "Mozilla/5.0 (compatible; Googlebot/2.1; +http://www.google.com/bot.html)"
71.138.7.233 - - [07/Feb/2026:04:21:28 +0000] "GET /index.html HTTP/1.1" 200 15490 "-" "ClaudeBot/1.0 (+https://www.anthropic.com/claudebot)"
82.35.167.49 - - [07/Feb/2026:04:22:05 +0000] "GET /readme.txt HTTP/1.1" 200 146252 "-" "Mozilla/5.0 (compatible; Amazonbot/0.1; +https://developer.amazon.com/support/amazonbot)"
60.241.196.176 - - [07/Feb/2026:04:25:08 +0000] "GET /logo.png HTTP/1.1" 404 469 "-" "ClaudeBot/1.0 (+https://www.anthropic.com/claudebot)"
99.132.12.102 - - [07/Feb/2026:04:28:23 +0000] "GET /app.js HTTP/1.1" 200 99995 "-" "Mozilla/5.0 (compatible; Amazonbot/0.1; +https://developer.amazon.com/support/amazonbot)"
82.35.167.49 - - [07/Feb/2026:04:34:04 +0000] "GET / HTTP/1.1" 200 18588 "-" "Mozilla/5.0 (compatible; bingbot/2.0; +http://www.bing.com/bingbot.htm)"
171.133.45.213 - - [07/Feb/2026:04:41:39 +0000] "GET /data.json HTTP/1.1" 200 13830 "-" "ClaudeBot/1.0 (+https://www.anthropic.com/claudebot)"
141.57.250.8 - - [07/Feb/2026:04:43:08 +0000] "GET /app.js HTTP/1.1" 200 63125 "-" "Mozilla/5.0 (compatible; Amazonbot/0.1; +https://developer.amazon.com/support/amazonbot)"
82.35.167.49 - - [07/Feb/2026:04:47:22 +0000] "GET /app.js HTTP/1.1" 200 123209 "-" "Mozilla/5.0 (compatible; Amazonbot/0.1; +https://developer.amazon.com/support/amazonbot)"
149.37.222.138 - - [07/Feb/2026:04:47:27 +0000] "GET /config HTTP/1.1" 200 138218 "-" "Mozilla/5.0 (compatible; Amazonbot/0.1; +https://developer.amazon.com/support/amazonbot)"
122.96.81.102 - - [07/Feb/2026:04:53:10 +0000] "GET /data.json HTTP/1.1" 403 178 "-" "Mozilla/5.0 (compatible; Googlebot/2.1; +http://www.google.com/bot.html)"
82.35.167.49 - - [07/Feb/2026:04:53:41 +0000] "GET /app.js HTTP/1.1" 200 45375 "-" "Mozilla/5.0 (compatible; Amazonbot/0.1; +https://developer.amazon.com/support/amazonbot)"
99.132.12.102 - - [07/Feb/2026:04:53:59 +0000] "GET /app.js HTTP/1.1" 200 28870 "-" "ClaudeBot/1.0 (+https://www.anthropic.com/claudebot)"
171.133.45.213 - - [07/Feb/2026:04:58:22 +0000] "GET /data.json HTTP/1.1" 200 66699 "-" "Mozilla/5.0 (compatible; Googlebot/2.1; +http://www.google.com/bot.html)"
60.241.196.176 - - [07/Feb/2026:04:58:27 +0000] "GET /logo.png HTTP/1.1" 200 30386 "-" "Mozilla/5.0 AppleWebKit/537.36 (compatible; GPTBot/1.3; +https://openai.com/gptbot)"
171.133.45.213 - - [07/Feb/2026:05:00:10 +0000] "GET /config HTTP/1.1" 304 285 "-" "ClaudeBot/1.0 (+https://www.anthropic.com/claudebot)"
82.35.167.49 - - [07/Feb/2026:05:01:40 +0000] "GET /about.html HTTP/1.1" 200 83418 "-" "Mozilla/5.0 AppleWebKit/537.36 (compatible; GPTBot/1.3; +https://openai.com/gptbot)"
82.35.167.49 - - [07/Feb/2026:05:05:10 +0000] "GET /logo.png HTTP/1.1" 304 361 "-" "ClaudeBot/1.0 (+https://www.anthropic.com/claudebot)"
171.133.45.213 - - [07/Feb/2026:05:05:29 +0000] "GET /app.js HTTP/1.1" 200 75088 "-" "ClaudeBot/1.0 (+https://www.anthropic.com/claudebot)"
203.225.0.215 - - [07/Feb/2026:05:06:08 +0000] "GET /style.css HTTP/1.1" 200 56007 "-" "Mozilla/5.0 AppleWebKit/537.36 (compatible; GPTBot/1.3; +https://openai.com/gptbot)"
203.225.0.215 - - [07/Feb/2026:05:11:59 +0000] "GET /sitemap.xml HTTP/1.1" 200 56394 "-" "Mozilla/5.0 AppleWebKit/537.36 (compatible; GPTBot/1.3; +https://openai.com/gptbot)"
99.170.62.78 - - [07/Feb/2026:05:12:59 +0000] "GET /sitemap.xml HTTP/1.1" 404 269 "-" "Mozilla/5.0 (compatible; bingbot/2.0; +http://www.bing.com/bingbot.htm)"
71.138.7.233 - - [07/Feb/2026:05:19:11 +0000] "GET /banner.jpg HTTP/1.1" 301 155 "-" "Mozilla/5.0 (compatible; Googlebot/2.1; +http://www.google.com/bot.html)"
141.57.250.8 - - [07/Feb/2026:05:19:28 +0000] "GET /config HTTP/1.1" 200 40742 "-" "Mozilla/5.0 (compatible; bingbot/2.0; +http://www.bing.com/bingbot.htm)"
188.194.31.5 - - [07/Feb/2026:05:19:50 +0000] "GET /banner.jpg HTTP/1.1" 200 89730 "-" "Mozilla/5.0 AppleWebKit/537.36 (compatible; GPTBot/1.3; +https://openai.com/gptbot)"
99.170.62.78 - - [07/Feb/2026:05:28:22 +0000] "GET /config HTTP/1.1" 200 105078 "-" "Mozilla/5.0 AppleWebKit/537.36 (compatible; GPTBot/1.3; +https://openai.com/gptbot)"
122.96.81.102 - - [07/Feb/2026:05:29:00 +0000] "GET /index.html HTTP/1.1" 304 351 "-" "Mozilla/5.0 (compatible; Googlebot/2.1; +http://www.google.com/bot.html)"
149.37.222.138 - - [07/Feb/2026:05:31:22 +0000] "GET /readme.txt HTTP/1.1" 302 273 "-" "Mozilla/5.0 (compatible; Amazonbot/0.1; +https://developer.amazon.com/support/amazonbot)"
203.225.0.215 - - [07/Feb/2026:05:38:22 +0000] "GET /about.html HTTP/1.1" 200 143824 "-" "Mozilla/5.0 (compatible; bingbot/2.0; +http://www.bing.com/bingbot.htm)"
71.138.7.233 - - [07/Feb/2026:05:39:29 +0000] "GET /banner.jpg HTTP/1.1" 200 117448 "-" "Mozilla/5.0 (compatible; Amazonbot/0.1; +https://developer.amazon.com/support/amazonbot)"
82.35.167.49 - - [07/Feb/2026:05:40:11 +0000] "GET /app.js HTTP/1.1" 200 125034 "-" "Mozilla/5.0 (compatible; Googlebot/2.1; +http://www.google.com/bot.html)"
99.170.62.78 - - [07/Feb/2026:05:46:35 +0000] "GET /sitemap.xml HTTP/1.1" 404 267 "-" "Mozilla/5.0 (compatible; bingbot/2.0; +http://www.bing.com/bingbot.htm)"
82.35.167.49 - - [07/Feb/2026:05:51:03 +0000] "GET /logo.png HTTP/1.1" 200 55214 "-" "Mozilla/5.0 (compatible; bingbot/2.0; +http://www.bing.com/bingbot.htm)"
99.132.12.102 - - [07/Feb/2026:05:52:06 +0000] "GET /config HTTP/1.1" 200 16319 "-" "Mozilla/5.0 (compatible; bingbot/2.0; +http://www.bing.com/bingbot.htm)"
99.132.12.102 - - [07/Feb/2026:05:52:21 +0000] "GET / HTTP/1.1" 200 31024 "-" "Mozilla/5.0 AppleWebKit/537.36 (compatible; GPTBot/1.3; +https://openai.com/gptbot)"
149.37.222.138 - - [07/Feb/2026:05:55:38 +0000] "GET /config HTTP/1.1" 200 27194 "-" "Mozilla/5.0 (compatible; bingbot/2.0; +http://www.bing.com/bingbot.htm)"
149.37.222.138 - - [07/Feb/2026:05:56:03 +0000] "GET /about.html HTTP/1.1" 200 46352 "-" "Mozilla/5.0 AppleWebKit/537.36 (compatible; GPTBot/1.3; +https://openai.com/gptbot)"
149.37.222.138 - - [07/Feb/2026:06:03:02 +0000] "GET /logo.png HTTP/1.1" 404 218 "-" "Mozilla/5.0 (compatible; Googlebot/2.1; +http://www.google.com/bot.html)"
99.132.12.102 - - [07/Feb/2026:06:08:37 +0000] "GET /readme.txt HTTP/1.1" 200 67114 "-" "Mozilla/5.0 (compatible; Googlebot/2.1; +http://www.google.com/bot.html)"
122.96.81.102 - - [07/Feb/2026:06:10:18 +0000] "GET /about.html HTTP/1.1" 200 90877 "-" "Mozilla/5.0 (compatible; bingbot/2.0; +http://www.bing.com/bingbot.htm)"
99.132.12.102 - - [07/Feb/2026:06:11:58 +0000] "GET /style.css HTTP/1.1" 304 485 "-" "Mozilla/5.0 AppleWebKit/537.36 (compatible; GPTBot/1.3; +https://openai.com/gptbot)"
122.96.81.102 - - [07/Feb/2026:06:16:03 +0000] "GET / HTTP/1.1" 304 407 "-" "Mozilla/5.0 AppleWebKit/537.36 (compatible; GPTBot/1.3; +https://openai.com/gptbot)"
99.150.211.250 - - [07/Feb/2026:06:16:07 +0000] "GET /config HTTP/1.1" 301 133 "-" "Mozilla/5.0 AppleWebKit/537.36 (compatible; GPTBot/1.3; +https://openai.com/gptbot)"
149.37.222.138 - - [07/Feb/2026:06:19:22 +0000] "GET /data.json HTTP/1.1" 304 35 "-" "Mozilla/5.0 (compatible; bingbot/2.0; +http://www.bing.com/bingbot.htm)"
71.138.7.233 - - [07/Feb/2026:06:19:39 +0000] "GET /app.js HTTP/1.1" 200 148139 "-" "Mozilla/5.0 AppleWebKit/537.36 (compatible; GPTBot/1.3; +https://openai.com/gptbot)"
99.132.12.102 - - [07/Feb/2026:06:22:37 +0000] "GET /index.html HTTP/1.1" 304 155 "-" "Mozilla/5.0 (compatible; Amazonbot/0.1; +https://developer.amazon.com/support/amazonbot)"
188.194.31.5 - - [07/Feb/2026:06:22:39 +0000] "GET /app.js HTTP/1.1" 200 23138 "-" "Mozilla/5.0 (compatible; bingbot/2.0; +http://www.bing.com/bingbot.htm)"
99.132.12.102 - - [07/Feb/2026:06:26:10 +0000] "GET /feed.xml HTTP/1.1" 200 139550 "-" "Mozilla/5.0 (compatible; Amazonbot/0.1; +https://developer.amazon.com/support/amazonbot)"
99.132.12.102 - - [07/Feb/2026:06:34:09 +0000] "GET /feed.xml HTTP/1.1" 304 471 "-" "Mozilla/5.0 AppleWebKit/537.36 (compatible; GPTBot/1.3; +https://openai.com/gptbot)"
203.225.0.215 - - [07/Feb/2026:06:35:11 +0000] "GET /config HTTP/1.1" 200 58781 "-" "ClaudeBot/1.0 (+https://www.anthropic.com/claudebot)"
60.241.196.176 - - [07/Feb/2026:06:42:29 +0000] "GET /sitemap.xml HTTP/1.1" 304 353 "-" "Mozilla/5.0 AppleWebKit/537.36 (compatible; GPTBot/1.3; +https://openai.com/gptbot)"
99.150.211.250 - - [07/Feb/2026:06:43:27 +0000] "GET /config HTTP/1.1" 200 78438 "-" "Mozilla/5.0 (compatible; Amazonbot/0.1; +https://developer.amazon.com/support/amazonbot)"
71.138.7.233 - - [07/Feb/2026:06:49:04 +0000] "GET /config HTTP/1.1" 200 77685 "-" "ClaudeBot/1.0 (+https://www.anthropic.com/claudebot)"
171.133.45.213 - - [07/Feb/2026:06:50:37 +0000] "GET /app.js HTTP/1.1" 200 139537 "-" "ClaudeBot/1.0 (+https://www.anthropic.com/claudebot)"
141.57.250.8 - - [07/Feb/2026:06:50:44 +0000] "GET /index.html HTTP/1.1" 200 80392 "-" "ClaudeBot/1.0 (+https://www.anthropic.com/claudebot)"
141.57.250.8 - - [07/Feb/2026:06:51:36 +0000] "GET /about.html HTTP/1.1" 404 51 "-" "Mozilla/5.0 (compatible; Amazonbot/0.1; +https://developer.amazon.com/support/amazonbot)"
141.57.250.8 - - [07/Feb/2026:06:57:37 +0000] "GET /config HTTP/1.1" 404 294 "-" "Mozilla/5.0 AppleWebKit/537.36 (compatible; GPTBot/1.3; +https://openai.com/gptbot)"
188.194.31.5 - - [07/Feb/2026:07:00:02 +0000] "GET /logo.png HTTP/1.1" 200 130306 "-" "Mozilla/5.0 (compatible; Amazonbot/0.1; +https://developer.amazon.com/support/amazonbot)"
188.194.31.5 - - [07/Feb/2026:07:03:28 +0000] "GET /logo.png HTTP/1.1" 200 1102 "-" "Mozilla/5.0 AppleWebKit/537.36 (compatible; GPTBot/1.3; +https://openai.com/gptbot)"
82.35.167.49 - - [07/Feb/2026:07:11:52 +0000] "GET /feed.xml HTTP/1.1" 200 39874 "-" "Mozilla/5.0 AppleWebKit/537.36 (compatible; GPTBot/1.3; +https://openai.com/gptbot)"
99.170.62.78 - - [07/Feb/2026:07:12:36 +0000] "GET /style.css HTTP/1.1" 200 30547 "-" "Mozilla/5.0 (compatible; Amazonbot/0.1; +https://developer.amazon.com/support/amazonbot)"
99.170.62.78 - - [07/Feb/2026:07:14:46 +0000] "GET /index.html HTTP/1.1" 200 47291 "-" "Mozilla/5.0 AppleWebKit/537.36 (compatible; GPTBot/1.3; +https://openai.com/gptbot)"
122.96.81.102 - - [07/Feb/2026:07:14:57 +0000] "GET /index.html HTTP/1.1" 304 456 "-" "Mozilla/5.0 AppleWebKit/537.36 (compatible; GPTBot/1.3; +https://openai.com/gptbot)"
60.241.196.176 - - [07/Feb/2026:07:19:20 +0000] "GET /config HTTP/1.1" 404 3 "-" "Mozilla/5.0 AppleWebKit/537.36 (compatible; GPTBot/1.3; +https://openai.com/gptbot)"
171.133.45.213 - - [07/Feb/2026:07:21:25 +0000] "GET /data.json HTTP/1.1" 200 104694 "-" "Mozilla/5.0 (compatible; bingbot/2.0; +http://www.bing.com/bingbot.htm)"
141.57.250.8 - - [07/Feb/2026:07:22:51 +0000] "GET / HTTP/1.1" 200 61686 "-" "Mozilla/5.0 AppleWebKit/537.36 (compatible; GPTBot/1.3; +https://openai.com/gptbot)"
122.96.81.102 - - [07/Feb/2026:07:25:36 +0000] "GET /readme.txt HTTP/1.1" 200 132629 "-" "Mozilla/5.0 AppleWebKit/537.36 (compatible; GPTBot/1.3; +https://openai.com/gptbot)"
99.132.12.102 - - [07/Feb/2026:07:26:46 +0000] "GET /app.js HTTP/1.1" 301 299 "-" "Mozilla/5.0 (compatible; Amazonbot/0.1; +https://developer.amazon.com/support/amazonbot)"
60.241.196.176 - - [07/Feb/2026:07:27:06 +0000] "GET /data.json HTTP/1.1" 404 205 "-" "Mozilla/5.0 (compatible; bingbot/2.0; +http://www.bing.com/bingbot.htm)"
82.35.167.49 - - [07/Feb/2026:07:27:36 +0000] "GET /readme.txt HTTP/1.1" 200 15861 "-" "ClaudeBot/1.0 (+https://www.anthropic.com/claudebot)"
141.57.250.8 - - [07/Feb/2026:07:28:43 +0000] "GET /app.js HTTP/1.1" 200 76192 "-" "Mozilla/5.0 AppleWebKit/537.36 (compatible; GPTBot/1.3; +https://openai.com/gptbot)"
99.170.62.78 - - [07/Feb/2026:07:30:23 +0000] "GET /sitemap.xml HTTP/1.1" 404 169 "-" "Mozilla/5.0 (compatible; bingbot/2.0; +http://www.bing.com/bingbot.htm)"
99.132.12.102 - - [07/Feb/2026:07:32:24 +0000] "GET /style.css HTTP/1.1" 200 104725 "-" "ClaudeBot/1.0 (+https://www.anthropic.com/claudebot)"
99.150.211.250 - - [07/Feb/2026:07:34:05 +0000] "GET /logo.png HTTP/1.1" 200 144964 "-" "Mozilla/5.0 (compatible; bingbot/2.0; +http://www.bing.com/bingbot.htm)"
99.170.62.78 - - [07/Feb/2026:07:35:35 +0000] "GET /app.js HTTP/1.1" 200 135268 "-" "Mozilla/5.0 (compatible; bingbot/2.0; +http://www.bing.com/bingbot.htm)"
171.133.45.213 - - [07/Feb/2026:07:37:17 +0000] "GET /index.html HTTP/1.1" 200 44131 "-" "Mozilla/5.0 (compatible; Amazonbot/0.1; +https://developer.amazon.com/support/amazonbot)"
203.225.0.215 - - [07/Feb/2026:07:38:08 +0000] "GET /about.html HTTP/1.1" 404 101 "-" "Mozilla/5.0 (compatible; Googlebot/2.1; +http://www.google.com/bot.html)"
99.150.211.250 - - [07/Feb/2026:07:39:59 +0000] "GET /feed.xml HTTP/1.1" 200 68630 "-" "Mozilla/5.0 (compatible; Amazonbot/0.1; +https://developer.amazon.com/support/amazonbot)"
99.150.211.250 - - [07/Feb/2026:07:47:20 +0000] "GET /about.html HTTP/1.1" 200 62078 "-" "Mozilla/5.0 (compatible; Googlebot/2.1; +http://www.google.com/bot.html)"
71.138.7.233 - - [07/Feb/2026:07:47:21 +0000] "GET /feed.xml HTTP/1.1" 200 135294 "-" "Mozilla/5.0 (compatible; bingbot/2.0; +http://www.bing.com/bingbot.htm)"
141.57.250.8 - - [07/Feb/2026:07:47:23 +0000] "GET /style.css HTTP/1.1" 304 73 "-" "Mozilla/5.0 AppleWebKit/537.36 (compatible; GPTBot/1.3; +https://openai.com/gptbot)"
188.194.31.5 - - [07/Feb/2026:07:48:58 +0000] "GET /about.html HTTP/1.1" 200 68881 "-" "Mozilla/5.0 (compatible; Googlebot/2.1; +http://www.google.com/bot.html)"
99.132.12.102 - - [07/Feb/2026:07:51:09 +0000] "GET /sitemap.xml HTTP/1.1" 200 141469 "-" "Mozilla/5.0 (compatible; Amazonbot/0.1; +https://developer.amazon.com/support/amazonbot)"
60.241.196.176 - - [07/Feb/2026:07:54:12 +0000] "GET /data.json HTTP/1.1" 404 450 "-" "Mozilla/5.0 (compatible; Amazonbot/0.1; +https://developer.amazon.com/support/amazonbot)"
188.194.31.5 - - [07/Feb/2026:07:54:51 +0000] "GET /about.html HTTP/1.1" 200 100572 "-" "Mozilla/5.0 (compatible; bingbot/2.0; +http://www.bing.com/bingbot.htm)"
149.37.222.138 - - [07/Feb/2026:07:56:16 +0000] "GET /index.html HTTP/1.1" 200 24288 "-" "ClaudeBot/1.0 (+https://www.anthropic.com/claudebot)"
60.241.196.176 - - [07/Feb/2026:08:01:49 +0000] "GET /config HTTP/1.1" 200 10528 "-" "ClaudeBot/1.0 (+https://www.anthropic.com/claudebot)"
99.170.62.78 - - [07/Feb/2026:08:02:11 +0000] "GET /banner.jpg HTTP/1.1" 304 57 "-" "Mozilla/5.0 (compatible; bingbot/2.0; +http://www.bing.com/bingbot.htm)"
82.35.167.49 - - [07/Feb/2026:08:05:44 +0000] "GET /about.html HTTP/1.1" 200 112094 "-" "Mozilla/5.0 (compatible; Googlebot/2.1; +http://www.google.com/bot.html)"
122.96.81.102 - - [07/Feb/2026:08:05:53 +0000] "GET /index.html HTTP/1.1" 200 71556 "-" "ClaudeBot/1.0 (+https://www.anthropic.com/claudebot)"
149.37.222.138 - - [07/Feb/2026:08:07:10 +0000] "GET / HTTP/1.1" 304 264 "-" "Mozilla/5.0 AppleWebKit/537.36 (compatible; GPTBot/1.3; +https://openai.com/gptbot)"
171.133.45.213 - - [07/Feb/2026:08:23:10 +0000] "GET /config HTTP/1.1" 404 39 "-" "Mozilla/5.0 (compatible; bingbot/2.0; +http://www.bing.com/bingbot.htm)"
171.133.45.213 - - [07/Feb/2026:08:23:31 +0000] "GET /data.json HTTP/1.1" 304 22 "-" "Mozilla/5.0 (compatible; Googlebot/2.1; +http://www.google.com/bot.html)"
99.132.12.102 - - [07/Feb/2026:08:23:49 +0000] "GET / HTTP/1.1" 200 129047 "-" "Mozilla/5.0 AppleWebKit/537.36 (compatible; GPTBot/1.3; +https://openai.com/gptbot)"
141.57.250.8 - - [07/Feb/2026:08:26:28 +0000] "GET /banner.jpg HTTP/1.1" 200 77956 "-" "ClaudeBot/1.0 (+https://www.anthropic.com/claudebot)"
149.37.222.138 - - [07/Feb/2026:08:30:55 +0000] "GET /index.html HTTP/1.1" 200 123365 "-" "Mozilla/5.0 AppleWebKit/537.36 (compatible; GPTBot/1.3; +https://openai.com/gptbot)"
203.225.0.215 - - [07/Feb/2026:08:41:46 +0000] "GET /readme.txt HTTP/1.1" 200 103268 "-" "ClaudeBot/1.0 (+https://www.anthropic.com/claudebot)"
99.150.211.250 - - [07/Feb/2026:08:54:12 +0000] "GET /style.css HTTP/1.1" 404 241 "-" "Mozilla/5.0 AppleWebKit/537.36 (compatible; GPTBot/1.3; +https://openai.com/gptbot)"
99.150.211.250 - - [07/Feb/2026:09:00:55 +0000] "GET / HTTP/1.1" 200 136940 "-" "Mozilla/5.0 (compatible; bingbot/2.0; +http://www.bing.com/bingbot.htm)"
149.37.222.138 - - [07/Feb/2026:09:02:28 +0000] "GET /style.css HTTP/1.1" 200 108776 "-" "Mozilla/5.0 (compatible; Googlebot/2.1; +http://www.google.com/bot.html)"
141.57.250.8 - - [07/Feb/2026:09:03:28 +0000] "GET /data.json HTTP/1.1" 200 2357 "-" "Mozilla/5.0 (compatible; Googlebot/2.1; +http://www.google.com/bot.html)"
203.225.0.215 - - [07/Feb/2026:09:07:21 +0000] "GET /about.html HTTP/1.1" 200 5625 "-" "Mozilla/5.0 (compatible; bingbot/2.0; +http://www.bing.com/bingbot.htm)"
203.225.0.215 - - [07/Feb/2026:09:07:30 +0000] "GET /index.html HTTP/1.1" 200 19676 "-" "Mozilla/5.0 (compatible; bingbot/2.0; +http://www.bing.com/bingbot.htm)"
122.96.81.102 - - [07/Feb/2026:09:08:17 +0000] "GET /logo.png HTTP/1.1" 200 12442 "-" "ClaudeBot/1.0 (+https://www.anthropic.com/claudebot)"
99.132.12.102 - - [07/Feb/2026:09:09:02 +0000] "GET /sitemap.xml HTTP/1.1" 404 220 "-" "ClaudeBot/1.0 (+https://www.anthropic.com/claudebot)"
82.35.167.49 - - [07/Feb/2026:09:09:34 +0000] "GET /app.js HTTP/1.1" 200 77861 "-" "Mozilla/5.0 (compatible; Amazonbot/0.1; +https://developer.amazon.com/support/amazonbot)"
122.96.81.102 - - [07/Feb/2026:09:16:19 +0000] "GET /sitemap.xml HTTP/1.1" 404 463 "-" "Mozilla/5.0 (compatible; Amazonbot/0.1; +https://developer.amazon.com/support/amazonbot)"
71.138.7.233 - - [07/Feb/2026:09:16:28 +0000] "GET /config HTTP/1.1" 200 3656 "-" "Mozilla/5.0 (compatible; Googlebot/2.1; +http://www.google.com/bot.html)"
149.37.222.138 - - [07/Feb/2026:09:19:13 +0000] "GET /sitemap.xml HTTP/1.1" 200 74217 "-" "Mozilla/5.0 AppleWebKit/537.36 (compatible; GPTBot/1.3; +https://openai.com/gptbot)"
71.138.7.233 - - [07/Feb/2026:09:21:43 +0000] "GET /logo.png HTTP/1.1" 200 106490 "-" "Mozilla/5.0 (compatible; Googlebot/2.1; +http://www.google.com/bot.html)"
82.35.167.49 - - [07/Feb/2026:09:28:55 +0000] "GET /banner.jpg HTTP/1.1" 200 141724 "-" "Mozilla/5.0 (compatible; Amazonbot/0.1; +https://developer.amazon.com/support/amazonbot)"
188.194.31.5 - - [07/Feb/2026:09:32:28 +0000] "GET /logo.png HTTP/1.1" 304 219 "-" "Mozilla/5.0 AppleWebKit/537.36 (compatible; GPTBot/1.3; +https://openai.com/gptbot)"
99.150.211.250 - - [07/Feb/2026:09:35:13 +0000] "GET /style.css HTTP/1.1" 200 35796 "-" "Mozilla/5.0 (compatible; Googlebot/2.1; +http://www.google.com/bot.html)"
99.132.12.102 - - [07/Feb/2026:09:37:20 +0000] "GET /index.html HTTP/1.1" 404 496 "-" "Mozilla/5.0 (compatible; bingbot/2.0; +http://www.bing.com/bingbot.htm)"
149.37.222.138 - - [07/Feb/2026:09:37:32 +0000] "GET /about.html HTTP/1.1" 200 45249 "-" "Mozilla/5.0 (compatible; Amazonbot/0.1; +https://developer.amazon.com/support/amazonbot)"
60.241.196.176 - - [07/Feb/2026:09:41:13 +0000] "GET /banner.jpg HTTP/1.1" 200 50289 "-" "Mozilla/5.0 (compatible; Googlebot/2.1; +http://www.google.com/bot.html)"
122.96.81.102 - - [07/Feb/2026:09:42:09 +0000] "GET /banner.jpg HTTP/1.1" 200 44648 "-" "Mozilla/5.0 (compatible; bingbot/2.0; +http://www.bing.com/bingbot.htm)"
71.138.7.233 - - [07/Feb/2026:09:43:50 +0000] "GET /logo.png HTTP/1.1" 200 102835 "-" "Mozilla/5.0 (compatible; bingbot/2.0; +http://www.bing.com/bingbot.htm)"
82.35.167.49 - - [07/Feb/2026:09:45:21 +0000] "GET /app.js HTTP/1.1" 200 102575 "-" "Mozilla/5.0 (compatible; Amazonbot/0.1; +https://developer.amazon.com/support/amazonbot)"
141.57.250.8 - - [07/Feb/2026:09:58:14 +0000] "GET /logo.png HTTP/1.1" 200 149891 "-" "ClaudeBot/1.0 (+https://www.anthropic.com/claudebot)"
71.138.7.233 - - [07/Feb/2026:09:58:26 +0000] "GET /feed.xml HTTP/1.1" 200 55858 "-" "Mozilla/5.0 AppleWebKit/537.36 (compatible; GPTBot/1.3; +https://openai.com/gptbot)"
141.57.250.8 - - [07/Feb/2026:09:59:53 +0000] "GET /app.js HTTP/1.1" 200 26926 "-" "Mozilla/5.0 (compatible; bingbot/2.0; +http://www.bing.com/bingbot.htm)"
141.57.250.8 - - [07/Feb/2026:10:02:08 +0000] "GET / HTTP/1.1" 200 8378 "-" "Mozilla/5.0 (compatible; Amazonbot/0.1; +https://developer.amazon.com/support/amazonbot)"
99.150.211.250 - - [07/Feb/2026:10:03:08 +0000] "GET /sitemap.xml HTTP/1.1" 304 453 "-" "ClaudeBot/1.0 (+https://www.anthropic.com/claudebot)"
82.35.167.49 - - [07/Feb/2026:10:05:37 +0000] "GET /logo.png HTTP/1.1" 200 47993 "-" "Mozilla/5.0 AppleWebKit/537.36 (compatible; GPTBot/1.3; +https://openai.com/gptbot)"
122.96.81.102 - - [07/Feb/2026:10:06:42 +0000] "GET /config HTTP/1.1" 200 46211 "-" "ClaudeBot/1.0 (+https://www.anthropic.com/claudebot)"
171.133.45.213 - - [07/Feb/2026:10:06:53 +0000] "GET /style.css HTTP/1.1" 200 123304 "-" "Mozilla/5.0 (compatible; Amazonbot/0.1; +https://developer.amazon.com/support/amazonbot)"
71.138.7.233 - - [07/Feb/2026:10:10:06 +0000] "GET /index.html HTTP/1.1" 404 8 "-" "Mozilla/5.0 (compatible; Googlebot/2.1; +http://www.google.com/bot.html)"
71.138.7.233 - - [07/Feb/2026:10:11:41 +0000] "GET /banner.jpg HTTP/1.1" 304 452 "-" "Mozilla/5.0 (compatible; Amazonbot/0.1; +https://developer.amazon.com/support/amazonbot)"
149.37.222.138 - - [07/Feb/2026:10:12:21 +0000] "GET /app.js HTTP/1.1" 200 69099 "-" "Mozilla/5.0 (compatible; bingbot/2.0; +http://www.bing.com/bingbot.htm)"
188.194.31.5 - - [07/Feb/2026:10:12:29 +0000] "GET /config HTTP/1.1" 200 54238 "-" "Mozilla/5.0 (compatible; Amazonbot/0.1; +https://developer.amazon.com/support/amazonbot)"
71.138.7.233 - - [07/Feb/2026:10:18:18 +0000] "GET /banner.jpg HTTP/1.1" 200 6267 "-" "Mozilla/5.0 (compatible; Amazonbot/0.1; +https://developer.amazon.com/support/amazonbot)"
203.225.0.215 - - [07/Feb/2026:10:22:28 +0000] "GET /logo.png HTTP/1.1" 304 491 "-" "ClaudeBot/1.0 (+https://www.anthropic.com/claudebot)"
82.35.167.49 - - [07/Feb/2026:10:25:51 +0000] "GET /index.html HTTP/1.1" 200 117942 "-" "Mozilla/5.0 (compatible; Googlebot/2.1; +http://www.google.com/bot.html)"
82.35.167.49 - - [07/Feb/2026:10:32:28 +0000] "GET /feed.xml HTTP/1.1" 404 374 "-" "ClaudeBot/1.0 (+https://www.anthropic.com/claudebot)"
71.138.7.233 - - [07/Feb/2026:10:37:02 +0000] "GET /feed.xml HTTP/1.1" 200 68701 "-" "ClaudeBot/1.0 (+https://www.anthropic.com/claudebot)"
141.57.250.8 - - [07/Feb/2026:10:38:30 +0000] "GET /banner.jpg HTTP/1.1" 200 40100 "-" "Mozilla/5.0 (compatible; Amazonbot/0.1; +https://developer.amazon.com/support/amazonbot)"
122.96.81.102 - - [07/Feb/2026:10:40:51 +0000] "GET /banner.jpg HTTP/1.1" 200 47831 "-" "Mozilla/5.0 AppleWebKit/537.36 (compatible; GPTBot/1.3; +https://openai.com/gptbot)"
203.225.0.215 - - [07/Feb/2026:10:42:44 +0000] "GET /feed.xml HTTP/1.1" 304 400 "-" "ClaudeBot/1.0 (+https://www.anthropic.com/claudebot)"
122.96.81.102 - - [07/Feb/2026:10:43:54 +0000] "GET /style.css HTTP/1.1" 200 114949 "-" "Mozilla/5.0 (compatible; Googlebot/2.1; +http://www.google.com/bot.html)"
122.96.81.102 - - [07/Feb/2026:10:44:56 +0000] "GET /sitemap.xml HTTP/1.1" 200 140284 "-" "ClaudeBot/1.0 (+https://www.anthropic.com/claudebot)"
60.241.196.176 - - [07/Feb/2026:10:51:34 +0000] "GET /style.css HTTP/1.1" 200 12133 "-" "Mozilla/5.0 (compatible; Amazonbot/0.1; +https://developer.amazon.com/support/amazonbot)"
82.35.167.49 - - [07/Feb/2026:10:54:01 +0000] "GET /app.js HTTP/1.1" 404 36 "-" "Mozilla/5.0 (compatible; Googlebot/2.1; +http://www.google.com/bot.html)"
60.241.196.176 - - [07/Feb/2026:10:57:35 +0000] "GET / HTTP/1.1" 302 399 "-" "Mozilla/5.0 (compatible; bingbot/2.0; +http://www.bing.com/bingbot.htm)"
99.150.211.250 - - [07/Feb/2026:10:58:06 +0000] "GET /app.js HTTP/1.1" 304 265 "-" "Mozilla/5.0 AppleWebKit/537.36 (compatible; GPTBot/1.3; +https://openai.com/gptbot)"
99.150.211.250 - - [07/Feb/2026:10:58:11 +0000] "GET /feed.xml HTTP/1.1" 200 145816 "-" "Mozilla/5.0 (compatible; Googlebot/2.1; +http://www.google.com/bot.html)"
122.96.81.102 - - [07/Feb/2026:10:59:50 +0000] "GET /index.html HTTP/1.1" 200 86965 "-" "Mozilla/5.0 AppleWebKit/537.36 (compatible; GPTBot/1.3; +https://openai.com/gptbot)"
82.35.167.49 - - [07/Feb/2026:11:02:59 +0000] "GET /readme.txt HTTP/1.1" 200 30890 "-" "Mozilla/5.0 AppleWebKit/537.36 (compatible; GPTBot/1.3; +https://openai.com/gptbot)"
60.241.196.176 - - [07/Feb/2026:11:04:41 +0000] "GET /logo.png HTTP/1.1" 200 10974 "-" "Mozilla/5.0 AppleWebKit/537.36 (compatible; GPTBot/1.3; +https://openai.com/gptbot)"
171.133.45.213 - - [07/Feb/2026:11:07:46 +0000] "GET /about.html HTTP/1.1" 200 144965 "-" "Mozilla/5.0 AppleWebKit/537.36 (compatible; GPTBot/1.3; +https://openai.com/gptbot)"
99.170.62.78 - - [07/Feb/2026:11:08:08 +0000] "GET /sitemap.xml HTTP/1.1" 200 75410 "-" "Mozilla/5.0 AppleWebKit/537.36 (compatible; GPTBot/1.3; +https://openai.com/gptbot)"
71.138.7.233 - - [07/Feb/2026:11:18:31 +0000] "GET /logo.png HTTP/1.1" 200 12898 "-" "Mozilla/5.0 AppleWebKit/537.36 (compatible; GPTBot/1.3; +https://openai.com/gptbot)"
188.194.31.5 - - [07/Feb/2026:11:27:32 +0000] "GET /data.json HTTP/1.1" 200 15918 "-" "Mozilla/5.0 AppleWebKit/537.36 (compatible; GPTBot/1.3; +https://openai.com/gptbot)"
71.138.7.233 - - [07/Feb/2026:11:28:00 +0000] "GET /config HTTP/1.1" 302 38 "-" "Mozilla/5.0 (compatible; bingbot/2.0; +http://www.bing.com/bingbot.htm)"
71.138.7.233 - - [07/Feb/2026:11:28:31 +0000] "GET /readme.txt HTTP/1.1" 200 89381 "-" "ClaudeBot/1.0 (+https://www.anthropic.com/claudebot)"
99.150.211.250 - - [07/Feb/2026:11:30:00 +0000] "GET /banner.jpg HTTP/1.1" 200 116136 "-" "ClaudeBot/1.0 (+https://www.anthropic.com/claudebot)"
60.241.196.176 - - [07/Feb/2026:11:31:02 +0000] "GET /sitemap.xml HTTP/1.1" 200 75527 "-" "Mozilla/5.0 (compatible; bingbot/2.0; +http://www.bing.com/bingbot.htm)"
82.35.167.49 - - [07/Feb/2026:11:32:34 +0000] "GET /sitemap.xml HTTP/1.1" 200 66358 "-" "Mozilla/5.0 AppleWebKit/537.36 (compatible; GPTBot/1.3; +https://openai.com/gptbot)"
149.37.222.138 - - [07/Feb/2026:11:33:50 +0000] "GET /about.html HTTP/1.1" 200 555 "-" "Mozilla/5.0 (compatible; bingbot/2.0; +http://www.bing.com/bingbot.htm)"
99.150.211.250 - - [07/Feb/2026:11:38:01 +0000] "GET /about.html HTTP/1.1" 404 344 "-" "ClaudeBot/1.0 (+https://www.anthropic.com/claudebot)"
203.225.0.215 - - [07/Feb/2026:11:38:23 +0000] "GET /config HTTP/1.1" 200 8544 "-" "Mozilla/5.0 (compatible; bingbot/2.0; +http://www.bing.com/bingbot.htm)"
149.37.222.138 - - [07/Feb/2026:11:39:26 +0000] "GET /sitemap.xml HTTP/1.1" 200 61358 "-" "Mozilla/5.0 (compatible; Googlebot/2.1; +http://www.google.com/bot.html)"
171.133.45.213 - - [07/Feb/2026:11:47:52 +0000] "GET /index.html HTTP/1.1" 200 127813 "-" "Mozilla/5.0 (compatible; Googlebot/2.1; +http://www.google.com/bot.html)"
99.170.62.78 - - [07/Feb/2026:11:48:34 +0000] "GET / HTTP/1.1" 304 171 "-" "Mozilla/5.0 (compatible; Amazonbot/0.1; +https://developer.amazon.com/support/amazonbot)"
99.150.211.250 - - [07/Feb/2026:11:49:58 +0000] "GET /config HTTP/1.1" 200 65675 "-" "Mozilla/5.0 AppleWebKit/537.36 (compatible; GPTBot/1.3; +https://openai.com/gptbot)"
99.132.12.102 - - [07/Feb/2026:11:54:28 +0000] "GET /about.html HTTP/1.1" 200 7350 "-" "Mozilla/5.0 (compatible; bingbot/2.0; +http://www.bing.com/bingbot.htm)"
99.170.62.78 - - [07/Feb/2026:11:56:13 +0000] "GET /readme.txt HTTP/1.1" 404 246 "-" "Mozilla/5.0 (compatible; Amazonbot/0.1; +https://developer.amazon.com/support/amazonbot)"
122.96.81.102 - - [07/Feb/2026:11:56:13 +0000] "GET /index.html HTTP/1.1" 404 440 "-" "Mozilla/5.0 (compatible; Googlebot/2.1; +http://www.google.com/bot.html)"
82.35.167.49 - - [07/Feb/2026:11:58:39 +0000] "GET /index.html HTTP/1.1" 301 262 "-" "Mozilla/5.0 AppleWebKit/537.36 (compatible; GPTBot/1.3; +https://openai.com/gptbot)"
141.57.250.8 - - [07/Feb/2026:12:09:44 +0000] "GET /index.html HTTP/1.1" 200 131978 "-" "Mozilla/5.0 (compatible; bingbot/2.0; +http://www.bing.com/bingbot.htm)"
82.35.167.49 - - [07/Feb/2026:12:11:50 +0000] "GET /data.json HTTP/1.1" 304 50 "-" "Mozilla/5.0 (compatible; Amazonbot/0.1; +https://developer.amazon.com/support/amazonbot)"
99.150.211.250 - - [07/Feb/2026:12:13:14 +0000] "GET /about.html HTTP/1.1" 404 133 "-" "Mozilla/5.0 (compatible; Amazonbot/0.1; +https://developer.amazon.com/support/amazonbot)"
60.241.196.176 - - [07/Feb/2026:12:17:20 +0000] "GET /feed.xml HTTP/1.1" 404 325 "-" "Mozilla/5.0 (compatible; Googlebot/2.1; +http://www.google.com/bot.html)"
122.96.81.102 - - [07/Feb/2026:12:19:44 +0000] "GET / HTTP/1.1" 200 63539 "-" "Mozilla/5.0 (compatible; Amazonbot/0.1; +https://developer.amazon.com/support/amazonbot)"
99.170.62.78 - - [07/Feb/2026:12:22:55 +0000] "GET /sitemap.xml HTTP/1.1" 304 319 "-" "Mozilla/5.0 (compatible; Googlebot/2.1; +http://www.google.com/bot.html)"
188.194.31.5 - - [07/Feb/2026:12:23:24 +0000] "GET /banner.jpg HTTP/1.1" 302 313 "-" "Mozilla/5.0 (compatible; bingbot/2.0; +http://www.bing.com/bingbot.htm)"
71.138.7.233 - - [07/Feb/2026:12:25:25 +0000] "GET /readme.txt HTTP/1.1" 200 105574 "-" "Mozilla/5.0 AppleWebKit/537.36 (compatible; GPTBot/1.3; +https://openai.com/gptbot)"
171.133.45.213 - - [07/Feb/2026:12:26:53 +0000] "GET /about.html HTTP/1.1" 200 9320 "-" "ClaudeBot/1.0 (+https://www.anthropic.com/claudebot)"
60.241.196.176 - - [07/Feb/2026:12:30:07 +0000] "GET /app.js HTTP/1.1" 404 74 "-" "Mozilla/5.0 (compatible; Amazonbot/0.1; +https://developer.amazon.com/support/amazonbot)"
99.132.12.102 - - [07/Feb/2026:12:30:10 +0000] "GET /app.js HTTP/1.1" 200 118017 "-" "Mozilla/5.0 (compatible; Amazonbot/0.1; +https://developer.amazon.com/support/amazonbot)"
141.57.250.8 - - [07/Feb/2026:12:36:37 +0000] "GET /config HTTP/1.1" 403 219 "-" "Mozilla/5.0 (compatible; Amazonbot/0.1; +https://developer.amazon.com/support/amazonbot)"
71.138.7.233 - - [07/Feb/2026:12:39:02 +0000] "GET /data.json HTTP/1.1" 304 10 "-" "Mozilla/5.0 (compatible; bingbot/2.0; +http://www.bing.com/bingbot.htm)"
188.194.31.5 - - [07/Feb/2026:12:41:18 +0000] "GET /readme.txt HTTP/1.1" 304 87 "-" "Mozilla/5.0 (compatible; bingbot/2.0; +http://www.bing.com/bingbot.htm)"
99.132.12.102 - - [07/Feb/2026:12:43:27 +0000] "GET /feed.xml HTTP/1.1" 404 311 "-" "Mozilla/5.0 (compatible; Googlebot/2.1; +http://www.google.com/bot.html)"
149.37.222.138 - - [07/Feb/2026:12:45:33 +0000] "GET / HTTP/1.1" 200 105616 "-" "Mozilla/5.0 (compatible; Googlebot/2.1; +http://www.google.com/bot.html)"
149.37.222.138 - - [07/Feb/2026:12:46:27 +0000] "GET /logo.png HTTP/1.1" 200 121046 "-" "Mozilla/5.0 (compatible; Amazonbot/0.1; +https://developer.amazon.com/support/amazonbot)"
203.225.0.215 - - [07/Feb/2026:12:46:29 +0000] "GET /banner.jpg HTTP/1.1" 200 78816 "-" "ClaudeBot/1.0 (+https://www.anthropic.com/claudebot)"
203.225.0.215 - - [07/Feb/2026:12:46:55 +0000] "GET /index.html HTTP/1.1" 200 60025 "-" "Mozilla/5.0 AppleWebKit/537.36 (compatible; GPTBot/1.3; +https://openai.com/gptbot)"
