203.225.0.215 - - [19/Feb/2026:08:37:17 +0000] "GET /readme.txt HTTP/1.1" 200 96682 "-" "Mozilla/5.0 AppleWebKit/537.36 (compatible; GPTBot/1.3; +https://openai.com/gptbot)"
122.96.81.102 - - [19/Feb/2026:08:41:07 +0000] "GET /logo.png HTTP/1.1" 200 144787 "-" "Mozilla/5.0 (compatible; Googlebot/2.1; +http://www.google.com/bot.html)"
122.96.81.102 - - [19/Feb/2026:08:44:34 +0000] "GET /app.js HTTP/1.1" 200 146959 "-" "Mozilla/5.0 (compatible; bingbot/2.0; +http://www.bing.com/bingbot.htm)"
149.37.222.138 - - [19/Feb/2026:08:44:37 +0000] "GET /app.js HTTP/1.1" 200 127165 "-" "Mozilla/5.0 AppleWebKit/537.36 (compatible; GPTBot/1.3; +https://openai.com/gptbot)"
171.133.45.213 - - [19/Feb/2026:08:46:36 +0000] "GET / HTTP/1.1" 200 139924 "-" "Mozilla/5.0 AppleWebKit/537.36 (compatible; GPTBot/1.3; +https://openai.com/gptbot)"
171.133.45.213 - - [19/Feb/2026:09:01:50 +0000] "GET / HTTP/1.1" 200 137776 "-" "ClaudeBot/1.0 (+https://www.anthropic.com/claudebot)"
71.138.7.233 - - [19/Feb/2026:09:03:22 +0000] "GET /logo.png HTTP/1.1" 200 75622 "-" "Mozilla/5.0 (compatible; Googlebot/2.1; +http://www.google.com/bot.html)"
71.138.7.233 - - [19/Feb/2026:09:05:16 +0000] "GET /sitemap.xml HTTP/1.1" 200 24095 "-" "Mozilla/5.0 AppleWebKit/537.36 (compatible; GPTBot/1.3; +https://openai.com/gptbot)"
60.241.196.176 - - [19/Feb/2026:09:09:25 +0000] "GET /about.html HTTP/1.1" 200 118947 "-" "Mozilla/5.0 AppleWebKit/537.36 (compatible; GPTBot/1.3; +https://openai.com/gptbot)"
171.133.45.213 - - [19/Feb/2026:09:16:11 +0000] "GET /index.html HTTP/1.1" 404 256 "-" "ClaudeBot/1.0 (+https://www.anthropic.com/claudebot)"
99.132.12.102 - - [19/Feb/2026:09:17:50 +0000] "GET /about.html HTTP/1.1" 200 97076 "-" "Mozilla/5.0 (compatible; bingbot/2.0; +http://www.bing.com/bingbot.htm)"
141.57.250.8 - - [19/Feb/2026:09:22:48 +0000] "GET /banner.jpg HTTP/1.1" 200 18061 "-" "Mozilla/5.0 (compatible; Amazonbot/0.1; +https://developer.amazon.com/support/amazonbot)"
203.225.0.215 - - [19/Feb/2026:09:25:36 +0000] "GET /data.json HTTP/1.1" 200 69130 "-" "ClaudeBot/1.0 (+https://www.anthropic.com/claudebot)"
60.241.196.176 - - [19/Feb/2026:09:29:18 +0000] "GET /config HTTP/1.1" 200 18242 "-" "Mozilla/5.0 (compatible; bingbot/2.0; +http://www.bing.com/bingbot.htm)"
203.225.0.215 - - [19/Feb/2026:09:33:53 +0000] "GET /data.json HTTP/1.1" 200 32753 "-" "Mozilla/5.0 (compatible; Googlebot/2.1; +http://www.google.com/bot.html)"
188.194.31.5 - - [19/Feb/2026:09:36:04 +0000] "GET /app.js HTTP/1.1" 200 72428 "-" "Mozilla/5.0 AppleWebKit/537.36 (compatible; GPTBot/1.3; +https://openai.com/gptbot)"
82.35.167.49 - - [19/Feb/2026:09:42:55 +0000] "GET /app.js HTTP/1.1" 404 273 "-" "Mozilla/5.0 (compatible; bingbot/2.0; +http://www.bing.com/bingbot.htm)"
60.241.196.176 - - [19/Feb/2026:09:43:44 +0000] "GET /data.json HTTP/1.1" 200 22826 "-" "Mozilla/5.0 AppleWebKit/537.36 (compatible; GPTBot/1.3; +https://openai.com/gptbot)"
203.225.0.215 - - [19/Feb/2026:09:45:26 +0000] "GET /sitemap.xml HTTP/1.1" 404 115 "-" "Mozilla/5.0 (compatible; Amazonbot/0.1; +https://developer.amazon.com/support/amazonbot)"
122.96.81.102 - - [19/Feb/2026:09:46:07 +0000] "GET /config HTTP/1.1" 200 50816 "-" "Mozilla/5.0 (compatible; Amazonbot/0.1; +https://developer.amazon.com/support/amazonbot)"
60.241.196.176 - - [19/Feb/2026:09:46:43 +0000] "GET /app.js HTTP/1.1" 200 147080 "-" "Mozilla/5.0 (compatible; bingbot/2.0; +http://www.bing.com/bingbot.htm)"
71.138.7.233 - - [19/Feb/2026:09:52:43 +0000] "GET /app.js HTTP/1.1" 200 62785 "-" "Mozilla/5.0 (compatible; Amazonbot/0.1; +https://developer.amazon.com/support/amazonbot)"
149.37.222.138 - - [19/Feb/2026:09:56:48 +0000] "GET /logo.png HTTP/1.1" 404 446 "-" "Mozilla/5.0 AppleWebKit/537.36 (compatible; GPTBot/1.3; +https://openai.com/gptbot)"
149.37.222.138 - - [19/Feb/2026:09:59:38 +0000] "GET /style.css HTTP/1.1" 200 121339 "-" "Mozilla/5.0 (compatible; Amazonbot/0.1; +https://developer.amazon.com/support/amazonbot)"
122.96.81.102 - - [19/Feb/2026:10:00:03 +0000] "GET / HTTP/1.1" 200 15344 "-" "Mozilla/5.0 (compatible; Googlebot/2.1; +http://www.google.com/bot.html)"
203.225.0.215 - - [19/Feb/2026:10:03:26 +0000] "GET / HTTP/1.1" 301 345 "-" "Mozilla/5.0 (compatible; bingbot/2.0; +http://www.bing.com/bingbot.htm)"
82.35.167.49 - - [19/Feb/2026:10:04:14 +0000] "GET /feed.xml HTTP/1.1" 200 23298 "-" "ClaudeBot/1.0 (+https://www.anthropic.com/claudebot)"
171.133.45.213 - - [19/Feb/2026:10:04:21 +0000] "GET / HTTP/1.1" 200 96641 "-" "ClaudeBot/1.0 (+https://www.anthropic.com/claudebot)"
149.37.222.138 - - [19/Feb/2026:10:04:38 +0000] "GET /sitemap.xml HTTP/1.1" 200 68461 "-" "Mozilla/5.0 (compatible; Amazonbot/0.1; +https://developer.amazon.com/support/amazonbot)"
71.138.7.233 - - [19/Feb/2026:10:06:27 +0000] "GET /feed.xml HTTP/1.1" 200 136557 "-" "ClaudeBot/1.0 (+https://www.anthropic.com/claudebot)"
141.57.250.8 - - [19/Feb/2026:10:10:42 +0000] "GET / HTTP/1.1" 404 219 "-" "Mozilla/5.0 (compatible; bingbot/2.0; +http://www.bing.com/bingbot.htm)"
99.170.62.78 - - [19/Feb/2026:10:13:37 +0000] "GET /feed.xml HTTP/1.1" 200 76118 "-" "Mozilla/5.0 (compatible; Amazonbot/0.1; +https://developer.amazon.com/support/amazonbot)"
122.96.81.102 - - [19/Feb/2026:10:20:22 +0000] "GET /app.js HTTP/1.1" 200 30736 "-" "ClaudeBot/1.0 (+https://www.anthropic.com/claudebot)"
99.170.62.78 - - [19/Feb/2026:10:20:45 +0000] "GET /sitemap.xml HTTP/1.1" 200 127598 "-" "Mozilla/5.0 (compatible; bingbot/2.0; +http://www.bing.com/bingbot.htm)"
99.150.211.250 - - [19/Feb/2026:10:20:47 +0000] "GET /banner.jpg HTTP/1.1" 200 65296 "-" "Mozilla/5.0 (compatible; Amazonbot/0.1; +https://developer.amazon.com/support/amazonbot)"
149.37.222.138 - - [19/Feb/2026:10:21:57 +0000] "GET /banner.jpg HTTP/1.1" 200 111173 "-" "Mozilla/5.0 (compatible; Amazonbot/0.1; +https://developer.amazon.com/support/amazonbot)"
141.57.250.8 - - [19/Feb/2026:10:23:49 +0000] "GET /data.json HTTP/1.1" 304 112 "-" "Mozilla/5.0 (compatible; Googlebot/2.1; +http://www.google.com/bot.html)"
171.133.45.213 - - [19/Feb/2026:10:25:00 +0000] "GET /logo.png HTTP/1.1" 404 202 "-" "Mozilla/5.0 AppleWebKit/537.36 (compatible; GPTBot/1.3; +https://openai.com/gptbot)"
171.133.45.213 - - [19/Feb/2026:10:26:30 +0000] "GET /banner.jpg HTTP/1.1" 200 133301 "-" "Mozilla/5.0 (compatible; Amazonbot/0.1; +https://developer.amazon.com/support/amazonbot)"
82.35.167.49 - - [19/Feb/2026:10:32:21 +0000] "GET /config HTTP/1.1" 200 12591 "-" "Mozilla/5.0 AppleWebKit/537.36 (compatible; GPTBot/1.3; +https://openai.com/gptbot)"
171.133.45.213 - - [19/Feb/2026:10:33:02 +0000] "GET / HTTP/1.1" 200 148012 "-" "Mozilla/5.0 (compatible; Amazonbot/0.1; +https://developer.amazon.com/support/amazonbot)"
99.170.62.78 - - [19/Feb/2026:10:33:14 +0000] "GET /style.css HTTP/1.1" 404 321 "-" "Mozilla/5.0 (compatible; Googlebot/2.1; +http://www.google.com/bot.html)"
141.57.250.8 - - [19/Feb/2026:10:34:16 +0000] "GET /app.js HTTP/1.1" 404 416 "-" "ClaudeBot/1.0 (+https://www.anthropic.com/claudebot)"
141.57.250.8 - - [19/Feb/2026:10:36:31 +0000] "GET /sitemap.xml HTTP/1.1" 200 50103 "-" "Mozilla/5.0 (compatible; Amazonbot/0.1; +https://developer.amazon.com/support/amazonbot)"
149.37.222.138 - - [19/Feb/2026:10:37:29 +0000] "GET /feed.xml HTTP/1.1" 404 133 "-" "Mozilla/5.0 (compatible; Googlebot/2.1; +http://www.google.com/bot.html)"
171.133.45.213 - - [19/Feb/2026:10:40:00 +0000] "GET /feed.xml HTTP/1.1" 200 3973 "-" "Mozilla/5.0 (compatible; Amazonbot/0.1; +https://developer.amazon.com/support/amazonbot)"
171.133.45.213 - - [19/Feb/2026:10:45:21 +0000] "GET /index.html HTTP/1.1" 304 150 "-" "Mozilla/5.0 (compatible; Googlebot/2.1; +http://www.google.com/bot.html)"
71.138.7.233 - - [19/Feb/2026:10:50:13 +0000] "GET /logo.png HTTP/1.1" 304 24 "-" "Mozilla/5.0 (compatible; Amazonbot/0.1; +https://developer.amazon.com/support/amazonbot)"
203.225.0.215 - - [19/Feb/2026:10:52:59 +0000] "GET /banner.jpg HTTP/1.1" 200 63872 "-" "Mozilla/5.0 (compatible; bingbot/2.0; +http://www.bing.com/bingbot.htm)"
99.132.12.102 - - [19/Feb/2026:10:55:15 +0000] "GET /readme.txt HTTP/1.1" 200 126222 "-" "Mozilla/5.0 (compatible; Amazonbot/0.1; +https://developer.amazon.com/support/amazonbot)"
149.37.222.138 - - [19/Feb/2026:10:55:47 +0000] "GET /app.js HTTP/1.1" 200 37436 "-" "Mozilla/5.0 (compatible; bingbot/2.0; +http://www.bing.com/bingbot.htm)"
99.150.211.250 - - [19/Feb/2026:10:57:17 +0000] "GET /logo.png HTTP/1.1" 200 82258 "-" "ClaudeBot/1.0 (+https://www.anthropic.com/claudebot)"
171.133.45.213 - - [19/Feb/2026:10:58:33 +0000] "GET /logo.png HTTP/1.1" 404 123 "-" "ClaudeBot/1.0 (+https://www.anthropic.com/claudebot)"
99.150.211.250 - - [19/Feb/2026:10:59:17 +0000] "GET /app.js HTTP/1.1" 200 61035 "-" "Mozilla/5.0 (compatible; Googlebot/2.1; +http://www.google.com/bot.html)"
122.96.81.102 - - [19/Feb/2026:11:03:43 +0000] "GET /logo.png HTTP/1.1" 200 26169 "-" "Mozilla/5.0 (compatible; bingbot/2.0; +http://www.bing.com/bingbot.htm)"
149.37.222.138 - - [19/Feb/2026:11:07:34 +0000] "GET /feed.xml HTTP/1.1" 200 143490 "-" "Mozilla/5.0 (compatible; Googlebot/2.1; +http://www.google.com/bot.html)"
141.57.250.8 - - [19/Feb/2026:11:08:11 +0000] "GET /data.json HTTP/1.1" 200 80179 "-" "Mozilla/5.0 (compatible; Googlebot/2.1; +http://www.google.com/bot.html)"
99.150.211.250 - - [19/Feb/2026:11:11:26 +0000] "GET /readme.txt HTTP/1.1" 200 122919 "-" "ClaudeBot/1.0 (+https://www.anthropic.com/claudebot)"
171.133.45.213 - - [19/Feb/2026:11:17:36 +0000] "GET /feed.xml HTTP/1.1" 200 73421 "-" "Mozilla/5.0 AppleWebKit/537.36 (compatible; GPTBot/1.3; +https://openai.com/gptbot)"
99.170.62.78 - - [19/Feb/2026:11:24:19 +0000] "GET /feed.xml HTTP/1.1" 304 299 "-" "Mozilla/5.0 AppleWebKit/537.36 (compatible; GPTBot/1.3; +https://openai.com/gptbot)"
141.57.250.8 - - [19/Feb/2026:11:27:41 +0000] "GET /style.css HTTP/1.1" 304 242 "-" "Mozilla/5.0 (compatible; bingbot/2.0; +http://www.bing.com/bingbot.htm)"
171.133.45.213 - - [19/Feb/2026:11:28:08 +0000] "GET / HTTP/1.1" 304 248 "-" "ClaudeBot/1.0 (+https://www.anthropic.com/claudebot)"
171.133.45.213 - - [19/Feb/2026:11:28:12 +0000] "GET / HTTP/1.1" 200 120974 "-" "Mozilla/5.0 (compatible; Googlebot/2.1; +http://www.google.com/bot.html)"
188.194.31.5 - - [19/Feb/2026:11:30:42 +0000] "GET /style.css HTTP/1.1" 200 69284 "-" "Mozilla/5.0 (compatible; Amazonbot/0.1; +https://developer.amazon.com/support/amazonbot)"
171.133.45.213 - - [19/Feb/2026:11:30:47 +0000] "GET /index.html HTTP/1.1" 200 32826 "-" "Mozilla/5.0 (compatible; Amazonbot/0.1; +https://developer.amazon.com/support/amazonbot)"
122.96.81.102 - - [19/Feb/2026:11:31:40 +0000] "GET /data.json HTTP/1.1" 404 342 "-" "Mozilla/5.0 (compatible; bingbot/2.0; +http://www.bing.com/bingbot.htm)"
122.96.81.102 - - [19/Feb/2026:11:34:01 +0000] "GET /index.html HTTP/1.1" 200 130188 "-" "Mozilla/5.0 (compatible; bingbot/2.0; +http://www.bing.com/bingbot.htm)"
71.138.7.233 - - [19/Feb/2026:11:34:50 +0000] "GET /style.css HTTP/1.1" 200 103756 "-" "Mozilla/5.0 (compatible; bingbot/2.0; +http://www.bing.com/bingbot.htm)"
203.225.0.215 - - [19/Feb/2026:11:40:49 +0000] "GET /banner.jpg HTTP/1.1" 200 121884 "-" "ClaudeBot/1.0 (+https://www.anthropic.com/claudebot)"
188.194.31.5 - - [19/Feb/2026:11:40:59 +0000] "GET /app.js HTTP/1.1" 200 23762 "-" "Mozilla/5.0 AppleWebKit/537.36 (compatible; GPTBot/1.3; +https://openai.com/gptbot)"
99.170.62.78 - - [19/Feb/2026:11:43:32 +0000] "GET /index.html HTTP/1.1" 200 116317 "-" "Mozilla/5.0 AppleWebKit/537.36 (compatible; GPTBot/1.3; +https://openai.com/gptbot)"
99.150.211.250 - - [19/Feb/2026:11:45:04 +0000] "GET /app.js HTTP/1.1" 200 78009 "-" "Mozilla/5.0 (compatible; bingbot/2.0; +http://www.bing.com/bingbot.htm)"
171.133.45.213 - - [19/Feb/2026:11:49:08 +0000] "GET /index.html HTTP/1.1" 200 140221 "-" "Mozilla/5.0 AppleWebKit/537.36 (compatible; GPTBot/1.3; +https://openai.com/gptbot)"
188.194.31.5 - - [19/Feb/2026:11:51:05 +0000] "GET /app.js HTTP/1.1" 200 22485 "-" "Mozilla/5.0 (compatible; bingbot/2.0; +http://www.bing.com/bingbot.htm)"
203.225.0.215 - - [19/Feb/2026:11:55:03 +0000] "GET /logo.png HTTP/1.1" 304 499 "-" "Mozilla/5.0 (compatible; bingbot/2.0; +http://www.bing.com/bingbot.htm)"
188.194.31.5 - - [19/Feb/2026:11:56:04 +0000] "GET /logo.png HTTP/1.1" 200 134546 "-" "Mozilla/5.0 AppleWebKit/537.36 (compatible; GPTBot/1.3; +https://openai.com/gptbot)"
82.35.167.49 - - [19/Feb/2026:11:58:02 +0000] "GET /logo.png HTTP/1.1" 200 17975 "-" "Mozilla/5.0 (compatible; bingbot/2.0; +http://www.bing.com/bingbot.htm)"
141.57.250.8 - - [19/Feb/2026:11:59:20 +0000] "GET /index.html HTTP/1.1" 200 101017 "-" "Mozilla/5.0 (compatible; Amazonbot/0.1; +https://developer.amazon.com/support/amazonbot)"
203.225.0.215 - - [19/Feb/2026:12:00:46 +0000] "GET /style.css HTTP/1.1" 404 252 "-" "Mozilla/5.0 (compatible; bingbot/2.0; +http://www.bing.com/bingbot.htm)"
149.37.222.138 - - [19/Feb/2026:12:02:46 +0000] "GET /readme.txt HTTP/1.1" 304 334 "-" "Mozilla/5.0 AppleWebKit/537.36 (compatible; GPTBot/1.3; +https://openai.com/gptbot)"
171.133.45.213 - - [19/Feb/2026:12:03:43 +0000] "GET /logo.png HTTP/1.1" 200 127426 "-" "Mozilla/5.0 (compatible; bingbot/2.0; +http://www.bing.com/bingbot.htm)"
99.132.12.102 - - [19/Feb/2026:12:15:09 +0000] "GET /feed.xml HTTP/1.1" 304 341 "-" "Mozilla/5.0 (compatible; bingbot/2.0; +http://www.bing.com/bingbot.htm)"
99.170.62.78 - - [19/Feb/2026:12:15:33 +0000] "GET / HTTP/1.1" 200 104269 "-" "ClaudeBot/1.0 (+https://www.anthropic.com/claudebot)"
99.170.62.78 - - [19/Feb/2026:12:18:14 +0000] "GET /banner.jpg HTTP/1.1" 200 46270 "-" "Mozilla/5.0 (compatible; Amazonbot/0.1; +https://developer.amazon.com/support/amazonbot)"
122.96.81.102 - - [19/Feb/2026:12:28:43 +0000] "GET / HTTP/1.1" 200 19804 "-" "Mozilla/5.0 (compatible; Amazonbot/0.1; +https://developer.amazon.com/support/amazonbot)"
99.132.12.102 - - [19/Feb/2026:12:29:33 +0000] "GET /logo.png HTTP/1.1" 200 102428 "-" "Mozilla/5.0 AppleWebKit/537.36 (compatible; GPTBot/1.3; +https://openai.com/gptbot)"
99.132.12.102 - - [19/Feb/2026:12:33:03 +0000] "GET /app.js HTTP/1.1" 200 26874 "-" "Mozilla/5.0 (compatible; bingbot/2.0; +http://www.bing.com/bingbot.htm)"
203.225.0.215 - - [19/Feb/2026:12:40:52 +0000] "GET /app.js HTTP/1.1" 200 34716 "-" "Mozilla/5.0 (compatible; bingbot/2.0; +http://www.bing.com/bingbot.htm)"
122.96.81.102 - - [19/Feb/2026:12:41:22 +0000] "GET /sitemap.xml HTTP/1.1" 404 162 "-" "Mozilla/5.0 (compatible; bingbot/2.0; +http://www.bing.com/bingbot.htm)"
99.150.211.250 - - [19/Feb/2026:12:47:58 +0000] "GET /banner.jpg HTTP/1.1" 200 116346 "-" "Mozilla/5.0 (compatible; Amazonbot/0.1; +https://developer.amazon.com/support/amazonbot)"
203.225.0.215 - - [19/Feb/2026:12:51:43 +0000] "GET /banner.jpg HTTP/1.1" 304 76 "-" "Mozilla/5.0 (compatible; Googlebot/2.1; +http://www.google.com/bot.html)"
141.57.250.8 - - [19/Feb/2026:12:52:04 +0000] "GET /about.html HTTP/1.1" 200 109568 "-" "ClaudeBot/1.0 (+https://www.anthropic.com/claudebot)"
60.241.196.176 - - [19/Feb/2026:12:55:33 +0000] "GET /sitemap.xml HTTP/1.1" 200 113621 "-" "Mozilla/5.0 AppleWebKit/537.36 (compatible; GPTBot/1.3; +https://openai.com/gptbot)"
60.241.196.176 - - [19/Feb/2026:12:57:41 +0000] "GET /readme.txt HTTP/1.1" 200 126001 "-" "Mozilla/5.0 (compatible; Amazonbot/0.1; +https://developer.amazon.com/support/amazonbot)"
99.132.12.102 - - [19/Feb/2026:12:58:18 +0000] "GET /app.js HTTP/1.1" 200 87146 "-" "Mozilla/5.0 (compatible; bingbot/2.0; +http://www.bing.com/bingbot.htm)"
171.133.45.213 - - [19/Feb/2026:13:05:41 +0000] "GET /feed.xml HTTP/1.1" 200 29029 "-" "Mozilla/5.0 (compatible; Amazonbot/0.1; +https://developer.amazon.com/support/amazonbot)"
171.133.45.213 - - [19/Feb/2026:13:06:24 +0000] "GET / HTTP/1.1" 200 31944 "-" "Mozilla/5.0 AppleWebKit/537.36 (compatible; GPTBot/1.3; +https://openai.com/gptbot)"
82.35.167.49 - - [19/Feb/2026:13:10:26 +0000] "GET /sitemap.xml HTTP/1.1" 200 99768 "-" "ClaudeBot/1.0 (+https://www.anthropic.com/claudebot)"
171.133.45.213 - - [19/Feb/2026:13:13:18 +0000] "GET /about.html HTTP/1.1" 404 77 "-" "Mozilla/5.0 (compatible; Amazonbot/0.1; +https://developer.amazon.com/support/amazonbot)"
149.37.222.138 - - [19/Feb/2026:13:15:02 +0000] "GET /style.css HTTP/1.1" 304 336 "-" "Mozilla/5.0 (compatible; Googlebot/2.1; +http://www.google.com/bot.html)"
82.35.167.49 - - [19/Feb/2026:13:20:52 +0000] "GET /feed.xml HTTP/1.1" 200 89492 "-" "Mozilla/5.0 AppleWebKit/537.36 (compatible; GPTBot/1.3; +https://openai.com/gptbot)"
99.170.62.78 - - [19/Feb/2026:13:24:53 +0000] "GET /about.html HTTP/1.1" 200 26759 "-" "Mozilla/5.0 (compatible; Googlebot/2.1; +http://www.google.com/bot.html)"
99.132.12.102 - - [19/Feb/2026:13:27:45 +0000] "GET /data.json HTTP/1.1" 404 285 "-" "Mozilla/5.0 (compatible; Amazonbot/0.1; +https://developer.amazon.com/support/amazonbot)"
60.241.196.176 - - [19/Feb/2026:13:29:34 +0000] "GET /logo.png HTTP/1.1" 200 56140 "-" "Mozilla/5.0 (compatible; bingbot/2.0; +http://www.bing.com/bingbot.htm)"
149.37.222.138 - - [19/Feb/2026:13:40:14 +0000] "GET /sitemap.xml HTTP/1.1" 200 85834 "-" "ClaudeBot/1.0 (+https://www.anthropic.com/claudebot)"
71.138.7.233 - - [19/Feb/2026:13:43:11 +0000] "GET /config HTTP/1.1" 200 56242 "-" "Mozilla/5.0 (compatible; Googlebot/2.1; +http://www.google.com/bot.html)"
82.35.167.49 - - [19/Feb/2026:13:44:25 +0000] "GET /app.js HTTP/1.1" 200 16854 "-" "Mozilla/5.0 AppleWebKit/537.36 (compatible; GPTBot/1.3; +https://openai.com/gptbot)"
60.241.196.176 - - [19/Feb/2026:13:44:33 +0000] "GET /banner.jpg HTTP/1.1" 200 65366 "-" "Mozilla/5.0 (compatible; bingbot/2.0; +http://www.bing.com/bingbot.htm)"
71.138.7.233 - - [19/Feb/2026:13:50:38 +0000] "GET /logo.png HTTP/1.1" 304 270 "-" "Mozilla/5.0 (compatible; bingbot/2.0; +http://www.bing.com/bingbot.htm)"
99.170.62.78 - - [19/Feb/2026:13:50:49 +0000] "GET /data.json HTTP/1.1" 200 41315 "-" "Mozilla/5.0 (compatible; Googlebot/2.1; +http://www.google.com/bot.html)"
141.57.250.8 - - [19/Feb/2026:13:51:52 +0000] "GET /banner.jpg HTTP/1.1" 200 42229 "-" "Mozilla/5.0 (compatible; Amazonbot/0.1; +https://developer.amazon.com/support/amazonbot)"
99.132.12.102 - - [19/Feb/2026:13:53:38 +0000] "GET /app.js HTTP/1.1" 200 10613 "-" "Mozilla/5.0 (compatible; Googlebot/2.1; +http://www.google.com/bot.html)"
71.138.7.233 - - [19/Feb/2026:13:53:45 +0000] "GET /logo.png HTTP/1.1" 200 17804 "-" "Mozilla/5.0 (compatible; bingbot/2.0; +http://www.bing.com/bingbot.htm)"
60.241.196.176 - - [19/Feb/2026:13:53:59 +0000] "GET /sitemap.xml HTTP/1.1" 404 65 "-" "Mozilla/5.0 AppleWebKit/537.36 (compatible; GPTBot/1.3; +https://openai.com/gptbot)"
188.194.31.5 - - [19/Feb/2026:13:56:55 +0000] "GET /sitemap.xml HTTP/1.1" 200 135033 "-" "Mozilla/5.0 (compatible; bingbot/2.0; +http://www.bing.com/bingbot.htm)"
60.241.196.176 - - [19/Feb/2026:14:03:55 +0000] "GET /sitemap.xml HTTP/1.1" 200 112603 "-" "ClaudeBot/1.0 (+https://www.anthropic.com/claudebot)"
71.138.7.233 - - [19/Feb/2026:14:04:43 +0000] "GET /sitemap.xml HTTP/1.1" 304 108 "-" "Mozilla/5.0 (compatible; bingbot/2.0; +http://www.bing.com/bingbot.htm)"
122.96.81.102 - - [19/Feb/2026:14:05:31 +0000] "GET /style.css HTTP/1.1" 200 136578 "-" "Mozilla/5.0 (compatible; Googlebot/2.1; +http://www.google.com/bot.html)"
99.150.211.250 - - [19/Feb/2026:14:07:50 +0000] "GET /app.js HTTP/1.1" 200 64163 "-" "Mozilla/5.0 (compatible; bingbot/2.0; +http://www.bing.com/bingbot.htm)"
149.37.222.138 - - [19/Feb/2026:14:09:24 +0000] "GET /style.css HTTP/1.1" 200 127655 "-" "Mozilla/5.0 (compatible; bingbot/2.0; +http://www.bing.com/bingbot.htm)"
171.133.45.213 - - [19/Feb/2026:14:15:32 +0000] "GET / HTTP/1.1" 200 120241 "-" "ClaudeBot/1.0 (+https://www.anthropic.com/claudebot)"
149.37.222.138 - - [19/Feb/2026:14:20:08 +0000] "GET /index.html HTTP/1.1" 200 24352 "-" "Mozilla/5.0 AppleWebKit/537.36 (compatible; GPTBot/1.3; +https://openai.com/gptbot)"
203.225.0.215 - - [19/Feb/2026:14:20:50 +0000] "GET /style.css HTTP/1.1" 200 147498 "-" "Mozilla/5.0 (compatible; bingbot/2.0; +http://www.bing.com/bingbot.htm)"
60.241.196.176 - - [19/Feb/2026:14:24:23 +0000] "GET / HTTP/1.1" 301 47 "-" "Mozilla/5.0 (compatible; bingbot/2.0; +http://www.bing.com/bingbot.htm)"
171.133.45.213 - - [19/Feb/2026:14:24:41 +0000] "GET /index.html HTTP/1.1" 200 27669 "-" "Mozilla/5.0 AppleWebKit/537.36 (compatible; GPTBot/1.3; +https://openai.com/gptbot)"
99.170.62.78 - - [19/Feb/2026:14:27:42 +0000] "GET /readme.txt HTTP/1.1" 200 18135 "-" "Mozilla/5.0 (compatible; bingbot/2.0; +http://www.bing.com/bingbot.htm)"
71.138.7.233 - - [19/Feb/2026:14:27:57 +0000] "GET /style.css HTTP/1.1" 304 266 "-" "Mozilla/5.0 (compatible; Amazonbot/0.1; +https://developer.amazon.com/support/amazonbot)"
141.57.250.8 - - [19/Feb/2026:14:28:29 +0000] "GET /index.html HTTP/1.1" 200 12314 "-" "ClaudeBot/1.0 (+https://www.anthropic.com/claudebot)"
99.132.12.102 - - [19/Feb/2026:14:30:20 +0000] "GET /data.json HTTP/1.1" 200 70431 "-" "Mozilla/5.0 (compatible; Googlebot/2.1; +http://www.google.com/bot.html)"
82.35.167.49 - - [19/Feb/2026:14:31:45 +0000] "GET /logo.png HTTP/1.1" 200 126372 "-" "Mozilla/5.0 (compatible; Amazonbot/0.1; +https://developer.amazon.com/support/amazonbot)"
60.241.196.176 - - [19/Feb/2026:14:37:45 +0000] "GET /readme.txt HTTP/1.1" 200 121225 "-" "Mozilla/5.0 AppleWebKit/537.36 (compatible; GPTBot/1.3; +https://openai.com/gptbot)"
71.138.7.233 - - [19/Feb/2026:14:41:36 +0000] "GET /banner.jpg HTTP/1.1" 200 49908 "-" "Mozilla/5.0 (compatible; Amazonbot/0.1; +https://developer.amazon.com/support/amazonbot)"
149.37.222.138 - - [19/Feb/2026:14:50:46 +0000] "GET /about.html HTTP/1.1" 304 166 "-" "Mozilla/5.0 (compatible; Amazonbot/0.1; +https://developer.amazon.com/support/amazonbot)"
82.35.167.49 - - [19/Feb/2026:14:53:40 +0000] "GET /style.css HTTP/1.1" 200 114724 "-" "Mozilla/5.0 (compatible; Googlebot/2.1; +http://www.google.com/bot.html)"
203.225.0.215 - - [19/Feb/2026:14:54:56 +0000] "GET /app.js HTTP/1.1" 200 20799 "-" "ClaudeBot/1.0 (+https://www.anthropic.com/claudebot)"
82.35.167.49 - - [19/Feb/2026:14:56:46 +0000] "GET /style.css HTTP/1.1" 301 295 "-" "Mozilla/5.0 (compatible; Amazonbot/0.1; +https://developer.amazon.com/support/amazonbot)"
171.133.45.213 - - [19/Feb/2026:15:02:24 +0000] "GET /readme.txt HTTP/1.1" 304 50 "-" "Mozilla/5.0 (compatible; Amazonbot/0.1; +https://developer.amazon.com/support/amazonbot)"
71.138.7.233 - - [19/Feb/2026:15:04:25 +0000] "GET /index.html HTTP/1.1" 200 121321 "-" "Mozilla/5.0 (compatible; Googlebot/2.1; +http://www.google.com/bot.html)"
122.96.81.102 - - [19/Feb/2026:15:05:18 +0000] "GET /index.html HTTP/1.1" 200 139152 "-" "Mozilla/5.0 (compatible; Googlebot/2.1; +http://www.google.com/bot.html)"
188.194.31.5 - - [19/Feb/2026:15:06:56 +0000] "GET /logo.png HTTP/1.1" 200 133666 "-" "Mozilla/5.0 (compatible; Googlebot/2.1; +http://www.google.com/bot.html)"
99.170.62.78 - - [19/Feb/2026:15:10:11 +0000] "GET /data.json HTTP/1.1" 200 65410 "-" "Mozilla/5.0 (compatible; bingbot/2.0; +http://www.bing.com/bingbot.htm)"
141.57.250.8 - - [19/Feb/2026:15:12:09 +0000] "GET / HTTP/1.1" 200 104696 "-" "Mozilla/5.0 (compatible; bingbot/2.0; +http://www.bing.com/bingbot.htm)"
82.35.167.49 - - [19/Feb/2026:15:14:07 +0000] "GET /style.css HTTP/1.1" 200 33585 "-" "Mozilla/5.0 (compatible; Amazonbot/0.1; +https://developer.amazon.com/support/amazonbot)"
141.57.250.8 - - [19/Feb/2026:15:15:45 +0000] "GET /config HTTP/1.1" 200 61587 "-" "Mozilla/5.0 AppleWebKit/537.36 (compatible; GPTBot/1.3; +https://openai.com/gptbot)"
82.35.167.49 - - [19/Feb/2026:15:15:59 +0000] "GET /readme.txt HTTP/1.1" 200 129840 "-" "Mozilla/5.0 (compatible; Googlebot/2.1; +http://www.google.com/bot.html)"
60.241.196.176 - - [19/Feb/2026:15:19:27 +0000] "GET /data.json HTTP/1.1" 200 109424 "-" "Mozilla/5.0 (compatible; Googlebot/2.1; +http://www.google.com/bot.html)"
171.133.45.213 - - [19/Feb/2026:15:25:23 +0000] "GET /banner.jpg HTTP/1.1" 304 10 "-" "Mozilla/5.0 (compatible; Amazonbot/0.1; +https://developer.amazon.com/support/amazonbot)"
171.133.45.213 - - [19/Feb/2026:15:26:36 +0000] "GET /logo.png HTTP/1.1" 200 64181 "-" "Mozilla/5.0 (compatible; bingbot/2.0; +http://www.bing.com/bingbot.htm)"
188.194.31.5 - - [19/Feb/2026:15:30:41 +0000] "GET /index.html HTTP/1.1" 200 122595 "-" "ClaudeBot/1.0 (+https://www.anthropic.com/claudebot)"
82.35.167.49 - - [19/Feb/2026:15:36:26 +0000] "GET /about.html HTTP/1.1" 200 131541 "-" "ClaudeBot/1.0 (+https://www.anthropic.com/claudebot)"
141.57.250.8 - - [19/Feb/2026:15:40:41 +0000] "GET /data.json HTTP/1.1" 404 102 "-" "ClaudeBot/1.0 (+https://www.anthropic.com/claudebot)"
149.37.222.138 - - [19/Feb/2026:15:43:17 +0000] "GET /config HTTP/1.1" 200 119414 "-" "ClaudeBot/1.0 (+https://www.anthropic.com/claudebot)"
99.170.62.78 - - [19/Feb/2026:15:43:34 +0000] "GET /index.html HTTP/1.1" 301 19 "-" "Mozilla/5.0 (compatible; bingbot/2.0; +http://www.bing.com/bingbot.htm)"
99.150.211.250 - - [19/Feb/2026:15:45:23 +0000] "GET /style.css HTTP/1.1" 302 135 "-" "Mozilla/5.0 (compatible; Googlebot/2.1; +http://www.google.com/bot.html)"
99.170.62.78 - - [19/Feb/2026:15:50:41 +0000] "GET /data.json HTTP/1.1" 200 4722 "-" "Mozilla/5.0 (compatible; Amazonbot/0.1; +https://developer.amazon.com/support/amazonbot)"
71.138.7.233 - - [19/Feb/2026:15:51:24 +0000] "GET /logo.png HTTP/1.1" 200 121732 "-" "ClaudeBot/1.0 (+https://www.anthropic.com/claudebot)"
122.96.81.102 - - [19/Feb/2026:15:52:48 +0000] "GET /readme.txt HTTP/1.1" 304 453 "-" "Mozilla/5.0 AppleWebKit/537.36 (compatible; GPTBot/1.3; +https://openai.com/gptbot)"
203.225.0.215 - - [19/Feb/2026:15:57:50 +0000] "GET /banner.jpg HTTP/1.1" 200 10167 "-" "ClaudeBot/1.0 (+https://www.anthropic.com/claudebot)"
149.37.222.138 - - [19/Feb/2026:15:58:19 +0000] "GET /banner.jpg HTTP/1.1" 403 212 "-" "Mozilla/5.0 (compatible; bingbot/2.0; +http://www.bing.com/bingbot.htm)"
171.133.45.213 - - [19/Feb/2026:16:02:04 +0000] "GET /index.html HTTP/1.1" 200 87000 "-" "Mozilla/5.0 (compatible; bingbot/2.0; +http://www.bing.com/bingbot.htm)"
71.138.7.233 - - [19/Feb/2026:16:07:57 +0000] "GET /feed.xml HTTP/1.1" 304 184 "-" "Mozilla/5.0 AppleWebKit/537.36 (compatible; GPTBot/1.3; +https://openai.com/gptbot)"
99.170.62.78 - - [19/Feb/2026:16:08:09 +0000] "GET /index.html HTTP/1.1" 200 8752 "-" "Mozilla/5.0 (compatible; Googlebot/2.1; +http://www.google.com/bot.html)"
99.150.211.250 - - [19/Feb/2026:16:08:43 +0000] "GET /readme.txt HTTP/1.1" 403 221 "-" "Mozilla/5.0 (compatible; Googlebot/2.1; +http://www.google.com/bot.html)"
149.37.222.138 - - [19/Feb/2026:16:10:58 +0000] "GET /app.js HTTP/1.1" 404 234 "-" "Mozilla/5.0 (compatible; Googlebot/2.1; +http://www.google.com/bot.html)"
99.170.62.78 - - [19/Feb/2026:16:11:11 +0000] "GET /about.html HTTP/1.1" 304 384 "-" "Mozilla/5.0 (compatible; Amazonbot/0.1; +https://developer.amazon.com/support/amazonbot)"
188.194.31.5 - - [19/Feb/2026:16:14:29 +0000] "GET /sitemap.xml HTTP/1.1" 200 102228 "-" "ClaudeBot/1.0 (+https://www.anthropic.com/claudebot)"
60.241.196.176 - - [19/Feb/2026:16:19:53 +0000] "GET /data.json HTTP/1.1" 200 30744 "-" "ClaudeBot/1.0 (+https://www.anthropic.com/claudebot)"
99.132.12.102 - - [19/Feb/2026:16:19:59 +0000] "GET /feed.xml HTTP/1.1" 200 92227 "-" "Mozilla/5.0 (compatible; Googlebot/2.1; +http://www.google.com/bot.html)"
99.170.62.78 - - [19/Feb/2026:16:19:59 +0000] "GET /config HTTP/1.1" 304 154 "-" "Mozilla/5.0 AppleWebKit/537.36 (compatible; GPTBot/1.3; +https://openai.com/gptbot)"
71.138.7.233 - - [19/Feb/2026:16:20:37 +0000] "GET /feed.xml HTTP/1.1" 302 60 "-" "Mozilla/5.0 (compatible; bingbot/2.0; +http://www.bing.com/bingbot.htm)"
71.138.7.233 - - [19/Feb/2026:16:26:35 +0000] "GET /about.html HTTP/1.1" 302 154 "-" "Mozilla/5.0 (compatible; Googlebot/2.1; +http://www.google.com/bot.html)"
188.194.31.5 - - [19/Feb/2026:16:28:02 +0000] "GET /data.json HTTP/1.1" 304 136 "-" "Mozilla/5.0 AppleWebKit/537.36 (compatible; GPTBot/1.3; +https://openai.com/gptbot)"
141.57.250.8 - - [19/Feb/2026:16:33:38 +0000] "GET /data.json HTTP/1.1" 200 48156 "-" "Mozilla/5.0 AppleWebKit/537.36 (compatible; GPTBot/1.3; +https://openai.com/gptbot)"
122.96.81.102 - - [19/Feb/2026:16:34:05 +0000] "GET /readme.txt HTTP/1.1" 200 99698 "-" "Mozilla/5.0 AppleWebKit/537.36 (compatible; GPTBot/1.3; +https://openai.com/gptbot)"
99.150.211.250 - - [19/Feb/2026:16:34:55 +0000] "GET /feed.xml HTTP/1.1" 304 356 "-" "Mozilla/5.0 (compatible; Amazonbot/0.1; +https://developer.amazon.com/support/amazonbot)"
171.133.45.213 - - [19/Feb/2026:16:39:38 +0000] "GET /config HTTP/1.1" 200 52780 "-" "Mozilla/5.0 (compatible; Googlebot/2.1; +http://www.google.com/bot.html)"
82.35.167.49 - - [19/Feb/2026:16:40:39 +0000] "GET /feed.xml HTTP/1.1" 200 112767 "-" "Mozilla/5.0 (compatible; bingbot/2.0; +http://www.bing.com/bingbot.htm)"
82.35.167.49 - - [19/Feb/2026:16:42:08 +0000] "GET /data.json HTTP/1.1" 200 130143 "-" "Mozilla/5.0 (compatible; Amazonbot/0.1; +https://developer.amazon.com/support/amazonbot)"
188.194.31.5 - - [19/Feb/2026:16:43:03 +0000] "GET /data.json HTTP/1.1" 200 102242 "-" "Mozilla/5.0 (compatible; Amazonbot/0.1; +https://developer.amazon.com/support/amazonbot)"
60.241.196.176 - - [19/Feb/2026:16:48:21 +0000] "GET / HTTP/1.1" 200 93009 "-" "Mozilla/5.0 (compatible; bingbot/2.0; +http://www.bing.com/bingbot.htm)"
99.150.211.250 - - [19/Feb/2026:16:52:48 +0000] "GET /app.js HTTP/1.1" 200 56692 "-" "Mozilla/5.0 (compatible; Googlebot/2.1; +http://www.google.com/bot.html)"
149.37.222.138 - - [19/Feb/2026:16:52:57 +0000] "GET /style.css HTTP/1.1" 200 87457 "-" "Mozilla/5.0 (compatible; Amazonbot/0.1; +https://developer.amazon.com/support/amazonbot)"
188.194.31.5 - - [19/Feb/2026:16:53:13 +0000] "GET /sitemap.xml HTTP/1.1" 200 84146 "-" "Mozilla/5.0 AppleWebKit/537.36 (compatible; GPTBot/1.3; +https://openai.com/gptbot)"
82.35.167.49 - - [19/Feb/2026:16:53:28 +0000] "GET / HTTP/1.1" 200 30491 "-" "Mozilla/5.0 AppleWebKit/537.36 (compatible; GPTBot/1.3; +https://openai.com/gptbot)"
82.35.167.49 - - [19/Feb/2026:16:55:18 +0000] "GET /feed.xml HTTP/1.1" 200 46269 "-" "Mozilla/5.0 AppleWebKit/537.36 (compatible; GPTBot/1.3; +https://openai.com/gptbot)"
99.132.12.102 - - [19/Feb/2026:16:56:04 +0000] "GET /logo.png HTTP/1.1" 200 131274 "-" "Mozilla/5.0 AppleWebKit/537.36 (compatible; GPTBot/1.3; +https://openai.com/gptbot)"
203.225.0.215 - - [19/Feb/2026:17:01:50 +0000] "GET /about.html HTTP/1.1" 200 24318 "-" "Mozilla/5.0 (compatible; Amazonbot/0.1; +https://developer.amazon.com/support/amazonbot)"
188.194.31.5 - - [19/Feb/2026:17:01:51 +0000] "GET /app.js HTTP/1.1" 200 101285 "-" "Mozilla/5.0 (compatible; bingbot/2.0; +http://www.bing.com/bingbot.htm)"
71.138.7.233 - - [19/Feb/2026:17:07:11 +0000] "GET /readme.txt HTTP/1.1" 302 75 "-" "Mozilla/5.0 (compatible; bingbot/2.0; +http://www.bing.com/bingbot.htm)"
203.225.0.215 - - [19/Feb/2026:17:07:19 +0000] "GET /index.html HTTP/1.1" 200 58553 "-" "Mozilla/5.0 (compatible; Googlebot/2.1; +http://www.google.com/bot.html)"
99.132.12.102 - - [19/Feb/2026:17:12:08 +0000] "GET /banner.jpg HTTP/1.1" 200 123088 "-" "Mozilla/5.0 (compatible; Googlebot/2.1; +http://www.google.com/bot.html)"
188.194.31.5 - - [19/Feb/2026:17:12:55 +0000] "GET /data.json HTTP/1.1" 304 462 "-" "Mozilla/5.0 (compatible; bingbot/2.0; +http://www.bing.com/bingbot.htm)"
203.225.0.215 - - [19/Feb/2026:17:13:27 +0000] "GET /data.json HTTP/1.1" 200 102210 "-" "Mozilla/5.0 (compatible; Amazonbot/0.1; +https://developer.amazon.com/support/amazonbot)"
99.170.62.78 - - [19/Feb/2026:17:15:01 +0000] "GET /config HTTP/1.1" 404 301 "-" "Mozilla/5.0 AppleWebKit/537.36 (compatible; GPTBot/1.3; +https://openai.com/gptbot)"
99.170.62.78 - - [19/Feb/2026:17:19:21 +0000] "GET /style.css HTTP/1.1" 200 47454 "-" "Mozilla/5.0 AppleWebKit/537.36 (compatible; GPTBot/1.3; +https://openai.com/gptbot)"
99.170.62.78 - - [19/Feb/2026:17:23:16 +0000] "GET /style.css HTTP/1.1" 200 72075 "-" "ClaudeBot/1.0 (+https://www.anthropic.com/claudebot)"
60.241.196.176 - - [19/Feb/2026:17:29:16 +0000] "GET /logo.png HTTP/1.1" 200 138609 "-" "Mozilla/5.0 (compatible; bingbot/2.0; +http://www.bing.com/bingbot.htm)"
188.194.31.5 - - [19/Feb/2026:17:33:07 +0000] "GET /index.html HTTP/1.1" 304 87 "-" "Mozilla/5.0 AppleWebKit/537.36 (compatible; GPTBot/1.3; +https://openai.com/gptbot)"
82.35.167.49 - - [19/Feb/2026:17:34:09 +0000] "GET /banner.jpg HTTP/1.1" 304 245 "-" "Mozilla/5.0 AppleWebKit/537.36 (compatible; GPTBot/1.3; +https://openai.com/gptbot)"
99.150.211.250 - - [19/Feb/2026:17:39:24 +0000] "GET / HTTP/1.1" 200 2233 "-" "Mozilla/5.0 (compatible; Googlebot/2.1; +http://www.google.com/bot.html)"
171.133.45.213 - - [19/Feb/2026:17:43:56 +0000] "GET /about.html HTTP/1.1" 200 149046 "-" "Mozilla/5.0 (compatible; Googlebot/2.1; +http://www.google.com/bot.html)"
188.194.31.5 - - [19/Feb/2026:17:47:17 +0000] "GET /feed.xml HTTP/1.1" 200 145998 "-" "Mozilla/5.0 (compatible; Googlebot/2.1; +http://www.google.com/bot.html)"
149.37.222.138 - - [19/Feb/2026:17:50:18 +0000] "GET /index.html HTTP/1.1" 200 73271 "-" "Mozilla/5.0 AppleWebKit/537.36 (compatible; GPTBot/1.3; +https://openai.com/gptbot)"
149.37.222.138 - - [19/Feb/2026:17:51:25 +0000] "GET / HTTP/1.1" 200 9241 "-" "Mozilla/5.0 AppleWebKit/537.36 (compatible; GPTBot/1.3; +https://openai.com/gptbot)"
149.37.222.138 - - [19/Feb/2026:17:56:15 +0000] "GET /banner.jpg HTTP/1.1" 200 95582 "-" "ClaudeBot/1.0 (+https://www.anthropic.com/claudebot)"
141.57.250.8 - - [19/Feb/2026:18:03:10 +0000] "GET /index.html HTTP/1.1" 304 432 "-" "Mozilla/5.0 (compatible; bingbot/2.0; +http://www.bing.com/bingbot.htm)"
171.133.45.213 - - [19/Feb/2026:18:03:10 +0000] "GET /logo.png HTTP/1.1" 200 47963 "-" "ClaudeBot/1.0 (+https://www.anthropic.com/claudebot)"
99.150.211.250 - - [19/Feb/2026:18:05:20 +0000] "GET /about.html HTTP/1.1" 200 35262 "-" "Mozilla/5.0 AppleWebKit/537.36 (compatible; GPTBot/1.3; +https://openai.com/gptbot)"
122.96.81.102 - - [19/Feb/2026:18:05:45 +0000] "GET /readme.txt HTTP/1.1" 200 69310 "-" "Mozilla/5.0 (compatible; Amazonbot/0.1; +https://developer.amazon.com/support/amazonbot)"
82.35.167.49 - - [19/Feb/2026:18:11:17 +0000] "GET /index.html HTTP/1.1" 200 68869 "-" "ClaudeBot/1.0 (+https://www.anthropic.com/claudebot)"
122.96.81.102 - - [19/Feb/2026:18:14:31 +0000] "GET /logo.png HTTP/1.1" 200 90726 "-" "Mozilla/5.0 (compatible; Googlebot/2.1; +http://www.google.com/bot.html)"
141.57.250.8 - - [19/Feb/2026:18:18:18 +0000] "GET /readme.txt HTTP/1.1" 403 396 "-" "ClaudeBot/1.0 (+https://www.anthropic.com/claudebot)"
149.37.222.138 - - [19/Feb/2026:18:19:27 +0000] "GET /about.html HTTP/1.1" 200 28990 "-" "ClaudeBot/1.0 (+https://www.anthropic.com/claudebot)"
71.138.7.233 - - [19/Feb/2026:18:19:56 +0000] "GET /app.js HTTP/1.1" 200 67217 "-" "ClaudeBot/1.0 (+https://www.anthropic.com/claudebot)"
71.138.7.233 - - [19/Feb/2026:18:20:24 +0000] "GET /feed.xml HTTP/1.1" 200 2001 "-" "ClaudeBot/1.0 (+https://www.anthropic.com/claudebot)"
203.225.0.215 - - [19/Feb/2026:18:23:17 +0000] "GET / HTTP/1.1" 200 23250 "-" "Mozilla/5.0 AppleWebKit/537.36 (compatible; GPTBot/1.3; +https://openai.com/gptbot)"
141.57.250.8 - - [19/Feb/2026:18:24:34 +0000] "GET /index.html HTTP/1.1" 200 103712 "-" "ClaudeBot/1.0 (+https://www.anthropic.com/claudebot)"
99.150.211.250 - - [19/Feb/2026:18:26:12 +0000] "GET /about.html HTTP/1.1" 200 85022 "-" "Mozilla/5.0 (compatible; bingbot/2.0; +http://www.bing.com/bingbot.htm)"
82.35.167.49 - - [19/Feb/2026:18:31:18 +0000] "GET /readme.txt HTTP/1.1" 302 126 "-" "Mozilla/5.0 (compatible; bingbot/2.0; +http://www.bing.com/bingbot.htm)"
99.150.211.250 - - [19/Feb/2026:18:38:36 +0000] "GET /config HTTP/1.1" 304 335 "-" "Mozilla/5.0 (compatible; Googlebot/2.1; +http://www.google.com/bot.html)"
99.150.211.250 - - [19/Feb/2026:18:38:38 +0000] "GET /about.html HTTP/1.1" 200 45933 "-" "Mozilla/5.0 (compatible; Amazonbot/0.1; +https://developer.amazon.com/support/amazonbot)"
71.138.7.233 - - [19/Feb/2026:18:40:35 +0000] "GET /data.json HTTP/1.1" 200 146719 "-" "Mozilla/5.0 (compatible; bingbot/2.0; +http://www.bing.com/bingbot.htm)"
82.35.167.49 - - [19/Feb/2026:18:42:54 +0000] "GET /config HTTP/1.1" 302 367 "-" "Mozilla/5.0 (compatible; Amazonbot/0.1; +https://developer.amazon.com/support/amazonbot)"
99.132.12.102 - - [19/Feb/2026:18:46:26 +0000] "GET /feed.xml HTTP/1.1" 404 267 "-" "Mozilla/5.0 (compatible; Amazonbot/0.1; +https://developer.amazon.com/support/amazonbot)"
60.241.196.176 - - [19/Feb/2026:18:54:33 +0000] "GET /feed.xml HTTP/1.1" 200 138246 "-" "Mozilla/5.0 (compatible; Googlebot/2.1; +http://www.google.com/bot.html)"
171.133.45.213 - - [19/Feb/2026:18:56:05 +0000] "GET /index.html HTTP/1.1" 404 109 "-" "Mozilla/5.0 (compatible; bingbot/2.0; +http://www.bing.com/bingbot.htm)"
141.57.250.8 - - [19/Feb/2026:18:56:31 +0000] "GET /app.js HTTP/1.1" 304 88 "-" "ClaudeBot/1.0 (+https://www.anthropic.com/claudebot)"
71.138.7.233 - - [19/Feb/2026:18:56:42 +0000] "GET /about.html HTTP/1.1" 200 137287 "-" "Mozilla/5.0 (compatible; bingbot/2.0; +http://www.bing.com/bingbot.htm)"
82.35.167.49 - - [19/Feb/2026:18:57:04 +0000] "GET /config HTTP/1.1" 200 20260 "-" "Mozilla/5.0 (compatible; Googlebot/2.1; +http://www.google.com/bot.html)"
99.170.62.78 - - [19/Feb/2026:19:00:34 +0000] "GET /sitemap.xml HTTP/1.1" 304 305 "-" "ClaudeBot/1.0 (+https://www.anthropic.com/claudebot)"
122.96.81.102 - - [19/Feb/2026:19:02:53 +0000] "GET /about.html HTTP/1.1" 200 21497 "-" "Mozilla/5.0 (compatible; bingbot/2.0; +http://www.bing.com/bingbot.htm)"
149.37.222.138 - - [19/Feb/2026:19:05:04 +0000] "GET /readme.txt HTTP/1.1" 200 71703 "-" "Mozilla/5.0 (compatible; bingbot/2.0; +http://www.bing.com/bingbot.htm)"
141.57.250.8 - - [19/Feb/2026:19:08:19 +0000] "GET / HTTP/1.1" 200 14254 "-" "Mozilla/5.0 (compatible; bingbot/2.0; +http://www.bing.com/bingbot.htm)"
99.150.211.250 - - [19/Feb/2026:19:15:25 +0000] "GET /readme.txt HTTP/1.1" 200 42635 "-" "Mozilla/5.0 (compatible; Amazonbot/0.1; +https://developer.amazon.com/support/amazonbot)"
188.194.31.5 - - [19/Feb/2026:19:18:42 +0000] "GET /feed.xml HTTP/1.1" 200 25968 "-" "ClaudeBot/1.0 (+https://www.anthropic.com/claudebot)"
99.132.12.102 - - [19/Feb/2026:19:19:10 +0000] "GET /app.js HTTP/1.1" 304 80 "-" "Mozilla/5.0 (compatible; Googlebot/2.1; +http://www.google.com/bot.html)"
188.194.31.5 - - [19/Feb/2026:19:23:33 +0000] "GET /app.js HTTP/1.1" 200 237 "-" "Mozilla/5.0 AppleWebKit/537.36 (compatible; GPTBot/1.3; +https://openai.com/gptbot)"
71.138.7.233 - - [19/Feb/2026:19:29:28 +0000] "GET /about.html HTTP/1.1" 200 128062 "-" "Mozilla/5.0 (compatible; Googlebot/2.1; +http://www.google.com/bot.html)"
99.150.211.250 - - [19/Feb/2026:19:33:29 +0000] "GET /style.css HTTP/1.1" 404 135 "-" "Mozilla/5.0 (compatible; bingbot/2.0; +http://www.bing.com/bingbot.htm)"
99.150.211.250 - - [19/Feb/2026:19:35:20 +0000] "GET /readme.txt HTTP/1.1" 200 46780 "-" "Mozilla/5.0 (compatible; Googlebot/2.1; +http://www.google.com/bot.html)"
141.57.250.8 - - [19/Feb/2026:19:35:41 +0000] "GET /about.html HTTP/1.1" 404 95 "-" "Mozilla/5.0 (compatible; bingbot/2.0; +http://www.bing.com/bingbot.htm)"
82.35.167.49 - - [19/Feb/2026:19:38:15 +0000] "GET / HTTP/1.1" 200 39244 "-" "Mozilla/5.0 AppleWebKit/537.36 (compatible; GPTBot/1.3; +https://openai.com/gptbot)"
171.133.45.213 - - [19/Feb/2026:19:38:25 +0000] "GET /index.html HTTP/1.1" 200 79286 "-" "Mozilla/5.0 (compatible; bingbot/2.0; +http://www.bing.com/bingbot.htm)"
71.138.7.233 - - [19/Feb/2026:19:41:10 +0000] "GET /banner.jpg HTTP/1.1" 200 16547 "-" "Mozilla/5.0 AppleWebKit/537.36 (compatible; GPTBot/1.3; +https://openai.com/gptbot)"
188.194.31.5 - - [19/Feb/2026:19:43:28 +0000] "GET /about.html HTTP/1.1" 200 58599 "-" "Mozilla/5.0 (compatible; Googlebot/2.1; +http://www.google.com/bot.html)"
99.170.62.78 - - [19/Feb/2026:19:46:53 +0000] "GET /sitemap.xml HTTP/1.1" 200 143716 "-" "Mozilla/5.0 (compatible; bingbot/2.0; +http://www.bing.com/bingbot.htm)"
99.150.211.250 - - [19/Feb/2026:19:47:52 +0000] "GET /index.html HTTP/1.1" 200 99636 "-" "ClaudeBot/1.0 (+https://www.anthropic.com/claudebot)"
82.35.167.49 - - [19/Feb/2026:19:49:34 +0000] "GET /feed.xml HTTP/1.1" 200 23794 "-" "Mozilla/5.0 AppleWebKit/537.36 (compatible; GPTBot/1.3; +https://openai.com/gptbot)"
171.133.45.213 - - [19/Feb/2026:19:53:31 +0000] "GET / HTTP/1.1" 200 131291 "-" "Mozilla/5.0 (compatible; bingbot/2.0; +http://www.bing.com/bingbot.htm)"
99.132.12.102 - - [19/Feb/2026:19:56:51 +0000] "GET /index.html HTTP/1.1" 200 22587 "-" "Mozilla/5.0 (compatible; Googlebot/2.1; +http://www.google.com/bot.html)"
99.170.62.78 - - [19/Feb/2026:19:58:19 +0000] "GET /app.js HTTP/1.1" 200 124231 "-" "Mozilla/5.0 AppleWebKit/537.36 (compatible; GPTBot/1.3; +https://openai.com/gptbot)"
203.225.0.215 - - [19/Feb/2026:20:06:46 +0000] "GET /sitemap.xml HTTP/1.1" 200 143462 "-" "Mozilla/5.0 (compatible; Amazonbot/0.1; +https://developer.amazon.com/support/amazonbot)"
141.57.250.8 - - [19/Feb/2026:20:08:19 +0000] "GET /style.css HTTP/1.1" 200 62362 "-" "Mozilla/5.0 (compatible; Googlebot/2.1; +http://www.google.com/bot.html)"
99.150.211.250 - - [19/Feb/2026:20:09:28 +0000] "GET /config HTTP/1.1" 200 97980 "-" "ClaudeBot/1.0 (+https://www.anthropic.com/claudebot)"
99.132.12.102 - - [19/Feb/2026:20:09:40 +0000] "GET / HTTP/1.1" 200 148870 "-" "Mozilla/5.0 AppleWebKit/537.36 (compatible; GPTBot/1.3; +https://openai.com/gptbot)"
82.35.167.49 - - [19/Feb/2026:20:12:26 +0000] "GET / HTTP/1.1" 200 43956 "-" "Mozilla/5.0 (compatible; bingbot/2.0; +http://www.bing.com/bingbot.htm)"
141.57.250.8 - - [19/Feb/2026:20:15:45 +0000] "GET /readme.txt HTTP/1.1" 200 118293 "-" "Mozilla/5.0 (compatible; bingbot/2.0; +http://www.bing.com/bingbot.htm)"
71.138.7.233 - - [19/Feb/2026:20:20:05 +0000] "GET /data.json HTTP/1.1" 200 148571 "-" "Mozilla/5.0 (compatible; bingbot/2.0; +http://www.bing.com/bingbot.htm)"
141.57.250.8 - - [19/Feb/2026:20:37:57 +0000] "GET /data.json HTTP/1.1" 200 7538 "-" "Mozilla/5.0 AppleWebKit/537.36 (compatible; GPTBot/1.3; +https://openai.com/gptbot)"
203.225.0.215 - - [19/Feb/2026:20:43:08 +0000] "GET /feed.xml HTTP/1.1" 200 113022 "-" "Mozilla/5.0 (compatible; Googlebot/2.1; +http://www.google.com/bot.html)"
122.96.81.102 - - [19/Feb/2026:20:44:27 +0000] "GET /sitemap.xml HTTP/1.1" 200 104683 "-" "Mozilla/5.0 AppleWebKit/537.36 (compatible; GPTBot/1.3; +https://openai.com/gptbot)"
149.37.222.138 - - [19/Feb/2026:20:44:50 +0000] "GET /sitemap.xml HTTP/1.1" 200 91135 "-" "Mozilla/5.0 (compatible; Googlebot/2.1; +http://www.google.com/bot.html)"
71.138.7.233 - - [19/Feb/2026:20:45:18 +0000] "GET / HTTP/1.1" 200 23265 "-" "ClaudeBot/1.0 (+https://www.anthropic.com/claudebot)"
99.150.211.250 - - [19/Feb/2026:20:50:54 +0000] "GET /app.js HTTP/1.1" 200 101735 "-" "Mozilla/5.0 (compatible; Googlebot/2.1; +http://www.google.com/bot.html)"
60.241.196.176 - - [19/Feb/2026:20:56:11 +0000] "GET /config HTTP/1.1" 304 391 "-" "Mozilla/5.0 (compatible; Amazonbot/0.1; +https://developer.amazon.com/support/amazonbot)"
141.57.250.8 - - [19/Feb/2026:21:10:37 +0000] "GET /data.json HTTP/1.1" 403 349 "-" "ClaudeBot/1.0 (+https://www.anthropic.com/claudebot)"
171.133.45.213 - - [19/Feb/2026:21:11:02 +0000] "GET / HTTP/1.1" 200 98773 "-" "ClaudeBot/1.0 (+https://www.anthropic.com/claudebot)"
82.35.167.49 - - [19/Feb/2026:21:12:24 +0000] "GET /index.html HTTP/1.1" 200 114412 "-" "Mozilla/5.0 (compatible; bingbot/2.0; +http://www.bing.com/bingbot.htm)"
149.37.222.138 - - [19/Feb/2026:21:15:18 +0000] "GET / HTTP/1.1" 200 108394 "-" "Mozilla/5.0 (compatible; bingbot/2.0; +http://www.bing.com/bingbot.htm)"
188.194.31.5 - - [19/Feb/2026:21:18:27 +0000] "GET /index.html HTTP/1.1" 200 22662 "-" "Mozilla/5.0 (compatible; bingbot/2.0; +http://www.bing.com/bingbot.htm)"
71.138.7.233 - - [19/Feb/2026:21:22:04 +0000] "GET /banner.jpg HTTP/1.1" 304 229 "-" "Mozilla/5.0 (compatible; Googlebot/2.1; +http://www.google.com/bot.html)"
71.138.7.233 - - [19/Feb/2026:21:23:46 +0000] "GET /index.html HTTP/1.1" 200 14591 "-" "Mozilla/5.0 (compatible; Googlebot/2.1; +http://www.google.com/bot.html)"
60.241.196.176 - - [19/Feb/2026:21:23:54 +0000] "GET /readme.txt HTTP/1.1" 200 109862 "-" "Mozilla/5.0 (compatible; Googlebot/2.1; +http://www.google.com/bot.html)"
82.35.167.49 - - [19/Feb/2026:21:31:24 +0000] "GET /readme.txt HTTP/1.1" 200 132814 "-" "ClaudeBot/1.0 (+https://www.anthropic.com/claudebot)"
99.150.211.250 - - [19/Feb/2026:21:35:13 +0000] "GET /feed.xml HTTP/1.1" 200 2268 "-" "Mozilla/5.0 AppleWebKit/537.36 (compatible; GPTBot/1.3; +https://openai.com/gptbot)"
141.57.250.8 - - [19/Feb/2026:21:36:34 +0000] "GET /index.html HTTP/1.1" 200 12969 "-" "Mozilla/5.0 (compatible; Googlebot/2.1; +http://www.google.com/bot.html)"
203.225.0.215 - - [19/Feb/2026:21:37:33 +0000] "GET /app.js HTTP/1.1" 200 94659 "-" "Mozilla/5.0 (compatible; Googlebot/2.1; +http://www.google.com/bot.html)"
82.35.167.49 - - [19/Feb/2026:21:39:19 +0000] "GET /index.html HTTP/1.1" 200 18254 "-" "Mozilla/5.0 (compatible; bingbot/2.0; +http://www.bing.com/bingbot.htm)"
122.96.81.102 - - [19/Feb/2026:21:39:35 +0000] "GET /index.html HTTP/1.1" 200 75088 "-" "Mozilla/5.0 (compatible; Amazonbot/0.1; +https://developer.amazon.com/support/amazonbot)"
99.132.12.102 - - [19/Feb/2026:21:43:56 +0000] "GET /banner.jpg HTTP/1.1" 404 418 "-" "ClaudeBot/1.0 (+https://www.anthropic.com/claudebot)"
171.133.45.213 - - [19/Feb/2026:21:45:58 +0000] "GET /app.js HTTP/1.1" 200 129845 "-" "ClaudeBot/1.0 (+https://www.anthropic.com/claudebot)"
122.96.81.102 - - [19/Feb/2026:21:46:40 +0000] "GET /style.css HTTP/1.1" 304 339 "-" "Mozilla/5.0 (compatible; bingbot/2.0; +http://www.bing.com/bingbot.htm)"
141.57.250.8 - - [19/Feb/2026:21:50:58 +0000] "GET /readme.txt HTTP/1.1" 304 194 "-" "Mozilla/5.0 (compatible; bingbot/2.0; +http://www.bing.com/bingbot.htm)"
171.133.45.213 - - [19/Feb/2026:21:51:09 +0000] "GET /sitemap.xml HTTP/1.1" 200 78451 "-" "Mozilla/5.0 (compatible; bingbot/2.0; +http://www.bing.com/bingbot.htm)"
149.37.222.138 - - [19/Feb/2026:22:00:12 +0000] "GET /about.html HTTP/1.1" 200 118165 "-" "Mozilla/5.0 (compatible; bingbot/2.0; +http://www.bing.com/bingbot.htm)"
122.96.81.102 - - [19/Feb/2026:22:02:40 +0000] "GET /data.json HTTP/1.1" 200 122547 "-" "Mozilla/5.0 AppleWebKit/537.36 (compatible; GPTBot/1.3; +https://openai.com/gptbot)"
82.35.167.49 - - [19/Feb/2026:22:09:15 +0000] "GET /sitemap.xml HTTP/1.1" 200 104280 "-" "Mozilla/5.0 (compatible; bingbot/2.0; +http://www.bing.com/bingbot.htm)"
203.225.0.215 - - [19/Feb/2026:22:14:18 +0000] "GET /sitemap.xml HTTP/1.1" 301 207 "-" "Mozilla/5.0 (compatible; Amazonbot/0.1; +https://developer.amazon.com/support/amazonbot)"
99.170.62.78 - - [19/Feb/2026:22:14:56 +0000] "GET /feed.xml HTTP/1.1" 200 138915 "-" "Mozilla/5.0 AppleWebKit/537.36 (compatible; GPTBot/1.3; +https://openai.com/gptbot)"
99.132.12.102 - - [19/Feb/2026:22:16:47 +0000] "GET /feed.xml HTTP/1.1" 200 13871 "-" "ClaudeBot/1.0 (+https://www.anthropic.com/claudebot)"
60.241.196.176 - - [19/Feb/2026:22:21:11 +0000] "GET /config HTTP/1.1" 304 230 "-" "Mozilla/5.0 (compatible; bingbot/2.0; +http://www.bing.com/bingbot.htm)"
99.132.12.102 - - [19/Feb/2026:22:28:36 +0000] "GET /style.css HTTP/1.1" 403 452 "-" "Mozilla/5.0 (compatible; bingbot/2.0; +http://www.bing.com/bingbot.htm)"
122.96.81.102 - - [19/Feb/2026:22:31:55 +0000] "GET /style.css HTTP/1.1" 200 24559 "-" "ClaudeBot/1.0 (+https://www.anthropic.com/claudebot)"
71.138.7.233 - - [19/Feb/2026:22:32:19 +0000] "GET / HTTP/1.1" 200 78430 "-" "ClaudeBot/1.0 (+https://www.anthropic.com/claudebot)"
171.133.45.213 - - [19/Feb/2026:22:34:32 +0000] "GET /config HTTP/1.1" 304 414 "-" "Mozilla/5.0 (compatible; bingbot/2.0; +http://www.bing.com/bingbot.htm)"
60.241.196.176 - - [19/Feb/2026:22:40:30 +0000] "GET /style.css HTTP/1.1" 200 16016 "-" "Mozilla/5.0 (compatible; Amazonbot/0.1; +https://developer.amazon.com/support/amazonbot)"
60.241.196.176 - - [19/Feb/2026:22:43:15 +0000] "GET /index.html HTTP/1.1" 200 107095 "-" "Mozilla/5.0 (compatible; Amazonbot/0.1; +https://developer.amazon.com/support/amazonbot)"
99.150.211.250 - - [19/Feb/2026:22:49:54 +0000] "GET /logo.png HTTP/1.1" 200 31872 "-" "ClaudeBot/1.0 (+https://www.anthropic.com/claudebot)"
71.138.7.233 - - [19/Feb/2026:22:50:01 +0000] "GET /about.html HTTP/1.1" 404 455 "-" "Mozilla/5.0 (compatible; Amazonbot/0.1; +https://developer.amazon.com/support/amazonbot)"
141.57.250.8 - - [19/Feb/2026:22:51:41 +0000] "GET /app.js HTTP/1.1" 301 303 "-" "Mozilla/5.0 (compatible; bingbot/2.0; +http://www.bing.com/bingbot.htm)"
149.37.222.138 - - [19/Feb/2026:22:52:10 +0000] "GET /sitemap.xml HTTP/1.1" 200 54795 "-" "Mozilla/5.0 AppleWebKit/537.36 (compatible; GPTBot/1.3; +https://openai.com/gptbot)"
99.170.62.78 - - [19/Feb/2026:22:56:01 +0000] "GET /app.js HTTP/1.1" 200 138059 "-" "Mozilla/5.0 (compatible; bingbot/2.0; +http://www.bing.com/bingbot.htm)"
188.194.31.5 - - [19/Feb/2026:23:02:04 +0000] "GET / HTTP/1.1" 304 67 "-" "Mozilla/5.0 AppleWebKit/537.36 (compatible; GPTBot/1.3; +https://openai.com/gptbot)"
71.138.7.233 - - [19/Feb/2026:23:06:45 +0000] "GET /sitemap.xml HTTP/1.1" 200 16476 "-" "Mozilla/5.0 (compatible; Googlebot/2.1; +http://www.google.com/bot.html)"
99.170.62.78 - - [19/Feb/2026:23:07:30 +0000] "GET /config HTTP/1.1" 404 427 "-" "Mozilla/5.0 (compatible; bingbot/2.0; +http://www.bing.com/bingbot.htm)"
99.170.62.78 - - [19/Feb/2026:23:08:05 +0000] "GET /config HTTP/1.1" 301 170 "-" "ClaudeBot/1.0 (+https://www.anthropic.com/claudebot)"
188.194.31.5 - - [19/Feb/2026:23:14:52 +0000] "GET /data.json HTTP/1.1" 404 34 "-" "ClaudeBot/1.0 (+https://www.anthropic.com/claudebot)"
122.96.81.102 - - [19/Feb/2026:23:15:49 +0000] "GET / HTTP/1.1" 200 35665 "-" "Mozilla/5.0 (compatible; Amazonbot/0.1; +https://developer.amazon.com/support/amazonbot)"
99.170.62.78 - - [19/Feb/2026:23:16:34 +0000] "GET /feed.xml HTTP/1.1" 200 38528 "-" "Mozilla/5.0 (compatible; Googlebot/2.1; +http://www.google.com/bot.html)"
